-- Table structure for table `pspa_lyoreservation_bookings`
--

CREATE TABLE `pspa_lyoreservation_bookings` (
  `id_lyoreservation_bookings` int(12) NOT NULL,
  `id_order_detail` int(11) NOT NULL,
  `id_calendar` int(12) UNSIGNED NOT NULL,
  `reservation_name` varchar(255) NOT NULL,
  `value_from` int(12) NOT NULL,
  `value_to` int(12) NOT NULL,
  `comment` text,
  `date_add` datetime NOT NULL,
  `qty` int(10) UNSIGNED NOT NULL
) ENGINE=InnoDB DEFAULT CHARSET=utf8;

--
-- Dumping data for table `pspa_lyoreservation_bookings`
--

INSERT INTO `pspa_lyoreservation_bookings` (`id_lyoreservation_bookings`, `id_order_detail`, `id_calendar`, `reservation_name`, `value_from`, `value_to`, `comment`, `date_add`, `qty`) VALUES
(1, 7, 1, 'Degustação de 2 Vinhos, com tapas até 6 pax', 1577788200, 1577791800, '', '2019-12-26 20:10:50', 6),
(2, 8, 1, 'Iniciação ao Vinho de Talha até 30 pessoas', 1577788200, 1577797200, '', '2019-12-26 20:31:06', 24);

-- --------------------------------------------------------

--
-- Table structure for table `pspa_lyoreservation_calendars`
--

CREATE TABLE `pspa_lyoreservation_calendars` (
  `id_lyoreservation_calendars` int(11) NOT NULL,
  `name` varchar(255) NOT NULL,
  `color` varchar(255) NOT NULL DEFAULT '#000000',
  `color_font` varchar(255) NOT NULL DEFAULT '#ffffff',
  `active` tinyint(1) UNSIGNED NOT NULL DEFAULT '0',
  `qty` int(10) UNSIGNED NOT NULL
) ENGINE=InnoDB DEFAULT CHARSET=utf8;

--
-- Dumping data for table `pspa_lyoreservation_calendars`
--

INSERT INTO `pspa_lyoreservation_calendars` (`id_lyoreservation_calendars`, `name`, `color`, `color_font`, `active`, `qty`) VALUES
(1, 'Adega Vila de Frades', '#FFFFA3', '#120500', 1, 30),
(2, 'como Eliminar', '#ffff00', '#000000', 0, 26),
(3, 'como Eliminar', '#FFFFA3', '#120500', 0, 26),
(4, 'como Eliminar', '#FFFFA3', '#120500', 0, 0),
(5, 'como Eliminar', '#FFFFA3', '#120500', 0, 26);

-- --------------------------------------------------------

--
-- Table structure for table `pspa_lyoreservation_calendars_days`
--

CREATE TABLE `pspa_lyoreservation_calendars_days` (
  `id_calendar` int(12) UNSIGNED NOT NULL,
  `id_day` tinyint(1) UNSIGNED NOT NULL,
  `active` tinyint(1) NOT NULL,
  `morning_from` time DEFAULT NULL,
  `morning_to` time DEFAULT NULL,
  `afternoon_from` time DEFAULT NULL,
  `afternoon_to` time DEFAULT NULL
) ENGINE=InnoDB DEFAULT CHARSET=utf8;

--
-- Dumping data for table `pspa_lyoreservation_calendars_days`
--

INSERT INTO `pspa_lyoreservation_calendars_days` (`id_calendar`, `id_day`, `active`, `morning_from`, `morning_to`, `afternoon_from`, `afternoon_to`) VALUES
(1, 1, 1, '10:30:00', '13:00:00', '13:15:00', '19:30:00'),
(1, 2, 1, '10:30:00', '13:00:00', '13:15:00', '19:30:00'),
(1, 3, 1, '10:30:00', '13:00:00', '13:15:00', '19:30:00'),
(1, 4, 1, '10:30:00', '13:00:00', '13:15:00', '19:30:00'),
(1, 5, 1, '10:30:00', '13:00:00', '13:15:00', '19:30:00'),
(1, 6, 1, '10:30:00', '13:00:00', '13:15:00', '19:30:00'),
(1, 7, 1, '10:30:00', '13:00:00', '13:15:00', '19:30:00'),
(2, 1, 0, NULL, NULL, NULL, NULL),
(2, 2, 0, NULL, NULL, NULL, NULL),
(2, 3, 0, NULL, NULL, NULL, NULL),
(2, 4, 0, NULL, NULL, NULL, NULL),
(2, 5, 0, NULL, NULL, NULL, NULL),
(2, 6, 0, NULL, NULL, NULL, NULL),
(2, 7, 0, NULL, NULL, NULL, NULL),
(3, 1, 0, NULL, NULL, NULL, NULL),
(3, 2, 0, NULL, NULL, NULL, NULL),
(3, 3, 0, NULL, NULL, NULL, NULL),
(3, 4, 0, NULL, NULL, NULL, NULL),
(3, 5, 0, NULL, NULL, NULL, NULL),
(3, 6, 0, NULL, NULL, NULL, NULL),
(3, 7, 0, NULL, NULL, NULL, NULL),
(4, 1, 0, NULL, NULL, NULL, NULL),
(4, 2, 0, NULL, NULL, NULL, NULL),
(4, 3, 0, NULL, NULL, NULL, NULL),
(4, 4, 0, NULL, NULL, NULL, NULL),
(4, 5, 0, NULL, NULL, NULL, NULL),
(4, 6, 0, NULL, NULL, NULL, NULL),
(4, 7, 0, NULL, NULL, NULL, NULL),
(5, 1, 0, NULL, NULL, NULL, NULL),
(5, 2, 0, NULL, NULL, NULL, NULL),
(5, 3, 0, NULL, NULL, NULL, NULL),
(5, 4, 0, NULL, NULL, NULL, NULL),
(5, 5, 0, NULL, NULL, NULL, NULL),
(5, 6, 0, NULL, NULL, NULL, NULL),
(5, 7, 0, NULL, NULL, NULL, NULL);

-- --------------------------------------------------------

--
-- Table structure for table `pspa_lyoreservation_calendar_products`
--

CREATE TABLE `pspa_lyoreservation_calendar_products` (
  `id_calendar` int(11) NOT NULL,
  `id_product` int(11) NOT NULL
) ENGINE=InnoDB DEFAULT CHARSET=utf8;

--
-- Dumping data for table `pspa_lyoreservation_calendar_products`
--

INSERT INTO `pspa_lyoreservation_calendar_products` (`id_calendar`, `id_product`) VALUES
(1, 10),
(1, 11),
(1, 12),
(1, 13),
(1, 14),
(1, 15),
(1, 16),
(1, 17),
(1, 25);

-- --------------------------------------------------------

--
-- Table structure for table `pspa_lyoreservation_cart_product`
--

CREATE TABLE `pspa_lyoreservation_cart_product` (
  `id_cart` int(10) UNSIGNED NOT NULL,
  `id_product` int(10) UNSIGNED NOT NULL,
  `id_product_attribute` int(10) UNSIGNED NOT NULL DEFAULT '0',
  `id_calendar` int(12) UNSIGNED NOT NULL,
  `id_calendar_choice` int(12) UNSIGNED NOT NULL,
  `date_from` int(12) UNSIGNED NOT NULL,
  `date_to` int(11) UNSIGNED NOT NULL,
  `qty` int(10) UNSIGNED NOT NULL
) ENGINE=InnoDB DEFAULT CHARSET=utf8;

-- --------------------------------------------------------

--
-- Table structure for table `pspa_lyoreservation_exclusions`
--

CREATE TABLE `pspa_lyoreservation_exclusions` (
  `id_exclusion` int(11) NOT NULL,
  `id_calendar` int(11) NOT NULL,
  `type` varchar(255) NOT NULL,
  `value_from` int(12) UNSIGNED NOT NULL,
  `value_to` int(12) UNSIGNED NOT NULL
) ENGINE=InnoDB DEFAULT CHARSET=utf8;

--
-- Dumping data for table `pspa_lyoreservation_exclusions`
--

INSERT INTO `pspa_lyoreservation_exclusions` (`id_exclusion`, `id_calendar`, `type`, `value_from`, `value_to`) VALUES
(46, 1, 'single_day', 1585954800, 1586041199),
(47, 1, 'single_day', 1588374000, 1588460399),
(48, 1, 'single_day', 1591398000, 1591484399),
(49, 1, 'single_day', 1593817200, 1593903599),
(50, 1, 'single_day', 1596236400, 1596322799),
(51, 1, 'single_day', 1599260400, 1599346799),
(52, 1, 'single_day', 1601679600, 1601765999);

-- --------------------------------------------------------

--
-- Table structure for table `pspa_lyoreservation_products_settings`
--

CREATE TABLE `pspa_lyoreservation_products_settings` (
  `id_product` int(11) NOT NULL,
  `id_product_attribute` int(11) NOT NULL DEFAULT '0',
  `time` int(12) NOT NULL,
  `choice` tinyint(1) NOT NULL DEFAULT '0',
  `active` tinyint(1) NOT NULL DEFAULT '0'
) ENGINE=InnoDB DEFAULT CHARSET=utf8;

--
-- Dumping data for table `pspa_lyoreservation_products_settings`
--

INSERT INTO `pspa_lyoreservation_products_settings` (`id_product`, `id_product_attribute`, `time`, `choice`, `active`) VALUES
(10, 0, 60, 0, 1),
(11, 0, 60, 0, 1);

-- --------------------------------------------------------

--
-- Table structure for table `pspa_mail`
--

CREATE TABLE `pspa_mail` (
  `id_mail` int(11) UNSIGNED NOT NULL,
  `recipient` varchar(126) NOT NULL,
  `template` varchar(62) NOT NULL,
  `subject` varchar(254) NOT NULL,
  `id_lang` int(11) UNSIGNED NOT NULL,
  `date_add` timestamp NOT NULL DEFAULT CURRENT_TIMESTAMP
) ENGINE=InnoDB DEFAULT CHARSET=utf8;



-- --------------------------------------------------------

--
-- Table structure for table `pspa_manufacturer`
--

CREATE TABLE `pspa_manufacturer` (
  `id_manufacturer` int(10) UNSIGNED NOT NULL,
  `name` varchar(64) NOT NULL,
  `date_add` datetime NOT NULL,
  `date_upd` datetime NOT NULL,
  `active` tinyint(1) NOT NULL DEFAULT '0'
) ENGINE=InnoDB DEFAULT CHARSET=utf8;

-- --------------------------------------------------------

--
-- Table structure for table `pspa_manufacturer_lang`
--

CREATE TABLE `pspa_manufacturer_lang` (
  `id_manufacturer` int(10) UNSIGNED NOT NULL,
  `id_lang` int(10) UNSIGNED NOT NULL,
  `description` text,
  `short_description` text,
  `meta_title` varchar(255) NOT NULL,
  `meta_keywords` varchar(255) DEFAULT NULL,
  `meta_description` varchar(512) DEFAULT NULL
) ENGINE=InnoDB DEFAULT CHARSET=utf8;

-- --------------------------------------------------------

--
-- Table structure for table `pspa_manufacturer_shop`
--

CREATE TABLE `pspa_manufacturer_shop` (
  `id_manufacturer` int(11) UNSIGNED NOT NULL,
  `id_shop` int(11) UNSIGNED NOT NULL
) ENGINE=InnoDB DEFAULT CHARSET=utf8;

-- --------------------------------------------------------

--
-- Table structure for table `pspa_memcached_servers`
--

CREATE TABLE `pspa_memcached_servers` (
  `id_memcached_server` int(11) UNSIGNED NOT NULL,
  `ip` varchar(254) NOT NULL,
  `port` int(11) UNSIGNED NOT NULL,
  `weight` int(11) UNSIGNED NOT NULL
) ENGINE=InnoDB DEFAULT CHARSET=utf8;

-- --------------------------------------------------------

--
-- Table structure for table `pspa_message`
--

CREATE TABLE `pspa_message` (
  `id_message` int(10) UNSIGNED NOT NULL,
  `id_cart` int(10) UNSIGNED DEFAULT NULL,
  `id_customer` int(10) UNSIGNED NOT NULL,
  `id_employee` int(10) UNSIGNED DEFAULT NULL,
  `id_order` int(10) UNSIGNED NOT NULL,
  `message` text NOT NULL,
  `private` tinyint(1) UNSIGNED NOT NULL DEFAULT '1',
  `date_add` datetime NOT NULL
) ENGINE=InnoDB DEFAULT CHARSET=utf8;

--
-- Dumping data for table `pspa_message`
--

INSERT INTO `pspa_message` (`id_message`, `id_cart`, `id_customer`, `id_employee`, `id_order`, `message`, `private`, `date_add`) VALUES
(1, 77, 34, 0, 6, 'Sinceramente não compreendi estas vossas promoções de Pack, pois os preços são iguais ao preço à unidade, mas aqui vai a encomenda na mesma :)\r\n\r\nNIF 209827599', 0, '2020-07-02 23:56:02');

-- --------------------------------------------------------

--
-- Table structure for table `pspa_message_readed`
--

CREATE TABLE `pspa_message_readed` (
  `id_message` int(10) UNSIGNED NOT NULL,
  `id_employee` int(10) UNSIGNED NOT NULL,
  `date_add` datetime NOT NULL
) ENGINE=InnoDB DEFAULT CHARSET=utf8;

-- --------------------------------------------------------

--
-- Table structure for table `pspa_meta`
--

CREATE TABLE `pspa_meta` (
  `id_meta` int(10) UNSIGNED NOT NULL,
  `page` varchar(64) NOT NULL,
  `configurable` tinyint(1) UNSIGNED NOT NULL DEFAULT '1'
) ENGINE=InnoDB DEFAULT CHARSET=utf8;



-- --------------------------------------------------------

--
-- Table structure for table `pspa_meta_lang`
--

CREATE TABLE `pspa_meta_lang` (
  `id_meta` int(10) UNSIGNED NOT NULL,
  `id_shop` int(11) UNSIGNED NOT NULL DEFAULT '1',
  `id_lang` int(10) UNSIGNED NOT NULL,
  `title` varchar(128) DEFAULT NULL,
  `description` varchar(255) DEFAULT NULL,
  `keywords` varchar(255) DEFAULT NULL,
  `url_rewrite` varchar(254) NOT NULL
) ENGINE=InnoDB DEFAULT CHARSET=utf8;



-- --------------------------------------------------------

--
-- Table structure for table `pspa_module`
--

CREATE TABLE `pspa_module` (
  `id_module` int(10) UNSIGNED NOT NULL,
  `name` varchar(64) NOT NULL,
  `active` tinyint(1) UNSIGNED NOT NULL DEFAULT '0',
  `version` varchar(8) NOT NULL
) ENGINE=InnoDB DEFAULT CHARSET=utf8;

--
-- Dumping data for table `pspa_module`
--

INSERT INTO `pspa_module` (`id_module`, `name`, `active`, `version`) VALUES
(1, 'socialsharing', 1, '1.4.3'),
(2, 'blockbanner', 1, '1.4.1'),
(3, 'bankwire', 1, '1.1.2'),
(4, 'blockbestsellers', 1, '1.8.1'),
(5, 'blockcart', 1, '1.6.2'),
(6, 'blocksocial', 1, '1.2.2'),
(7, 'blockcategories', 1, '2.9.4'),
(8, 'blockcurrencies', 1, '0.4.1'),
(9, 'blockfacebook', 1, '1.4.1'),
(12, 'blockcms', 1, '2.1.2'),
(14, 'blockcontact', 1, '1.4.1'),
(15, 'blockcontactinfos', 1, '1.2.1'),
(16, 'blockmanufacturer', 1, '1.4.1'),
(19, 'blocknewproducts', 1, '1.10.1'),
(21, 'blockpaymentlogo', 1, '0.4.1'),
(22, 'blocksearch', 1, '1.7.1'),
(23, 'blockspecials', 1, '1.3.1'),
(24, 'blockstore', 1, '1.3.1'),
(25, 'blocksupplier', 1, '1.2.1'),
(26, 'blocktags', 1, '1.3.1'),
(27, 'blocktopmenu', 1, '2.2.4'),
(28, 'blockuserinfo', 1, '0.4.1'),
(29, 'blockviewed', 1, '1.3.1'),
(30, 'cheque', 1, '2.7.2'),
(31, 'dashactivity', 1, '2.0.2'),
(32, 'dashtrends', 1, '2.0.2'),
(33, 'dashgoals', 1, '2.0.2'),
(34, 'dashproducts', 1, '2.0.4'),
(35, 'graphnvd3', 1, '2.0.1'),
(36, 'gridhtml', 1, '2.0.0'),
(37, 'homeslider', 1, '1.6.1'),
(38, 'homefeatured', 1, '1.8.1'),
(39, 'productpaymentlogos', 1, '1.4.1'),
(40, 'pagesnotfound', 1, '2.0.0'),
(41, 'sekeywords', 1, '2.0.0'),
(42, 'statsbestcategories', 1, '2.0.0'),
(43, 'statsbestcustomers', 1, '2.0.2'),
(44, 'statsbestproducts', 1, '2.0.0'),
(45, 'statsbestsuppliers', 1, '2.0.0'),
(46, 'statsbestvouchers', 1, '2.0.0'),
(47, 'statscarrier', 1, '2.0.0'),
(48, 'statscatalog', 1, '2.0.1'),
(49, 'statscheckup', 1, '2.0.1'),
(50, 'statsdata', 1, '2.0.0'),
(51, 'statsequipment', 1, '2.0.0'),
(52, 'statsforecast', 1, '2.0.3'),
(53, 'statslive', 1, '2.0.2'),
(54, 'statsnewsletter', 1, '2.0.2'),
(55, 'statsorigin', 1, '2.0.2'),
(56, 'statspersonalinfos', 1, '2.0.3'),
(57, 'statsproduct', 1, '2.0.3'),
(58, 'statsregistrations', 1, '2.0.0'),
(59, 'statssales', 1, '2.0.0'),
(60, 'statssearch', 1, '2.0.1'),
(61, 'statsstock', 1, '2.0.0'),
(62, 'statsvisits', 1, '2.0.3'),
(63, 'themeconfigurator', 1, '2.1.3'),
(64, 'gamification', 1, '2.3.2'),
(65, 'cronjobs', 1, '1.4.0'),
(68, 'blockcustomerprivacy', 1, '2.0.2'),
(69, 'multibanco', 1, '5.1.8'),
(70, 'ifthenpay_mbway', 1, '1.0.3'),
(71, 'gapi', 1, '1.2.2'),
(72, 'deleteordersfree', 1, '1.4.1'),
(73, 'lyoreservation', 1, '2.1.1'),
(74, 'eicaptcha', 1, '0.4.17'),
(75, 'autoupgrade', 1, '4.10.1'),
(76, 'ps_linklist', 1, '3.2.0'),
(77, 'ps_contactinfo', 1, '3.3.0'),
(78, 'ps_languageselector', 1, '2.1.0'),
(79, 'ps_currencyselector', 1, '2.0.1'),
(80, 'ps_customersignin', 1, '2.0.3'),
(81, 'ps_shoppingcart', 1, '2.0.3'),
(82, 'ps_mainmenu', 1, '2.2.0'),
(83, 'ps_searchbar', 1, '2.0.1'),
(84, 'ps_imageslider', 1, '3.1.0'),
(85, 'ps_featuredproducts', 1, '2.1.0'),
(86, 'ps_banner', 1, '2.1.0'),
(87, 'ps_customtext', 1, '4.1.1'),
(88, 'ps_emailsubscription', 1, '2.6.0'),
(89, 'ps_socialfollow', 1, '2.1.0'),
(91, 'ps_categorytree', 1, '2.0.0'),
(92, 'ps_facetedsearch', 1, '3.6.0'),
(93, 'ps_customeraccountlinks', 1, '3.1.0'),
(94, 'ps_sharebuttons', 1, '2.1.0'),
(95, 'blockreassurance', 1, '4.1.1');

-- --------------------------------------------------------

--
-- Table structure for table `pspa_module_carrier`
--

CREATE TABLE `pspa_module_carrier` (
  `id_module` int(10) UNSIGNED NOT NULL,
  `id_shop` int(11) UNSIGNED NOT NULL DEFAULT '1',
  `id_reference` int(11) NOT NULL
) ENGINE=InnoDB DEFAULT CHARSET=utf8;

--
-- Dumping data for table `pspa_module_carrier`
--

INSERT INTO `pspa_module_carrier` (`id_module`, `id_shop`, `id_reference`) VALUES
(3, 1, 1),
(3, 1, 36),
(3, 1, 182),
(30, 1, 1),
(30, 1, 36),
(30, 1, 182),
(69, 1, 1),
(69, 1, 36),
(69, 1, 182),
(70, 1, 1),
(70, 1, 36),
(70, 1, 182);

-- --------------------------------------------------------

--
-- Table structure for table `pspa_module_country`
--

CREATE TABLE `pspa_module_country` (
  `id_module` int(10) UNSIGNED NOT NULL,
  `id_shop` int(11) UNSIGNED NOT NULL DEFAULT '1',
  `id_country` int(10) UNSIGNED NOT NULL
) ENGINE=InnoDB DEFAULT CHARSET=utf8;

--
-- Dumping data for table `pspa_module_country`
--

INSERT INTO `pspa_module_country` (`id_module`, `id_shop`, `id_country`) VALUES
(3, 1, 15),
(3, 1, 21),
(30, 1, 21),
(69, 1, 15),
(69, 1, 21),
(70, 1, 15),
(70, 1, 21);

-- --------------------------------------------------------

--
-- Table structure for table `pspa_module_currency`
--

CREATE TABLE `pspa_module_currency` (
  `id_module` int(10) UNSIGNED NOT NULL,
  `id_shop` int(11) UNSIGNED NOT NULL DEFAULT '1',
  `id_currency` int(11) NOT NULL
) ENGINE=InnoDB DEFAULT CHARSET=utf8;

--
-- Dumping data for table `pspa_module_currency`
--

INSERT INTO `pspa_module_currency` (`id_module`, `id_shop`, `id_currency`) VALUES
(3, 1, 1),
(3, 1, 2),
(30, 1, 1),
(30, 1, 2),
(69, 1, 2),
(70, 1, 2);

-- --------------------------------------------------------

--
-- Table structure for table `pspa_module_group`
--

CREATE TABLE `pspa_module_group` (
  `id_module` int(10) UNSIGNED NOT NULL,
  `id_shop` int(11) UNSIGNED NOT NULL DEFAULT '1',
  `id_group` int(11) UNSIGNED NOT NULL
) ENGINE=InnoDB DEFAULT CHARSET=utf8;

--
-- Dumping data for table `pspa_module_group`
--

INSERT INTO `pspa_module_group` (`id_module`, `id_shop`, `id_group`) VALUES
(1, 1, 0),
(1, 1, 1),
(1, 1, 2),
(1, 1, 3),
(1, 1, 4),
(1, 1, 5),
(2, 1, 0),
(2, 1, 1),
(2, 1, 2),
(2, 1, 3),
(2, 1, 4),
(2, 1, 5),
(3, 1, 0),
(3, 1, 1),
(3, 1, 2),
(3, 1, 3),
(3, 1, 4),
(3, 1, 5),
(4, 1, 0),
(4, 1, 1),
(4, 1, 2),
(4, 1, 3),
(4, 1, 4),
(4, 1, 5),
(5, 1, 0),
(5, 1, 1),
(5, 1, 2),
(5, 1, 3),
(5, 1, 4),
(5, 1, 5),
(6, 1, 0),
(6, 1, 1),
(6, 1, 2),
(6, 1, 3),
(6, 1, 4),
(6, 1, 5),
(7, 1, 0),
(7, 1, 1),
(7, 1, 2),
(7, 1, 3),
(7, 1, 4),
(7, 1, 5),
(8, 1, 0),
(8, 1, 1),
(8, 1, 2),
(8, 1, 3),
(8, 1, 4),
(8, 1, 5),
(9, 1, 0),
(9, 1, 1),
(9, 1, 2),
(9, 1, 3),
(9, 1, 4),
(9, 1, 5),
(12, 1, 0),
(12, 1, 1),
(12, 1, 2),
(12, 1, 3),
(12, 1, 4),
(12, 1, 5),
(14, 1, 0),
(14, 1, 1),
(14, 1, 2),
(14, 1, 3),
(14, 1, 4),
(14, 1, 5),
(15, 1, 0),
(15, 1, 1),
(15, 1, 2),
(15, 1, 3),
(15, 1, 4),
(15, 1, 5),
(16, 1, 0),
(16, 1, 1),
(16, 1, 2),
(16, 1, 3),
(16, 1, 4),
(16, 1, 5),
(19, 1, 0),
(19, 1, 1),
(19, 1, 2),
(19, 1, 3),
(19, 1, 4),
(19, 1, 5),
(21, 1, 0),
(21, 1, 1),
(21, 1, 2),
(21, 1, 3),
(21, 1, 4),
(21, 1, 5),
(22, 1, 0),
(22, 1, 1),
(22, 1, 2),
(22, 1, 3),
(22, 1, 4),
(22, 1, 5),
(23, 1, 0),
(23, 1, 1),
(23, 1, 2),
(23, 1, 3),
(23, 1, 4),
(23, 1, 5),
(24, 1, 0),
(24, 1, 1),
(24, 1, 2),
(24, 1, 3),
(24, 1, 4),
(24, 1, 5),
(25, 1, 0),
(25, 1, 1),
(25, 1, 2),
(25, 1, 3),
(25, 1, 4),
(25, 1, 5),
(26, 1, 0),
(26, 1, 1),
(26, 1, 2),
(26, 1, 3),
(26, 1, 4),
(26, 1, 5),
(27, 1, 0),
(27, 1, 1),
(27, 1, 2),
(27, 1, 3),
(27, 1, 4),
(27, 1, 5),
(28, 1, 0),
(28, 1, 1),
(28, 1, 2),
(28, 1, 3),
(28, 1, 4),
(28, 1, 5),
(29, 1, 0),
(29, 1, 1),
(29, 1, 2),
(29, 1, 3),
(29, 1, 4),
(29, 1, 5),
(30, 1, 0),
(30, 1, 1),
(30, 1, 2),
(30, 1, 3),
(30, 1, 4),
(30, 1, 5),
(31, 1, 0),
(31, 1, 1),
(31, 1, 2),
(31, 1, 3),
(31, 1, 4),
(31, 1, 5),
(32, 1, 0),
(32, 1, 1),
(32, 1, 2),
(32, 1, 3),
(32, 1, 4),
(32, 1, 5),
(33, 1, 0),
(33, 1, 1),
(33, 1, 2),
(33, 1, 3),
(33, 1, 4),
(33, 1, 5),
(34, 1, 0),
(34, 1, 1),
(34, 1, 2),
(34, 1, 3),
(34, 1, 4),
(34, 1, 5),
(35, 1, 0),
(35, 1, 1),
(35, 1, 2),
(35, 1, 3),
(35, 1, 4),
(35, 1, 5),
(36, 1, 0),
(36, 1, 1),
(36, 1, 2),
(36, 1, 3),
(36, 1, 4),
(36, 1, 5),
(37, 1, 0),
(37, 1, 1),
(37, 1, 2),
(37, 1, 3),
(37, 1, 4),
(37, 1, 5),
(38, 1, 0),
(38, 1, 1),
(38, 1, 2),
(38, 1, 3),
(38, 1, 4),
(38, 1, 5),
(39, 1, 0),
(39, 1, 1),
(39, 1, 2),
(39, 1, 3),
(39, 1, 4),
(39, 1, 5),
(40, 1, 0),
(40, 1, 1),
(40, 1, 2),
(40, 1, 3),
(40, 1, 4),
(40, 1, 5),
(41, 1, 0),
(41, 1, 1),
(41, 1, 2),
(41, 1, 3),
(41, 1, 4),
(41, 1, 5),
(42, 1, 0),
(42, 1, 1),
(42, 1, 2),
(42, 1, 3),
(42, 1, 4),
(42, 1, 5),
(43, 1, 0),
(43, 1, 1),
(43, 1, 2),
(43, 1, 3),
(43, 1, 4),
(43, 1, 5),
(44, 1, 0),
(44, 1, 1),
(44, 1, 2),
(44, 1, 3),
(44, 1, 4),
(44, 1, 5),
(45, 1, 0),
(45, 1, 1),
(45, 1, 2),
(45, 1, 3),
(45, 1, 4),
(45, 1, 5),
(46, 1, 0),
(46, 1, 1),
(46, 1, 2),
(46, 1, 3),
(46, 1, 4),
(46, 1, 5),
(47, 1, 0),
(47, 1, 1),
(47, 1, 2),
(47, 1, 3),
(47, 1, 4),
(47, 1, 5),
(48, 1, 0),
(48, 1, 1),
(48, 1, 2),
(48, 1, 3),
(48, 1, 4),
(48, 1, 5),
(49, 1, 0),
(49, 1, 1),
(49, 1, 2),
(49, 1, 3),
(49, 1, 4),
(49, 1, 5),
(50, 1, 0),
(50, 1, 1),
(50, 1, 2),
(50, 1, 3),
(50, 1, 4),
(50, 1, 5),
(51, 1, 0),
(51, 1, 1),
(51, 1, 2),
(51, 1, 3),
(51, 1, 4),
(51, 1, 5),
(52, 1, 0),
(52, 1, 1),
(52, 1, 2),
(52, 1, 3),
(52, 1, 4),
(52, 1, 5),
(53, 1, 0),
(53, 1, 1),
(53, 1, 2),
(53, 1, 3),
(53, 1, 4),
(53, 1, 5),
(54, 1, 0),
(54, 1, 1),
(54, 1, 2),
(54, 1, 3),
(54, 1, 4),
(54, 1, 5),
(55, 1, 0),
(55, 1, 1),
(55, 1, 2),
(55, 1, 3),
(55, 1, 4),
(55, 1, 5),
(56, 1, 0),
(56, 1, 1),
(56, 1, 2),
(56, 1, 3),
(56, 1, 4),
(56, 1, 5),
(57, 1, 0),
(57, 1, 1),
(57, 1, 2),
(57, 1, 3),
(57, 1, 4),
(57, 1, 5),
(58, 1, 0),
(58, 1, 1),
(58, 1, 2),
(58, 1, 3),
(58, 1, 4),
(58, 1, 5),
(59, 1, 0),
(59, 1, 1),
(59, 1, 2),
(59, 1, 3),
(59, 1, 4),
(59, 1, 5),
(60, 1, 0),
(60, 1, 1),
(60, 1, 2),
(60, 1, 3),
(60, 1, 4),
(60, 1, 5),
(61, 1, 0),
(61, 1, 1),
(61, 1, 2),
(61, 1, 3),
(61, 1, 4),
(61, 1, 5),
(62, 1, 0),
(62, 1, 1),
(62, 1, 2),
(62, 1, 3),
(62, 1, 4),
(62, 1, 5),
(63, 1, 0),
(63, 1, 1),
(63, 1, 2),
(63, 1, 3),
(63, 1, 4),
(63, 1, 5),
(64, 1, 0),
(64, 1, 1),
(64, 1, 2),
(64, 1, 3),
(64, 1, 4),
(64, 1, 5),
(65, 1, 0),
(65, 1, 1),
(65, 1, 2),
(65, 1, 3),
(65, 1, 4),
(65, 1, 5),
(68, 1, 0),
(68, 1, 1),
(68, 1, 2),
(68, 1, 3),
(68, 1, 4),
(68, 1, 5),
(69, 1, 0),
(69, 1, 1),
(69, 1, 2),
(69, 1, 3),
(69, 1, 4),
(69, 1, 5),
(70, 1, 0),
(70, 1, 1),
(70, 1, 2),
(70, 1, 3),
(70, 1, 4),
(70, 1, 5),
(71, 1, 0),
(71, 1, 1),
(71, 1, 2),
(71, 1, 3),
(71, 1, 4),
(71, 1, 5),
(72, 1, 0),
(72, 1, 1),
(72, 1, 2),
(72, 1, 3),
(72, 1, 4),
(72, 1, 5),
(73, 1, 0),
(73, 1, 1),
(73, 1, 2),
(73, 1, 3),
(73, 1, 4),
(73, 1, 5),
(74, 1, 1),
(74, 1, 2),
(74, 1, 3),
(74, 1, 4),
(74, 1, 5),
(75, 1, 1),
(75, 1, 2),
(75, 1, 3),
(75, 1, 4),
(75, 1, 5),
(76, 1, 1),
(76, 1, 2),
(76, 1, 3),
(76, 1, 4),
(76, 1, 5),
(77, 1, 1),
(77, 1, 2),
(77, 1, 3),
(77, 1, 4),
(77, 1, 5),
(78, 1, 1),
(78, 1, 2),
(78, 1, 3),
(78, 1, 4),
(78, 1, 5),
(79, 1, 1),
(79, 1, 2),
(79, 1, 3),
(79, 1, 4),
(79, 1, 5),
(80, 1, 1),
(80, 1, 2),
(80, 1, 3),
(80, 1, 4),
(80, 1, 5),
(81, 1, 1),
(81, 1, 2),
(81, 1, 3),
(81, 1, 4),
(81, 1, 5),
(82, 1, 1),
(82, 1, 2),
(82, 1, 3),
(82, 1, 4),
(82, 1, 5),
(83, 1, 1),
(83, 1, 2),
(83, 1, 3),
(83, 1, 4),
(83, 1, 5),
(84, 1, 1),
(84, 1, 2),
(84, 1, 3),
(84, 1, 4),
(84, 1, 5),
(85, 1, 1),
(85, 1, 2),
(85, 1, 3),
(85, 1, 4),
(85, 1, 5),
(86, 1, 1),
(86, 1, 2),
(86, 1, 3),
(86, 1, 4),
(86, 1, 5),
(87, 1, 1),
(87, 1, 2),
(87, 1, 3),
(87, 1, 4),
(87, 1, 5),
(88, 1, 1),
(88, 1, 2),
(88, 1, 3),
(88, 1, 4),
(88, 1, 5),
(89, 1, 1),
(89, 1, 2),
(89, 1, 3),
(89, 1, 4),
(89, 1, 5),
(91, 1, 1),
(91, 1, 2),
(91, 1, 3),
(91, 1, 4),
(91, 1, 5),
(92, 1, 1),
(92, 1, 2),
(92, 1, 3),
(92, 1, 4),
(92, 1, 5),
(93, 1, 1),
(93, 1, 2),
(93, 1, 3),
(93, 1, 4),
(93, 1, 5),
(94, 1, 1),
(94, 1, 2),
(94, 1, 3),
(94, 1, 4),
(94, 1, 5),
(95, 1, 1),
(95, 1, 2),
(95, 1, 3),
(95, 1, 4),
(95, 1, 5);

-- --------------------------------------------------------

--
-- Table structure for table `pspa_module_history`
--

CREATE TABLE `pspa_module_history` (
  `id` int(11) NOT NULL,
  `id_employee` int(11) NOT NULL,
  `id_module` int(11) NOT NULL,
  `date_add` datetime NOT NULL,
  `date_upd` datetime NOT NULL
) ENGINE=InnoDB DEFAULT CHARSET=utf8 COLLATE=utf8_unicode_ci;

--
-- Dumping data for table `pspa_module_history`
--

INSERT INTO `pspa_module_history` (`id`, `id_employee`, `id_module`, `date_add`, `date_upd`) VALUES
(1, 1, 30, '2020-11-14 17:12:28', '2020-11-14 17:12:28'),
(2, 1, 5, '2020-11-14 17:14:14', '2020-11-14 17:14:14');

-- --------------------------------------------------------

--
-- Table structure for table `pspa_module_preference`
--

CREATE TABLE `pspa_module_preference` (
  `id_module_preference` int(11) NOT NULL,
  `id_employee` int(11) NOT NULL,
  `module` varchar(255) NOT NULL,
  `interest` tinyint(1) DEFAULT NULL,
  `favorite` tinyint(1) DEFAULT NULL
) ENGINE=InnoDB DEFAULT CHARSET=utf8;

-- --------------------------------------------------------

--
-- Table structure for table `pspa_module_shop`
--

CREATE TABLE `pspa_module_shop` (
  `id_module` int(11) UNSIGNED NOT NULL,
  `id_shop` int(11) UNSIGNED NOT NULL,
  `enable_device` tinyint(1) NOT NULL DEFAULT '7'
) ENGINE=InnoDB DEFAULT CHARSET=utf8;

--
-- Dumping data for table `pspa_module_shop`
--

INSERT INTO `pspa_module_shop` (`id_module`, `id_shop`, `enable_device`) VALUES
(1, 1, 7),
(3, 1, 7),
(6, 1, 7),
(7, 1, 7),
(9, 1, 7),
(12, 1, 7),
(14, 1, 7),
(15, 1, 7),
(19, 1, 7),
(21, 1, 7),
(23, 1, 7),
(24, 1, 7),
(25, 1, 7),
(26, 1, 7),
(27, 1, 7),
(28, 1, 7),
(29, 1, 7),
(31, 1, 7),
(32, 1, 7),
(33, 1, 7),
(34, 1, 7),
(35, 1, 7),
(36, 1, 7),
(37, 1, 7),
(38, 1, 7),
(39, 1, 7),
(40, 1, 7),
(41, 1, 7),
(42, 1, 7),
(43, 1, 7),
(44, 1, 7),
(45, 1, 7),
(46, 1, 7),
(47, 1, 7),
(48, 1, 7),
(49, 1, 7),
(50, 1, 7),
(51, 1, 7),
(52, 1, 7),
(53, 1, 7),
(54, 1, 7),
(55, 1, 7),
(56, 1, 7),
(57, 1, 7),
(58, 1, 7),
(59, 1, 7),
(60, 1, 7),
(61, 1, 7),
(62, 1, 7),
(63, 1, 7),
(64, 1, 7),
(65, 1, 7),
(68, 1, 7),
(69, 1, 7),
(70, 1, 7),
(71, 1, 7),
(72, 1, 7),
(73, 1, 7),
(74, 1, 7),
(75, 1, 7),
(76, 1, 7),
(77, 1, 7),
(78, 1, 7),
(79, 1, 7),
(80, 1, 7),
(81, 1, 7),
(82, 1, 7),
(83, 1, 7),
(84, 1, 3),
(85, 1, 7),
(86, 1, 3),
(87, 1, 7),
(88, 1, 7),
(89, 1, 7),
(91, 1, 7),
(92, 1, 7),
(93, 1, 7),
(94, 1, 7),
(95, 1, 7);

-- --------------------------------------------------------

--
-- Table structure for table `pspa_multibanco`
--

CREATE TABLE `pspa_multibanco` (
  `id` int(11) NOT NULL,
  `order_id` int(11) NOT NULL,
  `entidade` int(11) NOT NULL,
  `referencia` varchar(9) NOT NULL,
  `valor` decimal(10,2) NOT NULL,
  `chave` varchar(50) DEFAULT NULL
) ENGINE=InnoDB DEFAULT CHARSET=latin1;

--
-- Dumping data for table `pspa_multibanco`
--

INSERT INTO `pspa_multibanco` (`id`, `order_id`, `entidade`, `referencia`, `valor`, `chave`) VALUES
(1, 5, 12262, '462000514', 18.83, NULL),
(2, 6, 12262, '462000631', 20.55, NULL),
(3, 1, 12262, '462000162', 67.50, NULL),
(4, 2, 12262, '462000220', 104.66, NULL),
(5, 3, 12262, '462000318', 166.26, NULL),
(6, 4, 12262, '462000445', 126.56, NULL),
(7, 5, 12262, '462000583', 135.00, NULL),
(8, 9, 12262, '462000906', 141.07, NULL),
(9, 11, 12262, '462001117', 136.18, NULL),
(10, 15, 12262, '462001576', 243.00, NULL);

-- --------------------------------------------------------

--
-- Table structure for table `pspa_operating_system`
--

CREATE TABLE `pspa_operating_system` (
  `id_operating_system` int(10) UNSIGNED NOT NULL,
  `name` varchar(64) DEFAULT NULL
) ENGINE=InnoDB DEFAULT CHARSET=utf8;

--
-- Dumping data for table `pspa_operating_system`
--

INSERT INTO `pspa_operating_system` (`id_operating_system`, `name`) VALUES
(1, 'Windows XP'),
(2, 'Windows Vista'),
(3, 'Windows 7'),
(4, 'Windows 8'),
(5, 'MacOsX'),
(6, 'Linux'),
(7, 'Android'),
(8, 'Windows 8.1'),
(9, 'Windows 10');

-- --------------------------------------------------------

--
-- Table structure for table `pspa_orders`
--

CREATE TABLE `pspa_orders` (
  `id_order` int(10) UNSIGNED NOT NULL,
  `reference` varchar(9) DEFAULT NULL,
  `id_shop_group` int(11) UNSIGNED NOT NULL DEFAULT '1',
  `id_shop` int(11) UNSIGNED NOT NULL DEFAULT '1',
  `id_carrier` int(10) UNSIGNED NOT NULL,
  `id_lang` int(10) UNSIGNED NOT NULL,
  `id_customer` int(10) UNSIGNED NOT NULL,
  `id_cart` int(10) UNSIGNED NOT NULL,
  `id_currency` int(10) UNSIGNED NOT NULL,
  `id_address_delivery` int(10) UNSIGNED NOT NULL,
  `id_address_invoice` int(10) UNSIGNED NOT NULL,
  `current_state` int(10) UNSIGNED NOT NULL,
  `secure_key` varchar(32) NOT NULL DEFAULT '-1',
  `payment` varchar(255) NOT NULL,
  `conversion_rate` decimal(13,6) NOT NULL DEFAULT '1.000000',
  `module` varchar(255) DEFAULT NULL,
  `recyclable` tinyint(1) UNSIGNED NOT NULL DEFAULT '0',
  `gift` tinyint(1) UNSIGNED NOT NULL DEFAULT '0',
  `gift_message` text,
  `mobile_theme` tinyint(1) NOT NULL DEFAULT '0',
  `shipping_number` varchar(64) DEFAULT NULL,
  `total_discounts` decimal(20,6) NOT NULL DEFAULT '0.000000',
  `total_discounts_tax_incl` decimal(20,6) NOT NULL DEFAULT '0.000000',
  `total_discounts_tax_excl` decimal(20,6) NOT NULL DEFAULT '0.000000',
  `total_paid` decimal(20,6) NOT NULL DEFAULT '0.000000',
  `total_paid_tax_incl` decimal(20,6) NOT NULL DEFAULT '0.000000',
  `total_paid_tax_excl` decimal(20,6) NOT NULL DEFAULT '0.000000',
  `total_paid_real` decimal(20,6) NOT NULL DEFAULT '0.000000',
  `total_products` decimal(20,6) NOT NULL DEFAULT '0.000000',
  `total_products_wt` decimal(20,6) NOT NULL DEFAULT '0.000000',
  `total_shipping` decimal(20,6) NOT NULL DEFAULT '0.000000',
  `total_shipping_tax_incl` decimal(20,6) NOT NULL DEFAULT '0.000000',
  `total_shipping_tax_excl` decimal(20,6) NOT NULL DEFAULT '0.000000',
  `carrier_tax_rate` decimal(10,3) NOT NULL DEFAULT '0.000',
  `total_wrapping` decimal(20,6) NOT NULL DEFAULT '0.000000',
  `total_wrapping_tax_incl` decimal(20,6) NOT NULL DEFAULT '0.000000',
  `total_wrapping_tax_excl` decimal(20,6) NOT NULL DEFAULT '0.000000',
  `round_mode` tinyint(1) NOT NULL DEFAULT '2',
  `round_type` tinyint(1) NOT NULL DEFAULT '1',
  `invoice_number` int(10) UNSIGNED NOT NULL DEFAULT '0',
  `delivery_number` int(10) UNSIGNED NOT NULL DEFAULT '0',
  `invoice_date` datetime NOT NULL,
  `delivery_date` datetime NOT NULL,
  `valid` int(1) UNSIGNED NOT NULL DEFAULT '0',
  `date_add` datetime NOT NULL,
  `date_upd` datetime NOT NULL
) ENGINE=InnoDB DEFAULT CHARSET=utf8;

--
-- Dumping data for table `pspa_orders`
--

INSERT INTO `pspa_orders` (`id_order`, `reference`, `id_shop_group`, `id_shop`, `id_carrier`, `id_lang`, `id_customer`, `id_cart`, `id_currency`, `id_address_delivery`, `id_address_invoice`, `current_state`, `secure_key`, `payment`, `conversion_rate`, `module`, `recyclable`, `gift`, `gift_message`, `mobile_theme`, `shipping_number`, `total_discounts`, `total_discounts_tax_incl`, `total_discounts_tax_excl`, `total_paid`, `total_paid_tax_incl`, `total_paid_tax_excl`, `total_paid_real`, `total_products`, `total_products_wt`, `total_shipping`, `total_shipping_tax_incl`, `total_shipping_tax_excl`, `carrier_tax_rate`, `total_wrapping`, `total_wrapping_tax_incl`, `total_wrapping_tax_excl`, `round_mode`, `round_type`, `invoice_number`, `delivery_number`, `invoice_date`, `delivery_date`, `valid`, `date_add`, `date_upd`) VALUES
(1, 'HDMFFTRLG', 1, 1, 197, 2, 19, 25, 1, 26, 25, 5, 'ea3ca522625fb0da90db7994aff864c5', 'Pagamento por Multibanco', 1.108403, 'multibanco', 0, 0, '', 0, '', 15.040000, 15.040000, 14.090000, 74.820000, 74.820000, 66.200000, 74.820000, 73.560000, 83.130000, 6.730000, 6.730000, 6.730000, 0.000, 0.000000, 0.000000, 0.000000, 2, 2, 1, 1, '2020-03-31 10:35:42', '2020-04-03 13:58:12', 1, '2020-03-28 16:29:23', '2020-04-03 13:58:12'),
(2, 'JFLGLUIZS', 1, 1, 197, 2, 23, 32, 1, 29, 29, 5, '828e6ae76b998c4ee4c4bdd1989794fb', 'Pagamento por Multibanco', 1.108403, 'multibanco', 0, 0, '', 0, '', 0.000000, 0.000000, 0.000000, 116.010000, 116.010000, 103.310000, 116.010000, 97.590000, 110.290000, 5.720000, 5.720000, 5.720000, 0.000, 0.000000, 0.000000, 0.000000, 2, 2, 2, 2, '2020-04-09 20:07:15', '2020-04-14 22:38:42', 1, '2020-04-02 18:20:38', '2020-04-14 22:38:42'),
(3, 'AEYGXPSLU', 1, 1, 197, 2, 23, 63, 2, 36, 36, 5, '828e6ae76b998c4ee4c4bdd1989794fb', 'Pagamento por Multibanco', 1.000000, 'multibanco', 0, 0, '', 0, '', 6.720000, 6.720000, 6.720000, 166.260000, 166.260000, 147.130000, 166.260000, 147.130000, 166.260000, 6.720000, 6.720000, 6.720000, 0.000, 0.000000, 0.000000, 0.000000, 2, 2, 3, 3, '2020-06-01 09:57:13', '2020-07-03 11:59:46', 1, '2020-05-30 20:40:29', '2020-07-03 11:59:46'),
(4, 'RXBVUZRBN', 1, 1, 197, 2, 23, 68, 2, 36, 36, 5, '828e6ae76b998c4ee4c4bdd1989794fb', 'Pagamento por Multibanco', 1.000000, 'multibanco', 0, 0, '', 0, '', 0.000000, 0.000000, 0.000000, 126.560000, 126.560000, 112.700000, 126.560000, 106.630000, 120.490000, 6.070000, 6.070000, 6.070000, 0.000, 0.000000, 0.000000, 0.000000, 2, 2, 4, 4, '2020-07-03 10:08:46', '2020-07-07 17:41:27', 1, '2020-06-30 20:08:23', '2020-07-07 17:41:27'),
(5, 'UKKLPZREP', 1, 1, 198, 3, 35, 79, 2, 43, 43, 5, '9a428e0312cf3c95948edf8fa9547065', 'Pagamento por Multibanco', 1.000000, 'multibanco', 0, 0, '', 1, '', 0.000000, 0.000000, 0.000000, 135.000000, 135.000000, 119.470000, 135.000000, 119.470000, 135.000000, 0.000000, 0.000000, 0.000000, 23.000, 0.000000, 0.000000, 0.000000, 2, 2, 5, 5, '2020-07-13 15:10:05', '2020-07-21 14:41:29', 1, '2020-07-09 15:16:15', '2020-07-21 14:41:29'),
(6, 'PWSUAPMYK', 1, 1, 197, 2, 34, 77, 2, 42, 42, 6, 'd99017f12c764ff40efd61a0a1c20e1b', 'Pagamento por MBWay', 1.000000, 'ifthenpay_mbway', 0, 0, '', 0, '', 0.000000, 0.000000, 0.000000, 68.110000, 68.110000, 60.870000, 0.000000, 55.710000, 62.950000, 5.160000, 5.160000, 5.160000, 0.000, 0.000000, 0.000000, 0.000000, 2, 2, 0, 0, '0000-00-00 00:00:00', '0000-00-00 00:00:00', 0, '2020-07-09 20:10:36', '2020-07-14 19:28:14'),
(7, 'VWEVMHUMH', 1, 1, 198, 3, 35, 81, 2, 43, 43, 5, '9a428e0312cf3c95948edf8fa9547065', 'Mbway Payment', 1.000000, 'ifthenpay_mbway', 0, 0, '', 1, '', 0.000000, 0.000000, 0.000000, 135.000000, 135.000000, 119.470000, 135.000000, 119.470000, 135.000000, 0.000000, 0.000000, 0.000000, 23.000, 0.000000, 0.000000, 0.000000, 2, 2, 6, 6, '2020-07-13 15:10:54', '2020-07-21 14:41:57', 1, '2020-07-10 10:37:37', '2020-07-21 14:41:57'),
(8, 'EFCHDMGXO', 1, 1, 197, 2, 34, 83, 2, 42, 42, 4, 'd99017f12c764ff40efd61a0a1c20e1b', 'Pagamento por MBWay', 1.000000, 'ifthenpay_mbway', 0, 0, '', 0, '', 5.160000, 5.160000, 5.160000, 62.950000, 62.950000, 55.710000, 62.950000, 55.710000, 62.950000, 5.160000, 5.160000, 5.160000, 0.000, 0.000000, 0.000000, 0.000000, 2, 2, 7, 7, '2020-07-14 19:20:40', '2020-07-17 13:56:21', 1, '2020-07-14 12:18:28', '2020-07-17 13:56:21'),
(9, 'NPFDVHWSA', 1, 1, 197, 2, 37, 91, 2, 46, 46, 5, '8599f6d9c852791310d2eb0c761c47e0', 'Pagamento por Multibanco', 1.000000, 'multibanco', 0, 0, '', 0, '', 0.000000, 0.000000, 0.000000, 141.070000, 141.070000, 125.540000, 141.070000, 119.470000, 135.000000, 6.070000, 6.070000, 6.070000, 0.000, 0.000000, 0.000000, 0.000000, 2, 2, 8, 8, '2020-10-03 23:00:17', '2020-10-08 11:56:57', 1, '2020-08-30 15:58:41', '2020-10-08 11:56:57'),
(10, 'FBGWACAAF', 1, 1, 197, 2, 38, 99, 2, 47, 47, 5, '05a7d3737a8a207e5a41dc65e1fb2adb', 'Pagamento por MBWay', 1.000000, 'ifthenpay_mbway', 0, 0, '', 1, '', 0.000000, 0.000000, 0.000000, 37.660000, 37.660000, 33.920000, 37.660000, 28.760000, 32.500000, 5.160000, 5.160000, 5.160000, 0.000, 0.000000, 0.000000, 0.000000, 2, 2, 9, 9, '2020-10-09 00:19:43', '2020-10-14 11:02:51', 1, '2020-10-08 16:07:33', '2020-10-14 11:02:51'),
(11, 'YKDSQGKLJ', 1, 1, 197, 2, 19, 103, 2, 49, 49, 5, 'ea3ca522625fb0da90db7994aff864c5', 'Pagamento por Multibanco', 1.000000, 'multibanco', 0, 0, '', 0, '', 6.070000, 6.070000, 6.070000, 136.180000, 136.180000, 120.520000, 136.180000, 120.520000, 136.180000, 6.070000, 6.070000, 6.070000, 0.000, 0.000000, 0.000000, 0.000000, 2, 2, 10, 10, '2020-10-19 19:18:23', '2020-10-21 13:03:04', 1, '2020-10-17 22:22:22', '2020-10-21 13:03:04'),
(12, 'QXWUQNNEP', 1, 1, 197, 2, 39, 102, 2, 48, 48, 6, '26f116db057ddca0e53f5fae43712b98', 'Pagamentos por Transferência Bancária', 1.000000, 'bankwire', 0, 0, '', 1, '', 0.000000, 0.000000, 0.000000, 45.660000, 45.660000, 41.000000, 0.000000, 35.840000, 40.500000, 5.160000, 5.160000, 5.160000, 0.000, 0.000000, 0.000000, 0.000000, 2, 2, 0, 0, '0000-00-00 00:00:00', '0000-00-00 00:00:00', 0, '2020-11-02 17:32:45', '2020-11-02 17:46:07'),
(13, 'BZRVRQXGQ', 1, 1, 197, 2, 40, 107, 2, 50, 50, 6, 'f43bd52e3d05ae5ee038320491b1577f', 'Pagamento por MBWay', 1.000000, 'ifthenpay_mbway', 0, 0, '', 0, '', 7.330000, 7.330000, 7.330000, 243.000000, 243.000000, 215.040000, 0.000000, 215.040000, 243.000000, 7.330000, 7.330000, 7.330000, 0.000, 0.000000, 0.000000, 0.000000, 2, 2, 0, 0, '0000-00-00 00:00:00', '0000-00-00 00:00:00', 0, '2020-11-03 17:26:30', '2020-11-04 11:43:04'),
(14, 'SUJFMJVYT', 1, 1, 197, 2, 40, 110, 2, 50, 50, 6, 'f43bd52e3d05ae5ee038320491b1577f', 'Pagamento por MBWay', 1.000000, 'ifthenpay_mbway', 0, 0, '', 0, '', 7.330000, 7.330000, 7.330000, 243.000000, 243.000000, 215.040000, 0.000000, 215.040000, 243.000000, 7.330000, 7.330000, 7.330000, 0.000, 0.000000, 0.000000, 0.000000, 2, 2, 0, 0, '0000-00-00 00:00:00', '0000-00-00 00:00:00', 0, '2020-11-04 11:44:22', '2020-11-04 11:46:33'),
(15, 'BWIZDHNPR', 1, 1, 197, 2, 40, 111, 2, 50, 50, 5, 'f43bd52e3d05ae5ee038320491b1577f', 'Pagamento por Multibanco', 1.000000, 'multibanco', 0, 0, '', 0, '', 7.330000, 7.330000, 7.330000, 243.000000, 243.000000, 215.040000, 243.000000, 215.040000, 243.000000, 7.330000, 7.330000, 7.330000, 0.000, 0.000000, 0.000000, 0.000000, 2, 2, 11, 11, '2020-11-04 11:52:41', '2020-11-09 14:04:36', 1, '2020-11-04 11:49:31', '2020-11-09 14:04:36'),
(16, 'DGTTMYUZF', 1, 1, 198, 2, 39, 109, 2, 48, 48, 6, '26f116db057ddca0e53f5fae43712b98', 'Pagamento por MBWay', 1.000000, 'ifthenpay_mbway', 0, 0, '', 0, '', 0.000000, 0.000000, 0.000000, 10.800000, 10.800000, 9.560000, 10.800000, 9.560000, 10.800000, 0.000000, 0.000000, 0.000000, 23.000, 0.000000, 0.000000, 0.000000, 2, 2, 0, 12, '2020-11-06 16:39:06', '2020-11-06 16:39:06', 0, '2020-11-04 11:49:55', '2020-11-06 16:39:19');

-- --------------------------------------------------------

--
-- Table structure for table `pspa_order_carrier`
--

CREATE TABLE `pspa_order_carrier` (
  `id_order_carrier` int(11) NOT NULL,
  `id_order` int(11) UNSIGNED NOT NULL,
  `id_carrier` int(11) UNSIGNED NOT NULL,
  `id_order_invoice` int(11) UNSIGNED DEFAULT NULL,
  `weight` decimal(20,6) DEFAULT NULL,
  `shipping_cost_tax_excl` decimal(20,6) DEFAULT NULL,
  `shipping_cost_tax_incl` decimal(20,6) DEFAULT NULL,
  `tracking_number` varchar(64) DEFAULT NULL,
  `date_add` datetime NOT NULL
) ENGINE=InnoDB DEFAULT CHARSET=utf8;

--
-- Dumping data for table `pspa_order_carrier`
--

INSERT INTO `pspa_order_carrier` (`id_order_carrier`, `id_order`, `id_carrier`, `id_order_invoice`, `weight`, `shipping_cost_tax_excl`, `shipping_cost_tax_incl`, `tracking_number`, `date_add`) VALUES
(1, 1, 197, 1, 5.052000, 6.730000, 6.730000, '', '2020-03-28 16:29:23'),
(2, 2, 197, 2, 4.152000, 5.720000, 5.720000, '', '2020-04-02 18:20:38'),
(3, 3, 197, 3, 11.152000, 6.720000, 6.720000, '', '2020-05-30 20:40:29'),
(4, 4, 197, 4, 5.528000, 6.070000, 6.070000, '', '2020-06-30 20:08:23'),
(5, 5, 198, 5, 8.328000, 0.000000, 0.000000, '', '2020-07-09 15:16:15'),
(6, 6, 197, 0, 3.914000, 5.160000, 5.160000, '', '2020-07-09 20:10:36'),
(7, 7, 198, 6, 8.328000, 0.000000, 0.000000, '', '2020-07-10 10:37:37'),
(8, 8, 197, 7, 3.914000, 5.160000, 5.160000, '', '2020-07-14 12:18:28'),
(9, 9, 197, 8, 8.328000, 6.070000, 6.070000, '', '2020-08-30 15:58:41'),
(10, 10, 197, 9, 2.752000, 5.160000, 5.160000, '', '2020-10-08 16:07:33'),
(11, 11, 197, 10, 5.290000, 6.070000, 6.070000, '', '2020-10-17 22:22:22'),
(12, 12, 197, 0, 3.109000, 5.160000, 5.160000, '', '2020-11-02 17:32:45'),
(13, 13, 197, 0, 18.654000, 7.330000, 7.330000, '', '2020-11-03 17:26:30'),
(14, 14, 197, 0, 18.654000, 7.330000, 7.330000, '', '2020-11-04 11:44:22'),
(15, 15, 197, 11, 18.654000, 7.330000, 7.330000, '', '2020-11-04 11:49:31'),
(16, 16, 198, 12, 1.376000, 0.000000, 0.000000, '', '2020-11-04 11:49:55');

-- --------------------------------------------------------

--
-- Table structure for table `pspa_order_cart_rule`
--

CREATE TABLE `pspa_order_cart_rule` (
  `id_order_cart_rule` int(10) UNSIGNED NOT NULL,
  `id_order` int(10) UNSIGNED NOT NULL,
  `id_cart_rule` int(10) UNSIGNED NOT NULL,
  `id_order_invoice` int(10) UNSIGNED DEFAULT '0',
  `name` varchar(254) NOT NULL,
  `value` decimal(17,2) NOT NULL DEFAULT '0.00',
  `value_tax_excl` decimal(17,2) NOT NULL DEFAULT '0.00',
  `free_shipping` tinyint(1) NOT NULL DEFAULT '0'
) ENGINE=InnoDB DEFAULT CHARSET=utf8;

--
-- Dumping data for table `pspa_order_cart_rule`
--

INSERT INTO `pspa_order_cart_rule` (`id_order_cart_rule`, `id_order`, `id_cart_rule`, `id_order_invoice`, `name`, `value`, `value_tax_excl`, `free_shipping`) VALUES
(1, 1, 6, 1, '10% desconto + portes, campanha lançamento Loja on-line', 13.57, 12.71, 1),
(2, 3, 3, 3, 'Portes Gratis - Consumidor Habitual', 6.72, 6.72, 1),
(3, 8, 3, 7, 'Portes Gratis - Consumidor Habitual', 5.16, 5.16, 1),
(4, 11, 3, 10, 'Portes Gratis - Consumidor Habitual', 6.07, 6.07, 1),
(5, 13, 3, 0, 'Portes Gratis - Consumidor Habitual', 7.33, 7.33, 1),
(6, 14, 3, 0, 'Portes Gratis - Consumidor Habitual', 7.33, 7.33, 1),
(7, 15, 3, 11, 'Portes Gratis - Consumidor Habitual', 7.33, 7.33, 1);

-- --------------------------------------------------------

--
-- Table structure for table `pspa_order_detail`
--

CREATE TABLE `pspa_order_detail` (
  `id_order_detail` int(10) UNSIGNED NOT NULL,
  `id_order` int(10) UNSIGNED NOT NULL,
  `id_order_invoice` int(11) DEFAULT NULL,
  `id_warehouse` int(10) UNSIGNED DEFAULT '0',
  `id_shop` int(11) UNSIGNED NOT NULL,
  `product_id` int(10) UNSIGNED NOT NULL,
  `product_attribute_id` int(10) UNSIGNED DEFAULT NULL,
  `id_customization` int(10) DEFAULT '0',
  `product_name` varchar(255) NOT NULL,
  `product_quantity` int(10) UNSIGNED NOT NULL DEFAULT '0',
  `product_quantity_in_stock` int(10) NOT NULL DEFAULT '0',
  `product_quantity_refunded` int(10) UNSIGNED NOT NULL DEFAULT '0',
  `product_quantity_return` int(10) UNSIGNED NOT NULL DEFAULT '0',
  `product_quantity_reinjected` int(10) UNSIGNED NOT NULL DEFAULT '0',
  `product_price` decimal(20,6) NOT NULL DEFAULT '0.000000',
  `reduction_percent` decimal(10,2) NOT NULL DEFAULT '0.00',
  `reduction_amount` decimal(20,6) NOT NULL DEFAULT '0.000000',
  `reduction_amount_tax_incl` decimal(20,6) NOT NULL DEFAULT '0.000000',
  `reduction_amount_tax_excl` decimal(20,6) NOT NULL DEFAULT '0.000000',
  `group_reduction` decimal(10,2) NOT NULL DEFAULT '0.00',
  `product_quantity_discount` decimal(20,6) NOT NULL DEFAULT '0.000000',
  `product_ean13` varchar(13) DEFAULT NULL,
  `product_upc` varchar(12) DEFAULT NULL,
  `product_reference` varchar(64) DEFAULT NULL,
  `product_supplier_reference` varchar(64) DEFAULT NULL,
  `product_weight` decimal(20,6) NOT NULL,
  `id_tax_rules_group` int(11) UNSIGNED DEFAULT '0',
  `tax_computation_method` tinyint(1) UNSIGNED NOT NULL DEFAULT '0',
  `tax_name` varchar(16) NOT NULL,
  `tax_rate` decimal(10,3) NOT NULL DEFAULT '0.000',
  `ecotax` decimal(21,6) NOT NULL DEFAULT '0.000000',
  `ecotax_tax_rate` decimal(5,3) NOT NULL DEFAULT '0.000',
  `discount_quantity_applied` tinyint(1) NOT NULL DEFAULT '0',
  `download_hash` varchar(255) DEFAULT NULL,
  `download_nb` int(10) UNSIGNED DEFAULT '0',
  `download_deadline` datetime DEFAULT NULL,
  `total_price_tax_incl` decimal(20,6) NOT NULL DEFAULT '0.000000',
  `total_price_tax_excl` decimal(20,6) NOT NULL DEFAULT '0.000000',
  `unit_price_tax_incl` decimal(20,6) NOT NULL DEFAULT '0.000000',
  `unit_price_tax_excl` decimal(20,6) NOT NULL DEFAULT '0.000000',
  `total_shipping_price_tax_incl` decimal(20,6) NOT NULL DEFAULT '0.000000',
  `total_shipping_price_tax_excl` decimal(20,6) NOT NULL DEFAULT '0.000000',
  `purchase_supplier_price` decimal(20,6) NOT NULL DEFAULT '0.000000',
  `original_product_price` decimal(20,6) NOT NULL DEFAULT '0.000000',
  `original_wholesale_price` decimal(20,6) NOT NULL DEFAULT '0.000000',
  `product_isbn` varchar(32) DEFAULT NULL
) ENGINE=InnoDB DEFAULT CHARSET=utf8;

--
-- Dumping data for table `pspa_order_detail`
--

INSERT INTO `pspa_order_detail` (`id_order_detail`, `id_order`, `id_order_invoice`, `id_warehouse`, `id_shop`, `product_id`, `product_attribute_id`, `id_customization`, `product_name`, `product_quantity`, `product_quantity_in_stock`, `product_quantity_refunded`, `product_quantity_return`, `product_quantity_reinjected`, `product_price`, `reduction_percent`, `reduction_amount`, `reduction_amount_tax_incl`, `reduction_amount_tax_excl`, `group_reduction`, `product_quantity_discount`, `product_ean13`, `product_upc`, `product_reference`, `product_supplier_reference`, `product_weight`, `id_tax_rules_group`, `tax_computation_method`, `tax_name`, `tax_rate`, `ecotax`, `ecotax_tax_rate`, `discount_quantity_applied`, `download_hash`, `download_nb`, `download_deadline`, `total_price_tax_incl`, `total_price_tax_excl`, `unit_price_tax_incl`, `unit_price_tax_excl`, `total_shipping_price_tax_incl`, `total_shipping_price_tax_excl`, `purchase_supplier_price`, `original_product_price`, `original_wholesale_price`, `product_isbn`) VALUES
(1, 1, 1, 0, 1, 9, 0, 0, 'Pack 1 - Edição Especial Dona Alice', 2, 2, 0, 0, 0, 36.780000, 0.00, 0.000000, 0.000000, 0.000000, 0.00, 0.000000, '', '', '', '', 2.526000, 54, 0, '', 0.000, 0.000000, 0.000, 0, '', 0, '0000-00-00 00:00:00', 83.130000, 73.560000, 41.570000, 36.780000, 0.000000, 0.000000, 0.000000, 36.780000, 0.000000, NULL),
(2, 2, 2, 0, 1, 42, 0, 0, 'Talha de Frades Branco DOC. 2017', 1, 1, 0, 0, 0, 26.480000, 0.00, 0.000000, 0.000000, 0.000000, 0.00, 0.000000, '', '', '', '', 0.000000, 54, 0, '', 0.000, 0.000000, 0.000, 0, '', 0, '0000-00-00 00:00:00', 29.930000, 26.480000, 29.930000, 26.480000, 0.000000, 0.000000, 0.000000, 26.480000, 0.000000, NULL),
(3, 2, 2, 0, 1, 2, 0, 0, 'Peculiar DOC Vinho Tinto 2017', 1, 1, 0, 0, 0, 31.880000, 0.00, 0.000000, 0.000000, 0.000000, 0.00, 0.000000, '', '', '', '', 1.388000, 54, 0, '', 0.000, 0.000000, 0.000, 0, '', 0, '0000-00-00 00:00:00', 36.020000, 31.880000, 36.020000, 31.880000, 0.000000, 0.000000, 0.000000, 31.880000, 0.000000, NULL),
(4, 2, 2, 0, 1, 6, 0, 0, '1856 DOC Vinho Branco de 2016', 1, 1, 0, 0, 0, 17.170000, 0.00, 0.000000, 0.000000, 0.000000, 0.00, 0.000000, '', '', '', '', 1.376000, 54, 0, '', 0.000, 0.000000, 0.000, 0, '', 0, '0000-00-00 00:00:00', 19.400000, 17.170000, 19.400000, 17.170000, 0.000000, 0.000000, 0.000000, 17.170000, 0.000000, NULL),
(5, 2, 2, 0, 1, 5, 0, 0, 'D. Alice DOC Vinho Tinto 2017', 1, 1, 0, 0, 0, 22.070000, 0.00, 0.000000, 0.000000, 0.000000, 0.00, 0.000000, '', '', '', '', 1.388000, 54, 0, '', 0.000, 0.000000, 0.000, 0, '', 0, '0000-00-00 00:00:00', 24.940000, 22.070000, 24.940000, 22.070000, 0.000000, 0.000000, 0.000000, 22.070000, 0.000000, NULL),
(6, 3, 3, 0, 1, 4, 0, 0, 'D. Alice DOC Vinho Branco 2017', 2, 2, 0, 0, 0, 11.946000, 0.00, 0.000000, 0.000000, 0.000000, 0.00, 0.000000, '', '', '', '', 1.376000, 54, 0, '', 0.000, 0.000000, 0.000, 0, '', 0, '0000-00-00 00:00:00', 27.000000, 23.890000, 13.498980, 11.946000, 0.000000, 0.000000, 0.000000, 11.946000, 0.000000, NULL),
(7, 3, 3, 0, 1, 33, 0, 0, 'Cx 6 Gfa. Peculiar DOC Tinto 2017 un 23,20€', 1, 1, 0, 0, 0, 123.238938, 0.00, 0.000000, 0.000000, 0.000000, 0.00, 0.000000, '', '', '', '', 8.400000, 54, 0, '', 0.000, 0.000000, 0.000, 0, '', 0, '0000-00-00 00:00:00', 139.260000, 123.240000, 139.260000, 123.238938, 0.000000, 0.000000, 0.000000, 123.238938, 0.000000, NULL),
(8, 4, 4, 0, 1, 6, 0, 0, '1856 DOC Vinho Branco de 2016', 2, 2, 0, 0, 0, 13.893000, 0.00, 0.000000, 0.000000, 0.000000, 0.00, 0.000000, '', '', '', '', 1.376000, 54, 0, '', 0.000, 0.000000, 0.000, 0, '', 0, '0000-00-00 00:00:00', 31.400000, 27.790000, 15.699090, 13.893000, 0.000000, 0.000000, 0.000000, 13.893000, 0.000000, NULL),
(9, 4, 4, 0, 1, 5, 0, 0, 'D. Alice DOC Vinho Tinto 2017', 2, 2, 0, 0, 0, 17.920000, 0.00, 0.000000, 0.000000, 0.000000, 0.00, 0.000000, '', '', '', '', 1.388000, 54, 0, '', 0.000, 0.000000, 0.000, 0, '', 0, '0000-00-00 00:00:00', 40.500000, 35.840000, 20.249600, 17.920000, 0.000000, 0.000000, 0.000000, 17.920000, 0.000000, NULL),
(10, 4, 4, 0, 1, 42, 0, 0, 'Talha de Frades Branco DOC. 2017', 2, 2, 0, 0, 0, 21.500000, 0.00, 0.000000, 0.000000, 0.000000, 0.00, 0.000000, '', '', '', '', 0.000000, 54, 0, '', 0.000, 0.000000, 0.000, 0, '', 0, '0000-00-00 00:00:00', 48.590000, 43.000000, 24.295000, 21.500000, 0.000000, 0.000000, 0.000000, 21.500000, 0.000000, NULL),
(11, 5, 5, 0, 1, 5, 0, 0, 'D. Alice DOC Red Wine 2017', 6, 6, 0, 0, 0, 19.911504, 0.00, 0.000000, 0.000000, 0.000000, 0.00, 0.000000, '', '', '', '', 1.388000, 54, 0, '', 0.000, 0.000000, 0.000, 0, '', 0, '0000-00-00 00:00:00', 135.000000, 119.470000, 22.500000, 19.911504, 0.000000, 0.000000, 0.000000, 19.911504, 0.000000, NULL),
(12, 6, 0, 0, 1, 9, 0, 0, 'Pack 1 - Edição Especial Dona Alice', 1, 1, 0, 0, 0, 29.870000, 0.00, 0.000000, 0.000000, 0.000000, 0.00, -0.003100, '', '', '', '', 2.526000, 54, 0, '', 0.000, 0.000000, 0.000, 0, '', 0, '0000-00-00 00:00:00', 33.750000, 29.870000, 33.753100, 29.870000, 0.000000, 0.000000, 0.000000, 29.870000, 0.000000, NULL),
(13, 6, 0, 0, 1, 2, 0, 0, 'Peculiar DOC Vinho Tinto 2017', 1, 1, 0, 0, 0, 25.840700, 0.00, 0.000000, 0.000000, 0.000000, 0.00, 0.000009, '', '', '', '', 1.388000, 54, 0, '', 0.000, 0.000000, 0.000, 0, '', 0, '0000-00-00 00:00:00', 29.200000, 25.840000, 29.199991, 25.840700, 0.000000, 0.000000, 0.000000, 25.840700, 0.000000, NULL),
(14, 7, 6, 0, 1, 5, 0, 0, 'D. Alice DOC Red Wine 2017', 6, 6, 0, 0, 0, 19.911504, 0.00, 0.000000, 0.000000, 0.000000, 0.00, 0.000000, '', '', '', '', 1.388000, 54, 0, '', 0.000, 0.000000, 0.000, 0, '', 0, '0000-00-00 00:00:00', 135.000000, 119.470000, 22.500000, 19.911504, 0.000000, 0.000000, 0.000000, 19.911504, 0.000000, NULL),
(15, 8, 7, 0, 1, 9, 0, 0, 'Pack 1 - Edição Especial Dona Alice', 1, 1, 0, 0, 0, 29.870000, 0.00, 0.000000, 0.000000, 0.000000, 0.00, -0.003100, '', '', '', '', 2.526000, 54, 0, '', 0.000, 0.000000, 0.000, 0, '', 0, '0000-00-00 00:00:00', 33.750000, 29.870000, 33.753100, 29.870000, 0.000000, 0.000000, 0.000000, 29.870000, 0.000000, NULL),
(16, 8, 7, 0, 1, 2, 0, 0, 'Peculiar DOC Vinho Tinto 2017', 1, 1, 0, 0, 0, 25.840700, 0.00, 0.000000, 0.000000, 0.000000, 0.00, 0.000009, '', '', '', '', 1.388000, 54, 0, '', 0.000, 0.000000, 0.000, 0, '', 0, '0000-00-00 00:00:00', 29.200000, 25.840000, 29.199991, 25.840700, 0.000000, 0.000000, 0.000000, 25.840700, 0.000000, NULL),
(17, 9, 8, 0, 1, 5, 0, 0, 'D. Alice DOC Vinho Tinto 2017', 6, 6, 0, 0, 0, 19.911504, 0.00, 0.000000, 0.000000, 0.000000, 0.00, 0.000000, '', '', '', '', 1.388000, 54, 0, '', 0.000, 0.000000, 0.000, 0, '', 0, '0000-00-00 00:00:00', 135.000000, 119.470000, 22.500000, 19.911504, 0.000000, 0.000000, 0.000000, 19.911504, 0.000000, NULL),
(18, 10, 9, 0, 1, 4, 0, 0, 'D. Alice DOC Vinho Branco 2017', 1, 1, 0, 0, 0, 13.274336, 0.00, 0.000000, 0.000000, 0.000000, 0.00, 0.000000, '', '', '', '', 1.376000, 54, 0, '', 0.000, 0.000000, 0.000, 0, '', 0, '0000-00-00 00:00:00', 15.000000, 13.270000, 15.000000, 13.274336, 0.000000, 0.000000, 0.000000, 13.274336, 0.000000, NULL),
(19, 10, 9, 0, 1, 6, 0, 0, '1856 DOC Vinho Branco de 2016', 1, 1, 0, 0, 0, 15.486726, 0.00, 0.000000, 0.000000, 0.000000, 0.00, 0.000000, '', '', '', '', 1.376000, 54, 0, '', 0.000, 0.000000, 0.000, 0, '', 0, '0000-00-00 00:00:00', 17.500000, 15.490000, 17.500000, 15.486726, 0.000000, 0.000000, 0.000000, 15.486726, 0.000000, NULL),
(20, 11, 10, 0, 1, 8, 0, 0, 'Pack 2 - Edição Especial', 1, 1, 0, 0, 0, 39.730000, 0.00, 0.000000, 0.000000, 0.000000, 0.00, -0.004900, '', '', '', '', 2.526000, 54, 0, '', 0.000, 0.000000, 0.000, 0, '', 0, '0000-00-00 00:00:00', 44.890000, 39.730000, 44.894900, 39.730000, 0.000000, 0.000000, 0.000000, 39.730000, 0.000000, NULL),
(21, 11, 10, 0, 1, 4, 0, 0, 'D. Alice DOC Vinho Branco 2017', 1, 1, 0, 0, 0, 11.946000, 0.00, 0.000000, 0.000000, 0.000000, 0.00, 0.001020, '', '', '', '', 1.376000, 54, 0, '', 0.000, 0.000000, 0.000, 0, '', 0, '0000-00-00 00:00:00', 13.500000, 11.950000, 13.498980, 11.946000, 0.000000, 0.000000, 0.000000, 11.946000, 0.000000, NULL),
(22, 11, 10, 0, 1, 2, 0, 0, 'Peculiar DOC Vinho Tinto 2017', 1, 1, 0, 0, 0, 25.840700, 0.00, 0.000000, 0.000000, 0.000000, 0.00, 0.000009, '', '', '', '', 1.388000, 54, 0, '', 0.000, 0.000000, 0.000, 0, '', 0, '0000-00-00 00:00:00', 29.200000, 25.840000, 29.199991, 25.840700, 0.000000, 0.000000, 0.000000, 25.840700, 0.000000, NULL),
(23, 11, 10, 0, 1, 42, 0, 0, 'Talha de Frades Branco DOC. 2017', 2, 2, 0, 0, 0, 21.500000, 0.00, 0.000000, 0.000000, 0.000000, 0.00, 0.000000, '', '', '', '', 0.000000, 54, 0, '', 0.000, 0.000000, 0.000, 0, '', 0, '0000-00-00 00:00:00', 48.590000, 43.000000, 24.295000, 21.500000, 0.000000, 0.000000, 0.000000, 21.500000, 0.000000, NULL),
(24, 12, 0, 0, 1, 7, 0, 0, 'Ânfora 1L Tinto Mangancha 2018', 1, 1, 0, 0, 0, 35.840000, 0.00, 0.000000, 0.000000, 0.000000, 0.00, 0.000800, '', '', '', '', 3.109000, 54, 0, '', 0.000, 0.000000, 0.000, 0, '', 0, '0000-00-00 00:00:00', 40.500000, 35.840000, 40.499200, 35.840000, 0.000000, 0.000000, 0.000000, 35.840000, 0.000000, NULL),
(25, 13, 0, 0, 1, 7, 0, 0, 'Ânfora 1L Tinto Mangancha 2018', 6, 6, 0, 0, 0, 35.840000, 0.00, 0.000000, 0.000000, 0.000000, 0.00, 0.000000, '', '', '', '', 3.109000, 54, 0, '', 0.000, 0.000000, 0.000, 0, '', 0, '0000-00-00 00:00:00', 243.000000, 215.040000, 40.499200, 35.840000, 0.000000, 0.000000, 0.000000, 35.840000, 0.000000, NULL),
(26, 14, 0, 0, 1, 7, 0, 0, 'Ânfora 1L Tinto Mangancha 2018', 6, 6, 0, 0, 0, 35.840000, 0.00, 0.000000, 0.000000, 0.000000, 0.00, 0.000000, '', '', '', '', 3.109000, 54, 0, '', 0.000, 0.000000, 0.000, 0, '', 0, '0000-00-00 00:00:00', 243.000000, 215.040000, 40.499200, 35.840000, 0.000000, 0.000000, 0.000000, 35.840000, 0.000000, NULL),
(27, 15, 11, 0, 1, 7, 0, 0, 'Ânfora 1L Tinto Mangancha 2018', 6, 6, 0, 0, 0, 35.840000, 0.00, 0.000000, 0.000000, 0.000000, 0.00, 0.000000, '', '', '', '', 3.109000, 54, 0, '', 0.000, 0.000000, 0.000, 0, '', 0, '0000-00-00 00:00:00', 243.000000, 215.040000, 40.499200, 35.840000, 0.000000, 0.000000, 0.000000, 35.840000, 0.000000, NULL),
(28, 16, 12, 0, 1, 3, 0, 0, 'Escolha DOC Vinho Branco 2016', 1, 1, 0, 0, 0, 9.557000, 0.00, 0.000000, 0.000000, 0.000000, 0.00, 0.000590, '', '', '', '', 1.376000, 54, 0, '', 0.000, 0.000000, 0.000, 0, '', 0, '0000-00-00 00:00:00', 10.800000, 9.560000, 10.799410, 9.557000, 0.000000, 0.000000, 0.000000, 9.557000, 0.000000, NULL);

-- --------------------------------------------------------

--
-- Table structure for table `pspa_order_detail_tax`
--

CREATE TABLE `pspa_order_detail_tax` (
  `id_order_detail` int(11) NOT NULL,
  `id_tax` int(11) NOT NULL,
  `unit_amount` decimal(16,6) NOT NULL DEFAULT '0.000000',
  `total_amount` decimal(16,6) NOT NULL DEFAULT '0.000000'
) ENGINE=InnoDB DEFAULT CHARSET=utf8;

--
-- Dumping data for table `pspa_order_detail_tax`
--

INSERT INTO `pspa_order_detail_tax` (`id_order_detail`, `id_tax`, `unit_amount`, `total_amount`) VALUES
(1, 54, 4.303044, 8.610000),
(2, 54, 3.442400, 3.440000),
(3, 54, 4.144400, 4.140000),
(4, 54, 2.232100, 2.230000),
(5, 54, 2.869100, 2.870000),
(7, 54, 16.021062, 16.020000),
(6, 54, 1.552980, 3.110000),
(10, 54, 2.795000, 5.590000),
(9, 54, 2.329600, 4.660000),
(8, 54, 1.806090, 3.610000),
(11, 54, 2.588496, 15.530000),
(12, 54, 3.883100, 3.880000),
(13, 54, 3.359291, 3.360000),
(14, 54, 2.588496, 15.530000),
(15, 54, 3.883100, 3.880000),
(16, 54, 3.359291, 3.360000),
(17, 54, 2.588496, 15.530000),
(19, 54, 2.013274, 2.010000),
(18, 54, 1.725664, 1.730000),
(23, 54, 2.795000, 5.590000),
(20, 54, 5.164900, 5.160000),
(22, 54, 3.359291, 3.360000),
(21, 54, 1.552980, 1.550000),
(24, 54, 4.659200, 4.660000),
(25, 54, 4.659200, 27.960000),
(26, 54, 4.659200, 27.960000),
(27, 54, 4.659200, 27.960000),
(28, 54, 1.242410, 1.240000);

-- --------------------------------------------------------

--
-- Table structure for table `pspa_order_history`
--

CREATE TABLE `pspa_order_history` (
  `id_order_history` int(10) UNSIGNED NOT NULL,
  `id_employee` int(10) UNSIGNED NOT NULL,
  `id_order` int(10) UNSIGNED NOT NULL,
  `id_order_state` int(10) UNSIGNED NOT NULL,
  `date_add` datetime NOT NULL
) ENGINE=InnoDB DEFAULT CHARSET=utf8;

--
-- Dumping data for table `pspa_order_history`
--

INSERT INTO `pspa_order_history` (`id_order_history`, `id_employee`, `id_order`, `id_order_state`, `date_add`) VALUES
(1, 0, 1, 15, '2020-03-28 16:29:23'),
(2, 1, 1, 16, '2020-03-31 10:35:42'),
(3, 1, 1, 3, '2020-03-31 10:36:12'),
(4, 0, 2, 15, '2020-04-02 18:20:39'),
(5, 1, 1, 5, '2020-04-03 13:58:12'),
(6, 1, 2, 3, '2020-04-09 20:07:15'),
(7, 1, 2, 4, '2020-04-13 23:25:05'),
(8, 1, 2, 5, '2020-04-14 22:38:42'),
(9, 0, 3, 15, '2020-05-30 20:40:29'),
(10, 1, 3, 3, '2020-06-01 09:57:13'),
(11, 1, 3, 16, '2020-06-01 09:57:50'),
(12, 0, 4, 15, '2020-06-30 20:08:23'),
(13, 1, 4, 3, '2020-07-03 10:08:46'),
(14, 1, 3, 5, '2020-07-03 11:59:46'),
(15, 1, 4, 5, '2020-07-07 17:41:27'),
(16, 0, 5, 15, '2020-07-09 15:16:15'),
(17, 0, 6, 17, '2020-07-09 20:10:36'),
(18, 0, 7, 17, '2020-07-10 10:37:37'),
(19, 1, 5, 3, '2020-07-13 15:10:05'),
(20, 1, 7, 3, '2020-07-13 15:10:54'),
(21, 0, 8, 17, '2020-07-14 12:18:28'),
(22, 1, 8, 3, '2020-07-14 19:20:40'),
(23, 1, 6, 6, '2020-07-14 19:28:14'),
(24, 1, 8, 4, '2020-07-17 13:56:21'),
(25, 1, 7, 4, '2020-07-17 13:56:50'),
(26, 1, 5, 4, '2020-07-17 13:57:18'),
(27, 1, 5, 5, '2020-07-21 14:41:29'),
(28, 1, 7, 5, '2020-07-21 14:41:57'),
(29, 0, 9, 15, '2020-08-30 15:58:41'),
(30, 1, 9, 16, '2020-10-03 23:00:17'),
(31, 1, 9, 3, '2020-10-03 23:00:36'),
(32, 1, 9, 5, '2020-10-08 11:56:57'),
(33, 0, 10, 17, '2020-10-08 16:07:33'),
(34, 1, 10, 3, '2020-10-09 00:19:43'),
(35, 1, 10, 5, '2020-10-14 11:02:51'),
(36, 0, 11, 15, '2020-10-17 22:22:22'),
(37, 1, 11, 3, '2020-10-19 19:18:23'),
(38, 1, 11, 5, '2020-10-21 13:03:04'),
(39, 0, 12, 10, '2020-11-02 17:32:45'),
(40, 1, 12, 6, '2020-11-02 17:46:07'),
(41, 0, 13, 17, '2020-11-03 17:26:30'),
(42, 1, 13, 6, '2020-11-04 11:43:04'),
(43, 0, 14, 17, '2020-11-04 11:44:22'),
(44, 1, 14, 6, '2020-11-04 11:46:33'),
(45, 0, 15, 15, '2020-11-04 11:49:31'),
(46, 0, 16, 17, '2020-11-04 11:49:55'),
(47, 1, 16, 6, '2020-11-04 11:50:39'),
(48, 1, 15, 16, '2020-11-04 11:52:41'),
(49, 1, 15, 4, '2020-11-06 16:38:27'),
(50, 1, 16, 4, '2020-11-06 16:39:06'),
(51, 1, 16, 6, '2020-11-06 16:39:19'),
(52, 1, 15, 5, '2020-11-09 14:04:36');

-- --------------------------------------------------------

--
-- Table structure for table `pspa_order_invoice`
--

CREATE TABLE `pspa_order_invoice` (
  `id_order_invoice` int(11) UNSIGNED NOT NULL,
  `id_order` int(11) NOT NULL,
  `number` int(11) NOT NULL,
  `delivery_number` int(11) NOT NULL,
  `delivery_date` datetime DEFAULT NULL,
  `total_discount_tax_excl` decimal(20,6) NOT NULL DEFAULT '0.000000',
  `total_discount_tax_incl` decimal(20,6) NOT NULL DEFAULT '0.000000',
  `total_paid_tax_excl` decimal(20,6) NOT NULL DEFAULT '0.000000',
  `total_paid_tax_incl` decimal(20,6) NOT NULL DEFAULT '0.000000',
  `total_products` decimal(20,6) NOT NULL DEFAULT '0.000000',
  `total_products_wt` decimal(20,6) NOT NULL DEFAULT '0.000000',
  `total_shipping_tax_excl` decimal(20,6) NOT NULL DEFAULT '0.000000',
  `total_shipping_tax_incl` decimal(20,6) NOT NULL DEFAULT '0.000000',
  `shipping_tax_computation_method` int(10) UNSIGNED NOT NULL,
  `total_wrapping_tax_excl` decimal(20,6) NOT NULL DEFAULT '0.000000',
  `total_wrapping_tax_incl` decimal(20,6) NOT NULL DEFAULT '0.000000',
  `shop_address` text,
  `note` text,
  `date_add` datetime NOT NULL
) ENGINE=InnoDB DEFAULT CHARSET=utf8;

--
-- Dumping data for table `pspa_order_invoice`
--

INSERT INTO `pspa_order_invoice` (`id_order_invoice`, `id_order`, `number`, `delivery_number`, `delivery_date`, `total_discount_tax_excl`, `total_discount_tax_incl`, `total_paid_tax_excl`, `total_paid_tax_incl`, `total_products`, `total_products_wt`, `total_shipping_tax_excl`, `total_shipping_tax_incl`, `shipping_tax_computation_method`, `total_wrapping_tax_excl`, `total_wrapping_tax_incl`, `shop_address`, `note`, `date_add`) VALUES
(1, 1, 1, 1, '2020-03-31 10:36:12', 14.090000, 15.040000, 66.200000, 74.820000, 73.560000, 83.130000, 6.730000, 6.730000, 0, 0.000000, 0.000000, 'ACV - Vinho de Talha<br />Praça 25 de Abril , nº12<br />7960 Vila de Frades Vila de Frades<br />Portugal', '', '2020-03-31 10:35:42'),
(2, 2, 2, 2, '2020-04-09 20:07:15', 0.000000, 0.000000, 103.310000, 116.010000, 97.590000, 110.290000, 5.720000, 5.720000, 0, 0.000000, 0.000000, 'ACV - Vinho de Talha<br />Praça 25 de Abril , nº12<br />7960 Vila de Frades Vila de Frades<br />Portugal', '', '2020-04-09 20:07:15'),
(3, 3, 3, 3, '2020-06-01 09:57:13', 6.720000, 6.720000, 147.130000, 166.260000, 147.130000, 166.260000, 6.720000, 6.720000, 0, 0.000000, 0.000000, 'ACV - Vinho de Talha<br />Praça 25 de Abril , nº12<br />7960 Vila de Frades Vila de Frades<br />Portugal', '', '2020-06-01 09:57:13'),
(4, 4, 4, 4, '2020-07-03 10:08:46', 0.000000, 0.000000, 112.700000, 126.560000, 106.630000, 120.490000, 6.070000, 6.070000, 0, 0.000000, 0.000000, 'ACV - Vinho de Talha<br />Praça 25 de Abril , nº12<br />7960 Vila de Frades Vila de Frades<br />Portugal', '', '2020-07-03 10:08:46'),
(5, 5, 5, 5, '2020-07-13 15:10:05', 0.000000, 0.000000, 119.470000, 135.000000, 119.470000, 135.000000, 0.000000, 0.000000, 0, 0.000000, 0.000000, 'ACV - Vinho de Talha<br />Praça 25 de Abril , nº12<br />7960 Vila de Frades Vila de Frades<br />Portugal', '', '2020-07-13 15:10:05'),
(6, 7, 6, 6, '2020-07-13 15:10:54', 0.000000, 0.000000, 119.470000, 135.000000, 119.470000, 135.000000, 0.000000, 0.000000, 0, 0.000000, 0.000000, 'ACV - Vinho de Talha<br />Praça 25 de Abril , nº12<br />7960 Vila de Frades Vila de Frades<br />Portugal', '', '2020-07-13 15:10:54'),
(7, 8, 7, 7, '2020-07-14 19:20:40', 5.160000, 5.160000, 55.710000, 62.950000, 55.710000, 62.950000, 5.160000, 5.160000, 0, 0.000000, 0.000000, 'ACV - Vinho de Talha<br />Praça 25 de Abril , nº12<br />7960 Vila de Frades Vila de Frades<br />Portugal', '', '2020-07-14 19:20:40'),
(8, 9, 8, 8, '2020-10-03 23:00:36', 0.000000, 0.000000, 125.540000, 141.070000, 119.470000, 135.000000, 6.070000, 6.070000, 0, 0.000000, 0.000000, 'ACV - Vinho de Talha<br />Praça 25 de Abril , nº12<br />7960 Vila de Frades Vila de Frades<br />Portugal', '', '2020-10-03 23:00:17'),
(9, 10, 9, 9, '2020-10-09 00:19:43', 0.000000, 0.000000, 33.920000, 37.660000, 28.760000, 32.500000, 5.160000, 5.160000, 0, 0.000000, 0.000000, 'ACV - Vinho de Talha<br />Praça 25 de Abril , nº12<br />7960 Vila de Frades Vila de Frades<br />Portugal', '', '2020-10-09 00:19:43'),
(10, 11, 10, 10, '2020-10-19 19:18:23', 6.070000, 6.070000, 120.520000, 136.180000, 120.520000, 136.180000, 6.070000, 6.070000, 0, 0.000000, 0.000000, 'ACV - Vinho de Talha<br />Praça 25 de Abril , nº12<br />7960 Vila de Frades Vila de Frades<br />Portugal', '', '2020-10-19 19:18:23'),
(11, 15, 11, 11, '2020-11-06 16:38:27', 7.330000, 7.330000, 215.040000, 243.000000, 215.040000, 243.000000, 7.330000, 7.330000, 0, 0.000000, 0.000000, 'ACV - Vinho de Talha<br />Praça 25 de Abril , nº12<br />7960 Vila de Frades Vila de Frades<br />Portugal', '', '2020-11-04 11:52:41'),
(12, 16, 0, 12, '2020-11-06 16:39:06', 0.000000, 0.000000, 9.560000, 10.800000, 9.560000, 10.800000, 0.000000, 0.000000, 0, 0.000000, 0.000000, 'ACV - Vinho de Talha<br />Praça 25 de Abril , nº12<br />7960 Vila de Frades Vila de Frades<br />Portugal', '', '2020-11-06 16:39:06');

-- --------------------------------------------------------

--
-- Table structure for table `pspa_order_invoice_payment`
--

CREATE TABLE `pspa_order_invoice_payment` (
  `id_order_invoice` int(11) UNSIGNED NOT NULL,
  `id_order_payment` int(11) UNSIGNED NOT NULL,
  `id_order` int(11) UNSIGNED NOT NULL
) ENGINE=InnoDB DEFAULT CHARSET=utf8;

--
-- Dumping data for table `pspa_order_invoice_payment`
--

INSERT INTO `pspa_order_invoice_payment` (`id_order_invoice`, `id_order_payment`, `id_order`) VALUES
(1, 1, 1),
(2, 2, 2),
(3, 3, 3),
(4, 4, 4),
(5, 5, 5),
(6, 6, 7),
(7, 7, 8),
(8, 8, 9),
(9, 9, 10),
(10, 10, 11),
(11, 11, 15),
(12, 12, 16);

-- --------------------------------------------------------

--
-- Table structure for table `pspa_order_invoice_tax`
--

CREATE TABLE `pspa_order_invoice_tax` (
  `id_order_invoice` int(11) NOT NULL,
  `type` varchar(15) NOT NULL,
  `id_tax` int(11) NOT NULL,
  `amount` decimal(10,6) NOT NULL DEFAULT '0.000000'
) ENGINE=InnoDB DEFAULT CHARSET=utf8;

--
-- Dumping data for table `pspa_order_invoice_tax`
--

INSERT INTO `pspa_order_invoice_tax` (`id_order_invoice`, `type`, `id_tax`, `amount`) VALUES
(5, 'shipping', 53, 0.000000),
(6, 'shipping', 53, 0.000000),
(12, 'shipping', 53, 0.000000);

-- --------------------------------------------------------

--
-- Table structure for table `pspa_order_message`
--

CREATE TABLE `pspa_order_message` (
  `id_order_message` int(10) UNSIGNED NOT NULL,
  `date_add` datetime NOT NULL
) ENGINE=InnoDB DEFAULT CHARSET=utf8;

-- --------------------------------------------------------

--
-- Table structure for table `pspa_order_message_lang`
--

CREATE TABLE `pspa_order_message_lang` (
  `id_order_message` int(10) UNSIGNED NOT NULL,
  `id_lang` int(10) UNSIGNED NOT NULL,
  `name` varchar(128) NOT NULL,
  `message` text NOT NULL
) ENGINE=InnoDB DEFAULT CHARSET=utf8;

-- --------------------------------------------------------

--
-- Table structure for table `pspa_order_return`
--

CREATE TABLE `pspa_order_return` (
  `id_order_return` int(10) UNSIGNED NOT NULL,
  `id_customer` int(10) UNSIGNED NOT NULL,
  `id_order` int(10) UNSIGNED NOT NULL,
  `state` tinyint(1) UNSIGNED NOT NULL DEFAULT '1',
  `question` text NOT NULL,
  `date_add` datetime NOT NULL,
  `date_upd` datetime NOT NULL
) ENGINE=InnoDB DEFAULT CHARSET=utf8;

-- --------------------------------------------------------

--
-- Table structure for table `pspa_order_return_detail`
--

CREATE TABLE `pspa_order_return_detail` (
  `id_order_return` int(10) UNSIGNED NOT NULL,
  `id_order_detail` int(10) UNSIGNED NOT NULL,
  `id_customization` int(10) UNSIGNED NOT NULL DEFAULT '0',
  `product_quantity` int(10) UNSIGNED NOT NULL DEFAULT '0'
) ENGINE=InnoDB DEFAULT CHARSET=utf8;

-- --------------------------------------------------------

--
-- Table structure for table `pspa_order_return_state`
--

CREATE TABLE `pspa_order_return_state` (
  `id_order_return_state` int(10) UNSIGNED NOT NULL,
  `color` varchar(32) DEFAULT NULL
) ENGINE=InnoDB DEFAULT CHARSET=utf8;

--
-- Dumping data for table `pspa_order_return_state`
--

INSERT INTO `pspa_order_return_state` (`id_order_return_state`, `color`) VALUES
(1, '#4169E1'),
(2, '#8A2BE2'),
(3, '#32CD32'),
(4, '#DC143C'),
(5, '#108510');

-- --------------------------------------------------------

--
-- Table structure for table `pspa_order_return_state_lang`
--

CREATE TABLE `pspa_order_return_state_lang` (
  `id_order_return_state` int(10) UNSIGNED NOT NULL,
  `id_lang` int(10) UNSIGNED NOT NULL,
  `name` varchar(64) NOT NULL
) ENGINE=InnoDB DEFAULT CHARSET=utf8;

--
-- Dumping data for table `pspa_order_return_state_lang`
--

INSERT INTO `pspa_order_return_state_lang` (`id_order_return_state`, `id_lang`, `name`) VALUES
(1, 2, 'Aguarda Confirmação'),
(2, 2, 'Aguarda Produto devolvido'),
(3, 2, 'Produtos Recebidos'),
(4, 2, 'Devolução Recusada'),
(5, 2, 'Devolução Concluida');

-- --------------------------------------------------------

--
-- Table structure for table `pspa_order_slip`
--

CREATE TABLE `pspa_order_slip` (
  `id_order_slip` int(10) UNSIGNED NOT NULL,
  `conversion_rate` decimal(13,6) NOT NULL DEFAULT '1.000000',
  `id_customer` int(10) UNSIGNED NOT NULL,
  `id_order` int(10) UNSIGNED NOT NULL,
  `total_products_tax_excl` decimal(20,6) DEFAULT NULL,
  `total_products_tax_incl` decimal(20,6) DEFAULT NULL,
  `total_shipping_tax_excl` decimal(20,6) DEFAULT NULL,
  `total_shipping_tax_incl` decimal(20,6) DEFAULT NULL,
  `shipping_cost` tinyint(3) UNSIGNED NOT NULL DEFAULT '0',
  `amount` decimal(10,2) NOT NULL,
  `shipping_cost_amount` decimal(10,2) NOT NULL,
  `partial` tinyint(1) NOT NULL,
  `order_slip_type` tinyint(1) UNSIGNED NOT NULL DEFAULT '0',
  `date_add` datetime NOT NULL,
  `date_upd` datetime NOT NULL
) ENGINE=InnoDB DEFAULT CHARSET=utf8;

-- --------------------------------------------------------

--
-- Table structure for table `pspa_order_slip_detail`
--

CREATE TABLE `pspa_order_slip_detail` (
  `id_order_slip` int(10) UNSIGNED NOT NULL,
  `id_order_detail` int(10) UNSIGNED NOT NULL,
  `product_quantity` int(10) UNSIGNED NOT NULL DEFAULT '0',
  `unit_price_tax_excl` decimal(20,6) DEFAULT NULL,
  `unit_price_tax_incl` decimal(20,6) DEFAULT NULL,
  `total_price_tax_excl` decimal(20,6) DEFAULT NULL,
  `total_price_tax_incl` decimal(20,6) DEFAULT NULL,
  `amount_tax_excl` decimal(20,6) DEFAULT NULL,
  `amount_tax_incl` decimal(20,6) DEFAULT NULL
) ENGINE=InnoDB DEFAULT CHARSET=utf8;

-- --------------------------------------------------------

--
-- Table structure for table `pspa_order_slip_detail_tax`
--

CREATE TABLE `pspa_order_slip_detail_tax` (
  `id_order_slip_detail` int(11) UNSIGNED NOT NULL,
  `id_tax` int(11) UNSIGNED NOT NULL,
  `unit_amount` decimal(16,6) NOT NULL DEFAULT '0.000000',
  `total_amount` decimal(16,6) NOT NULL DEFAULT '0.000000'
) ENGINE=InnoDB DEFAULT CHARSET=utf8;

-- --------------------------------------------------------

--
-- Table structure for table `pspa_order_state`
--

CREATE TABLE `pspa_order_state` (
  `id_order_state` int(10) UNSIGNED NOT NULL,
  `invoice` tinyint(1) UNSIGNED DEFAULT '0',
  `send_email` tinyint(1) UNSIGNED NOT NULL DEFAULT '0',
  `module_name` varchar(255) DEFAULT NULL,
  `color` varchar(32) DEFAULT NULL,
  `unremovable` tinyint(1) UNSIGNED NOT NULL,
  `hidden` tinyint(1) UNSIGNED NOT NULL DEFAULT '0',
  `logable` tinyint(1) NOT NULL DEFAULT '0',
  `delivery` tinyint(1) UNSIGNED NOT NULL DEFAULT '0',
  `shipped` tinyint(1) UNSIGNED NOT NULL DEFAULT '0',
  `paid` tinyint(1) UNSIGNED NOT NULL DEFAULT '0',
  `pdf_invoice` tinyint(1) UNSIGNED NOT NULL DEFAULT '0',
  `pdf_delivery` tinyint(1) UNSIGNED NOT NULL DEFAULT '0',
  `deleted` tinyint(1) UNSIGNED NOT NULL DEFAULT '0'
) ENGINE=InnoDB DEFAULT CHARSET=utf8;

--
-- Dumping data for table `pspa_order_state`
--

INSERT INTO `pspa_order_state` (`id_order_state`, `invoice`, `send_email`, `module_name`, `color`, `unremovable`, `hidden`, `logable`, `delivery`, `shipped`, `paid`, `pdf_invoice`, `pdf_delivery`, `deleted`) VALUES
(1, 0, 1, 'cheque', '#4169E1', 1, 0, 0, 0, 0, 0, 0, 0, 0),
(2, 1, 1, '', '#32CD32', 1, 0, 1, 0, 0, 1, 1, 0, 0),
(3, 1, 1, '', '#FF8C00', 1, 0, 1, 1, 0, 1, 0, 0, 0),
(4, 1, 1, '', '#8A2BE2', 1, 0, 1, 1, 1, 1, 0, 0, 0),
(5, 1, 0, '', '#108510', 1, 0, 1, 1, 1, 1, 0, 0, 0),
(6, 0, 1, '', '#DC143C', 1, 0, 0, 0, 0, 0, 0, 0, 0),
(7, 1, 1, '', '#ec2e15', 1, 0, 0, 0, 0, 0, 0, 0, 0),
(8, 0, 1, '', '#8f0621', 1, 0, 0, 0, 0, 0, 0, 0, 0),
(9, 1, 1, '', '#FF69B4', 1, 0, 0, 0, 0, 1, 0, 0, 0),
(10, 0, 1, 'bankwire', '#4169E1', 1, 0, 0, 0, 0, 0, 0, 0, 0),
(11, 0, 0, '', '#4169E1', 1, 0, 0, 0, 0, 0, 0, 0, 0),
(12, 1, 1, '', '#32CD32', 1, 0, 1, 0, 0, 1, 0, 0, 0),
(13, 0, 1, '', '#FF69B4', 1, 0, 0, 0, 0, 0, 0, 0, 0),
(14, 0, 0, 'cashondelivery', '#4169E1', 1, 0, 0, 0, 0, 0, 0, 0, 0),
(15, 0, 0, 'multibanco', '#ffff00', 1, 0, 0, 0, 0, 0, 0, 0, 0),
(16, 1, 1, 'multibanco', '#00ffff', 1, 0, 1, 0, 0, 1, 0, 0, 0),
(17, 0, 0, 'ifthenpay_mbway', '#ffff00', 1, 0, 0, 0, 0, 0, 0, 0, 0),
(18, 0, 1, 'ifthenpay_mbway', '#00ffff', 1, 0, 0, 0, 0, 0, 0, 0, 0);

-- --------------------------------------------------------

--
-- Table structure for table `pspa_order_state_lang`
--

CREATE TABLE `pspa_order_state_lang` (
  `id_order_state` int(10) UNSIGNED NOT NULL,
  `id_lang` int(10) UNSIGNED NOT NULL,
  `name` varchar(64) NOT NULL,
  `template` varchar(64) NOT NULL
) ENGINE=InnoDB DEFAULT CHARSET=utf8;

--
-- Dumping data for table `pspa_order_state_lang`
--

INSERT INTO `pspa_order_state_lang` (`id_order_state`, `id_lang`, `name`, `template`) VALUES
(1, 2, 'Awaiting check payment', 'cheque'),
(2, 2, 'Pagamento Aceite', 'payment'),
(3, 2, 'Encomenda em preparação', 'preparation'),
(4, 2, 'Encomenda Enviada', 'shipped'),
(5, 2, 'Encomenda Entregue', ''),
(6, 2, 'Anulado', 'order_canceled'),
(7, 2, 'Reembolsado', 'refund'),
(8, 2, 'Problema no Pagamento', 'payment_error'),
(9, 2, 'On backorder (paid)', 'outofstock'),
(10, 2, 'Aguarda Transferência Bancária', 'bankwire'),
(11, 2, 'Aguarda Pagamento Paypal', ''),
(12, 2, 'Remote payment accepted', 'payment'),
(13, 2, 'On backorder (not paid)', 'outofstock'),
(14, 2, 'Awaiting Cash On Delivery validation', 'cashondelivery'),
(15, 2, 'Aguardar pagamento por Multibanco', 'multibanco'),
(16, 2, 'Confirmado pagamento por Multibanco', 'payment'),
(17, 2, 'Aguarda pagamento por MBWay', ''),
(18, 2, 'Confirmado pagamento por MBWay', 'payment');

-- --------------------------------------------------------

--
-- Table structure for table `pspa_pack`
--

CREATE TABLE `pspa_pack` (
  `id_product_pack` int(10) UNSIGNED NOT NULL,
  `id_product_item` int(10) UNSIGNED NOT NULL,
  `id_product_attribute_item` int(10) UNSIGNED NOT NULL,
  `quantity` int(10) UNSIGNED NOT NULL DEFAULT '1'
) ENGINE=InnoDB DEFAULT CHARSET=utf8;

--
-- Dumping data for table `pspa_pack`
--

INSERT INTO `pspa_pack` (`id_product_pack`, `id_product_item`, `id_product_attribute_item`, `quantity`) VALUES
(45, 3, 0, 1),
(45, 6, 0, 1);

-- --------------------------------------------------------

--
-- Table structure for table `pspa_page`
--

CREATE TABLE `pspa_page` (
  `id_page` int(10) UNSIGNED NOT NULL,
  `id_page_type` int(10) UNSIGNED NOT NULL,
  `id_object` int(10) UNSIGNED DEFAULT NULL
) ENGINE=InnoDB DEFAULT CHARSET=utf8;

--
-- Dumping data for table `pspa_page`
--

INSERT INTO `pspa_page` (`id_page`, `id_page_type`, `id_object`) VALUES
(1, 1, NULL),
(2, 2, NULL),
(3, 3, NULL),
(4, 4, NULL),
(5, 5, 17),
(6, 5, 15),
(7, 5, 16),
(8, 5, 14),
(9, 6, NULL),
(10, 7, NULL),
(11, 8, 3),
(12, 9, NULL),
(13, 10, NULL),
(14, 5, 12),
(15, 11, NULL),
(16, 8, 2),
(17, 8, 4),
(18, 8, 5),
(19, 8, 6),
(20, 8, 7),
(21, 8, 8),
(22, 8, 9),
(23, 12, NULL),
(24, 13, 0),
(25, 8, 10),
(26, 8, 11),
(27, 8, 12),
(28, 8, 13),
(29, 8, 14),
(30, 8, 15),
(31, 8, 16),
(32, 8, 17),
(33, 8, 25),
(34, 14, NULL),
(35, 8, 26),
(36, 8, 27),
(37, 8, 28),
(38, 8, 29),
(39, 8, 30),
(40, 8, 31),
(41, 8, 32),
(42, 8, 33),
(43, 8, 38),
(44, 15, NULL),
(45, 16, NULL),
(46, 8, 40),
(47, 5, 19),
(48, 8, 42),
(49, 8, 4294967295),
(50, 8, 4294967295),
(51, 8, 4294967295),
(52, 8, 4294967295),
(53, 8, 4294967295),
(54, 8, 4294967295),
(55, 8, 4294967295),
(56, 8, 4294967295),
(57, 8, 0),
(58, 5, 4294967295),
(59, 5, 18),
(60, 8, 45),
(61, 17, NULL),
(62, 8, 4294967295),
(63, 8, 4294967295),
(64, 8, 4294967295),
(65, 8, 4294967295),
(66, 8, 4294967295),
(67, 8, 4294967295),
(68, 8, 4294967295),
(69, 8, 4294967295),
(70, 8, 4294967295),
(71, 8, 4294967295),
(72, 8, 4294967295),
(73, 8, 4294967295),
(74, 8, 4294967295),
(75, 8, 4294967295),
(76, 8, 4294967295),
(77, 8, 4294967295),
(78, 8, 4294967295),
(79, 8, 4294967295),
(80, 8, 4294967295),
(81, 8, 4294967295),
(82, 8, 4294967295),
(83, 8, 4294967295),
(84, 8, 4294967295),
(85, 8, 4294967295),
(86, 8, 4294967295),
(87, 8, 4294967295),
(88, 8, 4294967295),
(89, 8, 4294967295),
(90, 8, 4294967295),
(91, 8, 4294967295),
(92, 8, 4294967295),
(93, 8, 4294967295),
(94, 8, 4294967295),
(95, 8, 4294967295),
(96, 8, 4294967295),
(97, 8, 4294967295),
(98, 8, 4294967295),
(99, 8, 4294967295),
(100, 8, 4294967295),
(101, 8, 4294967295),
(102, 8, 4294967295),
(103, 8, 4294967295),
(104, 8, 4294967295),
(105, 8, 4294967295),
(106, 8, 4294967295),
(107, 8, 4294967295),
(108, 8, 4294967295),
(109, 8, 4294967295),
(110, 8, 4294967295),
(111, 8, 4294967295),
(112, 8, 4294967295),
(113, 8, 4294967295),
(114, 8, 4294967295),
(115, 8, 4294967295),
(116, 8, 4294967295),
(117, 8, 4294967295),
(118, 8, 4294967295),
(119, 8, 4294967295),
(120, 8, 4294967295),
(121, 8, 4294967295),
(122, 8, 4294967295),
(123, 8, 4294967295),
(124, 8, 4294967295),
(125, 8, 4294967295),
(126, 8, 4294967295),
(127, 8, 4294967295),
(128, 8, 4294967295),
(129, 8, 4294967295),
(130, 8, 4294967295),
(131, 8, 4294967295),
(132, 8, 4294967295),
(133, 8, 4294967295),
(134, 8, 4294967295),
(135, 8, 4294967295),
(136, 8, 4294967295),
(137, 8, 4294967295),
(138, 8, 4294967295),
(139, 8, 4294967295),
(140, 8, 4294967295),
(141, 8, 4294967295),
(142, 8, 4294967295),
(143, 8, 4294967295),
(144, 8, 4294967295),
(145, 8, 4294967295),
(146, 8, 4294967295),
(147, 8, 4294967295),
(148, 8, 4294967295),
(149, 8, 4294967295),
(150, 8, 4294967295),
(151, 8, 4294967295),
(152, 8, 4294967295),
(153, 8, 4294967295),
(154, 8, 4294967295),
(155, 8, 4294967295),
(156, 8, 4294967295),
(157, 8, 4294967295),
(158, 8, 4294967295),
(159, 8, 4294967295),
(160, 8, 4294967295),
(161, 8, 4294967295),
(162, 8, 4294967295),
(163, 8, 4294967295),
(164, 8, 4294967295),
(165, 8, 4294967295),
(166, 8, 4294967295),
(167, 8, 4294967295),
(168, 8, 4294967295),
(169, 8, 4294967295),
(170, 8, 4294967295),
(171, 8, 4294967295),
(172, 8, 4294967295),
(173, 8, 4294967295),
(174, 8, 4294967295),
(175, 8, 4294967295),
(176, 8, 4294967295),
(177, 8, 4294967295),
(178, 8, 4294967295),
(179, 8, 4294967295),
(180, 8, 4294967295),
(181, 8, 4294967295),
(182, 8, 4294967295),
(183, 8, 4294967295),
(184, 8, 4294967295),
(185, 8, 4294967295),
(186, 8, 4294967295),
(187, 8, 4294967295),
(188, 8, 4294967295),
(189, 8, 4294967295),
(190, 8, 4294967295),
(191, 8, 4294967295),
(192, 8, 4294967295),
(193, 8, 4294967295),
(194, 8, 4294967295),
(195, 8, 4294967295),
(196, 8, 4294967295),
(197, 8, 4294967295),
(198, 8, 4294967295),
(199, 8, 4294967295),
(200, 8, 4294967295),
(201, 8, 4294967295),
(202, 8, 4294967295),
(203, 8, 4294967295),
(204, 8, 4294967295),
(205, 8, 4294967295),
(206, 8, 4294967295),
(207, 8, 4294967295),
(208, 8, 4294967295),
(209, 8, 4294967295),
(210, 8, 4294967295),
(211, 8, 4294967295),
(212, 8, 4294967295),
(213, 8, 4294967295),
(214, 8, 4294967295),
(215, 8, 4294967295),
(216, 8, 4294967295),
(217, 8, 4294967295),
(218, 8, 4294967295),
(219, 8, 4294967295),
(220, 8, 4294967295),
(221, 8, 4294967295),
(222, 8, 4294967295),
(223, 8, 4294967295),
(224, 8, 4294967295),
(225, 8, 4294967295),
(226, 8, 4294967295),
(227, 8, 4294967295),
(228, 8, 4294967295),
(229, 8, 4294967295),
(230, 8, 4294967295),
(231, 8, 4294967295),
(232, 8, 4294967295),
(233, 8, 4294967295),
(234, 8, 4294967295),
(235, 8, 4294967295),
(236, 8, 4294967295),
(237, 8, 4294967295),
(238, 8, 4294967295),
(239, 8, 4294967295),
(240, 8, 4294967295),
(241, 8, 4294967295),
(242, 8, 4294967295),
(243, 8, 4294967295),
(244, 8, 4294967295),
(245, 8, 4294967295),
(246, 8, 4294967295),
(247, 8, 4294967295),
(248, 8, 4294967295),
(249, 8, 4294967295),
(250, 8, 4294967295),
(251, 8, 4294967295),
(252, 8, 4294967295),
(253, 8, 4294967295),
(254, 8, 4294967295),
(255, 8, 4294967295),
(256, 8, 4294967295),
(257, 8, 4294967295),
(258, 8, 4294967295),
(259, 8, 4294967295),
(260, 8, 4294967295),
(261, 8, 4294967295),
(262, 8, 4294967295),
(263, 8, 4294967295),
(264, 8, 4294967295),
(265, 8, 4294967295),
(266, 8, 4294967295),
(267, 8, 4294967295),
(268, 8, 4294967295),
(269, 8, 4294967295),
(270, 8, 4294967295),
(271, 8, 4294967295),
(272, 8, 4294967295),
(273, 8, 4294967295),
(274, 8, 4294967295),
(275, 8, 4294967295),
(276, 8, 4294967295),
(277, 8, 4294967295),
(278, 8, 4294967295),
(279, 8, 4294967295),
(280, 8, 4294967295),
(281, 8, 4294967295),
(282, 8, 4294967295),
(283, 8, 4294967295),
(284, 8, 4294967295),
(285, 8, 4294967295),
(286, 8, 4294967295),
(287, 8, 4294967295),
(288, 8, 4294967295),
(289, 8, 4294967295),
(290, 8, 4294967295),
(291, 8, 4294967295),
(292, 8, 4294967295),
(293, 8, 4294967295),
(294, 8, 4294967295),
(295, 8, 4294967295),
(296, 8, 4294967295),
(297, 8, 4294967295),
(298, 8, 4294967295),
(299, 8, 4294967295),
(300, 8, 4294967295),
(301, 8, 4294967295),
(302, 8, 4294967295),
(303, 8, 4294967295),
(304, 8, 4294967295),
(305, 8, 2999999),
(306, 8, 299999),
(307, 8, 49),
(308, 5, 4294967295),
(309, 8, 4294967295),
(310, 5, 4294967295),
(311, 8, 35),
(312, 18, NULL),
(313, 8, 47),
(314, 8, 48),
(315, 5, 4294967295);

-- --------------------------------------------------------

--
-- Table structure for table `pspa_pagenotfound`
--

CREATE TABLE `pspa_pagenotfound` (
  `id_pagenotfound` int(10) UNSIGNED NOT NULL,
  `id_shop` int(10) UNSIGNED NOT NULL DEFAULT '1',
  `id_shop_group` int(10) UNSIGNED NOT NULL DEFAULT '1',
  `request_uri` varchar(256) NOT NULL,
  `http_referer` varchar(256) NOT NULL,
  `date_add` datetime NOT NULL
) ENGINE=InnoDB DEFAULT CHARSET=utf8;

--
-- Dumping data for table `pspa_pagenotfound`
--

INSERT INTO `pspa_pagenotfound` (`id_pagenotfound`, `id_shop`, `id_shop_group`, `request_uri`, `http_referer`, `date_add`) VALUES
(1, 1, 1, '/loja/index.php?controller=404', '', '2020-01-10 02:46:25'),
(2, 1, 1, '/loja/index.php?controller=404', '', '2020-01-10 19:02:17'),
(3, 1, 1, '/loja/index.php?controller=404', '', '2020-01-11 15:05:25'),
(4, 1, 1, '/loja/index.php?controller=404', '', '2020-01-11 22:45:01'),
(5, 1, 1, '/loja/index.php?controller=404', '', '2020-01-13 00:12:23'),
(6, 1, 1, '/loja/img/favicon.ico%3F1578051402', '', '2020-01-13 19:33:18'),
(7, 1, 1, '/loja/index.php?controller=404', '', '2020-01-15 09:28:51'),
(8, 1, 1, '/loja/index.php?controller=404', '', '2020-01-15 14:23:01'),
(9, 1, 1, '/loja/index.php?controller=404', '', '2020-01-16 22:10:16'),
(10, 1, 1, '/loja/index.php?controller=404', '', '2020-01-17 14:39:17'),
(11, 1, 1, '/loja/index.php?controller=404', '', '2020-01-18 07:59:03'),
(12, 1, 1, '/loja/index.php?controller=404', '', '2020-01-19 06:04:36'),
(13, 1, 1, '/loja/index.php?controller=404', '', '2020-01-19 16:01:27'),
(14, 1, 1, '/loja/index.php?controller=404', '', '2020-01-20 14:22:23'),
(15, 1, 1, '/loja/index.php?controller=404', '', '2020-01-20 16:34:44'),
(16, 1, 1, '/loja/index.php?controller=404', '', '2020-01-21 12:48:12'),
(17, 1, 1, '/loja/index.php?controller=404', '', '2020-01-21 13:41:56'),
(18, 1, 1, '/loja/index.php?controller=404', '', '2020-01-24 00:19:04'),
(19, 1, 1, '/loja/index.php?controller=404', '', '2020-01-24 00:19:06'),
(20, 1, 1, '/loja/index.php?controller=404', '', '2020-01-24 00:19:07'),
(21, 1, 1, '/loja/index.php?controller=404', '', '2020-01-24 00:19:10'),
(22, 1, 1, '/loja/img/favicon.ico%3F1578051402', '', '2020-01-24 14:57:29'),
(23, 1, 1, '/loja/index.php?controller=404', '', '2020-01-24 16:35:46'),
(24, 1, 1, '/loja/index.php?controller=404', '', '2020-01-27 13:41:22'),
(25, 1, 1, '/loja/index.php?controller=pagenotfound&id_lang=3', '', '2020-01-29 13:22:18'),
(26, 1, 1, '/loja/submit._submit', 'https://vinhodetalha.com/loja/js/jquery/jquery-1.11.0.min.js', '2020-01-31 03:10:48'),
(27, 1, 1, '/loja/propertychange._change', 'https://vinhodetalha.com/loja/js/jquery/jquery-1.11.0.min.js', '2020-01-31 03:10:52'),
(28, 1, 1, '/loja/click._change', 'https://vinhodetalha.com/loja/js/jquery/jquery-1.11.0.min.js', '2020-01-31 03:10:56'),
(29, 1, 1, '/loja/beforeactivate._change', 'https://vinhodetalha.com/loja/js/jquery/jquery-1.11.0.min.js', '2020-01-31 03:10:59'),
(30, 1, 1, '/loja/change._change', 'https://vinhodetalha.com/loja/js/jquery/jquery-1.11.0.min.js', '2020-01-31 03:11:03'),
(31, 1, 1, '/loja/Microsoft.XMLDOM', 'https://vinhodetalha.com/loja/js/jquery/jquery-1.11.0.min.js', '2020-01-31 03:11:11'),
(32, 1, 1, '/loja/Microsoft.XMLHTTP', 'https://vinhodetalha.com/loja/js/jquery/jquery-1.11.0.min.js', '2020-01-31 03:11:15'),
(33, 1, 1, '/loja/bs.alert', 'https://vinhodetalha.com/loja/themes/default-bootstrap/js/autoload/10-bootstrap.min.js', '2020-01-31 03:11:19'),
(34, 1, 1, '/loja/bs.button', 'https://vinhodetalha.com/loja/themes/default-bootstrap/js/autoload/10-bootstrap.min.js', '2020-01-31 03:11:24'),
(35, 1, 1, '/loja/bs.carousel', 'https://vinhodetalha.com/loja/themes/default-bootstrap/js/autoload/10-bootstrap.min.js', '2020-01-31 03:11:28'),
(36, 1, 1, '/loja/bs.collapse', 'https://vinhodetalha.com/loja/themes/default-bootstrap/js/autoload/10-bootstrap.min.js', '2020-01-31 03:11:32'),
(37, 1, 1, '/loja/bs.modal', 'https://vinhodetalha.com/loja/themes/default-bootstrap/js/autoload/10-bootstrap.min.js', '2020-01-31 03:11:35'),
(38, 1, 1, '/loja/bs.tooltip', 'https://vinhodetalha.com/loja/themes/default-bootstrap/js/autoload/10-bootstrap.min.js', '2020-01-31 03:11:39'),
(39, 1, 1, '/loja/bs.popover', 'https://vinhodetalha.com/loja/themes/default-bootstrap/js/autoload/10-bootstrap.min.js', '2020-01-31 03:11:46'),
(40, 1, 1, '/loja/bs.scrollspy', 'https://vinhodetalha.com/loja/themes/default-bootstrap/js/autoload/10-bootstrap.min.js', '2020-01-31 03:11:50'),
(41, 1, 1, '/loja/bs.tab', 'https://vinhodetalha.com/loja/themes/default-bootstrap/js/autoload/10-bootstrap.min.js', '2020-01-31 03:11:55'),
(42, 1, 1, '/loja/bs.affix', 'https://vinhodetalha.com/loja/themes/default-bootstrap/js/autoload/10-bootstrap.min.js', '2020-01-31 03:12:00'),
(43, 1, 1, '/loja/onUpdate.player', 'https://vinhodetalha.com/loja/js/jquery/plugins/fancybox/jquery.fancybox.js', '2020-01-31 03:12:05'),
(44, 1, 1, '/loja/beforeLoad.player', 'https://vinhodetalha.com/loja/js/jquery/plugins/fancybox/jquery.fancybox.js', '2020-01-31 03:12:09'),
(45, 1, 1, '/loja/keydown.loading', 'https://vinhodetalha.com/loja/js/jquery/plugins/fancybox/jquery.fancybox.js', '2020-01-31 03:12:13'),
(46, 1, 1, '/loja/orientationchange.fb', 'https://vinhodetalha.com/loja/js/jquery/plugins/fancybox/jquery.fancybox.js', '2020-01-31 03:12:16'),
(47, 1, 1, '/loja/keydown.fb', 'https://vinhodetalha.com/loja/js/jquery/plugins/fancybox/jquery.fancybox.js', '2020-01-31 03:12:20'),
(48, 1, 1, '/loja/mousewheel.fb', 'https://vinhodetalha.com/loja/js/jquery/plugins/fancybox/jquery.fancybox.js', '2020-01-31 03:12:25'),
(49, 1, 1, '/loja/load.fb', 'https://vinhodetalha.com/loja/js/jquery/plugins/fancybox/jquery.fancybox.js', '2020-01-31 03:12:29'),
(50, 1, 1, '/loja/click.fb', 'https://vinhodetalha.com/loja/js/jquery/plugins/fancybox/jquery.fancybox.js', '2020-01-31 03:12:33'),
(51, 1, 1, '/loja/resize.overlay', 'https://vinhodetalha.com/loja/js/jquery/plugins/fancybox/jquery.fancybox.js', '2020-01-31 03:12:38'),
(52, 1, 1, '/loja/click.overlay', 'https://vinhodetalha.com/loja/js/jquery/plugins/fancybox/jquery.fancybox.js', '2020-01-31 03:12:42'),
(53, 1, 1, '/loja/click.fb-start', 'https://vinhodetalha.com/loja/js/jquery/plugins/fancybox/jquery.fancybox.js', '2020-01-31 03:12:53'),
(54, 1, 1, '/loja/prev.serialScroll', 'https://vinhodetalha.com/loja/js/jquery/plugins/jquery.serialScroll.js', '2020-01-31 03:13:01'),
(55, 1, 1, '/loja/next.serialScroll', 'https://vinhodetalha.com/loja/js/jquery/plugins/jquery.serialScroll.js', '2020-01-31 03:13:06'),
(56, 1, 1, '/loja/goto.serialScroll', 'https://vinhodetalha.com/loja/js/jquery/plugins/jquery.serialScroll.js', '2020-01-31 03:13:11'),
(57, 1, 1, '/loja/start.serialScroll', 'https://vinhodetalha.com/loja/js/jquery/plugins/jquery.serialScroll.js', '2020-01-31 03:13:17'),
(58, 1, 1, '/loja/stop.serialScroll', 'https://vinhodetalha.com/loja/js/jquery/plugins/jquery.serialScroll.js', '2020-01-31 03:13:22'),
(59, 1, 1, '/loja/notify.serialScroll', 'https://vinhodetalha.com/loja/js/jquery/plugins/jquery.serialScroll.js', '2020-01-31 03:13:27'),
(60, 1, 1, '/loja/mousemove.hoverIntent', 'https://vinhodetalha.com/loja/themes/default-bootstrap/js/modules/blocktopmenu/js/hoverIntent.js', '2020-01-31 03:13:33'),
(61, 1, 1, '/loja/mouseenter.hoverIntent', 'https://vinhodetalha.com/loja/themes/default-bootstrap/js/modules/blocktopmenu/js/hoverIntent.js', '2020-01-31 03:13:45'),
(62, 1, 1, '/loja/mouseleave.hoverIntent', 'https://vinhodetalha.com/loja/themes/default-bootstrap/js/modules/blocktopmenu/js/hoverIntent.js', '2020-01-31 03:13:55'),
(63, 1, 1, '/loja/mouseenter.superfish', 'https://vinhodetalha.com/loja/themes/default-bootstrap/js/modules/blocktopmenu/js/superfish-modified.js', '2020-01-31 03:13:59'),
(64, 1, 1, '/loja/mouseleave.superfish', 'https://vinhodetalha.com/loja/themes/default-bootstrap/js/modules/blocktopmenu/js/superfish-modified.js', '2020-01-31 03:14:04'),
(65, 1, 1, '/loja/MSPointerDown.superfish', 'https://vinhodetalha.com/loja/themes/default-bootstrap/js/modules/blocktopmenu/js/superfish-modified.js', '2020-01-31 03:14:08'),
(66, 1, 1, '/loja/focusin.superfish', 'https://vinhodetalha.com/loja/themes/default-bootstrap/js/modules/blocktopmenu/js/superfish-modified.js', '2020-01-31 03:14:12'),
(67, 1, 1, '/loja/focusout.superfish', 'https://vinhodetalha.com/loja/themes/default-bootstrap/js/modules/blocktopmenu/js/superfish-modified.js', '2020-01-31 03:14:16'),
(68, 1, 1, '/loja/click.superfish', 'https://vinhodetalha.com/loja/themes/default-bootstrap/js/modules/blocktopmenu/js/superfish-modified.js', '2020-01-31 03:14:19'),
(69, 1, 1, '/loja/index.php?controller=404', '', '2020-02-02 12:45:24'),
(70, 1, 1, '/loja/index.php?controller=404', '', '2020-02-04 14:45:16'),
(71, 1, 1, '/loja/index.php?controller=pagenotfound&id_lang=2', '', '2020-02-05 01:19:47'),
(72, 1, 1, '/loja/submit._submit', 'https://vinhodetalha.com/loja/js/jquery/jquery-1.11.0.min.js', '2020-02-05 09:57:26'),
(73, 1, 1, '/loja/propertychange._change', 'https://vinhodetalha.com/loja/js/jquery/jquery-1.11.0.min.js', '2020-02-05 09:57:29'),
(74, 1, 1, '/loja/click._change', 'https://vinhodetalha.com/loja/js/jquery/jquery-1.11.0.min.js', '2020-02-05 09:57:32'),
(75, 1, 1, '/loja/beforeactivate._change', 'https://vinhodetalha.com/loja/js/jquery/jquery-1.11.0.min.js', '2020-02-05 09:57:36'),
(76, 1, 1, '/loja/change._change', 'https://vinhodetalha.com/loja/js/jquery/jquery-1.11.0.min.js', '2020-02-05 09:57:39'),
(77, 1, 1, '/loja/Microsoft.XMLDOM', 'https://vinhodetalha.com/loja/js/jquery/jquery-1.11.0.min.js', '2020-02-05 09:57:46'),
(78, 1, 1, '/loja/Microsoft.XMLHTTP', 'https://vinhodetalha.com/loja/js/jquery/jquery-1.11.0.min.js', '2020-02-05 09:57:49'),
(79, 1, 1, '/loja/bs.alert', 'https://vinhodetalha.com/loja/themes/default-bootstrap/js/autoload/10-bootstrap.min.js', '2020-02-05 09:57:53'),
(80, 1, 1, '/loja/bs.button', 'https://vinhodetalha.com/loja/themes/default-bootstrap/js/autoload/10-bootstrap.min.js', '2020-02-05 09:57:56'),
(81, 1, 1, '/loja/bs.carousel', 'https://vinhodetalha.com/loja/themes/default-bootstrap/js/autoload/10-bootstrap.min.js', '2020-02-05 09:58:00'),
(82, 1, 1, '/loja/bs.collapse', 'https://vinhodetalha.com/loja/themes/default-bootstrap/js/autoload/10-bootstrap.min.js', '2020-02-05 09:58:03'),
(83, 1, 1, '/loja/bs.modal', 'https://vinhodetalha.com/loja/themes/default-bootstrap/js/autoload/10-bootstrap.min.js', '2020-02-05 09:58:06'),
(84, 1, 1, '/loja/bs.tooltip', 'https://vinhodetalha.com/loja/themes/default-bootstrap/js/autoload/10-bootstrap.min.js', '2020-02-05 09:58:10'),
(85, 1, 1, '/loja/bs.popover', 'https://vinhodetalha.com/loja/themes/default-bootstrap/js/autoload/10-bootstrap.min.js', '2020-02-05 09:58:17'),
(86, 1, 1, '/loja/bs.scrollspy', 'https://vinhodetalha.com/loja/themes/default-bootstrap/js/autoload/10-bootstrap.min.js', '2020-02-05 09:58:20'),
(87, 1, 1, '/loja/bs.tab', 'https://vinhodetalha.com/loja/themes/default-bootstrap/js/autoload/10-bootstrap.min.js', '2020-02-05 09:58:23'),
(88, 1, 1, '/loja/bs.affix', 'https://vinhodetalha.com/loja/themes/default-bootstrap/js/autoload/10-bootstrap.min.js', '2020-02-05 09:58:27'),
(89, 1, 1, '/loja/onUpdate.player', 'https://vinhodetalha.com/loja/js/jquery/plugins/fancybox/jquery.fancybox.js', '2020-02-05 09:58:30'),
(90, 1, 1, '/loja/beforeLoad.player', 'https://vinhodetalha.com/loja/js/jquery/plugins/fancybox/jquery.fancybox.js', '2020-02-05 09:58:34'),
(91, 1, 1, '/loja/keydown.loading', 'https://vinhodetalha.com/loja/js/jquery/plugins/fancybox/jquery.fancybox.js', '2020-02-05 09:58:38'),
(92, 1, 1, '/loja/orientationchange.fb', 'https://vinhodetalha.com/loja/js/jquery/plugins/fancybox/jquery.fancybox.js', '2020-02-05 09:58:41'),
(93, 1, 1, '/loja/keydown.fb', 'https://vinhodetalha.com/loja/js/jquery/plugins/fancybox/jquery.fancybox.js', '2020-02-05 09:58:44'),
(94, 1, 1, '/loja/mousewheel.fb', 'https://vinhodetalha.com/loja/js/jquery/plugins/fancybox/jquery.fancybox.js', '2020-02-05 09:58:48'),
(95, 1, 1, '/loja/load.fb', 'https://vinhodetalha.com/loja/js/jquery/plugins/fancybox/jquery.fancybox.js', '2020-02-05 09:58:51'),
(96, 1, 1, '/loja/click.fb', 'https://vinhodetalha.com/loja/js/jquery/plugins/fancybox/jquery.fancybox.js', '2020-02-05 09:58:55'),
(97, 1, 1, '/loja/resize.overlay', 'https://vinhodetalha.com/loja/js/jquery/plugins/fancybox/jquery.fancybox.js', '2020-02-05 09:58:58'),
(98, 1, 1, '/loja/click.overlay', 'https://vinhodetalha.com/loja/js/jquery/plugins/fancybox/jquery.fancybox.js', '2020-02-05 09:59:01'),
(99, 1, 1, '/loja/click.fb-start', 'https://vinhodetalha.com/loja/js/jquery/plugins/fancybox/jquery.fancybox.js', '2020-02-05 09:59:05'),
(100, 1, 1, '/loja/prev.serialScroll', 'https://vinhodetalha.com/loja/js/jquery/plugins/jquery.serialScroll.js', '2020-02-05 09:59:11'),
(101, 1, 1, '/loja/next.serialScroll', 'https://vinhodetalha.com/loja/js/jquery/plugins/jquery.serialScroll.js', '2020-02-05 09:59:15'),
(102, 1, 1, '/loja/goto.serialScroll', 'https://vinhodetalha.com/loja/js/jquery/plugins/jquery.serialScroll.js', '2020-02-05 09:59:18'),
(103, 1, 1, '/loja/start.serialScroll', 'https://vinhodetalha.com/loja/js/jquery/plugins/jquery.serialScroll.js', '2020-02-05 09:59:22'),
(104, 1, 1, '/loja/stop.serialScroll', 'https://vinhodetalha.com/loja/js/jquery/plugins/jquery.serialScroll.js', '2020-02-05 09:59:25'),
(105, 1, 1, '/loja/notify.serialScroll', 'https://vinhodetalha.com/loja/js/jquery/plugins/jquery.serialScroll.js', '2020-02-05 09:59:28'),
(106, 1, 1, '/loja/mousemove.hoverIntent', 'https://vinhodetalha.com/loja/themes/default-bootstrap/js/modules/blocktopmenu/js/hoverIntent.js', '2020-02-05 09:59:32'),
(107, 1, 1, '/loja/mouseenter.hoverIntent', 'https://vinhodetalha.com/loja/themes/default-bootstrap/js/modules/blocktopmenu/js/hoverIntent.js', '2020-02-05 09:59:35'),
(108, 1, 1, '/loja/mouseleave.hoverIntent', 'https://vinhodetalha.com/loja/themes/default-bootstrap/js/modules/blocktopmenu/js/hoverIntent.js', '2020-02-05 09:59:39'),
(109, 1, 1, '/loja/mouseenter.superfish', 'https://vinhodetalha.com/loja/themes/default-bootstrap/js/modules/blocktopmenu/js/superfish-modified.js', '2020-02-05 09:59:42'),
(110, 1, 1, '/loja/mouseleave.superfish', 'https://vinhodetalha.com/loja/themes/default-bootstrap/js/modules/blocktopmenu/js/superfish-modified.js', '2020-02-05 09:59:45'),
(111, 1, 1, '/loja/MSPointerDown.superfish', 'https://vinhodetalha.com/loja/themes/default-bootstrap/js/modules/blocktopmenu/js/superfish-modified.js', '2020-02-05 09:59:49'),
(112, 1, 1, '/loja/focusin.superfish', 'https://vinhodetalha.com/loja/themes/default-bootstrap/js/modules/blocktopmenu/js/superfish-modified.js', '2020-02-05 09:59:52'),
(113, 1, 1, '/loja/focusout.superfish', 'https://vinhodetalha.com/loja/themes/default-bootstrap/js/modules/blocktopmenu/js/superfish-modified.js', '2020-02-05 09:59:56'),
(114, 1, 1, '/loja/click.superfish', 'https://vinhodetalha.com/loja/themes/default-bootstrap/js/modules/blocktopmenu/js/superfish-modified.js', '2020-02-05 09:59:59'),
(115, 1, 1, '/loja/index.php?controller=404', '', '2020-02-06 06:15:23'),
(116, 1, 1, '/loja/index.php?controller=pagenotfound&id_lang=3', '', '2020-02-09 20:03:10'),
(117, 1, 1, '/loja/submit._submit', 'https://vinhodetalha.com/loja/js/jquery/jquery-1.11.0.min.js', '2020-02-10 09:39:43'),
(118, 1, 1, '/loja/propertychange._change', 'https://vinhodetalha.com/loja/js/jquery/jquery-1.11.0.min.js', '2020-02-10 09:39:47'),
(119, 1, 1, '/loja/click._change', 'https://vinhodetalha.com/loja/js/jquery/jquery-1.11.0.min.js', '2020-02-10 09:39:50'),
(120, 1, 1, '/loja/beforeactivate._change', 'https://vinhodetalha.com/loja/js/jquery/jquery-1.11.0.min.js', '2020-02-10 09:39:54'),
(121, 1, 1, '/loja/change._change', 'https://vinhodetalha.com/loja/js/jquery/jquery-1.11.0.min.js', '2020-02-10 09:39:57'),
(122, 1, 1, '/loja/Microsoft.XMLDOM', 'https://vinhodetalha.com/loja/js/jquery/jquery-1.11.0.min.js', '2020-02-10 09:40:04'),
(123, 1, 1, '/loja/Microsoft.XMLHTTP', 'https://vinhodetalha.com/loja/js/jquery/jquery-1.11.0.min.js', '2020-02-10 09:40:07'),
(124, 1, 1, '/loja/bs.alert', 'https://vinhodetalha.com/loja/themes/default-bootstrap/js/autoload/10-bootstrap.min.js', '2020-02-10 09:40:11'),
(125, 1, 1, '/loja/bs.button', 'https://vinhodetalha.com/loja/themes/default-bootstrap/js/autoload/10-bootstrap.min.js', '2020-02-10 09:40:14'),
(126, 1, 1, '/loja/bs.carousel', 'https://vinhodetalha.com/loja/themes/default-bootstrap/js/autoload/10-bootstrap.min.js', '2020-02-10 09:40:17'),
(127, 1, 1, '/loja/bs.collapse', 'https://vinhodetalha.com/loja/themes/default-bootstrap/js/autoload/10-bootstrap.min.js', '2020-02-10 09:40:21'),
(128, 1, 1, '/loja/bs.modal', 'https://vinhodetalha.com/loja/themes/default-bootstrap/js/autoload/10-bootstrap.min.js', '2020-02-10 09:40:24'),
(129, 1, 1, '/loja/bs.tooltip', 'https://vinhodetalha.com/loja/themes/default-bootstrap/js/autoload/10-bootstrap.min.js', '2020-02-10 09:40:28'),
(130, 1, 1, '/loja/bs.popover', 'https://vinhodetalha.com/loja/themes/default-bootstrap/js/autoload/10-bootstrap.min.js', '2020-02-10 09:40:34'),
(131, 1, 1, '/loja/bs.scrollspy', 'https://vinhodetalha.com/loja/themes/default-bootstrap/js/autoload/10-bootstrap.min.js', '2020-02-10 09:40:38'),
(132, 1, 1, '/loja/bs.tab', 'https://vinhodetalha.com/loja/themes/default-bootstrap/js/autoload/10-bootstrap.min.js', '2020-02-10 09:40:41'),
(133, 1, 1, '/loja/bs.affix', 'https://vinhodetalha.com/loja/themes/default-bootstrap/js/autoload/10-bootstrap.min.js', '2020-02-10 09:40:44'),
(134, 1, 1, '/loja/onUpdate.player', 'https://vinhodetalha.com/loja/js/jquery/plugins/fancybox/jquery.fancybox.js', '2020-02-10 09:40:48'),
(135, 1, 1, '/loja/beforeLoad.player', 'https://vinhodetalha.com/loja/js/jquery/plugins/fancybox/jquery.fancybox.js', '2020-02-10 09:40:51'),
(136, 1, 1, '/loja/keydown.loading', 'https://vinhodetalha.com/loja/js/jquery/plugins/fancybox/jquery.fancybox.js', '2020-02-10 09:40:55'),
(137, 1, 1, '/loja/orientationchange.fb', 'https://vinhodetalha.com/loja/js/jquery/plugins/fancybox/jquery.fancybox.js', '2020-02-10 09:40:58'),
(138, 1, 1, '/loja/keydown.fb', 'https://vinhodetalha.com/loja/js/jquery/plugins/fancybox/jquery.fancybox.js', '2020-02-10 09:41:02'),
(139, 1, 1, '/loja/mousewheel.fb', 'https://vinhodetalha.com/loja/js/jquery/plugins/fancybox/jquery.fancybox.js', '2020-02-10 09:41:05'),
(140, 1, 1, '/loja/load.fb', 'https://vinhodetalha.com/loja/js/jquery/plugins/fancybox/jquery.fancybox.js', '2020-02-10 09:41:09'),
(141, 1, 1, '/loja/click.fb', 'https://vinhodetalha.com/loja/js/jquery/plugins/fancybox/jquery.fancybox.js', '2020-02-10 09:41:12'),
(142, 1, 1, '/loja/resize.overlay', 'https://vinhodetalha.com/loja/js/jquery/plugins/fancybox/jquery.fancybox.js', '2020-02-10 09:41:15'),
(143, 1, 1, '/loja/click.overlay', 'https://vinhodetalha.com/loja/js/jquery/plugins/fancybox/jquery.fancybox.js', '2020-02-10 09:41:19'),
(144, 1, 1, '/loja/click.fb-start', 'https://vinhodetalha.com/loja/js/jquery/plugins/fancybox/jquery.fancybox.js', '2020-02-10 09:41:22'),
(145, 1, 1, '/loja/prev.serialScroll', 'https://vinhodetalha.com/loja/js/jquery/plugins/jquery.serialScroll.js', '2020-02-10 09:41:30'),
(146, 1, 1, '/loja/next.serialScroll', 'https://vinhodetalha.com/loja/js/jquery/plugins/jquery.serialScroll.js', '2020-02-10 09:41:34'),
(147, 1, 1, '/loja/goto.serialScroll', 'https://vinhodetalha.com/loja/js/jquery/plugins/jquery.serialScroll.js', '2020-02-10 09:41:37'),
(148, 1, 1, '/loja/start.serialScroll', 'https://vinhodetalha.com/loja/js/jquery/plugins/jquery.serialScroll.js', '2020-02-10 09:41:41'),
(149, 1, 1, '/loja/stop.serialScroll', 'https://vinhodetalha.com/loja/js/jquery/plugins/jquery.serialScroll.js', '2020-02-10 09:41:44'),
(150, 1, 1, '/loja/notify.serialScroll', 'https://vinhodetalha.com/loja/js/jquery/plugins/jquery.serialScroll.js', '2020-02-10 09:41:47'),
(151, 1, 1, '/loja/mousemove.hoverIntent', 'https://vinhodetalha.com/loja/themes/default-bootstrap/js/modules/blocktopmenu/js/hoverIntent.js', '2020-02-10 09:41:51'),
(152, 1, 1, '/loja/mouseenter.hoverIntent', 'https://vinhodetalha.com/loja/themes/default-bootstrap/js/modules/blocktopmenu/js/hoverIntent.js', '2020-02-10 09:41:54'),
(153, 1, 1, '/loja/mouseleave.hoverIntent', 'https://vinhodetalha.com/loja/themes/default-bootstrap/js/modules/blocktopmenu/js/hoverIntent.js', '2020-02-10 09:41:58'),
(154, 1, 1, '/loja/mouseenter.superfish', 'https://vinhodetalha.com/loja/themes/default-bootstrap/js/modules/blocktopmenu/js/superfish-modified.js', '2020-02-10 09:42:01'),
(155, 1, 1, '/loja/mouseleave.superfish', 'https://vinhodetalha.com/loja/themes/default-bootstrap/js/modules/blocktopmenu/js/superfish-modified.js', '2020-02-10 09:42:05'),
(156, 1, 1, '/loja/MSPointerDown.superfish', 'https://vinhodetalha.com/loja/themes/default-bootstrap/js/modules/blocktopmenu/js/superfish-modified.js', '2020-02-10 09:42:08'),
(157, 1, 1, '/loja/focusin.superfish', 'https://vinhodetalha.com/loja/themes/default-bootstrap/js/modules/blocktopmenu/js/superfish-modified.js', '2020-02-10 09:42:12'),
(158, 1, 1, '/loja/focusout.superfish', 'https://vinhodetalha.com/loja/themes/default-bootstrap/js/modules/blocktopmenu/js/superfish-modified.js', '2020-02-10 09:42:15'),
(159, 1, 1, '/loja/click.superfish', 'https://vinhodetalha.com/loja/themes/default-bootstrap/js/modules/blocktopmenu/js/superfish-modified.js', '2020-02-10 09:42:19'),
(160, 1, 1, '/loja/submit._submit', 'https://vinhodetalha.com/loja/js/jquery/jquery-1.11.0.min.js', '2020-02-13 09:59:03'),
(161, 1, 1, '/loja/propertychange._change', 'https://vinhodetalha.com/loja/js/jquery/jquery-1.11.0.min.js', '2020-02-13 09:59:08'),
(162, 1, 1, '/loja/click._change', 'https://vinhodetalha.com/loja/js/jquery/jquery-1.11.0.min.js', '2020-02-13 09:59:12'),
(163, 1, 1, '/loja/beforeactivate._change', 'https://vinhodetalha.com/loja/js/jquery/jquery-1.11.0.min.js', '2020-02-13 09:59:15'),
(164, 1, 1, '/loja/change._change', 'https://vinhodetalha.com/loja/js/jquery/jquery-1.11.0.min.js', '2020-02-13 09:59:19'),
(165, 1, 1, '/loja/Microsoft.XMLDOM', 'https://vinhodetalha.com/loja/js/jquery/jquery-1.11.0.min.js', '2020-02-13 09:59:25'),
(166, 1, 1, '/loja/Microsoft.XMLHTTP', 'https://vinhodetalha.com/loja/js/jquery/jquery-1.11.0.min.js', '2020-02-13 09:59:29'),
(167, 1, 1, '/loja/bs.alert', 'https://vinhodetalha.com/loja/themes/default-bootstrap/js/autoload/10-bootstrap.min.js', '2020-02-13 09:59:33'),
(168, 1, 1, '/loja/bs.button', 'https://vinhodetalha.com/loja/themes/default-bootstrap/js/autoload/10-bootstrap.min.js', '2020-02-13 09:59:37'),
(169, 1, 1, '/loja/bs.carousel', 'https://vinhodetalha.com/loja/themes/default-bootstrap/js/autoload/10-bootstrap.min.js', '2020-02-13 09:59:43'),
(170, 1, 1, '/loja/bs.collapse', 'https://vinhodetalha.com/loja/themes/default-bootstrap/js/autoload/10-bootstrap.min.js', '2020-02-13 09:59:48'),
(171, 1, 1, '/loja/bs.modal', 'https://vinhodetalha.com/loja/themes/default-bootstrap/js/autoload/10-bootstrap.min.js', '2020-02-13 09:59:52'),
(172, 1, 1, '/loja/bs.tooltip', 'https://vinhodetalha.com/loja/themes/default-bootstrap/js/autoload/10-bootstrap.min.js', '2020-02-13 09:59:55'),
(173, 1, 1, '/loja/bs.popover', 'https://vinhodetalha.com/loja/themes/default-bootstrap/js/autoload/10-bootstrap.min.js', '2020-02-13 10:00:02'),
(174, 1, 1, '/loja/bs.scrollspy', 'https://vinhodetalha.com/loja/themes/default-bootstrap/js/autoload/10-bootstrap.min.js', '2020-02-13 10:00:05'),
(175, 1, 1, '/loja/bs.tab', 'https://vinhodetalha.com/loja/themes/default-bootstrap/js/autoload/10-bootstrap.min.js', '2020-02-13 10:00:09'),
(176, 1, 1, '/loja/bs.affix', 'https://vinhodetalha.com/loja/themes/default-bootstrap/js/autoload/10-bootstrap.min.js', '2020-02-13 10:00:12'),
(177, 1, 1, '/loja/onUpdate.player', 'https://vinhodetalha.com/loja/js/jquery/plugins/fancybox/jquery.fancybox.js', '2020-02-13 10:00:16'),
(178, 1, 1, '/loja/beforeLoad.player', 'https://vinhodetalha.com/loja/js/jquery/plugins/fancybox/jquery.fancybox.js', '2020-02-13 10:00:22'),
(179, 1, 1, '/loja/keydown.loading', 'https://vinhodetalha.com/loja/js/jquery/plugins/fancybox/jquery.fancybox.js', '2020-02-13 10:00:27'),
(180, 1, 1, '/loja/orientationchange.fb', 'https://vinhodetalha.com/loja/js/jquery/plugins/fancybox/jquery.fancybox.js', '2020-02-13 10:00:30'),
(181, 1, 1, '/loja/keydown.fb', 'https://vinhodetalha.com/loja/js/jquery/plugins/fancybox/jquery.fancybox.js', '2020-02-13 10:00:34'),
(182, 1, 1, '/loja/mousewheel.fb', 'https://vinhodetalha.com/loja/js/jquery/plugins/fancybox/jquery.fancybox.js', '2020-02-13 10:00:37'),
(183, 1, 1, '/loja/load.fb', 'https://vinhodetalha.com/loja/js/jquery/plugins/fancybox/jquery.fancybox.js', '2020-02-13 10:00:41'),
(184, 1, 1, '/loja/click.fb', 'https://vinhodetalha.com/loja/js/jquery/plugins/fancybox/jquery.fancybox.js', '2020-02-13 10:00:44'),
(185, 1, 1, '/loja/resize.overlay', 'https://vinhodetalha.com/loja/js/jquery/plugins/fancybox/jquery.fancybox.js', '2020-02-13 10:00:48'),
(186, 1, 1, '/loja/click.overlay', 'https://vinhodetalha.com/loja/js/jquery/plugins/fancybox/jquery.fancybox.js', '2020-02-13 10:00:51'),
(187, 1, 1, '/loja/click.fb-start', 'https://vinhodetalha.com/loja/js/jquery/plugins/fancybox/jquery.fancybox.js', '2020-02-13 10:00:55'),
(188, 1, 1, '/loja/prev.serialScroll', 'https://vinhodetalha.com/loja/js/jquery/plugins/jquery.serialScroll.js', '2020-02-13 10:01:03'),
(189, 1, 1, '/loja/next.serialScroll', 'https://vinhodetalha.com/loja/js/jquery/plugins/jquery.serialScroll.js', '2020-02-13 10:01:08'),
(190, 1, 1, '/loja/goto.serialScroll', 'https://vinhodetalha.com/loja/js/jquery/plugins/jquery.serialScroll.js', '2020-02-13 10:01:11'),
(191, 1, 1, '/loja/start.serialScroll', 'https://vinhodetalha.com/loja/js/jquery/plugins/jquery.serialScroll.js', '2020-02-13 10:01:15'),
(192, 1, 1, '/loja/stop.serialScroll', 'https://vinhodetalha.com/loja/js/jquery/plugins/jquery.serialScroll.js', '2020-02-13 10:01:18'),
(193, 1, 1, '/loja/notify.serialScroll', 'https://vinhodetalha.com/loja/js/jquery/plugins/jquery.serialScroll.js', '2020-02-13 10:01:22'),
(194, 1, 1, '/loja/mousemove.hoverIntent', 'https://vinhodetalha.com/loja/themes/default-bootstrap/js/modules/blocktopmenu/js/hoverIntent.js', '2020-02-13 10:01:25'),
(195, 1, 1, '/loja/mouseenter.hoverIntent', 'https://vinhodetalha.com/loja/themes/default-bootstrap/js/modules/blocktopmenu/js/hoverIntent.js', '2020-02-13 10:01:29'),
(196, 1, 1, '/loja/mouseleave.hoverIntent', 'https://vinhodetalha.com/loja/themes/default-bootstrap/js/modules/blocktopmenu/js/hoverIntent.js', '2020-02-13 10:01:32'),
(197, 1, 1, '/loja/mouseenter.superfish', 'https://vinhodetalha.com/loja/themes/default-bootstrap/js/modules/blocktopmenu/js/superfish-modified.js', '2020-02-13 10:01:36'),
(198, 1, 1, '/loja/mouseleave.superfish', 'https://vinhodetalha.com/loja/themes/default-bootstrap/js/modules/blocktopmenu/js/superfish-modified.js', '2020-02-13 10:01:40'),
(199, 1, 1, '/loja/MSPointerDown.superfish', 'https://vinhodetalha.com/loja/themes/default-bootstrap/js/modules/blocktopmenu/js/superfish-modified.js', '2020-02-13 10:01:45'),
(200, 1, 1, '/loja/focusin.superfish', 'https://vinhodetalha.com/loja/themes/default-bootstrap/js/modules/blocktopmenu/js/superfish-modified.js', '2020-02-13 10:01:49'),
(201, 1, 1, '/loja/focusout.superfish', 'https://vinhodetalha.com/loja/themes/default-bootstrap/js/modules/blocktopmenu/js/superfish-modified.js', '2020-02-13 10:01:55'),
(202, 1, 1, '/loja/click.superfish', 'https://vinhodetalha.com/loja/themes/default-bootstrap/js/modules/blocktopmenu/js/superfish-modified.js', '2020-02-13 10:02:06'),
(203, 1, 1, '/loja/submit._submit', 'https://vinhodetalha.com/loja/js/jquery/jquery-1.11.0.min.js', '2020-02-14 07:24:00'),
(204, 1, 1, '/loja/propertychange._change', 'https://vinhodetalha.com/loja/js/jquery/jquery-1.11.0.min.js', '2020-02-14 07:24:04'),
(205, 1, 1, '/loja/click._change', 'https://vinhodetalha.com/loja/js/jquery/jquery-1.11.0.min.js', '2020-02-14 07:24:07'),
(206, 1, 1, '/loja/beforeactivate._change', 'https://vinhodetalha.com/loja/js/jquery/jquery-1.11.0.min.js', '2020-02-14 07:24:11'),
(207, 1, 1, '/loja/change._change', 'https://vinhodetalha.com/loja/js/jquery/jquery-1.11.0.min.js', '2020-02-14 07:24:14'),
(208, 1, 1, '/loja/Microsoft.XMLDOM', 'https://vinhodetalha.com/loja/js/jquery/jquery-1.11.0.min.js', '2020-02-14 07:24:21'),
(209, 1, 1, '/loja/Microsoft.XMLHTTP', 'https://vinhodetalha.com/loja/js/jquery/jquery-1.11.0.min.js', '2020-02-14 07:24:25'),
(210, 1, 1, '/loja/bs.alert', 'https://vinhodetalha.com/loja/themes/default-bootstrap/js/autoload/10-bootstrap.min.js', '2020-02-14 07:24:29'),
(211, 1, 1, '/loja/bs.button', 'https://vinhodetalha.com/loja/themes/default-bootstrap/js/autoload/10-bootstrap.min.js', '2020-02-14 07:24:32'),
(212, 1, 1, '/loja/bs.carousel', 'https://vinhodetalha.com/loja/themes/default-bootstrap/js/autoload/10-bootstrap.min.js', '2020-02-14 07:24:36'),
(213, 1, 1, '/loja/bs.collapse', 'https://vinhodetalha.com/loja/themes/default-bootstrap/js/autoload/10-bootstrap.min.js', '2020-02-14 07:24:39'),
(214, 1, 1, '/loja/bs.modal', 'https://vinhodetalha.com/loja/themes/default-bootstrap/js/autoload/10-bootstrap.min.js', '2020-02-14 07:24:43'),
(215, 1, 1, '/loja/bs.tooltip', 'https://vinhodetalha.com/loja/themes/default-bootstrap/js/autoload/10-bootstrap.min.js', '2020-02-14 07:24:47'),
(216, 1, 1, '/loja/bs.popover', 'https://vinhodetalha.com/loja/themes/default-bootstrap/js/autoload/10-bootstrap.min.js', '2020-02-14 07:24:54'),
(217, 1, 1, '/loja/bs.scrollspy', 'https://vinhodetalha.com/loja/themes/default-bootstrap/js/autoload/10-bootstrap.min.js', '2020-02-14 07:24:58'),
(218, 1, 1, '/loja/bs.tab', 'https://vinhodetalha.com/loja/themes/default-bootstrap/js/autoload/10-bootstrap.min.js', '2020-02-14 07:25:01'),
(219, 1, 1, '/loja/bs.affix', 'https://vinhodetalha.com/loja/themes/default-bootstrap/js/autoload/10-bootstrap.min.js', '2020-02-14 07:25:04'),
(220, 1, 1, '/loja/onUpdate.player', 'https://vinhodetalha.com/loja/js/jquery/plugins/fancybox/jquery.fancybox.js', '2020-02-14 07:25:08'),
(221, 1, 1, '/loja/beforeLoad.player', 'https://vinhodetalha.com/loja/js/jquery/plugins/fancybox/jquery.fancybox.js', '2020-02-14 07:25:12'),
(222, 1, 1, '/loja/keydown.loading', 'https://vinhodetalha.com/loja/js/jquery/plugins/fancybox/jquery.fancybox.js', '2020-02-14 07:25:16'),
(223, 1, 1, '/loja/orientationchange.fb', 'https://vinhodetalha.com/loja/js/jquery/plugins/fancybox/jquery.fancybox.js', '2020-02-14 07:25:19'),
(224, 1, 1, '/loja/keydown.fb', 'https://vinhodetalha.com/loja/js/jquery/plugins/fancybox/jquery.fancybox.js', '2020-02-14 07:25:23'),
(225, 1, 1, '/loja/mousewheel.fb', 'https://vinhodetalha.com/loja/js/jquery/plugins/fancybox/jquery.fancybox.js', '2020-02-14 07:25:27'),
(226, 1, 1, '/loja/load.fb', 'https://vinhodetalha.com/loja/js/jquery/plugins/fancybox/jquery.fancybox.js', '2020-02-14 07:25:30'),
(227, 1, 1, '/loja/click.fb', 'https://vinhodetalha.com/loja/js/jquery/plugins/fancybox/jquery.fancybox.js', '2020-02-14 07:25:34'),
(228, 1, 1, '/loja/resize.overlay', 'https://vinhodetalha.com/loja/js/jquery/plugins/fancybox/jquery.fancybox.js', '2020-02-14 07:25:37'),
(229, 1, 1, '/loja/click.overlay', 'https://vinhodetalha.com/loja/js/jquery/plugins/fancybox/jquery.fancybox.js', '2020-02-14 07:25:41'),
(230, 1, 1, '/loja/click.fb-start', 'https://vinhodetalha.com/loja/js/jquery/plugins/fancybox/jquery.fancybox.js', '2020-02-14 07:25:44'),
(231, 1, 1, '/loja/prev.serialScroll', 'https://vinhodetalha.com/loja/js/jquery/plugins/jquery.serialScroll.js', '2020-02-14 07:25:51'),
(232, 1, 1, '/loja/next.serialScroll', 'https://vinhodetalha.com/loja/js/jquery/plugins/jquery.serialScroll.js', '2020-02-14 07:25:55'),
(233, 1, 1, '/loja/goto.serialScroll', 'https://vinhodetalha.com/loja/js/jquery/plugins/jquery.serialScroll.js', '2020-02-14 07:25:58'),
(234, 1, 1, '/loja/start.serialScroll', 'https://vinhodetalha.com/loja/js/jquery/plugins/jquery.serialScroll.js', '2020-02-14 07:26:02'),
(235, 1, 1, '/loja/stop.serialScroll', 'https://vinhodetalha.com/loja/js/jquery/plugins/jquery.serialScroll.js', '2020-02-14 07:26:06'),
(236, 1, 1, '/loja/notify.serialScroll', 'https://vinhodetalha.com/loja/js/jquery/plugins/jquery.serialScroll.js', '2020-02-14 07:26:09'),
(237, 1, 1, '/loja/mousemove.hoverIntent', 'https://vinhodetalha.com/loja/themes/default-bootstrap/js/modules/blocktopmenu/js/hoverIntent.js', '2020-02-14 07:26:18'),
(238, 1, 1, '/loja/mouseenter.hoverIntent', 'https://vinhodetalha.com/loja/themes/default-bootstrap/js/modules/blocktopmenu/js/hoverIntent.js', '2020-02-14 07:26:21'),
(239, 1, 1, '/loja/mouseleave.hoverIntent', 'https://vinhodetalha.com/loja/themes/default-bootstrap/js/modules/blocktopmenu/js/hoverIntent.js', '2020-02-14 07:26:25'),
(240, 1, 1, '/loja/mouseenter.superfish', 'https://vinhodetalha.com/loja/themes/default-bootstrap/js/modules/blocktopmenu/js/superfish-modified.js', '2020-02-14 07:26:28'),
(241, 1, 1, '/loja/mouseleave.superfish', 'https://vinhodetalha.com/loja/themes/default-bootstrap/js/modules/blocktopmenu/js/superfish-modified.js', '2020-02-14 07:26:32'),
(242, 1, 1, '/loja/MSPointerDown.superfish', 'https://vinhodetalha.com/loja/themes/default-bootstrap/js/modules/blocktopmenu/js/superfish-modified.js', '2020-02-14 07:26:35'),
(243, 1, 1, '/loja/focusin.superfish', 'https://vinhodetalha.com/loja/themes/default-bootstrap/js/modules/blocktopmenu/js/superfish-modified.js', '2020-02-14 07:26:39'),
(244, 1, 1, '/loja/focusout.superfish', 'https://vinhodetalha.com/loja/themes/default-bootstrap/js/modules/blocktopmenu/js/superfish-modified.js', '2020-02-14 07:26:42'),
(245, 1, 1, '/loja/click.superfish', 'https://vinhodetalha.com/loja/themes/default-bootstrap/js/modules/blocktopmenu/js/superfish-modified.js', '2020-02-14 07:26:46'),
(246, 1, 1, '/loja/index.php?controller=404', '', '2020-02-17 12:09:48'),
(247, 1, 1, '/loja/index.php?controller=pagenotfound&id_lang=2', '', '2020-02-18 07:34:41'),
(248, 1, 1, '/loja/index.php?controller=404', '', '2020-02-20 02:11:49'),
(249, 1, 1, '/loja/index.php?controller=404', '', '2020-02-24 13:45:40'),
(250, 1, 1, '/loja/index.php?controller=404', '', '2020-02-25 00:11:56'),
(251, 1, 1, '/loja/index.php?controller=404', '', '2020-02-26 11:53:55'),
(252, 1, 1, '/loja/submit._submit', 'https://vinhodetalha.com/loja/js/jquery/jquery-1.11.0.min.js', '2020-02-28 07:27:04'),
(253, 1, 1, '/loja/propertychange._change', 'https://vinhodetalha.com/loja/js/jquery/jquery-1.11.0.min.js', '2020-02-28 07:27:07'),
(254, 1, 1, '/loja/click._change', 'https://vinhodetalha.com/loja/js/jquery/jquery-1.11.0.min.js', '2020-02-28 07:27:11'),
(255, 1, 1, '/loja/beforeactivate._change', 'https://vinhodetalha.com/loja/js/jquery/jquery-1.11.0.min.js', '2020-02-28 07:27:14'),
(256, 1, 1, '/loja/change._change', 'https://vinhodetalha.com/loja/js/jquery/jquery-1.11.0.min.js', '2020-02-28 07:27:18'),
(257, 1, 1, '/loja/Microsoft.XMLDOM', 'https://vinhodetalha.com/loja/js/jquery/jquery-1.11.0.min.js', '2020-02-28 07:27:24'),
(258, 1, 1, '/loja/Microsoft.XMLHTTP', 'https://vinhodetalha.com/loja/js/jquery/jquery-1.11.0.min.js', '2020-02-28 07:27:28'),
(259, 1, 1, '/loja/bs.alert', 'https://vinhodetalha.com/loja/themes/default-bootstrap/js/autoload/10-bootstrap.min.js', '2020-02-28 07:27:31'),
(260, 1, 1, '/loja/bs.button', 'https://vinhodetalha.com/loja/themes/default-bootstrap/js/autoload/10-bootstrap.min.js', '2020-02-28 07:27:35'),
(261, 1, 1, '/loja/bs.carousel', 'https://vinhodetalha.com/loja/themes/default-bootstrap/js/autoload/10-bootstrap.min.js', '2020-02-28 07:27:38'),
(262, 1, 1, '/loja/bs.collapse', 'https://vinhodetalha.com/loja/themes/default-bootstrap/js/autoload/10-bootstrap.min.js', '2020-02-28 07:27:42'),
(263, 1, 1, '/loja/bs.modal', 'https://vinhodetalha.com/loja/themes/default-bootstrap/js/autoload/10-bootstrap.min.js', '2020-02-28 07:27:45'),
(264, 1, 1, '/loja/bs.tooltip', 'https://vinhodetalha.com/loja/themes/default-bootstrap/js/autoload/10-bootstrap.min.js', '2020-02-28 07:27:49'),
(265, 1, 1, '/loja/bs.popover', 'https://vinhodetalha.com/loja/themes/default-bootstrap/js/autoload/10-bootstrap.min.js', '2020-02-28 07:27:55'),
(266, 1, 1, '/loja/bs.scrollspy', 'https://vinhodetalha.com/loja/themes/default-bootstrap/js/autoload/10-bootstrap.min.js', '2020-02-28 07:27:59'),
(267, 1, 1, '/loja/bs.tab', 'https://vinhodetalha.com/loja/themes/default-bootstrap/js/autoload/10-bootstrap.min.js', '2020-02-28 07:28:02'),
(268, 1, 1, '/loja/bs.affix', 'https://vinhodetalha.com/loja/themes/default-bootstrap/js/autoload/10-bootstrap.min.js', '2020-02-28 07:28:06'),
(269, 1, 1, '/loja/onUpdate.player', 'https://vinhodetalha.com/loja/js/jquery/plugins/fancybox/jquery.fancybox.js', '2020-02-28 07:28:09'),
(270, 1, 1, '/loja/beforeLoad.player', 'https://vinhodetalha.com/loja/js/jquery/plugins/fancybox/jquery.fancybox.js', '2020-02-28 07:28:12'),
(271, 1, 1, '/loja/keydown.loading', 'https://vinhodetalha.com/loja/js/jquery/plugins/fancybox/jquery.fancybox.js', '2020-02-28 07:28:16'),
(272, 1, 1, '/loja/orientationchange.fb', 'https://vinhodetalha.com/loja/js/jquery/plugins/fancybox/jquery.fancybox.js', '2020-02-28 07:28:19'),
(273, 1, 1, '/loja/keydown.fb', 'https://vinhodetalha.com/loja/js/jquery/plugins/fancybox/jquery.fancybox.js', '2020-02-28 07:28:23'),
(274, 1, 1, '/loja/mousewheel.fb', 'https://vinhodetalha.com/loja/js/jquery/plugins/fancybox/jquery.fancybox.js', '2020-02-28 07:28:26'),
(275, 1, 1, '/loja/load.fb', 'https://vinhodetalha.com/loja/js/jquery/plugins/fancybox/jquery.fancybox.js', '2020-02-28 07:28:30'),
(276, 1, 1, '/loja/click.fb', 'https://vinhodetalha.com/loja/js/jquery/plugins/fancybox/jquery.fancybox.js', '2020-02-28 07:28:33'),
(277, 1, 1, '/loja/resize.overlay', 'https://vinhodetalha.com/loja/js/jquery/plugins/fancybox/jquery.fancybox.js', '2020-02-28 07:28:37'),
(278, 1, 1, '/loja/click.overlay', 'https://vinhodetalha.com/loja/js/jquery/plugins/fancybox/jquery.fancybox.js', '2020-02-28 07:28:40'),
(279, 1, 1, '/loja/click.fb-start', 'https://vinhodetalha.com/loja/js/jquery/plugins/fancybox/jquery.fancybox.js', '2020-02-28 07:28:43'),
(280, 1, 1, '/loja/prev.serialScroll', 'https://vinhodetalha.com/loja/js/jquery/plugins/jquery.serialScroll.js', '2020-02-28 07:28:50'),
(281, 1, 1, '/loja/next.serialScroll', 'https://vinhodetalha.com/loja/js/jquery/plugins/jquery.serialScroll.js', '2020-02-28 07:28:54'),
(282, 1, 1, '/loja/goto.serialScroll', 'https://vinhodetalha.com/loja/js/jquery/plugins/jquery.serialScroll.js', '2020-02-28 07:28:57'),
(283, 1, 1, '/loja/start.serialScroll', 'https://vinhodetalha.com/loja/js/jquery/plugins/jquery.serialScroll.js', '2020-02-28 07:29:01'),
(284, 1, 1, '/loja/stop.serialScroll', 'https://vinhodetalha.com/loja/js/jquery/plugins/jquery.serialScroll.js', '2020-02-28 07:29:04'),
(285, 1, 1, '/loja/notify.serialScroll', 'https://vinhodetalha.com/loja/js/jquery/plugins/jquery.serialScroll.js', '2020-02-28 07:29:07'),
(286, 1, 1, '/loja/mousemove.hoverIntent', 'https://vinhodetalha.com/loja/themes/default-bootstrap/js/modules/blocktopmenu/js/hoverIntent.js', '2020-02-28 07:29:11'),
(287, 1, 1, '/loja/mouseenter.hoverIntent', 'https://vinhodetalha.com/loja/themes/default-bootstrap/js/modules/blocktopmenu/js/hoverIntent.js', '2020-02-28 07:29:14'),
(288, 1, 1, '/loja/mouseleave.hoverIntent', 'https://vinhodetalha.com/loja/themes/default-bootstrap/js/modules/blocktopmenu/js/hoverIntent.js', '2020-02-28 07:29:18'),
(289, 1, 1, '/loja/mouseenter.superfish', 'https://vinhodetalha.com/loja/themes/default-bootstrap/js/modules/blocktopmenu/js/superfish-modified.js', '2020-02-28 07:29:21'),
(290, 1, 1, '/loja/mouseleave.superfish', 'https://vinhodetalha.com/loja/themes/default-bootstrap/js/modules/blocktopmenu/js/superfish-modified.js', '2020-02-28 07:29:24'),
(291, 1, 1, '/loja/MSPointerDown.superfish', 'https://vinhodetalha.com/loja/themes/default-bootstrap/js/modules/blocktopmenu/js/superfish-modified.js', '2020-02-28 07:29:28'),
(292, 1, 1, '/loja/focusin.superfish', 'https://vinhodetalha.com/loja/themes/default-bootstrap/js/modules/blocktopmenu/js/superfish-modified.js', '2020-02-28 07:29:31'),
(293, 1, 1, '/loja/focusout.superfish', 'https://vinhodetalha.com/loja/themes/default-bootstrap/js/modules/blocktopmenu/js/superfish-modified.js', '2020-02-28 07:29:35'),
(294, 1, 1, '/loja/click.superfish', 'https://vinhodetalha.com/loja/themes/default-bootstrap/js/modules/blocktopmenu/js/superfish-modified.js', '2020-02-28 07:29:38'),
(295, 1, 1, '/loja/submit._submit', 'https://vinhodetalha.com/loja/js/jquery/jquery-1.11.0.min.js', '2020-03-03 09:19:56'),
(296, 1, 1, '/loja/propertychange._change', 'https://vinhodetalha.com/loja/js/jquery/jquery-1.11.0.min.js', '2020-03-03 09:20:00'),
(297, 1, 1, '/loja/click._change', 'https://vinhodetalha.com/loja/js/jquery/jquery-1.11.0.min.js', '2020-03-03 09:20:03'),
(298, 1, 1, '/loja/beforeactivate._change', 'https://vinhodetalha.com/loja/js/jquery/jquery-1.11.0.min.js', '2020-03-03 09:20:07'),
(299, 1, 1, '/loja/change._change', 'https://vinhodetalha.com/loja/js/jquery/jquery-1.11.0.min.js', '2020-03-03 09:20:10'),
(300, 1, 1, '/loja/Microsoft.XMLDOM', 'https://vinhodetalha.com/loja/js/jquery/jquery-1.11.0.min.js', '2020-03-03 09:20:17'),
(301, 1, 1, '/loja/Microsoft.XMLHTTP', 'https://vinhodetalha.com/loja/js/jquery/jquery-1.11.0.min.js', '2020-03-03 09:20:20'),
(302, 1, 1, '/loja/bs.alert', 'https://vinhodetalha.com/loja/themes/default-bootstrap/js/autoload/10-bootstrap.min.js', '2020-03-03 09:20:24'),
(303, 1, 1, '/loja/bs.button', 'https://vinhodetalha.com/loja/themes/default-bootstrap/js/autoload/10-bootstrap.min.js', '2020-03-03 09:20:27'),
(304, 1, 1, '/loja/bs.carousel', 'https://vinhodetalha.com/loja/themes/default-bootstrap/js/autoload/10-bootstrap.min.js', '2020-03-03 09:20:38'),
(305, 1, 1, '/loja/bs.collapse', 'https://vinhodetalha.com/loja/themes/default-bootstrap/js/autoload/10-bootstrap.min.js', '2020-03-03 09:20:47'),
(306, 1, 1, '/loja/bs.modal', 'https://vinhodetalha.com/loja/themes/default-bootstrap/js/autoload/10-bootstrap.min.js', '2020-03-03 09:20:53'),
(307, 1, 1, '/loja/bs.tooltip', 'https://vinhodetalha.com/loja/themes/default-bootstrap/js/autoload/10-bootstrap.min.js', '2020-03-03 09:20:57'),
(308, 1, 1, '/loja/bs.popover', 'https://vinhodetalha.com/loja/themes/default-bootstrap/js/autoload/10-bootstrap.min.js', '2020-03-03 09:21:04'),
(309, 1, 1, '/loja/bs.scrollspy', 'https://vinhodetalha.com/loja/themes/default-bootstrap/js/autoload/10-bootstrap.min.js', '2020-03-03 09:21:07'),
(310, 1, 1, '/loja/bs.tab', 'https://vinhodetalha.com/loja/themes/default-bootstrap/js/autoload/10-bootstrap.min.js', '2020-03-03 09:21:11'),
(311, 1, 1, '/loja/bs.affix', 'https://vinhodetalha.com/loja/themes/default-bootstrap/js/autoload/10-bootstrap.min.js', '2020-03-03 09:21:14'),
(312, 1, 1, '/loja/onUpdate.player', 'https://vinhodetalha.com/loja/js/jquery/plugins/fancybox/jquery.fancybox.js', '2020-03-03 09:21:18'),
(313, 1, 1, '/loja/beforeLoad.player', 'https://vinhodetalha.com/loja/js/jquery/plugins/fancybox/jquery.fancybox.js', '2020-03-03 09:21:21'),
(314, 1, 1, '/loja/keydown.loading', 'https://vinhodetalha.com/loja/js/jquery/plugins/fancybox/jquery.fancybox.js', '2020-03-03 09:21:25'),
(315, 1, 1, '/loja/orientationchange.fb', 'https://vinhodetalha.com/loja/js/jquery/plugins/fancybox/jquery.fancybox.js', '2020-03-03 09:21:28'),
(316, 1, 1, '/loja/keydown.fb', 'https://vinhodetalha.com/loja/js/jquery/plugins/fancybox/jquery.fancybox.js', '2020-03-03 09:21:32'),
(317, 1, 1, '/loja/mousewheel.fb', 'https://vinhodetalha.com/loja/js/jquery/plugins/fancybox/jquery.fancybox.js', '2020-03-03 09:21:35'),
(318, 1, 1, '/loja/load.fb', 'https://vinhodetalha.com/loja/js/jquery/plugins/fancybox/jquery.fancybox.js', '2020-03-03 09:21:39'),
(319, 1, 1, '/loja/click.fb', 'https://vinhodetalha.com/loja/js/jquery/plugins/fancybox/jquery.fancybox.js', '2020-03-03 09:21:42'),
(320, 1, 1, '/loja/resize.overlay', 'https://vinhodetalha.com/loja/js/jquery/plugins/fancybox/jquery.fancybox.js', '2020-03-03 09:21:46'),
(321, 1, 1, '/loja/click.overlay', 'https://vinhodetalha.com/loja/js/jquery/plugins/fancybox/jquery.fancybox.js', '2020-03-03 09:21:49'),
(322, 1, 1, '/loja/click.fb-start', 'https://vinhodetalha.com/loja/js/jquery/plugins/fancybox/jquery.fancybox.js', '2020-03-03 09:21:52'),
(323, 1, 1, '/loja/prev.serialScroll', 'https://vinhodetalha.com/loja/js/jquery/plugins/jquery.serialScroll.js', '2020-03-03 09:22:00'),
(324, 1, 1, '/loja/next.serialScroll', 'https://vinhodetalha.com/loja/js/jquery/plugins/jquery.serialScroll.js', '2020-03-03 09:22:03'),
(325, 1, 1, '/loja/goto.serialScroll', 'https://vinhodetalha.com/loja/js/jquery/plugins/jquery.serialScroll.js', '2020-03-03 09:22:06'),
(326, 1, 1, '/loja/start.serialScroll', 'https://vinhodetalha.com/loja/js/jquery/plugins/jquery.serialScroll.js', '2020-03-03 09:22:10'),
(327, 1, 1, '/loja/stop.serialScroll', 'https://vinhodetalha.com/loja/js/jquery/plugins/jquery.serialScroll.js', '2020-03-03 09:22:13'),
(328, 1, 1, '/loja/notify.serialScroll', 'https://vinhodetalha.com/loja/js/jquery/plugins/jquery.serialScroll.js', '2020-03-03 09:22:17'),
(329, 1, 1, '/loja/mousemove.hoverIntent', 'https://vinhodetalha.com/loja/themes/default-bootstrap/js/modules/blocktopmenu/js/hoverIntent.js', '2020-03-03 09:22:20'),
(330, 1, 1, '/loja/mouseenter.hoverIntent', 'https://vinhodetalha.com/loja/themes/default-bootstrap/js/modules/blocktopmenu/js/hoverIntent.js', '2020-03-03 09:22:24'),
(331, 1, 1, '/loja/mouseleave.hoverIntent', 'https://vinhodetalha.com/loja/themes/default-bootstrap/js/modules/blocktopmenu/js/hoverIntent.js', '2020-03-03 09:22:27'),
(332, 1, 1, '/loja/mouseenter.superfish', 'https://vinhodetalha.com/loja/themes/default-bootstrap/js/modules/blocktopmenu/js/superfish-modified.js', '2020-03-03 09:22:30'),
(333, 1, 1, '/loja/mouseleave.superfish', 'https://vinhodetalha.com/loja/themes/default-bootstrap/js/modules/blocktopmenu/js/superfish-modified.js', '2020-03-03 09:22:34'),
(334, 1, 1, '/loja/MSPointerDown.superfish', 'https://vinhodetalha.com/loja/themes/default-bootstrap/js/modules/blocktopmenu/js/superfish-modified.js', '2020-03-03 09:22:37'),
(335, 1, 1, '/loja/focusin.superfish', 'https://vinhodetalha.com/loja/themes/default-bootstrap/js/modules/blocktopmenu/js/superfish-modified.js', '2020-03-03 09:22:41'),
(336, 1, 1, '/loja/focusout.superfish', 'https://vinhodetalha.com/loja/themes/default-bootstrap/js/modules/blocktopmenu/js/superfish-modified.js', '2020-03-03 09:22:44'),
(337, 1, 1, '/loja/click.superfish', 'https://vinhodetalha.com/loja/themes/default-bootstrap/js/modules/blocktopmenu/js/superfish-modified.js', '2020-03-03 09:22:48'),
(338, 1, 1, '/loja/index.php?controller=pagenotfound&id_lang=3', '', '2020-03-05 08:31:03'),
(339, 1, 1, '/loja/submit._submit', 'https://vinhodetalha.com/loja/js/jquery/jquery-1.11.0.min.js', '2020-03-05 09:42:38'),
(340, 1, 1, '/loja/propertychange._change', 'https://vinhodetalha.com/loja/js/jquery/jquery-1.11.0.min.js', '2020-03-05 09:42:42'),
(341, 1, 1, '/loja/click._change', 'https://vinhodetalha.com/loja/js/jquery/jquery-1.11.0.min.js', '2020-03-05 09:42:45'),
(342, 1, 1, '/loja/beforeactivate._change', 'https://vinhodetalha.com/loja/js/jquery/jquery-1.11.0.min.js', '2020-03-05 09:42:49'),
(343, 1, 1, '/loja/change._change', 'https://vinhodetalha.com/loja/js/jquery/jquery-1.11.0.min.js', '2020-03-05 09:42:52'),
(344, 1, 1, '/loja/Microsoft.XMLDOM', 'https://vinhodetalha.com/loja/js/jquery/jquery-1.11.0.min.js', '2020-03-05 09:42:59'),
(345, 1, 1, '/loja/Microsoft.XMLHTTP', 'https://vinhodetalha.com/loja/js/jquery/jquery-1.11.0.min.js', '2020-03-05 09:43:02'),
(346, 1, 1, '/loja/bs.alert', 'https://vinhodetalha.com/loja/themes/default-bootstrap/js/autoload/10-bootstrap.min.js', '2020-03-05 09:43:06'),
(347, 1, 1, '/loja/bs.button', 'https://vinhodetalha.com/loja/themes/default-bootstrap/js/autoload/10-bootstrap.min.js', '2020-03-05 09:43:09'),
(348, 1, 1, '/loja/bs.carousel', 'https://vinhodetalha.com/loja/themes/default-bootstrap/js/autoload/10-bootstrap.min.js', '2020-03-05 09:43:13'),
(349, 1, 1, '/loja/bs.collapse', 'https://vinhodetalha.com/loja/themes/default-bootstrap/js/autoload/10-bootstrap.min.js', '2020-03-05 09:43:16'),
(350, 1, 1, '/loja/bs.modal', 'https://vinhodetalha.com/loja/themes/default-bootstrap/js/autoload/10-bootstrap.min.js', '2020-03-05 09:43:20'),
(351, 1, 1, '/loja/bs.tooltip', 'https://vinhodetalha.com/loja/themes/default-bootstrap/js/autoload/10-bootstrap.min.js', '2020-03-05 09:43:23'),
(352, 1, 1, '/loja/bs.popover', 'https://vinhodetalha.com/loja/themes/default-bootstrap/js/autoload/10-bootstrap.min.js', '2020-03-05 09:43:30'),
(353, 1, 1, '/loja/bs.scrollspy', 'https://vinhodetalha.com/loja/themes/default-bootstrap/js/autoload/10-bootstrap.min.js', '2020-03-05 09:43:33'),
(354, 1, 1, '/loja/bs.tab', 'https://vinhodetalha.com/loja/themes/default-bootstrap/js/autoload/10-bootstrap.min.js', '2020-03-05 09:43:37'),
(355, 1, 1, '/loja/bs.affix', 'https://vinhodetalha.com/loja/themes/default-bootstrap/js/autoload/10-bootstrap.min.js', '2020-03-05 09:43:40'),
(356, 1, 1, '/loja/onUpdate.player', 'https://vinhodetalha.com/loja/js/jquery/plugins/fancybox/jquery.fancybox.js', '2020-03-05 09:43:44'),
(357, 1, 1, '/loja/beforeLoad.player', 'https://vinhodetalha.com/loja/js/jquery/plugins/fancybox/jquery.fancybox.js', '2020-03-05 09:43:47'),
(358, 1, 1, '/loja/keydown.loading', 'https://vinhodetalha.com/loja/js/jquery/plugins/fancybox/jquery.fancybox.js', '2020-03-05 09:43:51'),
(359, 1, 1, '/loja/orientationchange.fb', 'https://vinhodetalha.com/loja/js/jquery/plugins/fancybox/jquery.fancybox.js', '2020-03-05 09:43:54'),
(360, 1, 1, '/loja/keydown.fb', 'https://vinhodetalha.com/loja/js/jquery/plugins/fancybox/jquery.fancybox.js', '2020-03-05 09:43:58'),
(361, 1, 1, '/loja/mousewheel.fb', 'https://vinhodetalha.com/loja/js/jquery/plugins/fancybox/jquery.fancybox.js', '2020-03-05 09:44:01'),
(362, 1, 1, '/loja/load.fb', 'https://vinhodetalha.com/loja/js/jquery/plugins/fancybox/jquery.fancybox.js', '2020-03-05 09:44:04'),
(363, 1, 1, '/loja/click.fb', 'https://vinhodetalha.com/loja/js/jquery/plugins/fancybox/jquery.fancybox.js', '2020-03-05 09:44:08'),
(364, 1, 1, '/loja/resize.overlay', 'https://vinhodetalha.com/loja/js/jquery/plugins/fancybox/jquery.fancybox.js', '2020-03-05 09:44:11'),
(365, 1, 1, '/loja/click.overlay', 'https://vinhodetalha.com/loja/js/jquery/plugins/fancybox/jquery.fancybox.js', '2020-03-05 09:44:15'),
(366, 1, 1, '/loja/click.fb-start', 'https://vinhodetalha.com/loja/js/jquery/plugins/fancybox/jquery.fancybox.js', '2020-03-05 09:44:18'),
(367, 1, 1, '/loja/prev.serialScroll', 'https://vinhodetalha.com/loja/js/jquery/plugins/jquery.serialScroll.js', '2020-03-05 09:44:25'),
(368, 1, 1, '/loja/next.serialScroll', 'https://vinhodetalha.com/loja/js/jquery/plugins/jquery.serialScroll.js', '2020-03-05 09:44:28'),
(369, 1, 1, '/loja/goto.serialScroll', 'https://vinhodetalha.com/loja/js/jquery/plugins/jquery.serialScroll.js', '2020-03-05 09:44:32');
INSERT INTO `pspa_pagenotfound` (`id_pagenotfound`, `id_shop`, `id_shop_group`, `request_uri`, `http_referer`, `date_add`) VALUES
(370, 1, 1, '/loja/start.serialScroll', 'https://vinhodetalha.com/loja/js/jquery/plugins/jquery.serialScroll.js', '2020-03-05 09:44:35'),
(371, 1, 1, '/loja/stop.serialScroll', 'https://vinhodetalha.com/loja/js/jquery/plugins/jquery.serialScroll.js', '2020-03-05 09:44:39'),
(372, 1, 1, '/loja/notify.serialScroll', 'https://vinhodetalha.com/loja/js/jquery/plugins/jquery.serialScroll.js', '2020-03-05 09:44:42'),
(373, 1, 1, '/loja/mousemove.hoverIntent', 'https://vinhodetalha.com/loja/themes/default-bootstrap/js/modules/blocktopmenu/js/hoverIntent.js', '2020-03-05 09:44:45'),
(374, 1, 1, '/loja/mouseenter.hoverIntent', 'https://vinhodetalha.com/loja/themes/default-bootstrap/js/modules/blocktopmenu/js/hoverIntent.js', '2020-03-05 09:44:49'),
(375, 1, 1, '/loja/mouseleave.hoverIntent', 'https://vinhodetalha.com/loja/themes/default-bootstrap/js/modules/blocktopmenu/js/hoverIntent.js', '2020-03-05 09:44:52'),
(376, 1, 1, '/loja/mouseenter.superfish', 'https://vinhodetalha.com/loja/themes/default-bootstrap/js/modules/blocktopmenu/js/superfish-modified.js', '2020-03-05 09:44:56'),
(377, 1, 1, '/loja/mouseleave.superfish', 'https://vinhodetalha.com/loja/themes/default-bootstrap/js/modules/blocktopmenu/js/superfish-modified.js', '2020-03-05 09:44:59'),
(378, 1, 1, '/loja/MSPointerDown.superfish', 'https://vinhodetalha.com/loja/themes/default-bootstrap/js/modules/blocktopmenu/js/superfish-modified.js', '2020-03-05 09:45:03'),
(379, 1, 1, '/loja/focusin.superfish', 'https://vinhodetalha.com/loja/themes/default-bootstrap/js/modules/blocktopmenu/js/superfish-modified.js', '2020-03-05 09:45:06'),
(380, 1, 1, '/loja/focusout.superfish', 'https://vinhodetalha.com/loja/themes/default-bootstrap/js/modules/blocktopmenu/js/superfish-modified.js', '2020-03-05 09:45:10'),
(381, 1, 1, '/loja/click.superfish', 'https://vinhodetalha.com/loja/themes/default-bootstrap/js/modules/blocktopmenu/js/superfish-modified.js', '2020-03-05 09:45:13'),
(382, 1, 1, '/loja/index.php?controller=404', '', '2020-03-06 14:54:24'),
(383, 1, 1, '/loja/index.php?controller=404', '', '2020-03-06 14:54:28'),
(384, 1, 1, '/loja/index.php?controller=404', '', '2020-03-06 14:56:05'),
(385, 1, 1, '/loja/index.php?controller=404', '', '2020-03-06 20:57:31'),
(386, 1, 1, '/loja/index.php?controller=404', '', '2020-03-06 20:57:37'),
(387, 1, 1, '/loja/submit._submit', 'https://vinhodetalha.com/loja/js/jquery/jquery-1.11.0.min.js', '2020-03-08 06:59:17'),
(388, 1, 1, '/loja/propertychange._change', 'https://vinhodetalha.com/loja/js/jquery/jquery-1.11.0.min.js', '2020-03-08 06:59:20'),
(389, 1, 1, '/loja/click._change', 'https://vinhodetalha.com/loja/js/jquery/jquery-1.11.0.min.js', '2020-03-08 06:59:24'),
(390, 1, 1, '/loja/beforeactivate._change', 'https://vinhodetalha.com/loja/js/jquery/jquery-1.11.0.min.js', '2020-03-08 06:59:27'),
(391, 1, 1, '/loja/change._change', 'https://vinhodetalha.com/loja/js/jquery/jquery-1.11.0.min.js', '2020-03-08 06:59:31'),
(392, 1, 1, '/loja/Microsoft.XMLDOM', 'https://vinhodetalha.com/loja/js/jquery/jquery-1.11.0.min.js', '2020-03-08 06:59:37'),
(393, 1, 1, '/loja/Microsoft.XMLHTTP', 'https://vinhodetalha.com/loja/js/jquery/jquery-1.11.0.min.js', '2020-03-08 06:59:41'),
(394, 1, 1, '/loja/bs.alert', 'https://vinhodetalha.com/loja/themes/default-bootstrap/js/autoload/10-bootstrap.min.js', '2020-03-08 06:59:44'),
(395, 1, 1, '/loja/bs.button', 'https://vinhodetalha.com/loja/themes/default-bootstrap/js/autoload/10-bootstrap.min.js', '2020-03-08 06:59:47'),
(396, 1, 1, '/loja/bs.carousel', 'https://vinhodetalha.com/loja/themes/default-bootstrap/js/autoload/10-bootstrap.min.js', '2020-03-08 06:59:51'),
(397, 1, 1, '/loja/bs.collapse', 'https://vinhodetalha.com/loja/themes/default-bootstrap/js/autoload/10-bootstrap.min.js', '2020-03-08 06:59:54'),
(398, 1, 1, '/loja/bs.modal', 'https://vinhodetalha.com/loja/themes/default-bootstrap/js/autoload/10-bootstrap.min.js', '2020-03-08 06:59:58'),
(399, 1, 1, '/loja/bs.tooltip', 'https://vinhodetalha.com/loja/themes/default-bootstrap/js/autoload/10-bootstrap.min.js', '2020-03-08 07:00:02'),
(400, 1, 1, '/loja/bs.popover', 'https://vinhodetalha.com/loja/themes/default-bootstrap/js/autoload/10-bootstrap.min.js', '2020-03-08 07:00:08'),
(401, 1, 1, '/loja/bs.scrollspy', 'https://vinhodetalha.com/loja/themes/default-bootstrap/js/autoload/10-bootstrap.min.js', '2020-03-08 07:00:12'),
(402, 1, 1, '/loja/bs.tab', 'https://vinhodetalha.com/loja/themes/default-bootstrap/js/autoload/10-bootstrap.min.js', '2020-03-08 07:00:15'),
(403, 1, 1, '/loja/bs.affix', 'https://vinhodetalha.com/loja/themes/default-bootstrap/js/autoload/10-bootstrap.min.js', '2020-03-08 07:00:19'),
(404, 1, 1, '/loja/onUpdate.player', 'https://vinhodetalha.com/loja/js/jquery/plugins/fancybox/jquery.fancybox.js', '2020-03-08 07:00:22'),
(405, 1, 1, '/loja/beforeLoad.player', 'https://vinhodetalha.com/loja/js/jquery/plugins/fancybox/jquery.fancybox.js', '2020-03-08 07:00:26'),
(406, 1, 1, '/loja/keydown.loading', 'https://vinhodetalha.com/loja/js/jquery/plugins/fancybox/jquery.fancybox.js', '2020-03-08 07:00:29'),
(407, 1, 1, '/loja/orientationchange.fb', 'https://vinhodetalha.com/loja/js/jquery/plugins/fancybox/jquery.fancybox.js', '2020-03-08 07:00:32'),
(408, 1, 1, '/loja/keydown.fb', 'https://vinhodetalha.com/loja/js/jquery/plugins/fancybox/jquery.fancybox.js', '2020-03-08 07:00:36'),
(409, 1, 1, '/loja/mousewheel.fb', 'https://vinhodetalha.com/loja/js/jquery/plugins/fancybox/jquery.fancybox.js', '2020-03-08 07:00:39'),
(410, 1, 1, '/loja/load.fb', 'https://vinhodetalha.com/loja/js/jquery/plugins/fancybox/jquery.fancybox.js', '2020-03-08 07:00:43'),
(411, 1, 1, '/loja/click.fb', 'https://vinhodetalha.com/loja/js/jquery/plugins/fancybox/jquery.fancybox.js', '2020-03-08 07:00:46'),
(412, 1, 1, '/loja/resize.overlay', 'https://vinhodetalha.com/loja/js/jquery/plugins/fancybox/jquery.fancybox.js', '2020-03-08 07:00:50'),
(413, 1, 1, '/loja/click.overlay', 'https://vinhodetalha.com/loja/js/jquery/plugins/fancybox/jquery.fancybox.js', '2020-03-08 07:00:53'),
(414, 1, 1, '/loja/click.fb-start', 'https://vinhodetalha.com/loja/js/jquery/plugins/fancybox/jquery.fancybox.js', '2020-03-08 07:00:56'),
(415, 1, 1, '/loja/prev.serialScroll', 'https://vinhodetalha.com/loja/js/jquery/plugins/jquery.serialScroll.js', '2020-03-08 07:01:03'),
(416, 1, 1, '/loja/next.serialScroll', 'https://vinhodetalha.com/loja/js/jquery/plugins/jquery.serialScroll.js', '2020-03-08 07:01:07'),
(417, 1, 1, '/loja/goto.serialScroll', 'https://vinhodetalha.com/loja/js/jquery/plugins/jquery.serialScroll.js', '2020-03-08 07:01:10'),
(418, 1, 1, '/loja/start.serialScroll', 'https://vinhodetalha.com/loja/js/jquery/plugins/jquery.serialScroll.js', '2020-03-08 07:01:14'),
(419, 1, 1, '/loja/stop.serialScroll', 'https://vinhodetalha.com/loja/js/jquery/plugins/jquery.serialScroll.js', '2020-03-08 07:01:17'),
(420, 1, 1, '/loja/notify.serialScroll', 'https://vinhodetalha.com/loja/js/jquery/plugins/jquery.serialScroll.js', '2020-03-08 07:01:21'),
(421, 1, 1, '/loja/mousemove.hoverIntent', 'https://vinhodetalha.com/loja/themes/default-bootstrap/js/modules/blocktopmenu/js/hoverIntent.js', '2020-03-08 07:01:24'),
(422, 1, 1, '/loja/mouseenter.hoverIntent', 'https://vinhodetalha.com/loja/themes/default-bootstrap/js/modules/blocktopmenu/js/hoverIntent.js', '2020-03-08 07:01:27'),
(423, 1, 1, '/loja/mouseleave.hoverIntent', 'https://vinhodetalha.com/loja/themes/default-bootstrap/js/modules/blocktopmenu/js/hoverIntent.js', '2020-03-08 07:01:31'),
(424, 1, 1, '/loja/mouseenter.superfish', 'https://vinhodetalha.com/loja/themes/default-bootstrap/js/modules/blocktopmenu/js/superfish-modified.js', '2020-03-08 07:01:35'),
(425, 1, 1, '/loja/mouseleave.superfish', 'https://vinhodetalha.com/loja/themes/default-bootstrap/js/modules/blocktopmenu/js/superfish-modified.js', '2020-03-08 07:01:38'),
(426, 1, 1, '/loja/MSPointerDown.superfish', 'https://vinhodetalha.com/loja/themes/default-bootstrap/js/modules/blocktopmenu/js/superfish-modified.js', '2020-03-08 07:01:42'),
(427, 1, 1, '/loja/focusin.superfish', 'https://vinhodetalha.com/loja/themes/default-bootstrap/js/modules/blocktopmenu/js/superfish-modified.js', '2020-03-08 07:01:45'),
(428, 1, 1, '/loja/focusout.superfish', 'https://vinhodetalha.com/loja/themes/default-bootstrap/js/modules/blocktopmenu/js/superfish-modified.js', '2020-03-08 07:01:48'),
(429, 1, 1, '/loja/click.superfish', 'https://vinhodetalha.com/loja/themes/default-bootstrap/js/modules/blocktopmenu/js/superfish-modified.js', '2020-03-08 07:01:52'),
(430, 1, 1, '/loja/index.php?controller=404', '', '2020-03-09 15:45:28'),
(431, 1, 1, '/loja/img/favicon.ico%3F1578051402', '', '2020-03-11 20:11:14'),
(432, 1, 1, '/loja/index.php?controller=404', '', '2020-03-13 05:03:19'),
(433, 1, 1, '/loja/index.php?controller=404', '', '2020-03-13 05:08:53'),
(434, 1, 1, '/loja/index.php?controller=pagenotfound&id_lang=3', '', '2020-03-14 04:41:50'),
(435, 1, 1, '/loja/index.php?controller=404', '', '2020-03-15 19:43:07'),
(436, 1, 1, '/loja/index.php?controller=404', '', '2020-03-17 07:57:13'),
(437, 1, 1, '/loja/submit._submit', 'https://vinhodetalha.com/loja/js/jquery/jquery-1.11.0.min.js', '2020-03-17 09:43:37'),
(438, 1, 1, '/loja/propertychange._change', 'https://vinhodetalha.com/loja/js/jquery/jquery-1.11.0.min.js', '2020-03-17 09:43:40'),
(439, 1, 1, '/loja/click._change', 'https://vinhodetalha.com/loja/js/jquery/jquery-1.11.0.min.js', '2020-03-17 09:43:44'),
(440, 1, 1, '/loja/beforeactivate._change', 'https://vinhodetalha.com/loja/js/jquery/jquery-1.11.0.min.js', '2020-03-17 09:43:48'),
(441, 1, 1, '/loja/change._change', 'https://vinhodetalha.com/loja/js/jquery/jquery-1.11.0.min.js', '2020-03-17 09:43:52'),
(442, 1, 1, '/loja/Microsoft.XMLDOM', 'https://vinhodetalha.com/loja/js/jquery/jquery-1.11.0.min.js', '2020-03-17 09:43:58'),
(443, 1, 1, '/loja/Microsoft.XMLHTTP', 'https://vinhodetalha.com/loja/js/jquery/jquery-1.11.0.min.js', '2020-03-17 09:44:02'),
(444, 1, 1, '/loja/bs.alert', 'https://vinhodetalha.com/loja/themes/default-bootstrap/js/autoload/10-bootstrap.min.js', '2020-03-17 09:44:05'),
(445, 1, 1, '/loja/bs.button', 'https://vinhodetalha.com/loja/themes/default-bootstrap/js/autoload/10-bootstrap.min.js', '2020-03-17 09:44:09'),
(446, 1, 1, '/loja/bs.carousel', 'https://vinhodetalha.com/loja/themes/default-bootstrap/js/autoload/10-bootstrap.min.js', '2020-03-17 09:44:12'),
(447, 1, 1, '/loja/bs.collapse', 'https://vinhodetalha.com/loja/themes/default-bootstrap/js/autoload/10-bootstrap.min.js', '2020-03-17 09:44:15'),
(448, 1, 1, '/loja/bs.modal', 'https://vinhodetalha.com/loja/themes/default-bootstrap/js/autoload/10-bootstrap.min.js', '2020-03-17 09:44:19'),
(449, 1, 1, '/loja/bs.tooltip', 'https://vinhodetalha.com/loja/themes/default-bootstrap/js/autoload/10-bootstrap.min.js', '2020-03-17 09:44:22'),
(450, 1, 1, '/loja/bs.popover', 'https://vinhodetalha.com/loja/themes/default-bootstrap/js/autoload/10-bootstrap.min.js', '2020-03-17 09:44:29'),
(451, 1, 1, '/loja/bs.scrollspy', 'https://vinhodetalha.com/loja/themes/default-bootstrap/js/autoload/10-bootstrap.min.js', '2020-03-17 09:44:33'),
(452, 1, 1, '/loja/bs.tab', 'https://vinhodetalha.com/loja/themes/default-bootstrap/js/autoload/10-bootstrap.min.js', '2020-03-17 09:44:36'),
(453, 1, 1, '/loja/bs.affix', 'https://vinhodetalha.com/loja/themes/default-bootstrap/js/autoload/10-bootstrap.min.js', '2020-03-17 09:44:39'),
(454, 1, 1, '/loja/onUpdate.player', 'https://vinhodetalha.com/loja/js/jquery/plugins/fancybox/jquery.fancybox.js', '2020-03-17 09:44:43'),
(455, 1, 1, '/loja/beforeLoad.player', 'https://vinhodetalha.com/loja/js/jquery/plugins/fancybox/jquery.fancybox.js', '2020-03-17 09:44:46'),
(456, 1, 1, '/loja/keydown.loading', 'https://vinhodetalha.com/loja/js/jquery/plugins/fancybox/jquery.fancybox.js', '2020-03-17 09:44:50'),
(457, 1, 1, '/loja/orientationchange.fb', 'https://vinhodetalha.com/loja/js/jquery/plugins/fancybox/jquery.fancybox.js', '2020-03-17 09:44:53'),
(458, 1, 1, '/loja/keydown.fb', 'https://vinhodetalha.com/loja/js/jquery/plugins/fancybox/jquery.fancybox.js', '2020-03-17 09:44:57'),
(459, 1, 1, '/loja/mousewheel.fb', 'https://vinhodetalha.com/loja/js/jquery/plugins/fancybox/jquery.fancybox.js', '2020-03-17 09:45:00'),
(460, 1, 1, '/loja/load.fb', 'https://vinhodetalha.com/loja/js/jquery/plugins/fancybox/jquery.fancybox.js', '2020-03-17 09:45:04'),
(461, 1, 1, '/loja/click.fb', 'https://vinhodetalha.com/loja/js/jquery/plugins/fancybox/jquery.fancybox.js', '2020-03-17 09:45:07'),
(462, 1, 1, '/loja/resize.overlay', 'https://vinhodetalha.com/loja/js/jquery/plugins/fancybox/jquery.fancybox.js', '2020-03-17 09:45:11'),
(463, 1, 1, '/loja/click.overlay', 'https://vinhodetalha.com/loja/js/jquery/plugins/fancybox/jquery.fancybox.js', '2020-03-17 09:45:14'),
(464, 1, 1, '/loja/click.fb-start', 'https://vinhodetalha.com/loja/js/jquery/plugins/fancybox/jquery.fancybox.js', '2020-03-17 09:45:18'),
(465, 1, 1, '/loja/prev.serialScroll', 'https://vinhodetalha.com/loja/js/jquery/plugins/jquery.serialScroll.js', '2020-03-17 09:45:25'),
(466, 1, 1, '/loja/next.serialScroll', 'https://vinhodetalha.com/loja/js/jquery/plugins/jquery.serialScroll.js', '2020-03-17 09:45:28'),
(467, 1, 1, '/loja/goto.serialScroll', 'https://vinhodetalha.com/loja/js/jquery/plugins/jquery.serialScroll.js', '2020-03-17 09:45:32'),
(468, 1, 1, '/loja/start.serialScroll', 'https://vinhodetalha.com/loja/js/jquery/plugins/jquery.serialScroll.js', '2020-03-17 09:45:35'),
(469, 1, 1, '/loja/stop.serialScroll', 'https://vinhodetalha.com/loja/js/jquery/plugins/jquery.serialScroll.js', '2020-03-17 09:45:38'),
(470, 1, 1, '/loja/notify.serialScroll', 'https://vinhodetalha.com/loja/js/jquery/plugins/jquery.serialScroll.js', '2020-03-17 09:45:42'),
(471, 1, 1, '/loja/mousemove.hoverIntent', 'https://vinhodetalha.com/loja/themes/default-bootstrap/js/modules/blocktopmenu/js/hoverIntent.js', '2020-03-17 09:45:45'),
(472, 1, 1, '/loja/mouseenter.hoverIntent', 'https://vinhodetalha.com/loja/themes/default-bootstrap/js/modules/blocktopmenu/js/hoverIntent.js', '2020-03-17 09:45:49'),
(473, 1, 1, '/loja/mouseleave.hoverIntent', 'https://vinhodetalha.com/loja/themes/default-bootstrap/js/modules/blocktopmenu/js/hoverIntent.js', '2020-03-17 09:45:52'),
(474, 1, 1, '/loja/mouseenter.superfish', 'https://vinhodetalha.com/loja/themes/default-bootstrap/js/modules/blocktopmenu/js/superfish-modified.js', '2020-03-17 09:45:56'),
(475, 1, 1, '/loja/mouseleave.superfish', 'https://vinhodetalha.com/loja/themes/default-bootstrap/js/modules/blocktopmenu/js/superfish-modified.js', '2020-03-17 09:45:59'),
(476, 1, 1, '/loja/MSPointerDown.superfish', 'https://vinhodetalha.com/loja/themes/default-bootstrap/js/modules/blocktopmenu/js/superfish-modified.js', '2020-03-17 09:46:03'),
(477, 1, 1, '/loja/focusin.superfish', 'https://vinhodetalha.com/loja/themes/default-bootstrap/js/modules/blocktopmenu/js/superfish-modified.js', '2020-03-17 09:46:06'),
(478, 1, 1, '/loja/focusout.superfish', 'https://vinhodetalha.com/loja/themes/default-bootstrap/js/modules/blocktopmenu/js/superfish-modified.js', '2020-03-17 09:46:09'),
(479, 1, 1, '/loja/click.superfish', 'https://vinhodetalha.com/loja/themes/default-bootstrap/js/modules/blocktopmenu/js/superfish-modified.js', '2020-03-17 09:46:13'),
(480, 1, 1, '/loja/m/d/Y', '', '2020-03-19 02:26:20'),
(481, 1, 1, '/loja/1.000000', '', '2020-03-19 02:35:13'),
(482, 1, 1, '/loja/js/jquery/plugins/notify.serialScroll', '', '2020-03-19 03:02:42'),
(483, 1, 1, '/loja/themes/default-bootstrap/js/modules/blockcart/modules/blockcart/blockcart-set-collapse.php', '', '2020-03-19 03:04:06'),
(484, 1, 1, '/loja/themes/default-bootstrap/js/2x.', '', '2020-03-19 03:04:56'),
(485, 1, 1, '/loja/themes/default-bootstrap/js/modules/blocktopmenu/js/focusout.superfish', '', '2020-03-19 03:06:19'),
(486, 1, 1, '/loja/js/jquery/plugins/fancybox/beforeLoad.player', '', '2020-03-19 03:06:48'),
(487, 1, 1, '/loja/themes/default-bootstrap/js/img.replace-2x', '', '2020-03-19 03:07:21'),
(488, 1, 1, '/loja/js/0.', '', '2020-03-19 03:08:16'),
(489, 1, 1, '/loja/themes/default-bootstrap/js/modules/blocktopmenu/js/mouseleave.hoverIntent', '', '2020-03-19 03:09:23'),
(490, 1, 1, '/loja/themes/default-bootstrap/js/modules/blocktopmenu/js/mouseenter.hoverIntent', '', '2020-03-19 03:10:07'),
(491, 1, 1, '/loja/themes/default-bootstrap/js/modules/blocktopmenu/js/li.', '', '2020-03-19 03:10:32'),
(492, 1, 1, '/loja/themes/default-bootstrap/js/modules/blocktopmenu/js/click.superfish', '', '2020-03-19 03:10:45'),
(493, 1, 1, '/loja/js/jquery/plugins/fancybox/load.fb', '', '2020-03-19 03:13:53'),
(494, 1, 1, '/loja/themes/default-bootstrap/js/ul.product_list', '', '2020-03-19 03:14:28'),
(495, 1, 1, '/loja/js/jquery/plugins/fancybox/onUpdate.player', '', '2020-03-19 03:15:23'),
(496, 1, 1, '/loja/js/jquery/plugins/fancybox/click.overlay', '', '2020-03-19 03:16:23'),
(497, 1, 1, '/loja/themes/default-bootstrap/js/td.product-', '', '2020-03-19 03:16:52'),
(498, 1, 1, '/loja/js/jquery/plugins/fancybox/2.1.5', '', '2020-03-19 03:17:09'),
(499, 1, 1, '/loja/js/jquery/plugins/start.serialScroll', '', '2020-03-19 03:17:19'),
(500, 1, 1, '/loja/themes/default-bootstrap/js/initial-scale=1.0,maximum-scale=1.0,user-scalable=0,width=device-width,height=device-height', '', '2020-03-19 03:17:33'),
(501, 1, 1, '/loja/themes/default-bootstrap/js/tools/ul.tree', '', '2020-03-19 03:20:14'),
(502, 1, 1, '/loja/js/jquery/plugins/fancybox/click.fb-start', '', '2020-03-19 03:22:10'),
(503, 1, 1, '/loja/themes/default-bootstrap/js/a.cmp_remove', '', '2020-03-19 03:22:40'),
(504, 1, 1, '/loja/themes/default-bootstrap/js/modules/blockcart/a.ajax_cart_block_remove_link', '', '2020-03-19 03:24:18'),
(505, 1, 1, '/loja/js/jquery/plugins/fancybox/keydown.loading', '', '2020-03-19 03:24:28'),
(506, 1, 1, '/loja/js/jquery/plugins/goto.serialScroll', '', '2020-03-19 03:25:31'),
(507, 1, 1, '/loja/js/jquery/plugins/fancybox/click.fb', '', '2020-03-19 03:25:52'),
(508, 1, 1, '/loja/themes/default-bootstrap/js/autoload/closed.bs.alert', '', '2020-03-19 03:26:14'),
(509, 1, 1, '/loja/themes/default-bootstrap/js/modules/blocktopmenu/js/mouseleave.superfish', '', '2020-03-19 03:26:36'),
(510, 1, 1, '/loja/themes/default-bootstrap/js/tools/ul.tree.dhtml', '', '2020-03-19 03:27:16'),
(511, 1, 1, '/loja/themes/default-bootstrap/js/modules/blocktopmenu/js/mouseenter.superfish', '', '2020-03-19 03:27:33'),
(512, 1, 1, '/loja/themes/default-bootstrap/js/modules/blocktopmenu/js/MSPointerDown.superfish', '', '2020-03-19 03:29:07'),
(513, 1, 1, '/loja/themes/default-bootstrap/js/tools/ul.tree.dynamized', '', '2020-03-19 03:29:52'),
(514, 1, 1, '/loja/themes/default-bootstrap/js/modules/blocktopmenu/js/ul.sf-menu', '', '2020-03-19 03:30:35'),
(515, 1, 1, '/loja/js/jquery/plugins/fancybox/orientationchange.fb', '', '2020-03-19 03:34:41'),
(516, 1, 1, '/loja/js/jquery/plugins/fancybox/mousewheel.fb', '', '2020-03-19 03:34:44'),
(517, 1, 1, '/loja/themes/default-bootstrap/js/ul.toogle_content', '', '2020-03-19 03:35:49'),
(518, 1, 1, '/loja/js/jquery/plugins/stop.serialScroll', '', '2020-03-19 03:36:13'),
(519, 1, 1, '/loja/themes/default-bootstrap/js/a.cluetip', '', '2020-03-19 03:36:51'),
(520, 1, 1, '/loja/themes/default-bootstrap/js/modules/blocktopmenu/js/focusin.superfish', '', '2020-03-19 03:37:16'),
(521, 1, 1, '/loja/themes/default-bootstrap/js/modules/blocktopmenu/js/mousemove.hoverIntent', '', '2020-03-19 03:38:11'),
(522, 1, 1, '/loja/themes/default-bootstrap/js/modules/blocktopmenu/js/ul,.sf-mega', '', '2020-03-19 03:38:27'),
(523, 1, 1, '/loja/js/jquery/plugins/fancybox/resize.overlay', '', '2020-03-19 03:39:03'),
(524, 1, 1, '/loja/js/jquery/plugins/next.serialScroll', '', '2020-03-19 03:39:23'),
(525, 1, 1, '/loja/js/jquery/plugins/prev.serialScroll', '', '2020-03-19 03:39:50'),
(526, 1, 1, '/loja/themes/default-bootstrap/js/modules/blocktopmenu/js/ul.menu-content', '', '2020-03-19 03:41:12'),
(527, 1, 1, '/loja/submit._submit', 'https://vinhodetalha.com/loja/js/jquery/jquery-1.11.0.min.js', '2020-03-19 09:34:05'),
(528, 1, 1, '/loja/propertychange._change', 'https://vinhodetalha.com/loja/js/jquery/jquery-1.11.0.min.js', '2020-03-19 09:34:09'),
(529, 1, 1, '/loja/click._change', 'https://vinhodetalha.com/loja/js/jquery/jquery-1.11.0.min.js', '2020-03-19 09:34:12'),
(530, 1, 1, '/loja/beforeactivate._change', 'https://vinhodetalha.com/loja/js/jquery/jquery-1.11.0.min.js', '2020-03-19 09:34:16'),
(531, 1, 1, '/loja/change._change', 'https://vinhodetalha.com/loja/js/jquery/jquery-1.11.0.min.js', '2020-03-19 09:34:19'),
(532, 1, 1, '/loja/Microsoft.XMLDOM', 'https://vinhodetalha.com/loja/js/jquery/jquery-1.11.0.min.js', '2020-03-19 09:34:26'),
(533, 1, 1, '/loja/Microsoft.XMLHTTP', 'https://vinhodetalha.com/loja/js/jquery/jquery-1.11.0.min.js', '2020-03-19 09:34:29'),
(534, 1, 1, '/loja/bs.alert', 'https://vinhodetalha.com/loja/themes/default-bootstrap/js/autoload/10-bootstrap.min.js', '2020-03-19 09:34:33'),
(535, 1, 1, '/loja/bs.button', 'https://vinhodetalha.com/loja/themes/default-bootstrap/js/autoload/10-bootstrap.min.js', '2020-03-19 09:34:36'),
(536, 1, 1, '/loja/bs.carousel', 'https://vinhodetalha.com/loja/themes/default-bootstrap/js/autoload/10-bootstrap.min.js', '2020-03-19 09:34:40'),
(537, 1, 1, '/loja/bs.collapse', 'https://vinhodetalha.com/loja/themes/default-bootstrap/js/autoload/10-bootstrap.min.js', '2020-03-19 09:34:43'),
(538, 1, 1, '/loja/bs.modal', 'https://vinhodetalha.com/loja/themes/default-bootstrap/js/autoload/10-bootstrap.min.js', '2020-03-19 09:34:47'),
(539, 1, 1, '/loja/bs.tooltip', 'https://vinhodetalha.com/loja/themes/default-bootstrap/js/autoload/10-bootstrap.min.js', '2020-03-19 09:34:50'),
(540, 1, 1, '/loja/bs.popover', 'https://vinhodetalha.com/loja/themes/default-bootstrap/js/autoload/10-bootstrap.min.js', '2020-03-19 09:34:57'),
(541, 1, 1, '/loja/bs.scrollspy', 'https://vinhodetalha.com/loja/themes/default-bootstrap/js/autoload/10-bootstrap.min.js', '2020-03-19 09:35:00'),
(542, 1, 1, '/loja/bs.tab', 'https://vinhodetalha.com/loja/themes/default-bootstrap/js/autoload/10-bootstrap.min.js', '2020-03-19 09:35:04'),
(543, 1, 1, '/loja/bs.affix', 'https://vinhodetalha.com/loja/themes/default-bootstrap/js/autoload/10-bootstrap.min.js', '2020-03-19 09:35:07'),
(544, 1, 1, '/loja/onUpdate.player', 'https://vinhodetalha.com/loja/js/jquery/plugins/fancybox/jquery.fancybox.js', '2020-03-19 09:35:11'),
(545, 1, 1, '/loja/beforeLoad.player', 'https://vinhodetalha.com/loja/js/jquery/plugins/fancybox/jquery.fancybox.js', '2020-03-19 09:35:14'),
(546, 1, 1, '/loja/keydown.loading', 'https://vinhodetalha.com/loja/js/jquery/plugins/fancybox/jquery.fancybox.js', '2020-03-19 09:35:18'),
(547, 1, 1, '/loja/orientationchange.fb', 'https://vinhodetalha.com/loja/js/jquery/plugins/fancybox/jquery.fancybox.js', '2020-03-19 09:35:21'),
(548, 1, 1, '/loja/keydown.fb', 'https://vinhodetalha.com/loja/js/jquery/plugins/fancybox/jquery.fancybox.js', '2020-03-19 09:35:24'),
(549, 1, 1, '/loja/mousewheel.fb', 'https://vinhodetalha.com/loja/js/jquery/plugins/fancybox/jquery.fancybox.js', '2020-03-19 09:35:28'),
(550, 1, 1, '/loja/load.fb', 'https://vinhodetalha.com/loja/js/jquery/plugins/fancybox/jquery.fancybox.js', '2020-03-19 09:35:31'),
(551, 1, 1, '/loja/click.fb', 'https://vinhodetalha.com/loja/js/jquery/plugins/fancybox/jquery.fancybox.js', '2020-03-19 09:35:35'),
(552, 1, 1, '/loja/resize.overlay', 'https://vinhodetalha.com/loja/js/jquery/plugins/fancybox/jquery.fancybox.js', '2020-03-19 09:35:38'),
(553, 1, 1, '/loja/click.overlay', 'https://vinhodetalha.com/loja/js/jquery/plugins/fancybox/jquery.fancybox.js', '2020-03-19 09:35:42'),
(554, 1, 1, '/loja/click.fb-start', 'https://vinhodetalha.com/loja/js/jquery/plugins/fancybox/jquery.fancybox.js', '2020-03-19 09:35:45'),
(555, 1, 1, '/loja/prev.serialScroll', 'https://vinhodetalha.com/loja/js/jquery/plugins/jquery.serialScroll.js', '2020-03-19 09:35:52'),
(556, 1, 1, '/loja/next.serialScroll', 'https://vinhodetalha.com/loja/js/jquery/plugins/jquery.serialScroll.js', '2020-03-19 09:35:55'),
(557, 1, 1, '/loja/goto.serialScroll', 'https://vinhodetalha.com/loja/js/jquery/plugins/jquery.serialScroll.js', '2020-03-19 09:35:59'),
(558, 1, 1, '/loja/start.serialScroll', 'https://vinhodetalha.com/loja/js/jquery/plugins/jquery.serialScroll.js', '2020-03-19 09:36:02'),
(559, 1, 1, '/loja/stop.serialScroll', 'https://vinhodetalha.com/loja/js/jquery/plugins/jquery.serialScroll.js', '2020-03-19 09:36:06'),
(560, 1, 1, '/loja/notify.serialScroll', 'https://vinhodetalha.com/loja/js/jquery/plugins/jquery.serialScroll.js', '2020-03-19 09:36:09'),
(561, 1, 1, '/loja/mousemove.hoverIntent', 'https://vinhodetalha.com/loja/themes/default-bootstrap/js/modules/blocktopmenu/js/hoverIntent.js', '2020-03-19 09:36:13'),
(562, 1, 1, '/loja/mouseenter.hoverIntent', 'https://vinhodetalha.com/loja/themes/default-bootstrap/js/modules/blocktopmenu/js/hoverIntent.js', '2020-03-19 09:36:18'),
(563, 1, 1, '/loja/mouseleave.hoverIntent', 'https://vinhodetalha.com/loja/themes/default-bootstrap/js/modules/blocktopmenu/js/hoverIntent.js', '2020-03-19 09:36:21'),
(564, 1, 1, '/loja/mouseenter.superfish', 'https://vinhodetalha.com/loja/themes/default-bootstrap/js/modules/blocktopmenu/js/superfish-modified.js', '2020-03-19 09:36:25'),
(565, 1, 1, '/loja/mouseleave.superfish', 'https://vinhodetalha.com/loja/themes/default-bootstrap/js/modules/blocktopmenu/js/superfish-modified.js', '2020-03-19 09:36:28'),
(566, 1, 1, '/loja/MSPointerDown.superfish', 'https://vinhodetalha.com/loja/themes/default-bootstrap/js/modules/blocktopmenu/js/superfish-modified.js', '2020-03-19 09:36:32'),
(567, 1, 1, '/loja/focusin.superfish', 'https://vinhodetalha.com/loja/themes/default-bootstrap/js/modules/blocktopmenu/js/superfish-modified.js', '2020-03-19 09:36:35'),
(568, 1, 1, '/loja/focusout.superfish', 'https://vinhodetalha.com/loja/themes/default-bootstrap/js/modules/blocktopmenu/js/superfish-modified.js', '2020-03-19 09:36:39'),
(569, 1, 1, '/loja/click.superfish', 'https://vinhodetalha.com/loja/themes/default-bootstrap/js/modules/blocktopmenu/js/superfish-modified.js', '2020-03-19 09:36:43'),
(570, 1, 1, '/loja/m/d/Y', '', '2020-03-19 16:03:14'),
(571, 1, 1, '/loja/1.000000', '', '2020-03-19 16:12:46'),
(572, 1, 1, '/loja/js/jquery/plugins/notify.serialScroll', '', '2020-03-19 16:28:02'),
(573, 1, 1, '/loja/themes/default-bootstrap/js/modules/blockcart/modules/blockcart/blockcart-set-collapse.php', '', '2020-03-19 16:29:15'),
(574, 1, 1, '/loja/themes/default-bootstrap/js/2x.', '', '2020-03-19 16:30:38'),
(575, 1, 1, '/loja/themes/default-bootstrap/js/modules/blocktopmenu/js/focusout.superfish', '', '2020-03-19 16:32:03'),
(576, 1, 1, '/loja/js/jquery/plugins/fancybox/beforeLoad.player', '', '2020-03-19 16:32:03'),
(577, 1, 1, '/loja/themes/default-bootstrap/js/img.replace-2x', '', '2020-03-19 16:32:34'),
(578, 1, 1, '/loja/js/0.', '', '2020-03-19 16:33:26'),
(579, 1, 1, '/loja/themes/default-bootstrap/js/modules/blocktopmenu/js/mouseleave.hoverIntent', '', '2020-03-19 16:34:29'),
(580, 1, 1, '/loja/themes/default-bootstrap/js/modules/blocktopmenu/js/li.', '', '2020-03-19 16:35:32'),
(581, 1, 1, '/loja/themes/default-bootstrap/js/modules/blocktopmenu/js/click.superfish', '', '2020-03-19 16:35:33'),
(582, 1, 1, '/loja/themes/default-bootstrap/js/modules/blocktopmenu/js/mouseenter.hoverIntent', '', '2020-03-19 16:36:59'),
(583, 1, 1, '/loja/themes/default-bootstrap/js/ul.product_list', '', '2020-03-19 16:39:07'),
(584, 1, 1, '/loja/js/jquery/plugins/fancybox/click.overlay', '', '2020-03-19 16:40:24'),
(585, 1, 1, '/loja/js/jquery/plugins/fancybox/load.fb', '', '2020-03-19 16:40:31'),
(586, 1, 1, '/loja/js/jquery/plugins/start.serialScroll', '', '2020-03-19 16:42:19'),
(587, 1, 1, '/loja/themes/default-bootstrap/js/initial-scale=1.0,maximum-scale=1.0,user-scalable=0,width=device-width,height=device-height', '', '2020-03-19 16:42:35'),
(588, 1, 1, '/loja/js/jquery/plugins/fancybox/onUpdate.player', '', '2020-03-19 16:42:46'),
(589, 1, 1, '/loja/themes/default-bootstrap/js/td.product-', '', '2020-03-19 16:44:30'),
(590, 1, 1, '/loja/js/jquery/plugins/fancybox/2.1.5', '', '2020-03-19 16:44:48'),
(591, 1, 1, '/loja/themes/default-bootstrap/js/tools/ul.tree', '', '2020-03-19 16:48:08'),
(592, 1, 1, '/loja/themes/default-bootstrap/js/modules/blockcart/a.ajax_cart_block_remove_link', '', '2020-03-19 16:49:11'),
(593, 1, 1, '/loja/js/jquery/plugins/fancybox/keydown.loading', '', '2020-03-19 16:49:18'),
(594, 1, 1, '/loja/js/jquery/plugins/goto.serialScroll', '', '2020-03-19 16:49:54'),
(595, 1, 1, '/loja/js/jquery/plugins/fancybox/click.fb-start', '', '2020-03-19 16:50:03'),
(596, 1, 1, '/loja/themes/default-bootstrap/js/modules/blocktopmenu/js/mouseleave.superfish', '', '2020-03-19 16:50:21'),
(597, 1, 1, '/loja/themes/default-bootstrap/js/a.cmp_remove', '', '2020-03-19 16:50:42'),
(598, 1, 1, '/loja/themes/default-bootstrap/js/tools/ul.tree.dynamized', '', '2020-03-19 16:53:23'),
(599, 1, 1, '/loja/themes/default-bootstrap/js/tools/ul.tree.dhtml', '', '2020-03-19 16:53:49'),
(600, 1, 1, '/loja/themes/default-bootstrap/js/modules/blocktopmenu/js/ul.sf-menu', '', '2020-03-19 16:54:04'),
(601, 1, 1, '/loja/js/jquery/plugins/fancybox/click.fb', '', '2020-03-19 16:54:14'),
(602, 1, 1, '/loja/themes/default-bootstrap/js/autoload/closed.bs.alert', '', '2020-03-19 16:54:57'),
(603, 1, 1, '/loja/themes/default-bootstrap/js/modules/blocktopmenu/js/mouseenter.superfish', '', '2020-03-19 16:56:09'),
(604, 1, 1, '/loja/themes/default-bootstrap/js/modules/blocktopmenu/js/MSPointerDown.superfish', '', '2020-03-19 16:56:41'),
(605, 1, 1, '/loja/js/jquery/plugins/fancybox/mousewheel.fb', '', '2020-03-19 16:58:03'),
(606, 1, 1, '/loja/js/jquery/plugins/stop.serialScroll', '', '2020-03-19 16:59:27'),
(607, 1, 1, '/loja/themes/default-bootstrap/js/a.cluetip', '', '2020-03-19 17:00:06'),
(608, 1, 1, '/loja/themes/default-bootstrap/js/modules/blocktopmenu/js/focusin.superfish', '', '2020-03-19 17:00:30'),
(609, 1, 1, '/loja/js/jquery/plugins/fancybox/orientationchange.fb', '', '2020-03-19 17:01:04'),
(610, 1, 1, '/loja/themes/default-bootstrap/js/modules/blocktopmenu/js/ul,.sf-mega', '', '2020-03-19 17:01:39'),
(611, 1, 1, '/loja/themes/default-bootstrap/js/ul.toogle_content', '', '2020-03-19 17:01:59'),
(612, 1, 1, '/loja/js/jquery/plugins/fancybox/resize.overlay', '', '2020-03-19 17:02:17'),
(613, 1, 1, '/loja/themes/default-bootstrap/js/modules/blocktopmenu/js/ul.menu-content', '', '2020-03-19 17:04:09'),
(614, 1, 1, '/loja/themes/default-bootstrap/js/modules/blocktopmenu/js/mousemove.hoverIntent', '', '2020-03-19 17:05:51'),
(615, 1, 1, '/loja/js/jquery/plugins/next.serialScroll', '', '2020-03-19 17:07:11'),
(616, 1, 1, '/loja/js/jquery/plugins/prev.serialScroll', '', '2020-03-19 17:07:41'),
(617, 1, 1, '/loja/index.php?controller=404', '', '2020-03-20 09:27:06'),
(618, 1, 1, '/loja/index.php?controller=404', '', '2020-03-21 21:50:47'),
(619, 1, 1, '/loja/modules/homeslider/images/71bf5936fe91b065ba44ff8a7f37ba0a780e5c1f_About', 'http://VINHODETALHA.COM', '2020-03-23 22:48:59'),
(620, 1, 1, '/loja/modules/homeslider/images/71f7038f6eacc65d01a2b2e5337c287e84f1be47_About', 'http://VINHODETALHA.COM', '2020-03-23 22:49:01'),
(621, 1, 1, '/loja/modules/homeslider/images/815ad32d2e191b4f1230be2bc29a0109428911eb_About', 'http://VINHODETALHA.COM', '2020-03-23 22:49:04'),
(622, 1, 1, '/loja/modules/homeslider/images/64b7938b121d6e45071f3f05b698eddb7455f24d_About', 'http://VINHODETALHA.COM', '2020-03-23 22:49:08'),
(623, 1, 1, '/loja/index.php?controller=404', '', '2020-03-24 08:45:14'),
(624, 1, 1, '/loja/submit._submit', 'https://vinhodetalha.com/loja/js/jquery/jquery-1.11.0.min.js', '2020-03-24 10:02:47'),
(625, 1, 1, '/loja/propertychange._change', 'https://vinhodetalha.com/loja/js/jquery/jquery-1.11.0.min.js', '2020-03-24 10:02:50'),
(626, 1, 1, '/loja/click._change', 'https://vinhodetalha.com/loja/js/jquery/jquery-1.11.0.min.js', '2020-03-24 10:02:54'),
(627, 1, 1, '/loja/beforeactivate._change', 'https://vinhodetalha.com/loja/js/jquery/jquery-1.11.0.min.js', '2020-03-24 10:02:57'),
(628, 1, 1, '/loja/change._change', 'https://vinhodetalha.com/loja/js/jquery/jquery-1.11.0.min.js', '2020-03-24 10:03:01'),
(629, 1, 1, '/loja/Microsoft.XMLDOM', 'https://vinhodetalha.com/loja/js/jquery/jquery-1.11.0.min.js', '2020-03-24 10:03:08'),
(630, 1, 1, '/loja/Microsoft.XMLHTTP', 'https://vinhodetalha.com/loja/js/jquery/jquery-1.11.0.min.js', '2020-03-24 10:03:11'),
(631, 1, 1, '/loja/bs.alert', 'https://vinhodetalha.com/loja/themes/default-bootstrap/js/autoload/10-bootstrap.min.js', '2020-03-24 10:03:15'),
(632, 1, 1, '/loja/bs.button', 'https://vinhodetalha.com/loja/themes/default-bootstrap/js/autoload/10-bootstrap.min.js', '2020-03-24 10:03:18'),
(633, 1, 1, '/loja/bs.carousel', 'https://vinhodetalha.com/loja/themes/default-bootstrap/js/autoload/10-bootstrap.min.js', '2020-03-24 10:03:22'),
(634, 1, 1, '/loja/bs.collapse', 'https://vinhodetalha.com/loja/themes/default-bootstrap/js/autoload/10-bootstrap.min.js', '2020-03-24 10:03:25'),
(635, 1, 1, '/loja/bs.modal', 'https://vinhodetalha.com/loja/themes/default-bootstrap/js/autoload/10-bootstrap.min.js', '2020-03-24 10:03:29'),
(636, 1, 1, '/loja/bs.tooltip', 'https://vinhodetalha.com/loja/themes/default-bootstrap/js/autoload/10-bootstrap.min.js', '2020-03-24 10:03:32'),
(637, 1, 1, '/loja/bs.popover', 'https://vinhodetalha.com/loja/themes/default-bootstrap/js/autoload/10-bootstrap.min.js', '2020-03-24 10:03:39'),
(638, 1, 1, '/loja/bs.scrollspy', 'https://vinhodetalha.com/loja/themes/default-bootstrap/js/autoload/10-bootstrap.min.js', '2020-03-24 10:03:42'),
(639, 1, 1, '/loja/bs.tab', 'https://vinhodetalha.com/loja/themes/default-bootstrap/js/autoload/10-bootstrap.min.js', '2020-03-24 10:03:46'),
(640, 1, 1, '/loja/bs.affix', 'https://vinhodetalha.com/loja/themes/default-bootstrap/js/autoload/10-bootstrap.min.js', '2020-03-24 10:03:49'),
(641, 1, 1, '/loja/onUpdate.player', 'https://vinhodetalha.com/loja/js/jquery/plugins/fancybox/jquery.fancybox.js', '2020-03-24 10:03:53'),
(642, 1, 1, '/loja/beforeLoad.player', 'https://vinhodetalha.com/loja/js/jquery/plugins/fancybox/jquery.fancybox.js', '2020-03-24 10:03:56'),
(643, 1, 1, '/loja/keydown.loading', 'https://vinhodetalha.com/loja/js/jquery/plugins/fancybox/jquery.fancybox.js', '2020-03-24 10:04:00'),
(644, 1, 1, '/loja/orientationchange.fb', 'https://vinhodetalha.com/loja/js/jquery/plugins/fancybox/jquery.fancybox.js', '2020-03-24 10:04:03'),
(645, 1, 1, '/loja/keydown.fb', 'https://vinhodetalha.com/loja/js/jquery/plugins/fancybox/jquery.fancybox.js', '2020-03-24 10:04:07'),
(646, 1, 1, '/loja/mousewheel.fb', 'https://vinhodetalha.com/loja/js/jquery/plugins/fancybox/jquery.fancybox.js', '2020-03-24 10:04:10'),
(647, 1, 1, '/loja/load.fb', 'https://vinhodetalha.com/loja/js/jquery/plugins/fancybox/jquery.fancybox.js', '2020-03-24 10:04:14'),
(648, 1, 1, '/loja/click.fb', 'https://vinhodetalha.com/loja/js/jquery/plugins/fancybox/jquery.fancybox.js', '2020-03-24 10:04:17'),
(649, 1, 1, '/loja/resize.overlay', 'https://vinhodetalha.com/loja/js/jquery/plugins/fancybox/jquery.fancybox.js', '2020-03-24 10:04:21'),
(650, 1, 1, '/loja/click.overlay', 'https://vinhodetalha.com/loja/js/jquery/plugins/fancybox/jquery.fancybox.js', '2020-03-24 10:04:24'),
(651, 1, 1, '/loja/click.fb-start', 'https://vinhodetalha.com/loja/js/jquery/plugins/fancybox/jquery.fancybox.js', '2020-03-24 10:04:27'),
(652, 1, 1, '/loja/prev.serialScroll', 'https://vinhodetalha.com/loja/js/jquery/plugins/jquery.serialScroll.js', '2020-03-24 10:04:35'),
(653, 1, 1, '/loja/next.serialScroll', 'https://vinhodetalha.com/loja/js/jquery/plugins/jquery.serialScroll.js', '2020-03-24 10:04:38'),
(654, 1, 1, '/loja/goto.serialScroll', 'https://vinhodetalha.com/loja/js/jquery/plugins/jquery.serialScroll.js', '2020-03-24 10:04:41'),
(655, 1, 1, '/loja/start.serialScroll', 'https://vinhodetalha.com/loja/js/jquery/plugins/jquery.serialScroll.js', '2020-03-24 10:04:45'),
(656, 1, 1, '/loja/stop.serialScroll', 'https://vinhodetalha.com/loja/js/jquery/plugins/jquery.serialScroll.js', '2020-03-24 10:04:48'),
(657, 1, 1, '/loja/notify.serialScroll', 'https://vinhodetalha.com/loja/js/jquery/plugins/jquery.serialScroll.js', '2020-03-24 10:04:52'),
(658, 1, 1, '/loja/mousemove.hoverIntent', 'https://vinhodetalha.com/loja/themes/default-bootstrap/js/modules/blocktopmenu/js/hoverIntent.js', '2020-03-24 10:04:55'),
(659, 1, 1, '/loja/mouseenter.hoverIntent', 'https://vinhodetalha.com/loja/themes/default-bootstrap/js/modules/blocktopmenu/js/hoverIntent.js', '2020-03-24 10:04:59'),
(660, 1, 1, '/loja/mouseleave.hoverIntent', 'https://vinhodetalha.com/loja/themes/default-bootstrap/js/modules/blocktopmenu/js/hoverIntent.js', '2020-03-24 10:05:03'),
(661, 1, 1, '/loja/mouseenter.superfish', 'https://vinhodetalha.com/loja/themes/default-bootstrap/js/modules/blocktopmenu/js/superfish-modified.js', '2020-03-24 10:05:06'),
(662, 1, 1, '/loja/mouseleave.superfish', 'https://vinhodetalha.com/loja/themes/default-bootstrap/js/modules/blocktopmenu/js/superfish-modified.js', '2020-03-24 10:05:13'),
(663, 1, 1, '/loja/MSPointerDown.superfish', 'https://vinhodetalha.com/loja/themes/default-bootstrap/js/modules/blocktopmenu/js/superfish-modified.js', '2020-03-24 10:05:17'),
(664, 1, 1, '/loja/focusin.superfish', 'https://vinhodetalha.com/loja/themes/default-bootstrap/js/modules/blocktopmenu/js/superfish-modified.js', '2020-03-24 10:05:20'),
(665, 1, 1, '/loja/focusout.superfish', 'https://vinhodetalha.com/loja/themes/default-bootstrap/js/modules/blocktopmenu/js/superfish-modified.js', '2020-03-24 10:05:24'),
(666, 1, 1, '/loja/click.superfish', 'https://vinhodetalha.com/loja/themes/default-bootstrap/js/modules/blocktopmenu/js/superfish-modified.js', '2020-03-24 10:05:27'),
(667, 1, 1, '/loja/index.php?controller=404', '', '2020-03-25 21:12:10'),
(668, 1, 1, '/loja/index.php?controller=404', '', '2020-03-31 18:41:40'),
(669, 1, 1, '/loja/submit._submit', 'https://vinhodetalha.com/loja/js/jquery/jquery-1.11.0.min.js', '2020-04-02 07:43:49'),
(670, 1, 1, '/loja/propertychange._change', 'https://vinhodetalha.com/loja/js/jquery/jquery-1.11.0.min.js', '2020-04-02 07:43:53'),
(671, 1, 1, '/loja/click._change', 'https://vinhodetalha.com/loja/js/jquery/jquery-1.11.0.min.js', '2020-04-02 07:43:56'),
(672, 1, 1, '/loja/beforeactivate._change', 'https://vinhodetalha.com/loja/js/jquery/jquery-1.11.0.min.js', '2020-04-02 07:44:00'),
(673, 1, 1, '/loja/change._change', 'https://vinhodetalha.com/loja/js/jquery/jquery-1.11.0.min.js', '2020-04-02 07:44:03'),
(674, 1, 1, '/loja/Microsoft.XMLDOM', 'https://vinhodetalha.com/loja/js/jquery/jquery-1.11.0.min.js', '2020-04-02 07:44:10'),
(675, 1, 1, '/loja/Microsoft.XMLHTTP', 'https://vinhodetalha.com/loja/js/jquery/jquery-1.11.0.min.js', '2020-04-02 07:44:13'),
(676, 1, 1, '/loja/bs.alert', 'https://vinhodetalha.com/loja/themes/default-bootstrap/js/autoload/10-bootstrap.min.js', '2020-04-02 07:44:17'),
(677, 1, 1, '/loja/bs.button', 'https://vinhodetalha.com/loja/themes/default-bootstrap/js/autoload/10-bootstrap.min.js', '2020-04-02 07:44:20'),
(678, 1, 1, '/loja/bs.carousel', 'https://vinhodetalha.com/loja/themes/default-bootstrap/js/autoload/10-bootstrap.min.js', '2020-04-02 07:44:23'),
(679, 1, 1, '/loja/bs.collapse', 'https://vinhodetalha.com/loja/themes/default-bootstrap/js/autoload/10-bootstrap.min.js', '2020-04-02 07:44:27'),
(680, 1, 1, '/loja/bs.modal', 'https://vinhodetalha.com/loja/themes/default-bootstrap/js/autoload/10-bootstrap.min.js', '2020-04-02 07:44:30'),
(681, 1, 1, '/loja/bs.tooltip', 'https://vinhodetalha.com/loja/themes/default-bootstrap/js/autoload/10-bootstrap.min.js', '2020-04-02 07:44:34'),
(682, 1, 1, '/loja/bs.popover', 'https://vinhodetalha.com/loja/themes/default-bootstrap/js/autoload/10-bootstrap.min.js', '2020-04-02 07:44:40'),
(683, 1, 1, '/loja/bs.scrollspy', 'https://vinhodetalha.com/loja/themes/default-bootstrap/js/autoload/10-bootstrap.min.js', '2020-04-02 07:44:44'),
(684, 1, 1, '/loja/bs.tab', 'https://vinhodetalha.com/loja/themes/default-bootstrap/js/autoload/10-bootstrap.min.js', '2020-04-02 07:44:47'),
(685, 1, 1, '/loja/bs.affix', 'https://vinhodetalha.com/loja/themes/default-bootstrap/js/autoload/10-bootstrap.min.js', '2020-04-02 07:44:51'),
(686, 1, 1, '/loja/onUpdate.player', 'https://vinhodetalha.com/loja/js/jquery/plugins/fancybox/jquery.fancybox.js', '2020-04-02 07:44:54'),
(687, 1, 1, '/loja/beforeLoad.player', 'https://vinhodetalha.com/loja/js/jquery/plugins/fancybox/jquery.fancybox.js', '2020-04-02 07:44:58'),
(688, 1, 1, '/loja/keydown.loading', 'https://vinhodetalha.com/loja/js/jquery/plugins/fancybox/jquery.fancybox.js', '2020-04-02 07:45:02'),
(689, 1, 1, '/loja/orientationchange.fb', 'https://vinhodetalha.com/loja/js/jquery/plugins/fancybox/jquery.fancybox.js', '2020-04-02 07:45:05'),
(690, 1, 1, '/loja/keydown.fb', 'https://vinhodetalha.com/loja/js/jquery/plugins/fancybox/jquery.fancybox.js', '2020-04-02 07:45:09'),
(691, 1, 1, '/loja/mousewheel.fb', 'https://vinhodetalha.com/loja/js/jquery/plugins/fancybox/jquery.fancybox.js', '2020-04-02 07:45:12'),
(692, 1, 1, '/loja/load.fb', 'https://vinhodetalha.com/loja/js/jquery/plugins/fancybox/jquery.fancybox.js', '2020-04-02 07:45:15'),
(693, 1, 1, '/loja/click.fb', 'https://vinhodetalha.com/loja/js/jquery/plugins/fancybox/jquery.fancybox.js', '2020-04-02 07:45:19'),
(694, 1, 1, '/loja/resize.overlay', 'https://vinhodetalha.com/loja/js/jquery/plugins/fancybox/jquery.fancybox.js', '2020-04-02 07:45:22'),
(695, 1, 1, '/loja/click.overlay', 'https://vinhodetalha.com/loja/js/jquery/plugins/fancybox/jquery.fancybox.js', '2020-04-02 07:45:26'),
(696, 1, 1, '/loja/click.fb-start', 'https://vinhodetalha.com/loja/js/jquery/plugins/fancybox/jquery.fancybox.js', '2020-04-02 07:45:29'),
(697, 1, 1, '/loja/prev.serialScroll', 'https://vinhodetalha.com/loja/js/jquery/plugins/jquery.serialScroll.js', '2020-04-02 07:45:36'),
(698, 1, 1, '/loja/next.serialScroll', 'https://vinhodetalha.com/loja/js/jquery/plugins/jquery.serialScroll.js', '2020-04-02 07:45:39'),
(699, 1, 1, '/loja/goto.serialScroll', 'https://vinhodetalha.com/loja/js/jquery/plugins/jquery.serialScroll.js', '2020-04-02 07:45:43'),
(700, 1, 1, '/loja/start.serialScroll', 'https://vinhodetalha.com/loja/js/jquery/plugins/jquery.serialScroll.js', '2020-04-02 07:45:46'),
(701, 1, 1, '/loja/stop.serialScroll', 'https://vinhodetalha.com/loja/js/jquery/plugins/jquery.serialScroll.js', '2020-04-02 07:45:50'),
(702, 1, 1, '/loja/notify.serialScroll', 'https://vinhodetalha.com/loja/js/jquery/plugins/jquery.serialScroll.js', '2020-04-02 07:45:53'),
(703, 1, 1, '/loja/mousemove.hoverIntent', 'https://vinhodetalha.com/loja/themes/default-bootstrap/js/modules/blocktopmenu/js/hoverIntent.js', '2020-04-02 07:45:57'),
(704, 1, 1, '/loja/mouseenter.hoverIntent', 'https://vinhodetalha.com/loja/themes/default-bootstrap/js/modules/blocktopmenu/js/hoverIntent.js', '2020-04-02 07:46:00'),
(705, 1, 1, '/loja/mouseleave.hoverIntent', 'https://vinhodetalha.com/loja/themes/default-bootstrap/js/modules/blocktopmenu/js/hoverIntent.js', '2020-04-02 07:46:03'),
(706, 1, 1, '/loja/mouseenter.superfish', 'https://vinhodetalha.com/loja/themes/default-bootstrap/js/modules/blocktopmenu/js/superfish-modified.js', '2020-04-02 07:46:07'),
(707, 1, 1, '/loja/mouseleave.superfish', 'https://vinhodetalha.com/loja/themes/default-bootstrap/js/modules/blocktopmenu/js/superfish-modified.js', '2020-04-02 07:46:10'),
(708, 1, 1, '/loja/MSPointerDown.superfish', 'https://vinhodetalha.com/loja/themes/default-bootstrap/js/modules/blocktopmenu/js/superfish-modified.js', '2020-04-02 07:46:14'),
(709, 1, 1, '/loja/focusin.superfish', 'https://vinhodetalha.com/loja/themes/default-bootstrap/js/modules/blocktopmenu/js/superfish-modified.js', '2020-04-02 07:46:17'),
(710, 1, 1, '/loja/focusout.superfish', 'https://vinhodetalha.com/loja/themes/default-bootstrap/js/modules/blocktopmenu/js/superfish-modified.js', '2020-04-02 07:46:21'),
(711, 1, 1, '/loja/click.superfish', 'https://vinhodetalha.com/loja/themes/default-bootstrap/js/modules/blocktopmenu/js/superfish-modified.js', '2020-04-02 07:46:24'),
(712, 1, 1, '/loja/index.php?controller=404', '', '2020-04-03 14:09:52'),
(713, 1, 1, '/loja/index.php?controller=404', '', '2020-04-03 14:22:03'),
(714, 1, 1, '/loja/index.php?controller=404', '', '2020-04-03 20:59:49'),
(715, 1, 1, '/loja/index.php?controller=404', '', '2020-04-03 22:24:25'),
(716, 1, 1, '/loja/submit._submit', 'https://vinhodetalha.com/loja/js/jquery/jquery-1.11.0.min.js', '2020-04-08 11:09:49'),
(717, 1, 1, '/loja/propertychange._change', 'https://vinhodetalha.com/loja/js/jquery/jquery-1.11.0.min.js', '2020-04-08 11:09:52'),
(718, 1, 1, '/loja/click._change', 'https://vinhodetalha.com/loja/js/jquery/jquery-1.11.0.min.js', '2020-04-08 11:09:56'),
(719, 1, 1, '/loja/beforeactivate._change', 'https://vinhodetalha.com/loja/js/jquery/jquery-1.11.0.min.js', '2020-04-08 11:09:59'),
(720, 1, 1, '/loja/change._change', 'https://vinhodetalha.com/loja/js/jquery/jquery-1.11.0.min.js', '2020-04-08 11:10:03'),
(721, 1, 1, '/loja/Microsoft.XMLDOM', 'https://vinhodetalha.com/loja/js/jquery/jquery-1.11.0.min.js', '2020-04-08 11:10:10'),
(722, 1, 1, '/loja/Microsoft.XMLHTTP', 'https://vinhodetalha.com/loja/js/jquery/jquery-1.11.0.min.js', '2020-04-08 11:10:14'),
(723, 1, 1, '/loja/bs.alert', 'https://vinhodetalha.com/loja/themes/default-bootstrap/js/autoload/10-bootstrap.min.js', '2020-04-08 11:10:17'),
(724, 1, 1, '/loja/bs.button', 'https://vinhodetalha.com/loja/themes/default-bootstrap/js/autoload/10-bootstrap.min.js', '2020-04-08 11:10:21'),
(725, 1, 1, '/loja/bs.carousel', 'https://vinhodetalha.com/loja/themes/default-bootstrap/js/autoload/10-bootstrap.min.js', '2020-04-08 11:10:24'),
(726, 1, 1, '/loja/bs.collapse', 'https://vinhodetalha.com/loja/themes/default-bootstrap/js/autoload/10-bootstrap.min.js', '2020-04-08 11:10:28'),
(727, 1, 1, '/loja/bs.modal', 'https://vinhodetalha.com/loja/themes/default-bootstrap/js/autoload/10-bootstrap.min.js', '2020-04-08 11:10:31'),
(728, 1, 1, '/loja/bs.tooltip', 'https://vinhodetalha.com/loja/themes/default-bootstrap/js/autoload/10-bootstrap.min.js', '2020-04-08 11:10:35'),
(729, 1, 1, '/loja/bs.popover', 'https://vinhodetalha.com/loja/themes/default-bootstrap/js/autoload/10-bootstrap.min.js', '2020-04-08 11:10:42'),
(730, 1, 1, '/loja/bs.scrollspy', 'https://vinhodetalha.com/loja/themes/default-bootstrap/js/autoload/10-bootstrap.min.js', '2020-04-08 11:10:45'),
(731, 1, 1, '/loja/bs.tab', 'https://vinhodetalha.com/loja/themes/default-bootstrap/js/autoload/10-bootstrap.min.js', '2020-04-08 11:10:49'),
(732, 1, 1, '/loja/bs.affix', 'https://vinhodetalha.com/loja/themes/default-bootstrap/js/autoload/10-bootstrap.min.js', '2020-04-08 11:10:52'),
(733, 1, 1, '/loja/onUpdate.player', 'https://vinhodetalha.com/loja/js/jquery/plugins/fancybox/jquery.fancybox.js', '2020-04-08 11:10:56'),
(734, 1, 1, '/loja/beforeLoad.player', 'https://vinhodetalha.com/loja/js/jquery/plugins/fancybox/jquery.fancybox.js', '2020-04-08 11:10:59'),
(735, 1, 1, '/loja/keydown.loading', 'https://vinhodetalha.com/loja/js/jquery/plugins/fancybox/jquery.fancybox.js', '2020-04-08 11:11:03'),
(736, 1, 1, '/loja/orientationchange.fb', 'https://vinhodetalha.com/loja/js/jquery/plugins/fancybox/jquery.fancybox.js', '2020-04-08 11:11:06'),
(737, 1, 1, '/loja/keydown.fb', 'https://vinhodetalha.com/loja/js/jquery/plugins/fancybox/jquery.fancybox.js', '2020-04-08 11:11:10'),
(738, 1, 1, '/loja/mousewheel.fb', 'https://vinhodetalha.com/loja/js/jquery/plugins/fancybox/jquery.fancybox.js', '2020-04-08 11:11:14'),
(739, 1, 1, '/loja/load.fb', 'https://vinhodetalha.com/loja/js/jquery/plugins/fancybox/jquery.fancybox.js', '2020-04-08 11:11:17'),
(740, 1, 1, '/loja/click.fb', 'https://vinhodetalha.com/loja/js/jquery/plugins/fancybox/jquery.fancybox.js', '2020-04-08 11:11:21'),
(741, 1, 1, '/loja/resize.overlay', 'https://vinhodetalha.com/loja/js/jquery/plugins/fancybox/jquery.fancybox.js', '2020-04-08 11:11:24'),
(742, 1, 1, '/loja/click.overlay', 'https://vinhodetalha.com/loja/js/jquery/plugins/fancybox/jquery.fancybox.js', '2020-04-08 11:11:28'),
(743, 1, 1, '/loja/click.fb-start', 'https://vinhodetalha.com/loja/js/jquery/plugins/fancybox/jquery.fancybox.js', '2020-04-08 11:11:31'),
(744, 1, 1, '/loja/prev.serialScroll', 'https://vinhodetalha.com/loja/js/jquery/plugins/jquery.serialScroll.js', '2020-04-08 11:11:38'),
(745, 1, 1, '/loja/next.serialScroll', 'https://vinhodetalha.com/loja/js/jquery/plugins/jquery.serialScroll.js', '2020-04-08 11:11:42'),
(746, 1, 1, '/loja/goto.serialScroll', 'https://vinhodetalha.com/loja/js/jquery/plugins/jquery.serialScroll.js', '2020-04-08 11:11:45'),
(747, 1, 1, '/loja/start.serialScroll', 'https://vinhodetalha.com/loja/js/jquery/plugins/jquery.serialScroll.js', '2020-04-08 11:11:49'),
(748, 1, 1, '/loja/stop.serialScroll', 'https://vinhodetalha.com/loja/js/jquery/plugins/jquery.serialScroll.js', '2020-04-08 11:11:52'),
(749, 1, 1, '/loja/notify.serialScroll', 'https://vinhodetalha.com/loja/js/jquery/plugins/jquery.serialScroll.js', '2020-04-08 11:11:56'),
(750, 1, 1, '/loja/mousemove.hoverIntent', 'https://vinhodetalha.com/loja/themes/default-bootstrap/js/modules/blocktopmenu/js/hoverIntent.js', '2020-04-08 11:11:59'),
(751, 1, 1, '/loja/mouseenter.hoverIntent', 'https://vinhodetalha.com/loja/themes/default-bootstrap/js/modules/blocktopmenu/js/hoverIntent.js', '2020-04-08 11:12:03'),
(752, 1, 1, '/loja/mouseleave.hoverIntent', 'https://vinhodetalha.com/loja/themes/default-bootstrap/js/modules/blocktopmenu/js/hoverIntent.js', '2020-04-08 11:12:06'),
(753, 1, 1, '/loja/mouseenter.superfish', 'https://vinhodetalha.com/loja/themes/default-bootstrap/js/modules/blocktopmenu/js/superfish-modified.js', '2020-04-08 11:12:10'),
(754, 1, 1, '/loja/mouseleave.superfish', 'https://vinhodetalha.com/loja/themes/default-bootstrap/js/modules/blocktopmenu/js/superfish-modified.js', '2020-04-08 11:12:13'),
(755, 1, 1, '/loja/MSPointerDown.superfish', 'https://vinhodetalha.com/loja/themes/default-bootstrap/js/modules/blocktopmenu/js/superfish-modified.js', '2020-04-08 11:12:17'),
(756, 1, 1, '/loja/focusin.superfish', 'https://vinhodetalha.com/loja/themes/default-bootstrap/js/modules/blocktopmenu/js/superfish-modified.js', '2020-04-08 11:12:20'),
(757, 1, 1, '/loja/focusout.superfish', 'https://vinhodetalha.com/loja/themes/default-bootstrap/js/modules/blocktopmenu/js/superfish-modified.js', '2020-04-08 11:12:24');
INSERT INTO `pspa_pagenotfound` (`id_pagenotfound`, `id_shop`, `id_shop_group`, `request_uri`, `http_referer`, `date_add`) VALUES
(758, 1, 1, '/loja/click.superfish', 'https://vinhodetalha.com/loja/themes/default-bootstrap/js/modules/blocktopmenu/js/superfish-modified.js', '2020-04-08 11:12:28'),
(759, 1, 1, '/loja/modules/homeslider/images/52950fb4abfee96b3fefccf525e6f103e25e63e1_Voc%C3%AAs', '', '2020-04-11 13:20:05'),
(760, 1, 1, '/loja/modules/homeslider/images/16ff9c492c64adef2a2026871a164a0f54208526_Fundado', '', '2020-04-11 13:20:06'),
(761, 1, 1, '/loja/modules/homeslider/images/5871dca9970e092c5776b2fe1bf58281f74e00ad_About', '', '2020-04-11 13:20:07'),
(762, 1, 1, '/loja/modules/homeslider/images/126b32b78551e32c3b10f9ca3a902c91c18c7604_About', '', '2020-04-11 13:20:08'),
(763, 1, 1, '/loja/modules/homeslider/images/a21f43c354b1dc515d4eba0c83b4de12316a9d13_About', '', '2020-04-11 13:20:09'),
(764, 1, 1, '/loja/modules/homeslider/images/b8b9df9873156d71314f5f12770af98396813c6e_About', '', '2020-04-11 13:20:10'),
(765, 1, 1, '/loja/submit._submit', 'https://vinhodetalha.com/loja/js/jquery/jquery-1.11.0.min.js', '2020-04-13 09:43:00'),
(766, 1, 1, '/loja/propertychange._change', 'https://vinhodetalha.com/loja/js/jquery/jquery-1.11.0.min.js', '2020-04-13 09:43:03'),
(767, 1, 1, '/loja/click._change', 'https://vinhodetalha.com/loja/js/jquery/jquery-1.11.0.min.js', '2020-04-13 09:43:07'),
(768, 1, 1, '/loja/beforeactivate._change', 'https://vinhodetalha.com/loja/js/jquery/jquery-1.11.0.min.js', '2020-04-13 09:43:11'),
(769, 1, 1, '/loja/change._change', 'https://vinhodetalha.com/loja/js/jquery/jquery-1.11.0.min.js', '2020-04-13 09:43:14'),
(770, 1, 1, '/loja/Microsoft.XMLDOM', 'https://vinhodetalha.com/loja/js/jquery/jquery-1.11.0.min.js', '2020-04-13 09:43:21'),
(771, 1, 1, '/loja/Microsoft.XMLHTTP', 'https://vinhodetalha.com/loja/js/jquery/jquery-1.11.0.min.js', '2020-04-13 09:43:24'),
(772, 1, 1, '/loja/bs.alert', 'https://vinhodetalha.com/loja/themes/default-bootstrap/js/autoload/10-bootstrap.min.js', '2020-04-13 09:43:28'),
(773, 1, 1, '/loja/bs.button', 'https://vinhodetalha.com/loja/themes/default-bootstrap/js/autoload/10-bootstrap.min.js', '2020-04-13 09:43:31'),
(774, 1, 1, '/loja/bs.carousel', 'https://vinhodetalha.com/loja/themes/default-bootstrap/js/autoload/10-bootstrap.min.js', '2020-04-13 09:43:35'),
(775, 1, 1, '/loja/bs.collapse', 'https://vinhodetalha.com/loja/themes/default-bootstrap/js/autoload/10-bootstrap.min.js', '2020-04-13 09:43:38'),
(776, 1, 1, '/loja/bs.modal', 'https://vinhodetalha.com/loja/themes/default-bootstrap/js/autoload/10-bootstrap.min.js', '2020-04-13 09:43:42'),
(777, 1, 1, '/loja/bs.tooltip', 'https://vinhodetalha.com/loja/themes/default-bootstrap/js/autoload/10-bootstrap.min.js', '2020-04-13 09:43:45'),
(778, 1, 1, '/loja/bs.popover', 'https://vinhodetalha.com/loja/themes/default-bootstrap/js/autoload/10-bootstrap.min.js', '2020-04-13 09:43:52'),
(779, 1, 1, '/loja/bs.scrollspy', 'https://vinhodetalha.com/loja/themes/default-bootstrap/js/autoload/10-bootstrap.min.js', '2020-04-13 09:43:55'),
(780, 1, 1, '/loja/bs.tab', 'https://vinhodetalha.com/loja/themes/default-bootstrap/js/autoload/10-bootstrap.min.js', '2020-04-13 09:44:00'),
(781, 1, 1, '/loja/bs.affix', 'https://vinhodetalha.com/loja/themes/default-bootstrap/js/autoload/10-bootstrap.min.js', '2020-04-13 09:44:04'),
(782, 1, 1, '/loja/onUpdate.player', 'https://vinhodetalha.com/loja/js/jquery/plugins/fancybox/jquery.fancybox.js', '2020-04-13 09:44:07'),
(783, 1, 1, '/loja/beforeLoad.player', 'https://vinhodetalha.com/loja/js/jquery/plugins/fancybox/jquery.fancybox.js', '2020-04-13 09:44:11'),
(784, 1, 1, '/loja/keydown.loading', 'https://vinhodetalha.com/loja/js/jquery/plugins/fancybox/jquery.fancybox.js', '2020-04-13 09:44:14'),
(785, 1, 1, '/loja/orientationchange.fb', 'https://vinhodetalha.com/loja/js/jquery/plugins/fancybox/jquery.fancybox.js', '2020-04-13 09:44:18'),
(786, 1, 1, '/loja/keydown.fb', 'https://vinhodetalha.com/loja/js/jquery/plugins/fancybox/jquery.fancybox.js', '2020-04-13 09:44:21'),
(787, 1, 1, '/loja/mousewheel.fb', 'https://vinhodetalha.com/loja/js/jquery/plugins/fancybox/jquery.fancybox.js', '2020-04-13 09:44:25'),
(788, 1, 1, '/loja/load.fb', 'https://vinhodetalha.com/loja/js/jquery/plugins/fancybox/jquery.fancybox.js', '2020-04-13 09:44:28'),
(789, 1, 1, '/loja/click.fb', 'https://vinhodetalha.com/loja/js/jquery/plugins/fancybox/jquery.fancybox.js', '2020-04-13 09:44:31'),
(790, 1, 1, '/loja/resize.overlay', 'https://vinhodetalha.com/loja/js/jquery/plugins/fancybox/jquery.fancybox.js', '2020-04-13 09:44:35'),
(791, 1, 1, '/loja/click.overlay', 'https://vinhodetalha.com/loja/js/jquery/plugins/fancybox/jquery.fancybox.js', '2020-04-13 09:44:38'),
(792, 1, 1, '/loja/click.fb-start', 'https://vinhodetalha.com/loja/js/jquery/plugins/fancybox/jquery.fancybox.js', '2020-04-13 09:44:42'),
(793, 1, 1, '/loja/prev.serialScroll', 'https://vinhodetalha.com/loja/js/jquery/plugins/jquery.serialScroll.js', '2020-04-13 09:44:48'),
(794, 1, 1, '/loja/next.serialScroll', 'https://vinhodetalha.com/loja/js/jquery/plugins/jquery.serialScroll.js', '2020-04-13 09:44:52'),
(795, 1, 1, '/loja/goto.serialScroll', 'https://vinhodetalha.com/loja/js/jquery/plugins/jquery.serialScroll.js', '2020-04-13 09:44:55'),
(796, 1, 1, '/loja/start.serialScroll', 'https://vinhodetalha.com/loja/js/jquery/plugins/jquery.serialScroll.js', '2020-04-13 09:44:59'),
(797, 1, 1, '/loja/stop.serialScroll', 'https://vinhodetalha.com/loja/js/jquery/plugins/jquery.serialScroll.js', '2020-04-13 09:45:03'),
(798, 1, 1, '/loja/notify.serialScroll', 'https://vinhodetalha.com/loja/js/jquery/plugins/jquery.serialScroll.js', '2020-04-13 09:45:06'),
(799, 1, 1, '/loja/mousemove.hoverIntent', 'https://vinhodetalha.com/loja/themes/default-bootstrap/js/modules/blocktopmenu/js/hoverIntent.js', '2020-04-13 09:45:10'),
(800, 1, 1, '/loja/mouseenter.hoverIntent', 'https://vinhodetalha.com/loja/themes/default-bootstrap/js/modules/blocktopmenu/js/hoverIntent.js', '2020-04-13 09:45:13'),
(801, 1, 1, '/loja/mouseleave.hoverIntent', 'https://vinhodetalha.com/loja/themes/default-bootstrap/js/modules/blocktopmenu/js/hoverIntent.js', '2020-04-13 09:45:17'),
(802, 1, 1, '/loja/mouseenter.superfish', 'https://vinhodetalha.com/loja/themes/default-bootstrap/js/modules/blocktopmenu/js/superfish-modified.js', '2020-04-13 09:45:20'),
(803, 1, 1, '/loja/mouseleave.superfish', 'https://vinhodetalha.com/loja/themes/default-bootstrap/js/modules/blocktopmenu/js/superfish-modified.js', '2020-04-13 09:45:24'),
(804, 1, 1, '/loja/MSPointerDown.superfish', 'https://vinhodetalha.com/loja/themes/default-bootstrap/js/modules/blocktopmenu/js/superfish-modified.js', '2020-04-13 09:45:27'),
(805, 1, 1, '/loja/focusin.superfish', 'https://vinhodetalha.com/loja/themes/default-bootstrap/js/modules/blocktopmenu/js/superfish-modified.js', '2020-04-13 09:45:31'),
(806, 1, 1, '/loja/focusout.superfish', 'https://vinhodetalha.com/loja/themes/default-bootstrap/js/modules/blocktopmenu/js/superfish-modified.js', '2020-04-13 09:45:34'),
(807, 1, 1, '/loja/click.superfish', 'https://vinhodetalha.com/loja/themes/default-bootstrap/js/modules/blocktopmenu/js/superfish-modified.js', '2020-04-13 09:45:38'),
(808, 1, 1, '/loja/submit._submit', 'https://vinhodetalha.com/loja/js/jquery/jquery-1.11.0.min.js', '2020-04-14 09:36:08'),
(809, 1, 1, '/loja/propertychange._change', 'https://vinhodetalha.com/loja/js/jquery/jquery-1.11.0.min.js', '2020-04-14 09:36:11'),
(810, 1, 1, '/loja/click._change', 'https://vinhodetalha.com/loja/js/jquery/jquery-1.11.0.min.js', '2020-04-14 09:36:15'),
(811, 1, 1, '/loja/beforeactivate._change', 'https://vinhodetalha.com/loja/js/jquery/jquery-1.11.0.min.js', '2020-04-14 09:36:18'),
(812, 1, 1, '/loja/change._change', 'https://vinhodetalha.com/loja/js/jquery/jquery-1.11.0.min.js', '2020-04-14 09:36:22'),
(813, 1, 1, '/loja/Microsoft.XMLDOM', 'https://vinhodetalha.com/loja/js/jquery/jquery-1.11.0.min.js', '2020-04-14 09:36:28'),
(814, 1, 1, '/loja/Microsoft.XMLHTTP', 'https://vinhodetalha.com/loja/js/jquery/jquery-1.11.0.min.js', '2020-04-14 09:36:32'),
(815, 1, 1, '/loja/bs.alert', 'https://vinhodetalha.com/loja/themes/default-bootstrap/js/autoload/10-bootstrap.min.js', '2020-04-14 09:36:35'),
(816, 1, 1, '/loja/bs.button', 'https://vinhodetalha.com/loja/themes/default-bootstrap/js/autoload/10-bootstrap.min.js', '2020-04-14 09:36:39'),
(817, 1, 1, '/loja/bs.carousel', 'https://vinhodetalha.com/loja/themes/default-bootstrap/js/autoload/10-bootstrap.min.js', '2020-04-14 09:36:42'),
(818, 1, 1, '/loja/bs.collapse', 'https://vinhodetalha.com/loja/themes/default-bootstrap/js/autoload/10-bootstrap.min.js', '2020-04-14 09:36:45'),
(819, 1, 1, '/loja/bs.modal', 'https://vinhodetalha.com/loja/themes/default-bootstrap/js/autoload/10-bootstrap.min.js', '2020-04-14 09:36:49'),
(820, 1, 1, '/loja/bs.tooltip', 'https://vinhodetalha.com/loja/themes/default-bootstrap/js/autoload/10-bootstrap.min.js', '2020-04-14 09:36:52'),
(821, 1, 1, '/loja/bs.popover', 'https://vinhodetalha.com/loja/themes/default-bootstrap/js/autoload/10-bootstrap.min.js', '2020-04-14 09:36:59'),
(822, 1, 1, '/loja/bs.scrollspy', 'https://vinhodetalha.com/loja/themes/default-bootstrap/js/autoload/10-bootstrap.min.js', '2020-04-14 09:37:03'),
(823, 1, 1, '/loja/bs.tab', 'https://vinhodetalha.com/loja/themes/default-bootstrap/js/autoload/10-bootstrap.min.js', '2020-04-14 09:37:06'),
(824, 1, 1, '/loja/bs.affix', 'https://vinhodetalha.com/loja/themes/default-bootstrap/js/autoload/10-bootstrap.min.js', '2020-04-14 09:37:09'),
(825, 1, 1, '/loja/onUpdate.player', 'https://vinhodetalha.com/loja/js/jquery/plugins/fancybox/jquery.fancybox.js', '2020-04-14 09:37:13'),
(826, 1, 1, '/loja/beforeLoad.player', 'https://vinhodetalha.com/loja/js/jquery/plugins/fancybox/jquery.fancybox.js', '2020-04-14 09:37:16'),
(827, 1, 1, '/loja/keydown.loading', 'https://vinhodetalha.com/loja/js/jquery/plugins/fancybox/jquery.fancybox.js', '2020-04-14 09:37:20'),
(828, 1, 1, '/loja/orientationchange.fb', 'https://vinhodetalha.com/loja/js/jquery/plugins/fancybox/jquery.fancybox.js', '2020-04-14 09:37:23'),
(829, 1, 1, '/loja/keydown.fb', 'https://vinhodetalha.com/loja/js/jquery/plugins/fancybox/jquery.fancybox.js', '2020-04-14 09:37:27'),
(830, 1, 1, '/loja/mousewheel.fb', 'https://vinhodetalha.com/loja/js/jquery/plugins/fancybox/jquery.fancybox.js', '2020-04-14 09:37:30'),
(831, 1, 1, '/loja/load.fb', 'https://vinhodetalha.com/loja/js/jquery/plugins/fancybox/jquery.fancybox.js', '2020-04-14 09:37:34'),
(832, 1, 1, '/loja/click.fb', 'https://vinhodetalha.com/loja/js/jquery/plugins/fancybox/jquery.fancybox.js', '2020-04-14 09:37:37'),
(833, 1, 1, '/loja/resize.overlay', 'https://vinhodetalha.com/loja/js/jquery/plugins/fancybox/jquery.fancybox.js', '2020-04-14 09:37:41'),
(834, 1, 1, '/loja/click.overlay', 'https://vinhodetalha.com/loja/js/jquery/plugins/fancybox/jquery.fancybox.js', '2020-04-14 09:37:44'),
(835, 1, 1, '/loja/click.fb-start', 'https://vinhodetalha.com/loja/js/jquery/plugins/fancybox/jquery.fancybox.js', '2020-04-14 09:37:47'),
(836, 1, 1, '/loja/prev.serialScroll', 'https://vinhodetalha.com/loja/js/jquery/plugins/jquery.serialScroll.js', '2020-04-14 09:37:54'),
(837, 1, 1, '/loja/next.serialScroll', 'https://vinhodetalha.com/loja/js/jquery/plugins/jquery.serialScroll.js', '2020-04-14 09:37:58'),
(838, 1, 1, '/loja/goto.serialScroll', 'https://vinhodetalha.com/loja/js/jquery/plugins/jquery.serialScroll.js', '2020-04-14 09:38:01'),
(839, 1, 1, '/loja/start.serialScroll', 'https://vinhodetalha.com/loja/js/jquery/plugins/jquery.serialScroll.js', '2020-04-14 09:38:05'),
(840, 1, 1, '/loja/stop.serialScroll', 'https://vinhodetalha.com/loja/js/jquery/plugins/jquery.serialScroll.js', '2020-04-14 09:38:08'),
(841, 1, 1, '/loja/notify.serialScroll', 'https://vinhodetalha.com/loja/js/jquery/plugins/jquery.serialScroll.js', '2020-04-14 09:38:12'),
(842, 1, 1, '/loja/mousemove.hoverIntent', 'https://vinhodetalha.com/loja/themes/default-bootstrap/js/modules/blocktopmenu/js/hoverIntent.js', '2020-04-14 09:38:15'),
(843, 1, 1, '/loja/mouseenter.hoverIntent', 'https://vinhodetalha.com/loja/themes/default-bootstrap/js/modules/blocktopmenu/js/hoverIntent.js', '2020-04-14 09:38:18'),
(844, 1, 1, '/loja/mouseleave.hoverIntent', 'https://vinhodetalha.com/loja/themes/default-bootstrap/js/modules/blocktopmenu/js/hoverIntent.js', '2020-04-14 09:38:22'),
(845, 1, 1, '/loja/mouseenter.superfish', 'https://vinhodetalha.com/loja/themes/default-bootstrap/js/modules/blocktopmenu/js/superfish-modified.js', '2020-04-14 09:38:26'),
(846, 1, 1, '/loja/mouseleave.superfish', 'https://vinhodetalha.com/loja/themes/default-bootstrap/js/modules/blocktopmenu/js/superfish-modified.js', '2020-04-14 09:38:29'),
(847, 1, 1, '/loja/MSPointerDown.superfish', 'https://vinhodetalha.com/loja/themes/default-bootstrap/js/modules/blocktopmenu/js/superfish-modified.js', '2020-04-14 09:38:32'),
(848, 1, 1, '/loja/focusin.superfish', 'https://vinhodetalha.com/loja/themes/default-bootstrap/js/modules/blocktopmenu/js/superfish-modified.js', '2020-04-14 09:38:36'),
(849, 1, 1, '/loja/focusout.superfish', 'https://vinhodetalha.com/loja/themes/default-bootstrap/js/modules/blocktopmenu/js/superfish-modified.js', '2020-04-14 09:38:39'),
(850, 1, 1, '/loja/click.superfish', 'https://vinhodetalha.com/loja/themes/default-bootstrap/js/modules/blocktopmenu/js/superfish-modified.js', '2020-04-14 09:38:43'),
(851, 1, 1, '/loja/modules/homeslider/images/71bf5936fe91b065ba44ff8a7f37ba0a780e5c1f_About', 'http://VINHODETALHA.COM', '2020-04-16 15:48:43'),
(852, 1, 1, '/loja/modules/homeslider/images/71f7038f6eacc65d01a2b2e5337c287e84f1be47_About', 'http://VINHODETALHA.COM', '2020-04-16 15:48:45'),
(853, 1, 1, '/loja/modules/homeslider/images/815ad32d2e191b4f1230be2bc29a0109428911eb_About', 'http://VINHODETALHA.COM', '2020-04-16 15:48:47'),
(854, 1, 1, '/loja/modules/homeslider/images/64b7938b121d6e45071f3f05b698eddb7455f24d_About', 'http://VINHODETALHA.COM', '2020-04-16 15:48:51'),
(855, 1, 1, '/loja/index.php?controller=404', '', '2020-04-19 13:52:43'),
(856, 1, 1, '/loja/index.php?controller=404', '', '2020-04-20 15:50:46'),
(857, 1, 1, '/loja/index.php?controller=404', '', '2020-04-20 18:51:35'),
(858, 1, 1, '/loja/index.php?controller=404', '', '2020-04-24 14:37:05'),
(859, 1, 1, '/loja/logs/xml.log', '', '2020-04-29 04:03:07'),
(860, 1, 1, '/loja/modules/homeslider/images/71bf5936fe91b065ba44ff8a7f37ba0a780e5c1f_About', 'http://vinhodetalha.com', '2020-05-10 00:58:03'),
(861, 1, 1, '/loja/modules/homeslider/images/71f7038f6eacc65d01a2b2e5337c287e84f1be47_About', 'http://vinhodetalha.com', '2020-05-10 00:58:04'),
(862, 1, 1, '/loja/modules/homeslider/images/815ad32d2e191b4f1230be2bc29a0109428911eb_About', 'http://vinhodetalha.com', '2020-05-10 00:58:06'),
(863, 1, 1, '/loja/modules/homeslider/images/64b7938b121d6e45071f3f05b698eddb7455f24d_About', 'http://vinhodetalha.com', '2020-05-10 00:58:09'),
(864, 1, 1, '/loja/index.php?controller=404', '', '2020-05-12 22:06:42'),
(865, 1, 1, '/loja/index.php?controller=404', '', '2020-05-13 16:12:42'),
(866, 1, 1, '/loja/img/favicon.ico%3F1588265103', '', '2020-05-14 19:31:37'),
(867, 1, 1, '/loja/index.php?controller=404', '', '2020-05-25 06:28:50'),
(868, 1, 1, '/loja/index.php?controller=404', '', '2020-05-25 06:29:34'),
(869, 1, 1, '/loja/index.php?controller=404', '', '2020-05-25 20:17:08'),
(870, 1, 1, '/loja/index.php?controller=404', '', '2020-06-03 02:37:43'),
(871, 1, 1, '/loja/index.php?controller=404', '', '2020-06-04 18:09:05'),
(872, 1, 1, '/loja/index.php?controller=404', '', '2020-06-12 15:46:10'),
(873, 1, 1, '/loja/index.php?controller=404', '', '2020-06-12 15:56:34'),
(874, 1, 1, '/loja/index.php?controller=404', '', '2020-06-12 17:32:01'),
(875, 1, 1, '/loja/mysql-backup/', '', '2020-06-13 02:13:03'),
(876, 1, 1, '/loja/vinhodetalha.com.sql', '', '2020-06-13 02:13:06'),
(877, 1, 1, '/loja/vinhodetalhacom.sql.zip', '', '2020-06-14 02:47:38'),
(878, 1, 1, '/loja/index.php?controller=404', '', '2020-06-14 13:40:34'),
(879, 1, 1, '/loja/index.php?controller=404', '', '2020-06-17 12:19:12'),
(880, 1, 1, '/loja/db.mysql.tar', '', '2020-06-18 19:45:57'),
(881, 1, 1, '/loja/vinhodetalhacom.sql.zip', '', '2020-06-19 02:04:36'),
(882, 1, 1, '/loja/database.mysql.tar', '', '2020-06-19 12:43:32'),
(883, 1, 1, '/loja/db.mysql.gz', '', '2020-06-21 18:32:14'),
(884, 1, 1, '/loja/backup.mysql.zip', '', '2020-06-26 02:27:03'),
(885, 1, 1, '/loja/db.mysql.tar.gz', '', '2020-06-26 06:38:10'),
(886, 1, 1, '/loja/modules/themeconfigurator/img/dd46e889eb1e786a944cbb987e971f14d2b9fb8f_na-compra-de-uma-garrafa-de-vinho-1856-50-de-desconto-no-no', 'http://vinhodetalha.com/loja/admin123/index.php?tab=AdminModules&configure=themeconfigurator&token=c410cc505e0a47ab12e12209b0520377&tab_module=other&module_name=themeconfigurator', '2020-07-01 10:22:32'),
(887, 1, 1, '/loja/modules/themeconfigurator/img/dd46e889eb1e786a944cbb987e971f14d2b9fb8f_na-compra-de-uma-garrafa-de-vinho-1856-50-de-desconto-no-no', 'https://vinhodetalha.com/loja/index.php', '2020-07-01 10:22:34'),
(888, 1, 1, '/loja/modules/themeconfigurator/img/e9c3efa5ce23ab8e412620d785c30cb66e85e79c_na-compra-de-uma-garrafa-de-vinho-1856-50-de-desconto-no-no', 'http://vinhodetalha.com/loja/admin123/index.php?tab=AdminModules&configure=themeconfigurator&token=c410cc505e0a47ab12e12209b0520377&tab_module=other&module_name=themeconfigurator', '2020-07-01 10:22:59'),
(889, 1, 1, '/loja/modules/themeconfigurator/img/e9c3efa5ce23ab8e412620d785c30cb66e85e79c_na-compra-de-uma-garrafa-de-vinho-1856-50-de-desconto-no-no', 'https://vinhodetalha.com/loja/index.php', '2020-07-01 10:23:03'),
(890, 1, 1, '/loja/modules/themeconfigurator/img/dc1c39bf91fd86511a375d00eb70f43b3e4be445_na-compra-de-uma-garrafa-de-vinho-1856-50-de-desconto-no-no', 'http://vinhodetalha.com/loja/admin123/index.php?tab=AdminModules&configure=themeconfigurator&token=c410cc505e0a47ab12e12209b0520377&tab_module=other&module_name=themeconfigurator', '2020-07-01 10:23:32'),
(891, 1, 1, '/loja/modules/themeconfigurator/img/dc1c39bf91fd86511a375d00eb70f43b3e4be445_na-compra-de-uma-garrafa-de-vinho-1856-50-de-desconto-no-no', 'https://vinhodetalha.com/loja/index.php', '2020-07-01 10:23:36'),
(892, 1, 1, '/loja/modules/themeconfigurator/img/dc1c39bf91fd86511a375d00eb70f43b3e4be445_na-compra-de-uma-garrafa-de-vinho-1856-50-de-desconto-no-no', 'https://vinhodetalha.com/loja/index.php', '2020-07-01 10:23:37'),
(893, 1, 1, '/loja/modules/themeconfigurator/img/dc1c39bf91fd86511a375d00eb70f43b3e4be445_na-compra-de-uma-garrafa-de-vinho-1856-50-de-desconto-no-no', 'https://vinhodetalha.com/loja/index.php', '2020-07-01 10:23:52'),
(894, 1, 1, '/loja/modules/themeconfigurator/img/dc1c39bf91fd86511a375d00eb70f43b3e4be445_na-compra-de-uma-garrafa-de-vinho-1856-50-de-desconto-no-no', 'https://vinhodetalha.com/loja/index.php', '2020-07-01 10:24:24'),
(895, 1, 1, '/loja/modules/themeconfigurator/img/dc1c39bf91fd86511a375d00eb70f43b3e4be445_na-compra-de-uma-garrafa-de-vinho-1856-50-de-desconto-no-no', 'https://vinhodetalha.com/loja/index.php', '2020-07-01 10:25:24'),
(896, 1, 1, '/loja/modules/themeconfigurator/img/dc1c39bf91fd86511a375d00eb70f43b3e4be445_na-compra-de-uma-garrafa-de-vinho-1856-50-de-desconto-no-no', 'https://vinhodetalha.com/loja/index.php', '2020-07-01 11:10:51'),
(897, 1, 1, '/loja/modules/themeconfigurator/img/dc1c39bf91fd86511a375d00eb70f43b3e4be445_na-compra-de-uma-garrafa-de-vinho-1856-50-de-desconto-no-no', 'https://vinhodetalha.com/loja/index.php', '2020-07-01 13:06:23'),
(898, 1, 1, '/loja/modules/themeconfigurator/img/dc1c39bf91fd86511a375d00eb70f43b3e4be445_na-compra-de-uma-garrafa-de-vinho-1856-50-de-desconto-no-no', 'https://vinhodetalha.com/loja/index.php', '2020-07-01 14:52:01'),
(899, 1, 1, '/loja/modules/themeconfigurator/img/dc1c39bf91fd86511a375d00eb70f43b3e4be445_na-compra-de-uma-garrafa-de-vinho-1856-50-de-desconto-no-no', 'https://vinhodetalha.com/loja/index.php', '2020-07-01 16:29:23'),
(900, 1, 1, '/loja/modules/themeconfigurator/img/dc1c39bf91fd86511a375d00eb70f43b3e4be445_na-compra-de-uma-garrafa-de-vinho-1856-50-de-desconto-no-no', 'https://vinhodetalha.com/loja/index.php', '2020-07-01 18:51:32'),
(901, 1, 1, '/loja/modules/themeconfigurator/img/dc1c39bf91fd86511a375d00eb70f43b3e4be445_na-compra-de-uma-garrafa-de-vinho-1856-50-de-desconto-no-no', '', '2020-07-01 19:03:40'),
(902, 1, 1, '/loja/modules/themeconfigurator/img/dc1c39bf91fd86511a375d00eb70f43b3e4be445_na-compra-de-uma-garrafa-de-vinho-1856-50-de-desconto-no-no', 'https://vinhodetalha.com/loja/index.php', '2020-07-01 19:28:53'),
(903, 1, 1, '/loja/modules/themeconfigurator/img/dc1c39bf91fd86511a375d00eb70f43b3e4be445_na-compra-de-uma-garrafa-de-vinho-1856-50-de-desconto-no-no', 'https://vinhodetalha.com/loja/index.php', '2020-07-01 20:55:34'),
(904, 1, 1, '/loja/modules/themeconfigurator/img/dc1c39bf91fd86511a375d00eb70f43b3e4be445_na-compra-de-uma-garrafa-de-vinho-1856-50-de-desconto-no-no', 'https://vinhodetalha.com/loja/index.php', '2020-07-02 08:45:05'),
(905, 1, 1, '/loja/modules/themeconfigurator/img/dc1c39bf91fd86511a375d00eb70f43b3e4be445_na-compra-de-uma-garrafa-de-vinho-1856-50-de-desconto-no-no', 'https://vinhodetalha.com/loja/index.php', '2020-07-02 09:52:36'),
(906, 1, 1, '/loja/modules/themeconfigurator/img/dc1c39bf91fd86511a375d00eb70f43b3e4be445_na-compra-de-uma-garrafa-de-vinho-1856-50-de-desconto-no-no', 'https://vinhodetalha.com/loja/index.php', '2020-07-02 09:55:14'),
(907, 1, 1, '/loja/modules/themeconfigurator/img/dc1c39bf91fd86511a375d00eb70f43b3e4be445_na-compra-de-uma-garrafa-de-vinho-1856-50-de-desconto-no-no', 'https://vinhodetalha.com/loja/index.php', '2020-07-02 13:22:55'),
(908, 1, 1, '/loja/modules/themeconfigurator/img/dc1c39bf91fd86511a375d00eb70f43b3e4be445_na-compra-de-uma-garrafa-de-vinho-1856-50-de-desconto-no-no', 'https://vinhodetalha.com/loja/index.php', '2020-07-02 14:05:17'),
(909, 1, 1, '/loja/modules/themeconfigurator/img/dc1c39bf91fd86511a375d00eb70f43b3e4be445_na-compra-de-uma-garrafa-de-vinho-1856-50-de-desconto-no-no', 'https://vinhodetalha.com/loja/index.php', '2020-07-02 15:55:20'),
(910, 1, 1, '/loja/modules/themeconfigurator/img/dc1c39bf91fd86511a375d00eb70f43b3e4be445_na-compra-de-uma-garrafa-de-vinho-1856-50-de-desconto-no-no', 'https://vinhodetalha.com/loja/index.php', '2020-07-02 17:39:10'),
(911, 1, 1, '/loja/modules/themeconfigurator/img/dc1c39bf91fd86511a375d00eb70f43b3e4be445_na-compra-de-uma-garrafa-de-vinho-1856-50-de-desconto-no-no', 'https://vinhodetalha.com/loja/index.php', '2020-07-02 17:49:53'),
(912, 1, 1, '/loja/modules/themeconfigurator/img/dc1c39bf91fd86511a375d00eb70f43b3e4be445_na-compra-de-uma-garrafa-de-vinho-1856-50-de-desconto-no-no', 'https://vinhodetalha.com/loja/index.php', '2020-07-02 17:50:50'),
(913, 1, 1, '/loja/modules/themeconfigurator/img/dc1c39bf91fd86511a375d00eb70f43b3e4be445_na-compra-de-uma-garrafa-de-vinho-1856-50-de-desconto-no-no', 'https://vinhodetalha.com/loja/index.php', '2020-07-02 18:26:50'),
(914, 1, 1, '/loja/modules/themeconfigurator/img/dc1c39bf91fd86511a375d00eb70f43b3e4be445_na-compra-de-uma-garrafa-de-vinho-1856-50-de-desconto-no-no', 'https://vinhodetalha.com/loja/index.php', '2020-07-02 21:08:44'),
(915, 1, 1, '/loja/modules/themeconfigurator/img/dc1c39bf91fd86511a375d00eb70f43b3e4be445_na-compra-de-uma-garrafa-de-vinho-1856-50-de-desconto-no-no', 'https://vinhodetalha.com/loja/index.php', '2020-07-02 21:11:33'),
(916, 1, 1, '/loja/modules/themeconfigurator/img/dc1c39bf91fd86511a375d00eb70f43b3e4be445_na-compra-de-uma-garrafa-de-vinho-1856-50-de-desconto-no-no', 'https://vinhodetalha.com/loja/index.php?id_lang=2', '2020-07-03 00:36:20'),
(917, 1, 1, '/loja/modules/themeconfigurator/img/dc1c39bf91fd86511a375d00eb70f43b3e4be445_na-compra-de-uma-garrafa-de-vinho-1856-50-de-desconto-no-no', 'https://vinhodetalha.com/loja/index.php?id_lang=2', '2020-07-03 00:40:44'),
(918, 1, 1, '/loja/modules/themeconfigurator/img/dc1c39bf91fd86511a375d00eb70f43b3e4be445_na-compra-de-uma-garrafa-de-vinho-1856-50-de-desconto-no-no', 'https://vinhodetalha.com/loja/index.php', '2020-07-03 00:49:22'),
(919, 1, 1, '/loja/modules/themeconfigurator/img/dc1c39bf91fd86511a375d00eb70f43b3e4be445_na-compra-de-uma-garrafa-de-vinho-1856-50-de-desconto-no-no', 'https://vinhodetalha.com/loja/index.php', '2020-07-03 00:59:45'),
(920, 1, 1, '/loja/modules/themeconfigurator/img/dc1c39bf91fd86511a375d00eb70f43b3e4be445_na-compra-de-uma-garrafa-de-vinho-1856-50-de-desconto-no-no', 'https://vinhodetalha.com/loja/index.php', '2020-07-03 01:00:34'),
(921, 1, 1, '/loja/modules/themeconfigurator/img/dc1c39bf91fd86511a375d00eb70f43b3e4be445_na-compra-de-uma-garrafa-de-vinho-1856-50-de-desconto-no-no', 'https://vinhodetalha.com/loja/index.php?fbclid=IwAR18Qtw4UyQ-xYswwdiDvN8XzUGSxNzjoOp_bNrxp50RA7RccfV2-cdl7Rc', '2020-07-03 01:02:27'),
(922, 1, 1, '/loja/modules/themeconfigurator/img/dc1c39bf91fd86511a375d00eb70f43b3e4be445_na-compra-de-uma-garrafa-de-vinho-1856-50-de-desconto-no-no', 'https://vinhodetalha.com/loja/index.php', '2020-07-03 08:14:41'),
(923, 1, 1, '/loja/modules/themeconfigurator/img/dc1c39bf91fd86511a375d00eb70f43b3e4be445_na-compra-de-uma-garrafa-de-vinho-1856-50-de-desconto-no-no', 'https://vinhodetalha.com/loja/index.php', '2020-07-03 10:05:42'),
(924, 1, 1, '/loja/modules/themeconfigurator/img/dc1c39bf91fd86511a375d00eb70f43b3e4be445_na-compra-de-uma-garrafa-de-vinho-1856-50-de-desconto-no-no', 'https://vinhodetalha.com/loja/index.php', '2020-07-03 10:28:48'),
(925, 1, 1, '/loja/modules/themeconfigurator/img/dc1c39bf91fd86511a375d00eb70f43b3e4be445_na-compra-de-uma-garrafa-de-vinho-1856-50-de-desconto-no-no', 'https://vinhodetalha.com/loja/index.php', '2020-07-03 12:01:56'),
(926, 1, 1, '/loja/modules/themeconfigurator/img/dc1c39bf91fd86511a375d00eb70f43b3e4be445_na-compra-de-uma-garrafa-de-vinho-1856-50-de-desconto-no-no', 'https://vinhodetalha.com/loja/index.php', '2020-07-03 13:46:02'),
(927, 1, 1, '/loja/modules/themeconfigurator/img/dc1c39bf91fd86511a375d00eb70f43b3e4be445_na-compra-de-uma-garrafa-de-vinho-1856-50-de-desconto-no-no', 'https://vinhodetalha.com/loja/index.php', '2020-07-03 15:39:03'),
(928, 1, 1, '/loja/modules/themeconfigurator/img/dc1c39bf91fd86511a375d00eb70f43b3e4be445_na-compra-de-uma-garrafa-de-vinho-1856-50-de-desconto-no-no', 'https://vinhodetalha.com/loja/index.php', '2020-07-03 16:48:48'),
(929, 1, 1, '/loja/modules/themeconfigurator/img/dc1c39bf91fd86511a375d00eb70f43b3e4be445_na-compra-de-uma-garrafa-de-vinho-1856-50-de-desconto-no-no', '', '2020-07-03 18:51:11'),
(930, 1, 1, '/loja/modules/themeconfigurator/img/dc1c39bf91fd86511a375d00eb70f43b3e4be445_na-compra-de-uma-garrafa-de-vinho-1856-50-de-desconto-no-no', 'https://vinhodetalha.com/loja/index.php', '2020-07-03 19:42:03'),
(931, 1, 1, '/loja/modules/themeconfigurator/img/dc1c39bf91fd86511a375d00eb70f43b3e4be445_na-compra-de-uma-garrafa-de-vinho-1856-50-de-desconto-no-no', 'https://vinhodetalha.com/loja/index.php', '2020-07-03 22:52:39'),
(932, 1, 1, '/loja/modules/themeconfigurator/img/dc1c39bf91fd86511a375d00eb70f43b3e4be445_na-compra-de-uma-garrafa-de-vinho-1856-50-de-desconto-no-no', 'https://vinhodetalha.com/loja/index.php', '2020-07-04 00:07:37'),
(933, 1, 1, '/loja/modules/themeconfigurator/img/dc1c39bf91fd86511a375d00eb70f43b3e4be445_na-compra-de-uma-garrafa-de-vinho-1856-50-de-desconto-no-no', 'https://vinhodetalha.com/loja/index.php', '2020-07-04 00:08:40'),
(934, 1, 1, '/loja/modules/themeconfigurator/img/dc1c39bf91fd86511a375d00eb70f43b3e4be445_na-compra-de-uma-garrafa-de-vinho-1856-50-de-desconto-no-no', 'https://vinhodetalha.com/loja/index.php', '2020-07-04 01:10:17'),
(935, 1, 1, '/loja/modules/themeconfigurator/img/dc1c39bf91fd86511a375d00eb70f43b3e4be445_na-compra-de-uma-garrafa-de-vinho-1856-50-de-desconto-no-no', '', '2020-07-04 08:43:16'),
(936, 1, 1, '/loja/modules/themeconfigurator/img/dc1c39bf91fd86511a375d00eb70f43b3e4be445_na-compra-de-uma-garrafa-de-vinho-1856-50-de-desconto-no-no', 'https://vinhodetalha.com/loja/index.php', '2020-07-04 11:08:53'),
(937, 1, 1, '/loja/modules/themeconfigurator/img/dc1c39bf91fd86511a375d00eb70f43b3e4be445_na-compra-de-uma-garrafa-de-vinho-1856-50-de-desconto-no-no', 'https://vinhodetalha.com/loja/index.php', '2020-07-04 13:31:36'),
(938, 1, 1, '/loja/modules/themeconfigurator/img/dc1c39bf91fd86511a375d00eb70f43b3e4be445_na-compra-de-uma-garrafa-de-vinho-1856-50-de-desconto-no-no', 'https://vinhodetalha.com/loja/index.php', '2020-07-04 13:32:17'),
(939, 1, 1, '/loja/modules/themeconfigurator/img/dc1c39bf91fd86511a375d00eb70f43b3e4be445_na-compra-de-uma-garrafa-de-vinho-1856-50-de-desconto-no-no', 'https://vinhodetalha.com/loja/index.php', '2020-07-04 13:42:52'),
(940, 1, 1, '/loja/modules/themeconfigurator/img/dc1c39bf91fd86511a375d00eb70f43b3e4be445_na-compra-de-uma-garrafa-de-vinho-1856-50-de-desconto-no-no', 'https://vinhodetalha.com/loja/index.php', '2020-07-04 13:44:01'),
(941, 1, 1, '/loja/modules/themeconfigurator/img/dc1c39bf91fd86511a375d00eb70f43b3e4be445_na-compra-de-uma-garrafa-de-vinho-1856-50-de-desconto-no-no', 'https://vinhodetalha.com/loja/index.php', '2020-07-04 13:49:35'),
(942, 1, 1, '/loja/modules/themeconfigurator/img/dc1c39bf91fd86511a375d00eb70f43b3e4be445_na-compra-de-uma-garrafa-de-vinho-1856-50-de-desconto-no-no', 'https://vinhodetalha.com/loja/index.php', '2020-07-04 13:56:52'),
(943, 1, 1, '/loja/modules/themeconfigurator/img/dc1c39bf91fd86511a375d00eb70f43b3e4be445_na-compra-de-uma-garrafa-de-vinho-1856-50-de-desconto-no-no', 'https://vinhodetalha.com/loja/index.php', '2020-07-04 13:59:01'),
(944, 1, 1, '/loja/modules/themeconfigurator/img/dc1c39bf91fd86511a375d00eb70f43b3e4be445_na-compra-de-uma-garrafa-de-vinho-1856-50-de-desconto-no-no', 'https://vinhodetalha.com/loja/index.php', '2020-07-04 14:05:04'),
(945, 1, 1, '/loja/modules/themeconfigurator/img/dc1c39bf91fd86511a375d00eb70f43b3e4be445_na-compra-de-uma-garrafa-de-vinho-1856-50-de-desconto-no-no', 'https://vinhodetalha.com/loja/index.php', '2020-07-04 16:01:44'),
(946, 1, 1, '/loja/modules/themeconfigurator/img/dc1c39bf91fd86511a375d00eb70f43b3e4be445_na-compra-de-uma-garrafa-de-vinho-1856-50-de-desconto-no-no', 'https://vinhodetalha.com/loja/index.php', '2020-07-04 16:57:50'),
(947, 1, 1, '/loja/modules/themeconfigurator/img/dc1c39bf91fd86511a375d00eb70f43b3e4be445_na-compra-de-uma-garrafa-de-vinho-1856-50-de-desconto-no-no', 'https://vinhodetalha.com/loja/index.php', '2020-07-04 17:02:06'),
(948, 1, 1, '/loja/modules/themeconfigurator/img/dc1c39bf91fd86511a375d00eb70f43b3e4be445_na-compra-de-uma-garrafa-de-vinho-1856-50-de-desconto-no-no', 'https://vinhodetalha.com/loja/index.php', '2020-07-04 20:45:51'),
(949, 1, 1, '/loja/modules/themeconfigurator/img/dc1c39bf91fd86511a375d00eb70f43b3e4be445_na-compra-de-uma-garrafa-de-vinho-1856-50-de-desconto-no-no', 'https://vinhodetalha.com/loja/index.php', '2020-07-04 22:10:02'),
(950, 1, 1, '/loja/modules/themeconfigurator/img/dc1c39bf91fd86511a375d00eb70f43b3e4be445_na-compra-de-uma-garrafa-de-vinho-1856-50-de-desconto-no-no', 'https://vinhodetalha.com/loja/index.php', '2020-07-05 13:38:07'),
(951, 1, 1, '/loja/modules/themeconfigurator/img/dc1c39bf91fd86511a375d00eb70f43b3e4be445_na-compra-de-uma-garrafa-de-vinho-1856-50-de-desconto-no-no', 'https://vinhodetalha.com/loja/index.php', '2020-07-05 14:09:36'),
(952, 1, 1, '/loja/modules/themeconfigurator/img/dc1c39bf91fd86511a375d00eb70f43b3e4be445_na-compra-de-uma-garrafa-de-vinho-1856-50-de-desconto-no-no', 'https://vinhodetalha.com/loja/index.php', '2020-07-05 14:29:53'),
(953, 1, 1, '/loja/modules/themeconfigurator/img/dc1c39bf91fd86511a375d00eb70f43b3e4be445_na-compra-de-uma-garrafa-de-vinho-1856-50-de-desconto-no-no', 'https://vinhodetalha.com/loja/index.php', '2020-07-05 15:52:21'),
(954, 1, 1, '/loja/modules/themeconfigurator/img/dc1c39bf91fd86511a375d00eb70f43b3e4be445_na-compra-de-uma-garrafa-de-vinho-1856-50-de-desconto-no-no', 'https://vinhodetalha.com/loja/index.php', '2020-07-05 16:58:56'),
(955, 1, 1, '/loja/modules/themeconfigurator/img/dc1c39bf91fd86511a375d00eb70f43b3e4be445_na-compra-de-uma-garrafa-de-vinho-1856-50-de-desconto-no-no', 'https://vinhodetalha.com/loja/index.php', '2020-07-05 19:11:05'),
(956, 1, 1, '/loja/modules/themeconfigurator/img/dc1c39bf91fd86511a375d00eb70f43b3e4be445_na-compra-de-uma-garrafa-de-vinho-1856-50-de-desconto-no-no', 'https://vinhodetalha.com/loja/index.php', '2020-07-05 19:30:36'),
(957, 1, 1, '/loja/modules/themeconfigurator/img/dc1c39bf91fd86511a375d00eb70f43b3e4be445_na-compra-de-uma-garrafa-de-vinho-1856-50-de-desconto-no-no', 'https://vinhodetalha.com/loja/index.php', '2020-07-05 19:33:49'),
(958, 1, 1, '/loja/modules/themeconfigurator/img/dc1c39bf91fd86511a375d00eb70f43b3e4be445_na-compra-de-uma-garrafa-de-vinho-1856-50-de-desconto-no-no', 'https://vinhodetalha.com/loja/index.php', '2020-07-05 19:41:48'),
(959, 1, 1, '/loja/modules/themeconfigurator/img/dc1c39bf91fd86511a375d00eb70f43b3e4be445_na-compra-de-uma-garrafa-de-vinho-1856-50-de-desconto-no-no', 'https://vinhodetalha.com/loja/index.php', '2020-07-05 23:08:03'),
(960, 1, 1, '/loja/modules/themeconfigurator/img/dc1c39bf91fd86511a375d00eb70f43b3e4be445_na-compra-de-uma-garrafa-de-vinho-1856-50-de-desconto-no-no', 'https://vinhodetalha.com/loja/index.php', '2020-07-05 23:22:31'),
(961, 1, 1, '/loja/modules/themeconfigurator/img/dc1c39bf91fd86511a375d00eb70f43b3e4be445_na-compra-de-uma-garrafa-de-vinho-1856-50-de-desconto-no-no', 'https://vinhodetalha.com/loja/index.php', '2020-07-06 00:19:36'),
(962, 1, 1, '/loja/modules/themeconfigurator/img/dc1c39bf91fd86511a375d00eb70f43b3e4be445_na-compra-de-uma-garrafa-de-vinho-1856-50-de-desconto-no-no', 'https://vinhodetalha.com/loja/index.php?live_configurator_token=a75b5656c262199991960b43edfe3b40&id_employee=1&id_shop=1', '2020-07-06 08:10:30'),
(963, 1, 1, '/loja/modules/themeconfigurator/img/dc1c39bf91fd86511a375d00eb70f43b3e4be445_na-compra-de-uma-garrafa-de-vinho-1856-50-de-desconto-no-no', 'https://vinhodetalha.com/loja/index.php', '2020-07-06 08:11:38'),
(964, 1, 1, '/loja/modules/themeconfigurator/img/dc1c39bf91fd86511a375d00eb70f43b3e4be445_na-compra-de-uma-garrafa-de-vinho-1856-50-de-desconto-no-no', 'https://vinhodetalha.com/loja/index.php', '2020-07-06 12:02:51'),
(965, 1, 1, '/loja/modules/themeconfigurator/img/dc1c39bf91fd86511a375d00eb70f43b3e4be445_na-compra-de-uma-garrafa-de-vinho-1856-50-de-desconto-no-no', 'https://vinhodetalha.com/loja/index.php', '2020-07-06 12:03:05'),
(966, 1, 1, '/loja/modules/themeconfigurator/img/dc1c39bf91fd86511a375d00eb70f43b3e4be445_na-compra-de-uma-garrafa-de-vinho-1856-50-de-desconto-no-no', 'https://vinhodetalha.com/loja/index.php', '2020-07-06 12:06:26'),
(967, 1, 1, '/loja/modules/themeconfigurator/img/dc1c39bf91fd86511a375d00eb70f43b3e4be445_na-compra-de-uma-garrafa-de-vinho-1856-50-de-desconto-no-no', 'https://vinhodetalha.com/loja/index.php', '2020-07-06 17:04:48'),
(968, 1, 1, '/loja/modules/themeconfigurator/img/dc1c39bf91fd86511a375d00eb70f43b3e4be445_na-compra-de-uma-garrafa-de-vinho-1856-50-de-desconto-no-no', 'https://vinhodetalha.com/loja/index.php', '2020-07-06 17:04:58'),
(969, 1, 1, '/loja/modules/themeconfigurator/img/dc1c39bf91fd86511a375d00eb70f43b3e4be445_na-compra-de-uma-garrafa-de-vinho-1856-50-de-desconto-no-no', 'https://vinhodetalha.com/loja/index.php', '2020-07-06 17:37:21'),
(970, 1, 1, '/loja/modules/themeconfigurator/img/dc1c39bf91fd86511a375d00eb70f43b3e4be445_na-compra-de-uma-garrafa-de-vinho-1856-50-de-desconto-no-no', 'https://vinhodetalha.com/loja/index.php', '2020-07-06 17:37:36'),
(971, 1, 1, '/loja/modules/themeconfigurator/img/dc1c39bf91fd86511a375d00eb70f43b3e4be445_na-compra-de-uma-garrafa-de-vinho-1856-50-de-desconto-no-no', 'https://vinhodetalha.com/loja/index.php', '2020-07-06 17:48:00'),
(972, 1, 1, '/loja/modules/themeconfigurator/img/dc1c39bf91fd86511a375d00eb70f43b3e4be445_na-compra-de-uma-garrafa-de-vinho-1856-50-de-desconto-no-no', 'https://vinhodetalha.com/loja/index.php', '2020-07-06 17:49:31'),
(973, 1, 1, '/loja/modules/themeconfigurator/img/dc1c39bf91fd86511a375d00eb70f43b3e4be445_na-compra-de-uma-garrafa-de-vinho-1856-50-de-desconto-no-no', 'https://vinhodetalha.com/loja/index.php', '2020-07-06 18:11:43'),
(974, 1, 1, '/loja/modules/themeconfigurator/img/dc1c39bf91fd86511a375d00eb70f43b3e4be445_na-compra-de-uma-garrafa-de-vinho-1856-50-de-desconto-no-no', 'https://vinhodetalha.com/loja/index.php', '2020-07-06 18:31:40'),
(975, 1, 1, '/loja/modules/themeconfigurator/img/dc1c39bf91fd86511a375d00eb70f43b3e4be445_na-compra-de-uma-garrafa-de-vinho-1856-50-de-desconto-no-no', 'https://vinhodetalha.com/loja/index.php', '2020-07-06 19:57:08'),
(976, 1, 1, '/loja/modules/themeconfigurator/img/dc1c39bf91fd86511a375d00eb70f43b3e4be445_na-compra-de-uma-garrafa-de-vinho-1856-50-de-desconto-no-no', 'https://vinhodetalha.com/loja/index.php', '2020-07-06 20:22:29'),
(977, 1, 1, '/loja/modules/themeconfigurator/img/dc1c39bf91fd86511a375d00eb70f43b3e4be445_na-compra-de-uma-garrafa-de-vinho-1856-50-de-desconto-no-no', '', '2020-07-06 21:02:59'),
(978, 1, 1, '/loja/modules/themeconfigurator/img/dc1c39bf91fd86511a375d00eb70f43b3e4be445_na-compra-de-uma-garrafa-de-vinho-1856-50-de-desconto-no-no', 'https://vinhodetalha.com/loja/index.php', '2020-07-06 21:51:50'),
(979, 1, 1, '/loja/modules/themeconfigurator/img/dc1c39bf91fd86511a375d00eb70f43b3e4be445_na-compra-de-uma-garrafa-de-vinho-1856-50-de-desconto-no-no', 'https://vinhodetalha.com/loja/index.php', '2020-07-06 22:36:32'),
(980, 1, 1, '/loja/modules/themeconfigurator/img/dc1c39bf91fd86511a375d00eb70f43b3e4be445_na-compra-de-uma-garrafa-de-vinho-1856-50-de-desconto-no-no', 'https://vinhodetalha.com/loja/index.php?live_configurator_token=a75b5656c262199991960b43edfe3b40&id_employee=1&id_shop=1', '2020-07-06 22:58:15'),
(981, 1, 1, '/loja/modules/themeconfigurator/img/dc1c39bf91fd86511a375d00eb70f43b3e4be445_na-compra-de-uma-garrafa-de-vinho-1856-50-de-desconto-no-no', 'https://vinhodetalha.com/loja/index.php', '2020-07-07 00:11:53'),
(982, 1, 1, '/loja/modules/themeconfigurator/img/dc1c39bf91fd86511a375d00eb70f43b3e4be445_na-compra-de-uma-garrafa-de-vinho-1856-50-de-desconto-no-no', 'https://vinhodetalha.com/loja/index.php', '2020-07-07 02:54:25'),
(983, 1, 1, '/loja/modules/themeconfigurator/img/dc1c39bf91fd86511a375d00eb70f43b3e4be445_na-compra-de-uma-garrafa-de-vinho-1856-50-de-desconto-no-no', 'https://vinhodetalha.com/loja/index.php', '2020-07-07 02:55:37'),
(984, 1, 1, '/loja/modules/themeconfigurator/img/dc1c39bf91fd86511a375d00eb70f43b3e4be445_na-compra-de-uma-garrafa-de-vinho-1856-50-de-desconto-no-no', 'https://vinhodetalha.com/loja/index.php', '2020-07-07 09:28:10'),
(985, 1, 1, '/loja/modules/themeconfigurator/img/dc1c39bf91fd86511a375d00eb70f43b3e4be445_na-compra-de-uma-garrafa-de-vinho-1856-50-de-desconto-no-no', 'https://vinhodetalha.com/loja/index.php', '2020-07-07 10:56:08'),
(986, 1, 1, '/loja/modules/themeconfigurator/img/dc1c39bf91fd86511a375d00eb70f43b3e4be445_na-compra-de-uma-garrafa-de-vinho-1856-50-de-desconto-no-no', 'https://vinhodetalha.com/loja/index.php', '2020-07-07 11:50:07'),
(987, 1, 1, '/loja/modules/themeconfigurator/img/dc1c39bf91fd86511a375d00eb70f43b3e4be445_na-compra-de-uma-garrafa-de-vinho-1856-50-de-desconto-no-no', 'https://vinhodetalha.com/loja/index.php', '2020-07-07 12:34:53'),
(988, 1, 1, '/loja/modules/themeconfigurator/img/dc1c39bf91fd86511a375d00eb70f43b3e4be445_na-compra-de-uma-garrafa-de-vinho-1856-50-de-desconto-no-no', 'https://vinhodetalha.com/loja/index.php', '2020-07-07 16:04:40'),
(989, 1, 1, '/loja/modules/themeconfigurator/img/dc1c39bf91fd86511a375d00eb70f43b3e4be445_na-compra-de-uma-garrafa-de-vinho-1856-50-de-desconto-no-no', 'https://vinhodetalha.com/loja/index.php', '2020-07-07 16:05:09'),
(990, 1, 1, '/loja/modules/themeconfigurator/img/dc1c39bf91fd86511a375d00eb70f43b3e4be445_na-compra-de-uma-garrafa-de-vinho-1856-50-de-desconto-no-no', 'https://vinhodetalha.com/loja/index.php', '2020-07-07 16:50:09'),
(991, 1, 1, '/loja/modules/themeconfigurator/img/dc1c39bf91fd86511a375d00eb70f43b3e4be445_na-compra-de-uma-garrafa-de-vinho-1856-50-de-desconto-no-no', 'https://vinhodetalha.com/loja/index.php', '2020-07-07 21:13:42'),
(992, 1, 1, '/loja/modules/themeconfigurator/img/dc1c39bf91fd86511a375d00eb70f43b3e4be445_na-compra-de-uma-garrafa-de-vinho-1856-50-de-desconto-no-no', 'https://vinhodetalha.com/loja/index.php', '2020-07-07 23:19:54'),
(993, 1, 1, '/loja/modules/themeconfigurator/img/dc1c39bf91fd86511a375d00eb70f43b3e4be445_na-compra-de-uma-garrafa-de-vinho-1856-50-de-desconto-no-no', 'https://vinhodetalha.com/loja/index.php', '2020-07-07 23:22:33'),
(994, 1, 1, '/loja/modules/themeconfigurator/img/dc1c39bf91fd86511a375d00eb70f43b3e4be445_na-compra-de-uma-garrafa-de-vinho-1856-50-de-desconto-no-no', '', '2020-07-08 00:11:43'),
(995, 1, 1, '/loja/modules/themeconfigurator/img/dc1c39bf91fd86511a375d00eb70f43b3e4be445_na-compra-de-uma-garrafa-de-vinho-1856-50-de-desconto-no-no', 'https://vinhodetalha.com/loja/index.php', '2020-07-08 11:05:21'),
(996, 1, 1, '/loja/modules/themeconfigurator/img/dc1c39bf91fd86511a375d00eb70f43b3e4be445_na-compra-de-uma-garrafa-de-vinho-1856-50-de-desconto-no-no', 'https://vinhodetalha.com/loja/index.php', '2020-07-08 11:06:50'),
(997, 1, 1, '/loja/modules/themeconfigurator/img/dc1c39bf91fd86511a375d00eb70f43b3e4be445_na-compra-de-uma-garrafa-de-vinho-1856-50-de-desconto-no-no', 'https://vinhodetalha.com/loja/index.php', '2020-07-08 15:32:19'),
(998, 1, 1, '/loja/modules/themeconfigurator/img/dc1c39bf91fd86511a375d00eb70f43b3e4be445_na-compra-de-uma-garrafa-de-vinho-1856-50-de-desconto-no-no', 'https://vinhodetalha.com/loja/index.php', '2020-07-08 18:17:14'),
(999, 1, 1, '/loja/modules/themeconfigurator/img/dc1c39bf91fd86511a375d00eb70f43b3e4be445_na-compra-de-uma-garrafa-de-vinho-1856-50-de-desconto-no-no', 'https://vinhodetalha.com/loja/index.php', '2020-07-08 18:25:04'),
(1000, 1, 1, '/loja/modules/themeconfigurator/img/dc1c39bf91fd86511a375d00eb70f43b3e4be445_na-compra-de-uma-garrafa-de-vinho-1856-50-de-desconto-no-no', 'https://vinhodetalha.com/loja/index.php', '2020-07-08 18:27:51'),
(1001, 1, 1, '/loja/modules/themeconfigurator/img/dc1c39bf91fd86511a375d00eb70f43b3e4be445_na-compra-de-uma-garrafa-de-vinho-1856-50-de-desconto-no-no', 'https://vinhodetalha.com/loja/index.php', '2020-07-08 18:48:13'),
(1002, 1, 1, '/loja/modules/themeconfigurator/img/dc1c39bf91fd86511a375d00eb70f43b3e4be445_na-compra-de-uma-garrafa-de-vinho-1856-50-de-desconto-no-no', 'https://vinhodetalha.com/loja/index.php', '2020-07-08 19:51:35'),
(1003, 1, 1, '/loja/modules/themeconfigurator/img/dc1c39bf91fd86511a375d00eb70f43b3e4be445_na-compra-de-uma-garrafa-de-vinho-1856-50-de-desconto-no-no', 'https://vinhodetalha.com/loja/index.php', '2020-07-08 22:19:09'),
(1004, 1, 1, '/loja/modules/themeconfigurator/img/dc1c39bf91fd86511a375d00eb70f43b3e4be445_na-compra-de-uma-garrafa-de-vinho-1856-50-de-desconto-no-no', 'https://vinhodetalha.com/loja/index.php', '2020-07-08 22:19:33'),
(1005, 1, 1, '/loja/modules/themeconfigurator/img/dc1c39bf91fd86511a375d00eb70f43b3e4be445_na-compra-de-uma-garrafa-de-vinho-1856-50-de-desconto-no-no', 'https://vinhodetalha.com/loja/index.php', '2020-07-08 22:19:38'),
(1006, 1, 1, '/loja/modules/themeconfigurator/img/dc1c39bf91fd86511a375d00eb70f43b3e4be445_na-compra-de-uma-garrafa-de-vinho-1856-50-de-desconto-no-no', 'https://vinhodetalha.com/loja/index.php', '2020-07-09 12:31:47'),
(1007, 1, 1, '/loja/modules/themeconfigurator/img/dc1c39bf91fd86511a375d00eb70f43b3e4be445_na-compra-de-uma-garrafa-de-vinho-1856-50-de-desconto-no-no', 'https://vinhodetalha.com/loja/index.php', '2020-07-09 12:33:08'),
(1008, 1, 1, '/loja/modules/themeconfigurator/img/dc1c39bf91fd86511a375d00eb70f43b3e4be445_na-compra-de-uma-garrafa-de-vinho-1856-50-de-desconto-no-no', 'https://vinhodetalha.com/loja/index.php', '2020-07-09 12:33:33'),
(1009, 1, 1, '/loja/modules/themeconfigurator/img/dc1c39bf91fd86511a375d00eb70f43b3e4be445_na-compra-de-uma-garrafa-de-vinho-1856-50-de-desconto-no-no', 'https://vinhodetalha.com/loja/index.php', '2020-07-09 12:34:26'),
(1010, 1, 1, '/loja/modules/themeconfigurator/img/dc1c39bf91fd86511a375d00eb70f43b3e4be445_na-compra-de-uma-garrafa-de-vinho-1856-50-de-desconto-no-no', 'https://vinhodetalha.com/loja/index.php', '2020-07-09 12:36:51'),
(1011, 1, 1, '/loja/modules/themeconfigurator/img/dc1c39bf91fd86511a375d00eb70f43b3e4be445_na-compra-de-uma-garrafa-de-vinho-1856-50-de-desconto-no-no', 'https://vinhodetalha.com/loja/index.php', '2020-07-09 13:19:39'),
(1012, 1, 1, '/loja/modules/themeconfigurator/img/dc1c39bf91fd86511a375d00eb70f43b3e4be445_na-compra-de-uma-garrafa-de-vinho-1856-50-de-desconto-no-no', 'https://vinhodetalha.com/loja/index.php', '2020-07-09 13:20:04'),
(1013, 1, 1, '/loja/modules/themeconfigurator/img/dc1c39bf91fd86511a375d00eb70f43b3e4be445_na-compra-de-uma-garrafa-de-vinho-1856-50-de-desconto-no-no', 'https://vinhodetalha.com/loja/index.php', '2020-07-09 16:07:55'),
(1014, 1, 1, '/loja/modules/themeconfigurator/img/dc1c39bf91fd86511a375d00eb70f43b3e4be445_na-compra-de-uma-garrafa-de-vinho-1856-50-de-desconto-no-no', 'https://vinhodetalha.com/loja/index.php', '2020-07-09 16:44:54'),
(1015, 1, 1, '/loja/modules/themeconfigurator/img/dc1c39bf91fd86511a375d00eb70f43b3e4be445_na-compra-de-uma-garrafa-de-vinho-1856-50-de-desconto-no-no', 'https://vinhodetalha.com/loja/index.php', '2020-07-09 17:49:19'),
(1016, 1, 1, '/loja/modules/themeconfigurator/img/dc1c39bf91fd86511a375d00eb70f43b3e4be445_na-compra-de-uma-garrafa-de-vinho-1856-50-de-desconto-no-no', 'https://vinhodetalha.com/loja/index.php', '2020-07-09 20:12:44'),
(1017, 1, 1, '/loja/modules/themeconfigurator/img/dc1c39bf91fd86511a375d00eb70f43b3e4be445_na-compra-de-uma-garrafa-de-vinho-1856-50-de-desconto-no-no', 'https://vinhodetalha.com/loja/index.php', '2020-07-09 20:36:25'),
(1018, 1, 1, '/loja/modules/themeconfigurator/img/dc1c39bf91fd86511a375d00eb70f43b3e4be445_na-compra-de-uma-garrafa-de-vinho-1856-50-de-desconto-no-no', 'https://vinhodetalha.com/loja/index.php', '2020-07-09 20:58:12'),
(1019, 1, 1, '/loja/modules/themeconfigurator/img/dc1c39bf91fd86511a375d00eb70f43b3e4be445_na-compra-de-uma-garrafa-de-vinho-1856-50-de-desconto-no-no', 'https://vinhodetalha.com/loja/index.php', '2020-07-09 20:58:46'),
(1020, 1, 1, '/loja/modules/themeconfigurator/img/dc1c39bf91fd86511a375d00eb70f43b3e4be445_na-compra-de-uma-garrafa-de-vinho-1856-50-de-desconto-no-no', 'https://vinhodetalha.com/loja/index.php', '2020-07-09 20:59:09'),
(1021, 1, 1, '/loja/modules/themeconfigurator/img/dc1c39bf91fd86511a375d00eb70f43b3e4be445_na-compra-de-uma-garrafa-de-vinho-1856-50-de-desconto-no-no', 'https://vinhodetalha.com/loja/index.php', '2020-07-09 21:00:12'),
(1022, 1, 1, '/loja/modules/themeconfigurator/img/dc1c39bf91fd86511a375d00eb70f43b3e4be445_na-compra-de-uma-garrafa-de-vinho-1856-50-de-desconto-no-no', 'https://vinhodetalha.com/loja/index.php', '2020-07-09 21:02:05'),
(1023, 1, 1, '/loja/modules/themeconfigurator/img/dc1c39bf91fd86511a375d00eb70f43b3e4be445_na-compra-de-uma-garrafa-de-vinho-1856-50-de-desconto-no-no', 'https://vinhodetalha.com/loja/index.php', '2020-07-09 21:02:35'),
(1024, 1, 1, '/loja/modules/themeconfigurator/img/dc1c39bf91fd86511a375d00eb70f43b3e4be445_na-compra-de-uma-garrafa-de-vinho-1856-50-de-desconto-no-no', 'https://vinhodetalha.com/loja/index.php', '2020-07-09 21:02:54'),
(1025, 1, 1, '/loja/modules/themeconfigurator/img/dc1c39bf91fd86511a375d00eb70f43b3e4be445_na-compra-de-uma-garrafa-de-vinho-1856-50-de-desconto-no-no', 'https://vinhodetalha.com/loja/index.php', '2020-07-09 21:03:51'),
(1026, 1, 1, '/loja/modules/themeconfigurator/img/dc1c39bf91fd86511a375d00eb70f43b3e4be445_na-compra-de-uma-garrafa-de-vinho-1856-50-de-desconto-no-no', 'https://vinhodetalha.com/loja/index.php', '2020-07-09 21:27:42'),
(1027, 1, 1, '/loja/modules/themeconfigurator/img/dc1c39bf91fd86511a375d00eb70f43b3e4be445_na-compra-de-uma-garrafa-de-vinho-1856-50-de-desconto-no-no', '', '2020-07-10 10:22:58'),
(1028, 1, 1, '/loja/modules/themeconfigurator/img/dc1c39bf91fd86511a375d00eb70f43b3e4be445_na-compra-de-uma-garrafa-de-vinho-1856-50-de-desconto-no-no', 'https://vinhodetalha.com/loja/index.php', '2020-07-10 10:30:27'),
(1029, 1, 1, '/loja/modules/themeconfigurator/img/dc1c39bf91fd86511a375d00eb70f43b3e4be445_na-compra-de-uma-garrafa-de-vinho-1856-50-de-desconto-no-no', 'https://vinhodetalha.com/loja/index.php', '2020-07-10 10:33:55'),
(1030, 1, 1, '/loja/modules/themeconfigurator/img/dc1c39bf91fd86511a375d00eb70f43b3e4be445_na-compra-de-uma-garrafa-de-vinho-1856-50-de-desconto-no-no', 'https://vinhodetalha.com/loja/index.php', '2020-07-10 11:10:24'),
(1031, 1, 1, '/loja/index.phphistory.php', '', '2020-07-10 11:34:33'),
(1032, 1, 1, '/loja/modules/themeconfigurator/img/dc1c39bf91fd86511a375d00eb70f43b3e4be445_na-compra-de-uma-garrafa-de-vinho-1856-50-de-desconto-no-no', 'https://vinhodetalha.com/loja/index.php', '2020-07-10 11:36:20'),
(1033, 1, 1, '/loja/modules/themeconfigurator/img/dc1c39bf91fd86511a375d00eb70f43b3e4be445_na-compra-de-uma-garrafa-de-vinho-1856-50-de-desconto-no-no', 'https://vinhodetalha.com/loja/index.php', '2020-07-10 11:42:57'),
(1034, 1, 1, '/loja/modules/themeconfigurator/img/dc1c39bf91fd86511a375d00eb70f43b3e4be445_na-compra-de-uma-garrafa-de-vinho-1856-50-de-desconto-no-no', 'https://vinhodetalha.com/loja/index.php', '2020-07-10 12:04:29'),
(1035, 1, 1, '/loja/modules/themeconfigurator/img/dc1c39bf91fd86511a375d00eb70f43b3e4be445_na-compra-de-uma-garrafa-de-vinho-1856-50-de-desconto-no-no', 'https://vinhodetalha.com/loja/index.php', '2020-07-10 12:41:39'),
(1036, 1, 1, '/loja/modules/themeconfigurator/img/dc1c39bf91fd86511a375d00eb70f43b3e4be445_na-compra-de-uma-garrafa-de-vinho-1856-50-de-desconto-no-no', 'https://vinhodetalha.com/loja/index.php', '2020-07-10 13:11:12'),
(1037, 1, 1, '/loja/modules/themeconfigurator/img/dc1c39bf91fd86511a375d00eb70f43b3e4be445_na-compra-de-uma-garrafa-de-vinho-1856-50-de-desconto-no-no', 'https://vinhodetalha.com/loja/index.php', '2020-07-10 13:22:21'),
(1038, 1, 1, '/loja/modules/themeconfigurator/img/dc1c39bf91fd86511a375d00eb70f43b3e4be445_na-compra-de-uma-garrafa-de-vinho-1856-50-de-desconto-no-no', 'https://vinhodetalha.com/loja/index.php', '2020-07-10 13:40:56');
INSERT INTO `pspa_pagenotfound` (`id_pagenotfound`, `id_shop`, `id_shop_group`, `request_uri`, `http_referer`, `date_add`) VALUES
(1039, 1, 1, '/loja/modules/themeconfigurator/img/dc1c39bf91fd86511a375d00eb70f43b3e4be445_na-compra-de-uma-garrafa-de-vinho-1856-50-de-desconto-no-no', 'https://vinhodetalha.com/loja/index.php?live_configurator_token=a75b5656c262199991960b43edfe3b40&id_employee=1&id_shop=1', '2020-07-10 13:41:08'),
(1040, 1, 1, '/loja/modules/themeconfigurator/img/dc1c39bf91fd86511a375d00eb70f43b3e4be445_na-compra-de-uma-garrafa-de-vinho-1856-50-de-desconto-no-no', 'https://translate.googleusercontent.com/', '2020-07-10 16:27:56'),
(1041, 1, 1, '/loja/modules/themeconfigurator/img/dc1c39bf91fd86511a375d00eb70f43b3e4be445_na-compra-de-uma-garrafa-de-vinho-1856-50-de-desconto-no-no', 'https://vinhodetalha.com/loja/index.php', '2020-07-10 16:36:19'),
(1042, 1, 1, '/loja/modules/themeconfigurator/img/dc1c39bf91fd86511a375d00eb70f43b3e4be445_na-compra-de-uma-garrafa-de-vinho-1856-50-de-desconto-no-no', 'https://vinhodetalha.com/loja/index.php', '2020-07-10 16:42:33'),
(1043, 1, 1, '/loja/modules/themeconfigurator/img/dc1c39bf91fd86511a375d00eb70f43b3e4be445_na-compra-de-uma-garrafa-de-vinho-1856-50-de-desconto-no-no', 'https://vinhodetalha.com/loja/index.php', '2020-07-10 16:55:19'),
(1044, 1, 1, '/loja/modules/themeconfigurator/img/dc1c39bf91fd86511a375d00eb70f43b3e4be445_na-compra-de-uma-garrafa-de-vinho-1856-50-de-desconto-no-no', 'https://vinhodetalha.com/loja/index.php?live_configurator_token=a75b5656c262199991960b43edfe3b40&id_employee=1&id_shop=1', '2020-07-10 17:14:09'),
(1045, 1, 1, '/loja/modules/themeconfigurator/img/dc1c39bf91fd86511a375d00eb70f43b3e4be445_na-compra-de-uma-garrafa-de-vinho-1856-50-de-desconto-no-no', 'https://vinhodetalha.com/loja/index.php?live_configurator_token=a75b5656c262199991960b43edfe3b40&id_employee=1&id_shop=1', '2020-07-10 17:16:26'),
(1046, 1, 1, '/loja/modules/themeconfigurator/img/dc1c39bf91fd86511a375d00eb70f43b3e4be445_na-compra-de-uma-garrafa-de-vinho-1856-50-de-desconto-no-no', 'https://vinhodetalha.com/loja/index.php?live_configurator_token=a75b5656c262199991960b43edfe3b40&id_shop=1&id_employee=1&theme=&theme_font=', '2020-07-10 17:16:39'),
(1047, 1, 1, '/loja/modules/themeconfigurator/img/dc1c39bf91fd86511a375d00eb70f43b3e4be445_na-compra-de-uma-garrafa-de-vinho-1856-50-de-desconto-no-no', 'https://vinhodetalha.com/loja/index.php?live_configurator_token=a75b5656c262199991960b43edfe3b40&id_employee=1&id_shop=1', '2020-07-10 17:18:29'),
(1048, 1, 1, '/loja/modules/themeconfigurator/img/dc1c39bf91fd86511a375d00eb70f43b3e4be445_na-compra-de-uma-garrafa-de-vinho-1856-50-de-desconto-no-no', 'https://vinhodetalha.com/loja/index.php?live_configurator_token=a75b5656c262199991960b43edfe3b40&id_employee=1&id_shop=1', '2020-07-10 17:18:47'),
(1049, 1, 1, '/loja/modules/themeconfigurator/img/dc1c39bf91fd86511a375d00eb70f43b3e4be445_na-compra-de-uma-garrafa-de-vinho-1856-50-de-desconto-no-no', 'http://vinhodetalha.com/loja/admin123/index.php?controller=AdminModules&token=c410cc505e0a47ab12e12209b0520377&configure=themeconfigurator&tab_module=front_office_features&module_name=themeconfigurator', '2020-07-10 17:19:56'),
(1050, 1, 1, '/loja/modules/themeconfigurator/img/f71705ac21334698fddb123b8fb76853a4ca07f4_na-compra-de-uma-garrafa-de-vinho-1856-50-de-desconto-no-no', 'http://vinhodetalha.com/loja/admin123/index.php?tab=AdminModules&configure=themeconfigurator&token=c410cc505e0a47ab12e12209b0520377&tab_module=other&module_name=themeconfigurator', '2020-07-10 17:20:38'),
(1051, 1, 1, '/loja/modules/themeconfigurator/img/264fe4bc9c453bfb61f4ab383444628a2558c8aa_na-compra-de-uma-garrafa-de-vinho-1856-50-de-desconto-no-no', 'http://vinhodetalha.com/loja/admin123/index.php?tab=AdminModules&configure=themeconfigurator&token=c410cc505e0a47ab12e12209b0520377&tab_module=other&module_name=themeconfigurator', '2020-07-10 17:21:10'),
(1052, 1, 1, '/loja/index.php?controller=404', '', '2020-07-11 03:50:27'),
(1053, 1, 1, '/loja/index.php?controller=404', '', '2020-07-12 23:40:05'),
(1054, 1, 1, '/loja/index.php?controller=404', '', '2020-07-14 19:49:35'),
(1055, 1, 1, '/loja/index.php?controller=404', '', '2020-07-15 01:15:42'),
(1056, 1, 1, '/loja//modules/explorerpro/form.php?do=upload&file=/modules/explorerpro', '', '2020-07-16 14:11:54'),
(1057, 1, 1, '/loja/index.php?controller=404', '', '2020-07-21 01:53:59'),
(1058, 1, 1, '/loja/index.php?controller=404', '', '2020-07-21 03:33:37'),
(1059, 1, 1, '/loja/index.php?controller=404', '', '2020-07-21 04:08:40'),
(1060, 1, 1, '/loja/index.phpwp-content/plugins/iwp-client/readme.txt', '', '2020-07-22 15:42:17'),
(1061, 1, 1, '/loja/index.php?controller=404', '', '2020-07-25 09:53:58'),
(1062, 1, 1, '/loja/modules/themeconfigurator/img/dc1c39bf91fd86511a375d00eb70f43b3e4be445_na-compra-de-uma-garrafa-de-vinho-1856-50-de-desconto-no-no', '', '2020-07-26 08:00:41'),
(1063, 1, 1, '/loja//administrator/help/en-GB/toc.json', '', '2020-07-27 04:02:53'),
(1064, 1, 1, '/loja//administrator/language/en-GB/install.xml', '', '2020-07-27 04:02:53'),
(1065, 1, 1, '/loja//plugins/system/debug/debug.xml', '', '2020-07-27 04:02:54'),
(1066, 1, 1, '/loja//administrator/', '', '2020-07-27 04:02:54'),
(1067, 1, 1, '/loja//vendor/phpunit/phpunit/build.xml', '', '2020-07-27 04:02:55'),
(1068, 1, 1, '/loja//fckeditor/editor/filemanager/connectors/php/upload.php?Type=Media', '', '2020-07-27 04:02:55'),
(1069, 1, 1, '/loja//.env', '', '2020-07-27 04:02:56'),
(1070, 1, 1, '/loja/index.php?controller=404', '', '2020-08-01 16:01:40'),
(1071, 1, 1, '/loja/modules/themeconfigurator/img/dc1c39bf91fd86511a375d00eb70f43b3e4be445_na-compra-de-uma-garrafa-de-vinho-1856-50-de-desconto-no-no', '', '2020-08-06 19:16:42'),
(1072, 1, 1, '/loja/index.php?controller=404', '', '2020-08-07 04:21:51'),
(1073, 1, 1, '/loja/index.php?controller=404', '', '2020-08-07 18:55:42'),
(1074, 1, 1, '/loja/modules/homeslider/images/e8896826dfffdff534b6cc7a33d46b606a0ac135_Na', '', '2020-08-12 17:34:53'),
(1075, 1, 1, '/loja/modules/homeslider/images/f79c04c78e5cdbc87931ba4d5a0d6153494fd283_Na', '', '2020-08-12 17:34:54'),
(1076, 1, 1, '/loja/modules/homeslider/images/39a9b3ec9828e4a1d66a32474f206a96a3f136b4_About', '', '2020-08-12 17:34:55'),
(1077, 1, 1, '/loja/modules/homeslider/images/52950fb4abfee96b3fefccf525e6f103e25e63e1_Voc%C3%AAs', '', '2020-08-12 17:34:56'),
(1078, 1, 1, '/loja/modules/homeslider/images/5871dca9970e092c5776b2fe1bf58281f74e00ad_About', '', '2020-08-12 17:34:57'),
(1079, 1, 1, '/loja/modules/homeslider/images/126b32b78551e32c3b10f9ca3a902c91c18c7604_About', '', '2020-08-12 17:34:58'),
(1080, 1, 1, '/loja/modules/homeslider/images/a21f43c354b1dc515d4eba0c83b4de12316a9d13_About', '', '2020-08-12 17:34:59'),
(1081, 1, 1, '/loja/index.php?controller=404', '', '2020-08-13 05:21:36'),
(1082, 1, 1, '/loja/index.php?controller=404', '', '2020-08-13 05:22:53'),
(1083, 1, 1, '/loja/index.php?controller=404', '', '2020-08-13 05:24:00'),
(1084, 1, 1, '/loja/index.php?controller=404', '', '2020-08-13 10:39:44'),
(1085, 1, 1, '/loja/index.php?controller=404', '', '2020-08-13 10:39:53'),
(1086, 1, 1, '/loja/index.php?controller=404', '', '2020-08-13 10:40:01'),
(1087, 1, 1, '/loja/modules/homeslider/images/e8896826dfffdff534b6cc7a33d46b606a0ac135_Na%20compra%20de%20uma%20garrafa%20de%20Vinho%201856', '', '2020-08-15 12:09:15'),
(1088, 1, 1, '/loja/modules/homeslider/images/f79c04c78e5cdbc87931ba4d5a0d6153494fd283_Na%20compra%20de%20uma%20garrafa%20de%20Vinho%201856', '', '2020-08-16 13:29:39'),
(1089, 1, 1, '/loja/modules/homeslider/images/e8896826dfffdff534b6cc7a33d46b606a0ac135_Na%20compra%20de%20uma%20garrafa%20de%20Vinho%201856', '', '2020-08-18 00:23:49'),
(1090, 1, 1, '/loja/modules/homeslider/images/e8896826dfffdff534b6cc7a33d46b606a0ac135_Na%20compra%20de%20uma%20garrafa%20de%20Vinho%201856', '', '2020-08-19 02:07:03'),
(1091, 1, 1, '/loja/index.php?controller=404', '', '2020-08-22 19:47:54'),
(1092, 1, 1, '/loja/modules/homeslider/images/e8896826dfffdff534b6cc7a33d46b606a0ac135_Na%20compra%20de%20uma%20garrafa%20de%20Vinho%201856', '', '2020-08-23 06:34:33'),
(1093, 1, 1, '/loja/index.php?controller=404', '', '2020-08-23 15:52:33'),
(1094, 1, 1, '/loja/modules/homeslider/images/e8896826dfffdff534b6cc7a33d46b606a0ac135_Na%20compra%20de%20uma%20garrafa%20de%20Vinho%201856', '', '2020-08-24 20:35:03'),
(1095, 1, 1, '/loja/index.php?controller=404', '', '2020-08-26 19:31:40'),
(1096, 1, 1, '/loja/modules/homeslider/images/e8896826dfffdff534b6cc7a33d46b606a0ac135_Na%20compra%20de%20uma%20garrafa%20de%20Vinho%201856', '', '2020-08-27 05:16:04'),
(1097, 1, 1, '/loja/modules/homeslider/images/f79c04c78e5cdbc87931ba4d5a0d6153494fd283_Na%20compra%20de%20uma%20garrafa%20de%20Vinho%201856', '', '2020-08-27 05:35:30'),
(1098, 1, 1, '/loja/index.php?controller=404', '', '2020-08-27 09:33:08'),
(1099, 1, 1, '/loja/modules/homeslider/images/e8896826dfffdff534b6cc7a33d46b606a0ac135_Na%20compra%20de%20uma%20garrafa%20de%20Vinho%201856', '', '2020-08-29 12:38:55'),
(1100, 1, 1, '/loja/index.php?controller=404', '', '2020-08-29 21:45:21'),
(1101, 1, 1, '/loja/modules/homeslider/images/f79c04c78e5cdbc87931ba4d5a0d6153494fd283_Na%20compra%20de%20uma%20garrafa%20de%20Vinho%201856', '', '2020-08-31 03:34:19'),
(1102, 1, 1, '/loja//vinhodetalha.sql', '', '2020-08-31 05:33:49'),
(1103, 1, 1, '/loja//vinhodetalha.sql.gz', '', '2020-08-31 05:33:50'),
(1104, 1, 1, '/loja//vinhodetalha.sql.zip', '', '2020-08-31 05:33:50'),
(1105, 1, 1, '/loja//vinhodetalha.sql.rar', '', '2020-08-31 05:33:51'),
(1106, 1, 1, '/loja/index.php?controller=404', '', '2020-09-01 13:57:09'),
(1107, 1, 1, '/loja/modules/homeslider/images/e8896826dfffdff534b6cc7a33d46b606a0ac135_Na%20compra%20de%20uma%20garrafa%20de%20Vinho%201856', '', '2020-09-01 17:57:32'),
(1108, 1, 1, '/loja//modules/vtemskitter/uploadimage.php', '', '2020-09-01 22:41:11'),
(1109, 1, 1, '/loja//modules/vtemskitter/config.xml', '', '2020-09-02 00:33:42'),
(1110, 1, 1, '/loja//modules/1attributewizardpro/config.xml', '', '2020-09-02 01:33:57'),
(1111, 1, 1, '/loja//modules/verticalmegamenus/config.xml', '', '2020-09-02 03:23:24'),
(1112, 1, 1, '/loja//modules/groupcategory/config.xml', '', '2020-09-02 04:52:57'),
(1113, 1, 1, '/loja/modules/homeslider/images/e8896826dfffdff534b6cc7a33d46b606a0ac135_Na%20compra%20de%20uma%20garrafa%20de%20Vinho%201856', '', '2020-09-05 00:39:16'),
(1114, 1, 1, '/loja//modules/wg24themeadministration/config.xml', '', '2020-09-05 03:13:00'),
(1115, 1, 1, '/loja//modules/autoupgrade/vendor/phpunit/phpunit/src/Util/PHP/eval-stdin.php', '', '2020-09-05 23:40:08'),
(1116, 1, 1, '/loja/wp-content/plugins/wp-file-manager/readme.txt', '', '2020-09-06 08:05:52'),
(1117, 1, 1, '/loja/modules/homeslider/images/f79c04c78e5cdbc87931ba4d5a0d6153494fd283_Na%20compra%20de%20uma%20garrafa%20de%20Vinho%201856', '', '2020-09-07 06:46:13'),
(1118, 1, 1, '/loja/modules/homeslider/images/e8896826dfffdff534b6cc7a33d46b606a0ac135_Na%20compra%20de%20uma%20garrafa%20de%20Vinho%201856', '', '2020-09-11 07:23:25'),
(1119, 1, 1, '/loja/null', '', '2020-09-12 20:12:44'),
(1120, 1, 1, '/loja/modules/homeslider/images/e8896826dfffdff534b6cc7a33d46b606a0ac135_Na%20compra%20de%20uma%20garrafa%20de%20Vinho%201856', '', '2020-09-13 16:31:17'),
(1121, 1, 1, '/loja/modules/homeslider/images/f79c04c78e5cdbc87931ba4d5a0d6153494fd283_Na%20compra%20de%20uma%20garrafa%20de%20Vinho%201856', '', '2020-09-16 14:35:14'),
(1122, 1, 1, '/loja/index.phpwp-json', '', '2020-09-16 15:09:27'),
(1123, 1, 1, '/loja/modules/homeslider/images/f79c04c78e5cdbc87931ba4d5a0d6153494fd283_Na%20compra%20de%20uma%20garrafa%20de%20Vinho%201856', '', '2020-09-18 12:15:44'),
(1124, 1, 1, '/loja/modules/homeslider/images/e8896826dfffdff534b6cc7a33d46b606a0ac135_Na%20compra%20de%20uma%20garrafa%20de%20Vinho%201856', '', '2020-09-19 01:25:08'),
(1125, 1, 1, '/loja/modules/homeslider/images/f79c04c78e5cdbc87931ba4d5a0d6153494fd283_Na%20compra%20de%20uma%20garrafa%20de%20Vinho%201856', '', '2020-09-21 07:02:13'),
(1126, 1, 1, '/loja/modules/homeslider/images/f79c04c78e5cdbc87931ba4d5a0d6153494fd283_Na%20compra%20de%20uma%20garrafa%20de%20Vinho%201856', '', '2020-09-22 11:15:22'),
(1127, 1, 1, '/loja/modules/homeslider/images/e8896826dfffdff534b6cc7a33d46b606a0ac135_Na%20compra%20de%20uma%20garrafa%20de%20Vinho%201856', '', '2020-09-22 22:04:26'),
(1128, 1, 1, '/loja/modules/homeslider/images/f79c04c78e5cdbc87931ba4d5a0d6153494fd283_Na%20compra%20de%20uma%20garrafa%20de%20Vinho%201856', '', '2020-09-27 14:37:04'),
(1129, 1, 1, '/loja/modules/homeslider/images/e8896826dfffdff534b6cc7a33d46b606a0ac135_Na%20compra%20de%20uma%20garrafa%20de%20Vinho%201856', '', '2020-09-30 07:56:05'),
(1130, 1, 1, '/loja/modules/homeslider/images/f79c04c78e5cdbc87931ba4d5a0d6153494fd283_Na', '', '2020-10-01 17:21:46'),
(1131, 1, 1, '/loja/modules/homeslider/images/e8896826dfffdff534b6cc7a33d46b606a0ac135_Na', '', '2020-10-01 21:49:33'),
(1132, 1, 1, '/loja/modules/homeslider/images/126b32b78551e32c3b10f9ca3a902c91c18c7604_About', '', '2020-10-01 22:15:28'),
(1133, 1, 1, '/loja/modules/homeslider/images/39a9b3ec9828e4a1d66a32474f206a96a3f136b4_About', '', '2020-10-02 14:05:48'),
(1134, 1, 1, '/loja/modules/homeslider/images/5871dca9970e092c5776b2fe1bf58281f74e00ad_About', '', '2020-10-02 14:31:55'),
(1135, 1, 1, '/loja/modules/homeslider/images/52950fb4abfee96b3fefccf525e6f103e25e63e1_Voc&ecirc', '', '2020-10-02 15:27:29'),
(1136, 1, 1, '/loja/modules/homeslider/images/f79c04c78e5cdbc87931ba4d5a0d6153494fd283_Na%20compra%20de%20uma%20garrafa%20de%20Vinho%201856', '', '2020-10-03 16:26:29'),
(1137, 1, 1, '/loja/modules/homeslider/images/e8896826dfffdff534b6cc7a33d46b606a0ac135_Na%20compra%20de%20uma%20garrafa%20de%20Vinho%201856', '', '2020-10-04 07:12:07'),
(1138, 1, 1, '/loja/modules/homeslider/images/f79c04c78e5cdbc87931ba4d5a0d6153494fd283_Na%20compra%20de%20uma%20garrafa%20de%20Vinho%201856', '', '2020-10-05 11:19:46'),
(1139, 1, 1, '/loja/modules/homeslider/images/f79c04c78e5cdbc87931ba4d5a0d6153494fd283_Na%20compra%20de%20uma%20garrafa%20de%20Vinho%201856', '', '2020-10-05 21:33:01'),
(1140, 1, 1, '/loja/modules/homeslider/images/815ad32d2e191b4f12%E2%80%A6', 'https://vinhodetalha.com/loja/index.php', '2020-10-13 22:07:54'),
(1141, 1, 1, '/loja/modules/homeslider/images/71f7038f6eacc65d01%E2%80%A6', 'https://vinhodetalha.com/loja/index.php', '2020-10-13 22:07:54'),
(1142, 1, 1, '/loja/modules/homeslider/images/71bf5936fe91b065ba%E2%80%A6', 'https://vinhodetalha.com/loja/index.php', '2020-10-13 22:07:54'),
(1143, 1, 1, '/loja/modules/themeconfigurator/img/08edf7d362bd82%E2%80%A6', 'https://vinhodetalha.com/loja/index.php', '2020-10-13 22:07:54'),
(1144, 1, 1, '/loja/modules/themeconfigurator/img/245d123839b64d%E2%80%A6', 'https://vinhodetalha.com/loja/index.php', '2020-10-13 22:07:54'),
(1145, 1, 1, '/loja/modules/homeslider/images/815ad32d2e191b4f12%E2%80%A6', 'https://vinhodetalha.com/loja/index.php', '2020-10-13 22:07:55'),
(1146, 1, 1, '/loja/modules/themeconfigurator/img/245d123839b64d%E2%80%A6', 'https://vinhodetalha.com/loja/index.php', '2020-10-13 22:08:07'),
(1147, 1, 1, '/loja/modules/homeslider/images/71f7038f6eacc65d01%E2%80%A6', 'https://vinhodetalha.com/loja/index.php', '2020-10-13 22:08:08'),
(1148, 1, 1, '/loja/modules/homeslider/images/815ad32d2e191b4f12%E2%80%A6', 'https://vinhodetalha.com/loja/index.php', '2020-10-13 22:08:08'),
(1149, 1, 1, '/loja/modules/themeconfigurator/img/08edf7d362bd82%E2%80%A6', 'https://vinhodetalha.com/loja/index.php', '2020-10-13 22:08:08'),
(1150, 1, 1, '/loja/modules/homeslider/images/71bf5936fe91b065ba%E2%80%A6', 'https://vinhodetalha.com/loja/index.php', '2020-10-13 22:08:08'),
(1151, 1, 1, '/loja/modules/homeslider/images/815ad32d2e191b4f12%E2%80%A6', 'https://vinhodetalha.com/loja/index.php', '2020-10-13 22:08:10'),
(1152, 1, 1, '/loja/modules/homeslider/images/f79c04c78e5cdbc87931ba4d5a0d6153494fd283_Na%20compra%20de%20uma%20garrafa%20de%20Vinho%201856', '', '2020-10-15 04:48:46'),
(1153, 1, 1, '/loja/modules/homeslider/images/e8896826dfffdff534b6cc7a33d46b606a0ac135_Na%20compra%20de%20uma%20garrafa%20de%20Vinho%201856', '', '2020-10-16 08:41:22'),
(1154, 1, 1, '/loja/modules/homeslider/images/71f7038f6eacc65d01a2b2e5337c287e84f1be47_About', 'http://VINHODETALHA.COM', '2020-10-17 06:28:08'),
(1155, 1, 1, '/loja/modules/homeslider/images/815ad32d2e191b4f1230be2bc29a0109428911eb_About', 'http://VINHODETALHA.COM', '2020-10-17 06:28:09'),
(1156, 1, 1, '/loja/modules/homeslider/images/71bf5936fe91b065ba44ff8a7f37ba0a780e5c1f_About', 'http://VINHODETALHA.COM', '2020-10-17 06:28:10'),
(1157, 1, 1, '/loja/modules/homeslider/images/f79c04c78e5cdbc87931ba4d5a0d6153494fd283_Na%20compra%20de%20uma%20garrafa%20de%20Vinho%201856', '', '2020-10-18 09:15:40'),
(1158, 1, 1, '/loja/modules/homeslider/images/f79c04c78e5cdbc87931ba4d5a0d6153494fd283_Na%20compra%20de%20uma%20garrafa%20de%20Vinho%201856', '', '2020-10-18 20:42:26'),
(1159, 1, 1, '/loja/modules/homeslider/images/e8896826dfffdff534b6cc7a33d46b606a0ac135_Na%20compra%20de%20uma%20garrafa%20de%20Vinho%201856', '', '2020-10-19 04:32:10'),
(1160, 1, 1, '/loja/modules/homeslider/images/e8896826dfffdff534b6cc7a33d46b606a0ac135_Na%20compra%20de%20uma%20garrafa%20de%20Vinho%201856', '', '2020-10-20 14:11:26'),
(1161, 1, 1, '/loja/.env', '', '2020-10-25 21:51:02'),
(1162, 1, 1, '/loja/modules/homeslider/images/f79c04c78e5cdbc87931ba4d5a0d6153494fd283_Na%20compra%20de%20uma%20garrafa%20de%20Vinho%201856', '', '2020-10-26 17:46:02'),
(1163, 1, 1, '/loja/index.php?controller=404', 'https://vinhodetalha.com/acvtestes/admin123/themes/default/css/schemes/admin-theme-contrast.css', '2020-10-26 21:18:43'),
(1164, 1, 1, '/loja/index.php?controller=404', 'https://vinhodetalha.com/acvtestes/admin123/index.php?controller=AdminModulesPositions&token=b673a1d8788b3247b1b63863b5756ae1', '2020-10-26 21:22:15'),
(1165, 1, 1, '/loja/index.php?controller=404', 'https://vinhodetalha.com/acvtestes/admin123/index.php?controller=AdminModulesPositions&token=b673a1d8788b3247b1b63863b5756ae1', '2020-10-26 21:22:16'),
(1166, 1, 1, '/loja/index.php?controller=404', 'https://vinhodetalha.com/acvtestes/admin123/themes/default/css/schemes/admin-theme-contrast.css', '2020-10-26 21:22:17'),
(1167, 1, 1, '/loja/index.php?controller=404', 'https://vinhodetalha.com/acvtestes/admin123/themes/default/css/schemes/admin-theme-contrast.css', '2020-10-26 21:22:19'),
(1168, 1, 1, '/loja/index.php?controller=404', 'https://vinhodetalha.com/acvtestes/admin123/themes/default/css/schemes/admin-theme-contrast.css', '2020-10-26 21:22:19'),
(1169, 1, 1, '/loja/index.php?controller=404', 'https://vinhodetalha.com/acvtestes/admin123/themes/default/css/schemes/admin-theme-contrast.css', '2020-10-26 21:22:19'),
(1170, 1, 1, '/loja/index.php?controller=404', 'https://vinhodetalha.com/acvtestes/admin123/index.php?controller=AdminGroups&id_group=4&updategroup&token=35740e9f03867a104f14185f83c5090f', '2020-10-26 21:41:28'),
(1171, 1, 1, '/loja/index.php?controller=404', 'https://vinhodetalha.com/acvtestes/admin123/index.php?controller=AdminModulesPositions&token=b673a1d8788b3247b1b63863b5756ae1', '2020-10-26 21:45:51'),
(1172, 1, 1, '/loja/index.php?controller=404', 'https://vinhodetalha.com/acvtestes/admin123/index.php?controller=AdminModulesPositions&token=b673a1d8788b3247b1b63863b5756ae1', '2020-10-26 21:45:52'),
(1173, 1, 1, '/loja/index.php?controller=404', 'https://vinhodetalha.com/acvtestes/admin123/themes/default/css/schemes/admin-theme-contrast.css', '2020-10-26 21:45:52'),
(1174, 1, 1, '/loja/index.php?controller=404', 'https://vinhodetalha.com/acvtestes/admin123/index.php?controller=AdminModulesPositions&token=b673a1d8788b3247b1b63863b5756ae1', '2020-10-26 21:52:28'),
(1175, 1, 1, '/loja/index.php?controller=404', 'https://vinhodetalha.com/acvtestes/admin123/index.php?controller=AdminModulesPositions&token=b673a1d8788b3247b1b63863b5756ae1', '2020-10-26 21:52:29'),
(1176, 1, 1, '/loja/index.php?controller=404', 'https://vinhodetalha.com/acvtestes/admin123/themes/default/css/schemes/admin-theme-contrast.css', '2020-10-26 21:52:29'),
(1177, 1, 1, '/loja/index.php?controller=404', 'https://vinhodetalha.com/acvtestes/admin123/index.php?controller=AdminGroups&id_group=3&updategroup&token=35740e9f03867a104f14185f83c5090f', '2020-10-27 11:47:39'),
(1178, 1, 1, '/loja/index.php?controller=404', 'https://vinhodetalha.com/acvtestes/admin123/index.php?controller=AdminGroups&id_group=4&updategroup&token=35740e9f03867a104f14185f83c5090f', '2020-10-27 11:48:12'),
(1179, 1, 1, '/loja/index.php?controller=404', 'https://vinhodetalha.com/acvtestes/admin123/index.php?controller=AdminModulesPositions&token=b673a1d8788b3247b1b63863b5756ae1', '2020-10-27 11:54:31'),
(1180, 1, 1, '/loja/index.php?controller=404', 'https://vinhodetalha.com/acvtestes/admin123/index.php?controller=AdminModulesPositions&token=b673a1d8788b3247b1b63863b5756ae1', '2020-10-27 11:54:32'),
(1181, 1, 1, '/loja/index.php?controller=404', 'https://vinhodetalha.com/acvtestes/admin123/index.php?controller=AdminModulesPositions&token=b673a1d8788b3247b1b63863b5756ae1', '2020-10-27 11:54:33'),
(1182, 1, 1, '/loja/index.php?controller=404', 'https://vinhodetalha.com/acvtestes/admin123/themes/default/css/schemes/admin-theme-contrast.css', '2020-10-27 11:54:34'),
(1183, 1, 1, '/loja/index.php?controller=404', 'https://vinhodetalha.com/acvtestes/admin123/themes/default/css/schemes/admin-theme-contrast.css', '2020-10-27 11:54:34'),
(1184, 1, 1, '/loja/index.php?controller=404', 'https://vinhodetalha.com/acvtestes/admin123/index.php?controller=AdminGroups&id_group=5&updategroup&token=35740e9f03867a104f14185f83c5090f', '2020-10-27 12:22:47'),
(1185, 1, 1, '/loja/index.php?controller=404', '', '2020-11-01 05:40:04'),
(1186, 1, 1, '/loja/index.php?controller=404', '', '2020-11-01 05:40:31'),
(1187, 1, 1, '/loja/index.php?controller=404', '', '2020-11-01 05:40:58'),
(1188, 1, 1, '/loja/index.php?controller=404', 'https://vinhodetalha.com/acvtestes/admin123/index.php?controller=AdminGroups&id_group=3&updategroup&token=35740e9f03867a104f14185f83c5090f', '2020-11-01 19:31:13'),
(1189, 1, 1, '/loja/index.php?controller=404', 'https://vinhodetalha.com/acvtestes/admin123/index.php?controller=AdminModulesPositions&token=b673a1d8788b3247b1b63863b5756ae1', '2020-11-01 20:34:47'),
(1190, 1, 1, '/loja/index.php?controller=404', 'https://vinhodetalha.com/acvtestes/admin123/index.php?controller=AdminModulesPositions&token=b673a1d8788b3247b1b63863b5756ae1', '2020-11-01 20:34:48'),
(1191, 1, 1, '/loja/index.php?controller=404', 'https://vinhodetalha.com/acvtestes/admin123/themes/default/css/schemes/admin-theme-contrast.css', '2020-11-01 20:34:48'),
(1192, 1, 1, '/loja/.env', '', '2020-11-03 02:04:13'),
(1193, 1, 1, '/loja/index.php?controller=404', 'https://vinhodetalha.com/acvtestes/admin123/index.php?controller=AdminModulesPositions&token=b673a1d8788b3247b1b63863b5756ae1', '2020-11-03 18:04:42'),
(1194, 1, 1, '/loja/index.php?controller=404', 'https://vinhodetalha.com/acvtestes/admin123/index.php?controller=AdminModulesPositions&token=b673a1d8788b3247b1b63863b5756ae1', '2020-11-03 18:04:43'),
(1195, 1, 1, '/loja/index.php?controller=404', 'https://vinhodetalha.com/acvtestes/admin123/themes/default/css/schemes/admin-theme-contrast.css', '2020-11-03 18:04:43'),
(1196, 1, 1, '/loja/index.php?controller=404', 'https://vinhodetalha.com/acvtestes/admin123/themes/default/css/schemes/admin-theme-contrast.css', '2020-11-03 18:04:44'),
(1197, 1, 1, '/loja/index.php?controller=404', '', '2020-11-04 20:51:30'),
(1198, 1, 1, '/loja/modules/homeslider/images/f79c04c78e5cdbc87931ba4d5a0d6153494fd283_Na%20compra%20de%20uma%20garrafa%20de%20Vinho%201856', '', '2020-11-06 10:12:01');

-- --------------------------------------------------------

--
-- Table structure for table `pspa_page_type`
--

CREATE TABLE `pspa_page_type` (
  `id_page_type` int(10) UNSIGNED NOT NULL,
  `name` varchar(255) NOT NULL
) ENGINE=InnoDB DEFAULT CHARSET=utf8;



-- --------------------------------------------------------

--
-- Table structure for table `pspa_page_viewed`
--

CREATE TABLE `pspa_page_viewed` (
  `id_page` int(10) UNSIGNED NOT NULL,
  `id_shop_group` int(10) UNSIGNED NOT NULL DEFAULT '1',
  `id_shop` int(10) UNSIGNED NOT NULL DEFAULT '1',
  `id_date_range` int(10) UNSIGNED NOT NULL,
  `counter` int(10) UNSIGNED NOT NULL
) ENGINE=InnoDB DEFAULT CHARSET=utf8;

-- --------------------------------------------------------

--
-- Table structure for table `pspa_product`
--

CREATE TABLE `pspa_product` (
  `id_product` int(10) UNSIGNED NOT NULL,
  `id_supplier` int(10) UNSIGNED DEFAULT NULL,
  `id_manufacturer` int(10) UNSIGNED DEFAULT NULL,
  `id_category_default` int(10) UNSIGNED DEFAULT NULL,
  `id_shop_default` int(10) UNSIGNED NOT NULL DEFAULT '1',
  `id_tax_rules_group` int(11) UNSIGNED NOT NULL,
  `on_sale` tinyint(1) UNSIGNED NOT NULL DEFAULT '0',
  `online_only` tinyint(1) UNSIGNED NOT NULL DEFAULT '0',
  `ean13` varchar(13) DEFAULT NULL,
  `upc` varchar(12) DEFAULT NULL,
  `ecotax` decimal(17,6) NOT NULL DEFAULT '0.000000',
  `quantity` int(10) NOT NULL DEFAULT '0',
  `minimal_quantity` int(10) UNSIGNED NOT NULL DEFAULT '1',
  `low_stock_threshold` int(10) DEFAULT NULL,
  `low_stock_alert` tinyint(1) NOT NULL DEFAULT '0',
  `price` decimal(20,6) NOT NULL DEFAULT '0.000000',
  `wholesale_price` decimal(20,6) NOT NULL DEFAULT '0.000000',
  `unity` varchar(255) DEFAULT NULL,
  `unit_price_ratio` decimal(20,6) NOT NULL DEFAULT '0.000000',
  `additional_shipping_cost` decimal(20,2) NOT NULL DEFAULT '0.00',
  `reference` varchar(64) DEFAULT NULL,
  `supplier_reference` varchar(64) DEFAULT NULL,
  `location` varchar(64) DEFAULT NULL,
  `width` decimal(20,6) NOT NULL DEFAULT '0.000000',
  `height` decimal(20,6) NOT NULL DEFAULT '0.000000',
  `depth` decimal(20,6) NOT NULL DEFAULT '0.000000',
  `weight` decimal(20,6) NOT NULL DEFAULT '0.000000',
  `out_of_stock` int(10) UNSIGNED NOT NULL DEFAULT '2',
  `additional_delivery_times` tinyint(1) UNSIGNED NOT NULL DEFAULT '1',
  `quantity_discount` tinyint(1) DEFAULT '0',
  `customizable` tinyint(2) NOT NULL DEFAULT '0',
  `uploadable_files` tinyint(4) NOT NULL DEFAULT '0',
  `text_fields` tinyint(4) NOT NULL DEFAULT '0',
  `active` tinyint(1) UNSIGNED NOT NULL DEFAULT '0',
  `redirect_type` enum('','404','301-product','302-product','301-category','302-category') NOT NULL DEFAULT '',
  `id_type_redirected` int(10) NOT NULL DEFAULT '0',
  `available_for_order` tinyint(1) NOT NULL DEFAULT '1',
  `available_date` date DEFAULT NULL,
  `show_condition` tinyint(1) NOT NULL DEFAULT '0',
  `condition` enum('new','used','refurbished') NOT NULL DEFAULT 'new',
  `show_price` tinyint(1) NOT NULL DEFAULT '1',
  `indexed` tinyint(1) NOT NULL DEFAULT '0',
  `visibility` enum('both','catalog','search','none') NOT NULL DEFAULT 'both',
  `cache_is_pack` tinyint(1) NOT NULL DEFAULT '0',
  `cache_has_attachments` tinyint(1) NOT NULL DEFAULT '0',
  `is_virtual` tinyint(1) NOT NULL DEFAULT '0',
  `cache_default_attribute` int(10) UNSIGNED DEFAULT NULL,
  `date_add` datetime NOT NULL,
  `date_upd` datetime NOT NULL,
  `advanced_stock_management` tinyint(1) NOT NULL DEFAULT '0',
  `pack_stock_type` int(11) UNSIGNED NOT NULL DEFAULT '3',
  `isbn` varchar(32) DEFAULT NULL,
  `state` int(10) UNSIGNED NOT NULL DEFAULT '1'
) ENGINE=InnoDB DEFAULT CHARSET=utf8;

--
-- Dumping data for table `pspa_product`
--

INSERT INTO `pspa_product` (`id_product`, `id_supplier`, `id_manufacturer`, `id_category_default`, `id_shop_default`, `id_tax_rules_group`, `on_sale`, `online_only`, `ean13`, `upc`, `ecotax`, `quantity`, `minimal_quantity`, `low_stock_threshold`, `low_stock_alert`, `price`, `wholesale_price`, `unity`, `unit_price_ratio`, `additional_shipping_cost`, `reference`, `supplier_reference`, `location`, `width`, `height`, `depth`, `weight`, `out_of_stock`, `additional_delivery_times`, `quantity_discount`, `customizable`, `uploadable_files`, `text_fields`, `active`, `redirect_type`, `id_type_redirected`, `available_for_order`, `available_date`, `show_condition`, `condition`, `show_price`, `indexed`, `visibility`, `cache_is_pack`, `cache_has_attachments`, `is_virtual`, `cache_default_attribute`, `date_add`, `date_upd`, `advanced_stock_management`, `pack_stock_type`, `isbn`, `state`) VALUES
(2, 0, 0, 2, 1, 54, 0, 0, '', '', 0.000000, 0, 1, NULL, 0, 28.761062, 0.000000, '', 0.000000, 0.00, '', '', '', 0.000000, 0.000000, 0.000000, 1.388000, 2, 1, 0, 0, 0, 0, 1, '404', 0, 1, '0000-00-00', 0, 'new', 1, 1, 'both', 0, 1, 0, 0, '2019-12-05 18:05:21', '2020-11-12 09:29:58', 0, 3, NULL, 1),
(3, 0, 0, 2, 1, 54, 0, 0, '', '', 0.000000, 0, 1, NULL, 0, 10.619469, 0.000000, '', 0.000000, 0.00, '', '', '', 0.000000, 0.000000, 0.000000, 1.376000, 2, 1, 0, 0, 0, 0, 1, '404', 0, 1, '0000-00-00', 0, 'new', 1, 1, 'both', 0, 1, 0, 0, '2019-12-05 18:35:01', '2020-11-12 09:30:09', 0, 3, NULL, 1),
(4, 0, 0, 2, 1, 54, 0, 0, '', '', 0.000000, 0, 1, NULL, 0, 13.274336, 0.000000, '', 0.000000, 0.00, '', '', '', 0.000000, 0.000000, 0.000000, 1.376000, 2, 1, 0, 0, 0, 0, 1, '404', 0, 1, '0000-00-00', 0, 'new', 1, 1, 'both', 0, 1, 0, 0, '2019-12-05 18:39:56', '2020-11-10 09:47:35', 0, 3, NULL, 1),
(5, 0, 0, 2, 1, 54, 0, 0, '', '', 0.000000, 0, 1, NULL, 0, 19.911504, 0.000000, '', 0.000000, 0.00, '', '', '', 0.000000, 0.000000, 0.000000, 1.388000, 2, 1, 0, 0, 0, 0, 0, '404', 0, 0, '0000-00-00', 0, 'new', 1, 0, 'both', 0, 0, 0, 0, '2019-12-05 18:46:08', '2020-10-09 11:14:33', 0, 3, NULL, 1),
(6, 0, 0, 2, 1, 54, 0, 0, '', '', 0.000000, 0, 1, NULL, 0, 15.486726, 0.000000, '', 0.000000, 0.00, '', '', '', 0.000000, 0.000000, 0.000000, 1.376000, 2, 1, 0, 0, 0, 0, 1, '404', 0, 1, '0000-00-00', 0, 'new', 1, 1, 'both', 0, 1, 0, 0, '2019-12-05 18:51:33', '2020-11-12 09:22:45', 0, 3, NULL, 1),
(7, 0, 0, 2, 1, 54, 1, 0, '', '', 0.000000, 0, 1, NULL, 0, 39.823009, 0.000000, '', 0.000000, 0.00, '', '', '', 37.000000, 16.800000, 16.200000, 3.109000, 2, 1, 0, 0, 0, 0, 1, '404', 0, 1, '0000-00-00', 0, 'new', 1, 1, 'both', 0, 1, 0, 0, '2019-12-05 18:59:19', '2020-11-12 09:25:41', 0, 3, NULL, 1),
(8, 0, 0, 2, 1, 54, 1, 0, '', '', 0.000000, 0, 1, NULL, 0, 44.247788, 0.000000, '', 0.000000, 0.00, '', '', '', 0.000000, 0.000000, 0.000000, 2.526000, 2, 1, 0, 0, 0, 0, 1, '404', 0, 1, '0000-00-00', 0, 'new', 1, 1, 'both', 0, 0, 0, 0, '2019-12-09 10:03:18', '2020-11-12 09:26:32', 0, 3, NULL, 1),
(9, 0, 0, 2, 1, 54, 1, 0, '', '', 0.000000, 0, 1, NULL, 0, 33.185841, 0.000000, '', 0.000000, 0.00, '', '', '', 0.000000, 0.000000, 0.000000, 2.526000, 2, 1, 0, 0, 0, 0, 0, '404', 0, 1, '0000-00-00', 0, 'new', 1, 0, 'both', 0, 0, 0, 0, '2019-12-09 10:10:54', '2020-11-12 09:27:04', 0, 3, NULL, 1),
(10, 0, 0, 2, 1, 53, 0, 0, '', '', 0.000000, 0, 6, NULL, 0, 6.504065, 0.000000, '', 0.000000, 0.00, '', '', '', 0.000000, 0.000000, 0.000000, 0.000000, 2, 1, 0, 0, 0, 0, 0, '404', 0, 1, '0000-00-00', 0, 'new', 1, 1, 'both', 0, 1, 1, 0, '2019-12-09 10:51:21', '2020-07-23 10:29:42', 0, 3, NULL, 1),
(11, 0, 0, 2, 1, 53, 0, 0, '', '', 0.000000, 0, 1, NULL, 0, 9.756098, 0.000000, '', 0.000000, 0.00, '', '', '', 0.000000, 0.000000, 0.000000, 0.000000, 2, 1, 0, 0, 0, 0, 0, '404', 0, 1, '0000-00-00', 0, 'new', 1, 1, 'both', 0, 1, 1, 0, '2019-12-09 11:36:29', '2020-07-23 10:29:48', 0, 3, NULL, 1),
(33, 0, 0, 2, 1, 54, 0, 0, '', '', 0.000000, 0, 1, NULL, 0, 123.238938, 0.000000, '', 0.000000, 0.00, '', '', '', 0.000000, 0.000000, 0.000000, 8.400000, 2, 1, 0, 0, 0, 0, 1, '404', 0, 1, '0000-00-00', 0, 'new', 1, 1, 'both', 0, 0, 0, 0, '2020-01-01 23:54:49', '2020-11-12 09:29:39', 0, 3, NULL, 1),
(34, 0, 0, 2, 1, 54, 0, 0, '', '', 0.000000, 0, 1, NULL, 0, 66.371681, 0.000000, '', 0.000000, 0.00, '', '', '', 0.000000, 0.000000, 0.000000, 0.000000, 2, 1, 0, 0, 0, 0, 1, '404', 0, 1, '0000-00-00', 0, 'new', 1, 1, 'both', 0, 1, 0, 0, '2020-01-03 16:17:08', '2020-11-12 09:32:22', 0, 3, NULL, 1),
(35, 0, 0, 2, 1, 54, 0, 0, '', '', 0.000000, 0, 1, NULL, 0, 56.814159, 0.000000, '', 0.000000, 0.00, '', '', '', 0.000000, 0.000000, 0.000000, 1.376000, 2, 1, 0, 0, 0, 0, 1, '404', 0, 1, '0000-00-00', 0, 'new', 1, 1, 'both', 0, 1, 0, 0, '2020-01-03 16:27:04', '2020-10-10 12:22:41', 0, 3, NULL, 1),
(36, 0, 0, 2, 1, 54, 0, 0, '', '', 0.000000, 0, 1, NULL, 0, 85.486726, 0.000000, '', 0.000000, 0.00, '', '', '', 0.000000, 0.000000, 0.000000, 1.388000, 2, 1, 0, 0, 0, 0, 0, '404', 0, 1, '0000-00-00', 0, 'new', 1, 1, 'both', 0, 1, 0, 0, '2020-01-03 16:33:16', '2020-10-10 12:26:41', 0, 3, NULL, 1),
(37, 0, 0, 2, 1, 54, 0, 0, '', '', 0.000000, 0, 1, NULL, 0, 45.663717, 0.000000, '', 0.000000, 0.00, '', '', '', 0.000000, 0.000000, 0.000000, 1.376000, 2, 1, 0, 0, 0, 0, 1, '404', 0, 1, '0000-00-00', 0, 'new', 1, 1, 'both', 0, 0, 0, 0, '2020-01-03 16:37:19', '2020-10-10 12:27:03', 0, 3, NULL, 1),
(38, 0, 0, 2, 1, 54, 0, 0, '', '', 0.000000, 0, 1, NULL, 0, 28.442478, 0.000000, '', 0.000000, 0.00, '', '', '', 37.000000, 16.800000, 16.200000, 3.109000, 2, 1, 0, 0, 0, 0, 1, '404', 0, 1, '0000-00-00', 0, 'new', 1, 1, 'both', 0, 0, 0, 0, '2020-01-03 19:38:03', '2020-03-31 19:00:06', 0, 3, NULL, 1),
(40, 0, 0, 2, 1, 54, 1, 0, '', '', 0.000000, 0, 1, NULL, 0, 19.469027, 0.000000, 'Casal', 0.999950, 0.00, '', '', '', 0.000000, 0.000000, 0.000000, 0.000000, 2, 1, 0, 0, 0, 0, 0, '404', 0, 1, '0000-00-00', 0, 'new', 1, 0, 'both', 0, 1, 0, 0, '2020-01-22 17:43:51', '2020-03-31 19:00:06', 0, 3, NULL, 1),
(42, 0, 0, 12, 1, 54, 0, 0, '', '', 0.000000, 0, 1, NULL, 0, 26.548673, 0.000000, '', 0.000000, 0.00, '', '', '', 0.000000, 0.000000, 0.000000, 0.000000, 2, 1, 0, 0, 0, 0, 1, '404', 0, 1, '0000-00-00', 0, 'new', 1, 1, 'both', 0, 1, 0, 0, '2020-04-01 13:34:05', '2020-11-12 09:36:03', 0, 3, NULL, 1),
(44, 0, 0, 19, 1, 54, 0, 0, '', '', 0.000000, 0, 1, NULL, 0, 102.371681, 0.000000, '', 0.000000, 0.00, '', '', '', 0.000000, 0.000000, 0.000000, 1.376000, 2, 1, 0, 0, 0, 0, 1, '404', 0, 1, '0000-00-00', 0, 'new', 1, 1, 'both', 0, 1, 0, 0, '2020-04-01 14:39:26', '2020-11-12 09:37:19', 0, 3, NULL, 1),
(45, 0, 0, 2, 1, 54, 1, 0, '', '', 0.000000, 0, 1, NULL, 0, 20.796460, 0.000000, '', 0.000000, 0.00, '', '', '', 0.000000, 0.000000, 0.000000, 0.000000, 2, 1, 0, 0, 0, 0, 0, '404', 0, 1, '0000-00-00', 0, 'new', 1, 0, 'both', 1, 0, 0, 0, '2020-07-01 08:26:28', '2020-11-12 09:38:18', 0, 3, NULL, 1),
(46, 0, 0, 15, 1, 54, 0, 0, '', '', 0.000000, 0, 1, NULL, 0, 6.194690, 0.000000, 'Pessoa', 0.884956, 0.00, '', '', '', 0.000000, 0.000000, 0.000000, 0.000000, 2, 1, 0, 0, 0, 0, 0, '404', 0, 1, '0000-00-00', 0, 'new', 1, 1, 'both', 0, 0, 0, 0, '2020-07-20 09:50:58', '2020-07-23 10:29:59', 0, 3, NULL, 1),
(47, 0, 0, 15, 1, 54, 0, 0, '', '', 0.000000, 0, 1, NULL, 0, 66.371681, 0.000000, 'Pessoa', 5.001634, 0.00, '', '', '', 0.000000, 0.000000, 0.000000, 0.000000, 2, 1, 0, 0, 0, 0, 1, '404', 0, 1, '0000-00-00', 0, 'new', 1, 1, 'both', 0, 1, 0, 0, '2020-07-20 09:59:12', '2020-11-05 11:52:17', 0, 3, NULL, 1),
(48, 0, 0, 15, 1, 54, 0, 0, '', '', 0.000000, 0, 1, NULL, 0, 132.743363, 0.000000, 'Pessoa', 4.999750, 0.00, '', '', '', 0.000000, 0.000000, 0.000000, 0.000000, 2, 1, 0, 0, 0, 0, 1, '404', 0, 1, '0000-00-00', 0, 'new', 1, 1, 'both', 0, 1, 0, 0, '2020-07-20 10:15:07', '2020-11-05 11:58:21', 0, 3, NULL, 1),
(49, 0, 0, 15, 1, 54, 0, 0, '', '', 0.000000, 0, 1, NULL, 0, 0.000000, 0.000000, '', 0.000000, 0.00, '', '', '', 0.000000, 0.000000, 0.000000, 0.000000, 2, 1, 0, 0, 0, 0, 0, '404', 0, 1, '0000-00-00', 0, 'new', 1, 0, 'both', 0, 0, 0, 0, '2020-07-23 10:26:52', '2020-11-05 09:51:14', 0, 3, NULL, 1),
(50, 0, 0, 2, 1, 54, 0, 0, '', '', 0.000000, 0, 1, NULL, 0, 24.778761, 0.000000, '', 0.000000, 0.00, '', '', '', 0.000000, 0.000000, 0.000000, 0.000000, 2, 1, 0, 0, 0, 0, 0, '404', 0, 1, '0000-00-00', 0, 'new', 1, 0, 'both', 0, 0, 0, 0, '2020-10-09 14:35:37', '2020-11-12 09:43:43', 0, 3, NULL, 1),
(51, 0, 0, 2, 1, 54, 0, 0, '', '', 0.000000, 0, 1, NULL, 0, 30.973451, 0.000000, '', 0.000000, 0.00, '', '', '', 0.000000, 0.000000, 0.000000, 0.000000, 2, 1, 0, 0, 0, 0, 0, '404', 0, 1, '0000-00-00', 0, 'new', 1, 0, 'both', 0, 0, 0, 0, '2020-10-09 15:01:55', '2020-11-12 09:59:31', 0, 3, NULL, 1),
(52, 0, 0, 2, 1, 54, 0, 0, '', '', 0.000000, 0, 1, NULL, 0, 26.548673, 0.000000, '', 0.000000, 0.00, '', '', '', 0.000000, 0.000000, 0.000000, 0.000000, 2, 1, 0, 0, 0, 0, 0, '404', 0, 1, '0000-00-00', 0, 'new', 1, 0, 'both', 0, 0, 0, 0, '2020-10-09 15:10:57', '2020-11-12 11:18:25', 0, 3, NULL, 1),
(53, 0, 0, 2, 1, 54, 0, 0, '', '', 0.000000, 0, 1, NULL, 0, 16.814159, 0.000000, '', 0.000000, 0.00, '', '', '', 0.000000, 0.000000, 0.000000, 0.000000, 2, 1, 0, 0, 0, 0, 0, '404', 0, 1, '0000-00-00', 0, 'new', 1, 0, 'both', 0, 0, 0, 0, '2020-10-09 15:17:56', '2020-11-12 11:18:03', 0, 3, NULL, 1),
(54, 0, 0, 2, 1, 54, 0, 0, '', '', 0.000000, 0, 1, NULL, 0, 22.123894, 0.000000, '', 0.000000, 0.00, '', '', '', 0.000000, 0.000000, 0.000000, 0.000000, 2, 1, 0, 0, 0, 0, 0, '404', 0, 1, '0000-00-00', 0, 'new', 1, 0, 'both', 0, 0, 0, 0, '2020-10-09 15:22:53', '2020-11-12 11:17:30', 0, 3, NULL, 1),
(55, 0, 0, 2, 1, 54, 0, 0, '', '', 0.000000, 0, 1, NULL, 0, 26.548673, 0.000000, '', 0.000000, 0.00, '', '', '', 0.000000, 0.000000, 0.000000, 0.000000, 2, 1, 0, 0, 0, 0, 0, '404', 0, 1, '0000-00-00', 0, 'new', 1, 0, 'both', 0, 0, 0, 0, '2020-10-18 20:37:10', '2020-11-12 11:16:32', 0, 3, NULL, 1);

-- --------------------------------------------------------

--
