-- https://www.phpmyadmin.net/
--

START TRANSACTION;



-- --------------------------------------------------------

--
-- Table structure for table `pspa_accessory`
--

CREATE TABLE `pspa_accessory` (
  `id_product_1` int(10) UNSIGNED NOT NULL,
  `id_product_2` int(10) UNSIGNED NOT NULL
) ENGINE=InnoDB DEFAULT CHARSET=utf8;

--
-- Dumping data for table `pspa_accessory`
--

INSERT INTO `pspa_accessory` (`id_product_1`, `id_product_2`) VALUES
(40, 4);

-- --------------------------------------------------------

--
-- Table structure for table `pspa_address`
--

CREATE TABLE `pspa_address` (
  `id_address` int(10) UNSIGNED NOT NULL,
  `id_country` int(10) UNSIGNED NOT NULL,
  `id_state` int(10) UNSIGNED DEFAULT NULL,
  `id_customer` int(10) UNSIGNED NOT NULL DEFAULT '0',
  `id_manufacturer` int(10) UNSIGNED NOT NULL DEFAULT '0',
  `id_supplier` int(10) UNSIGNED NOT NULL DEFAULT '0',
  `id_warehouse` int(10) UNSIGNED NOT NULL DEFAULT '0',
  `alias` varchar(32) NOT NULL,
  `company` varchar(255) DEFAULT NULL,
  `lastname` varchar(32) NOT NULL,
  `firstname` varchar(32) NOT NULL,
  `address1` varchar(128) NOT NULL,
  `address2` varchar(128) DEFAULT NULL,
  `postcode` varchar(12) DEFAULT NULL,
  `city` varchar(64) NOT NULL,
  `other` text,
  `phone` varchar(32) DEFAULT NULL,
  `phone_mobile` varchar(32) DEFAULT NULL,
  `vat_number` varchar(32) DEFAULT NULL,
  `dni` varchar(16) DEFAULT NULL,
  `date_add` datetime NOT NULL,
  `date_upd` datetime NOT NULL,
  `active` tinyint(1) UNSIGNED NOT NULL DEFAULT '1',
  `deleted` tinyint(1) UNSIGNED NOT NULL DEFAULT '0'
) ENGINE=InnoDB DEFAULT CHARSET=utf8;

--
-- Dumping data for table `pspa_address`
--

INSERT INTO `pspa_address` (`id_address`, `id_country`, `id_state`, `id_customer`, `id_manufacturer`, `id_supplier`, `id_warehouse`, `alias`, `company`, `lastname`, `firstname`, `address1`, `address2`, `postcode`, `city`, `other`, `phone`, `phone_mobile`, `vat_number`, `dni`, `date_add`, `date_upd`, `active`, `deleted`) VALUES
(13, 15, 357, 4, 0, 0, 0, 'O meu endereço', '', 'Lúcio', 'Telma', 'Rua da Fonte Nova 45A, Safara', '', '7875-056', 'Safara', '', '', '926180466', '', '', '2020-01-14 22:43:19', '2020-01-14 22:43:19', 1, 0),
(14, 15, 357, 6, 0, 0, 0, 'Ardalentejo', '', 'Alentejo', 'Ar', 'Rua de Santiago 31', '', '7200-175', 'Monsaraz', '', ' 939 584 191', '939 584 191', '', '', '2020-02-19 09:21:35', '2020-02-19 09:21:35', 1, 0),
(16, 15, 357, 8, 0, 0, 0, 'Luis Lopes', 'Sesmarias Turismo Rural', 'Turismo Rural', 'Sesmarias ', 'Estrada Nacional 387 ', '', '7900-097', ' Alfundão', '', '284 400 366', '284 400 366', '', '', '2020-02-19 09:35:30', '2020-02-19 09:35:30', 1, 0),
(17, 15, 357, 9, 0, 0, 0, 'Rui Gonçalves', 'Hotel Francis ', 'Francis', 'Hotel ', 'Praça Fernando Lopes Graça, Lote 31', '', '7800-430', 'Beja', '', '284 315 500', '284 315 500', '', '', '2020-02-19 09:52:17', '2020-02-19 09:52:17', 1, 0),
(18, 15, 357, 10, 0, 0, 0, 'Júlio Adrego', 'Herdade Rio Torto', 'Torto', 'Herdade Rio', 'estrada nacional 384, Km 6 herdade do rio torto', '', '7200-175', 'Beja', '', '266619124', '916932087', '', '', '2020-02-19 10:02:23', '2020-02-19 10:02:23', 1, 0),
(19, 6, 333, 13, 0, 0, 0, 'Carrer de Mallorca 33', '', 'Domingo', 'Alejandro', 'Carrer de Mallorca 33', '', '08013', 'Barcelona', '12', '34932080414', '34932080414', '', '', '2020-02-25 01:11:23', '2020-02-25 01:11:23', 1, 0),
(20, 6, 333, 14, 0, 0, 0, 'Carrer de Mallorca 33', '', 'Domingo', 'Alejandro', 'Carrer de Mallorca 33', '', '08013', 'Barcelona', '12', '34932080414', '34932080414', '', '', '2020-02-25 01:11:24', '2020-02-25 01:11:24', 1, 0),
(21, 15, 357, 15, 0, 0, 0, 'Aldeia do Granel', '', 'do Granel', 'Aldeia ', 'Beira', '', '0000-000', 'Guarda', '', '', '910258834', '', '', '2020-02-26 13:42:43', '2020-02-26 13:42:43', 1, 0),
(22, 15, 357, 16, 0, 0, 0, 'Casa', '', 'Granadas', 'Diogo', 'Rua Afonso de Albuquerque nº 156 5º Esq', 'Quinta do Barracoso', '8100-234', 'Loulé', '', '', '969702950', '', '', '2020-02-27 15:45:30', '2020-02-27 15:45:30', 1, 0),
(23, 2, 339, 17, 0, 0, 0, 'Neubauer ', 'Neubauer Mode', 'Neubauer ', 'Michaela ', 'Währinger Straße 77, ', '', '1180', 'Wien ', '', '', '+436767449809', '', '', '2020-02-29 14:58:01', '2020-02-29 14:59:31', 1, 0),
(24, 15, 357, 18, 0, 0, 0, 'O meu endereço', '', 'Azevedo ', 'Jose', 'Rua Professor Reinaldo dos Santos, 26, 6 Esq. ', '', '1500-506', 'Lisboa ', '', '217788648', '939393932', '', '', '2020-02-29 18:10:18', '2020-02-29 18:10:18', 1, 0),
(25, 15, 357, 19, 0, 0, 0, 'Casa', '', 'Lopes', 'Sérgio', 'Rua Fernão de Magalhães', '289, 1º Dto.', '2870-872', 'Montijo', '', '', '967476548', '', '', '2020-03-18 23:55:03', '2020-03-18 23:55:03', 1, 0),
(26, 15, 357, 19, 0, 0, 0, 'Maria', '', 'Melo', 'Maria', 'Rua Luís de Freitas Branco', '1, 1º B', '1600-488', 'Lisboa', '', '', '916221441', '', '', '2020-03-18 23:57:27', '2020-10-17 22:18:21', 1, 1),
(27, 6, 333, 21, 0, 0, 0, 'Carrer de Mallorca 33', '', 'Domingo', 'Alejandro', 'Carrer de Mallorca 33', '', '08013', 'Barcelona', '12', '34932080414', '34932080414', '', '', '2020-04-01 13:32:22', '2020-04-01 13:32:22', 1, 0),
(28, 6, 333, 22, 0, 0, 0, 'Carrer de Mallorca 33', '', 'Domingo', 'Alejandro', 'Carrer de Mallorca 33', '', '08013', 'Barcelona', '12', '34932080414', '34932080414', '', '', '2020-04-01 13:36:32', '2020-04-01 13:36:32', 1, 0),
(29, 15, 357, 23, 0, 0, 0, 'O meu endereço', '', 'moura', 'luis', 'rua rosas, 1 - 1º b', '', '2710-385', 'sintra', '', '219241906', '219241906', '', '', '2020-04-02 18:19:12', '2020-04-13 17:47:42', 1, 1),
(30, 15, 357, 24, 0, 0, 0, 'casa', '', 'valerio', 'joao', 'rua antónio tomás botto, 34, 1º esq', '', '2785-008', 'São Domingos de Rana', '', '', '919380660', '', '', '2020-04-03 22:20:45', '2020-04-03 22:20:45', 1, 0),
(31, 15, 357, 25, 0, 0, 0, 'Casa', '', 'Pereira', 'Nuno', 'Rua Coronel Luna de Oliveira, 17 - 5', '', '1900-166', 'Lisboa', '', '966953610', '966953610', '', '', '2020-04-05 13:28:37', '2020-04-05 13:29:23', 1, 0),
(32, 15, 357, 25, 0, 0, 0, 'Metro', 'Sede Metro Lisboa', 'Pereira', 'Nuno', 'Rua Andrade Corvo 38 ', '', '1050-009', 'Lisboa', '', '966953610', '966953610', '209533684', '', '2020-04-05 13:31:21', '2020-04-05 13:31:21', 1, 0),
(33, 15, 357, 26, 0, 0, 0, 'O meu endereço', '', 'Moura', 'Rui', 'Rua Teresa Gomes', 'Lt4 3º esq', '2970-278', 'sesimbra', '', '', '969296293', '', '', '2020-04-10 16:05:58', '2020-04-10 16:05:58', 1, 0),
(34, 15, 357, 27, 0, 0, 0, 'O meu ecasandereço', '', 'Alferes', 'Anabela', 'Monte das Areias', '', '7480-351', 'Figueira e Barros', '', '', '933012687', '', '', '2020-04-11 08:41:20', '2020-04-11 08:41:20', 1, 0),
(35, 15, 357, 28, 0, 0, 0, 'Morada Cliente Luis portugal', '', 'Jose', 'Maria', 'Rua das Rosas, nº 1, b Lourel, Sintra', '', '2710-385', 'Sintra', '', '284329052', '', '', '', '2020-04-13 13:04:51', '2020-04-13 13:04:51', 1, 0),
(36, 15, 357, 23, 0, 0, 0, 'casa', '', 'moura', 'luis', 'rua rosas, 1 - 1º b', '', '2710-385', 'sintra', '', '219241906', '937406089', '', '', '2020-04-13 17:47:42', '2020-04-13 17:47:42', 1, 0),
(37, 15, 357, 29, 0, 0, 0, 'O meu endereço', '', 'Santos', 'José ', 'Rua 1º dezembro nº 4', '', '7490-251', 'Mora', '', '', '937204120', '', '', '2020-04-14 16:32:46', '2020-04-14 16:32:46', 1, 0),
(38, 15, 357, 30, 0, 0, 0, 'Casa', 'Letras Encantadas', 'Mateus', 'Pedro', 'Rua da esperança, Lote 222, Foros da Catrapona', '', '2840-060', 'Aldeia Paio Pires', '', '916517132', '916517132', '', '', '2020-04-24 11:06:31', '2020-04-24 11:06:31', 1, 0),
(39, 6, 333, 31, 0, 0, 0, 'Carrer de Mallorca 33', '', 'Domingo', 'Alejandro', 'Carrer de Mallorca 33', '', '08013', 'Barcelona', '12', '34932080414', '34932080414', '', '', '2020-05-01 14:31:34', '2020-05-01 14:31:34', 1, 0),
(40, 6, 333, 32, 0, 0, 0, 'Carrer de Mallorca 33', '', 'Domingo', 'Alejandro', 'Carrer de Mallorca 33', '', '08013', 'Barcelona', '12', '34932080414', '34932080414', '', '', '2020-05-01 14:31:52', '2020-05-01 14:31:52', 1, 0),
(41, 15, 357, 33, 0, 0, 0, 'Paulo Figueira', '', 'Figueira', 'Paulo', '0000', '', '0000-000', 'Évora', '', '', '962855478', '', '', '2020-06-29 11:33:39', '2020-06-29 11:33:39', 1, 0),
(42, 15, 357, 34, 0, 0, 0, 'Casa', '', 'Saramago', 'Nuno', 'Tv Paulo Martins N29 RC', '', '1300-447', 'Lisboa', '', '', '939234001', '', '', '2020-07-02 23:54:25', '2020-07-02 23:54:25', 1, 0),
(43, 15, 357, 35, 0, 0, 0, 'Andrew Gowers', '', 'Gowers', 'Andrew', 'Rua Almeida e Sousa 5', 'Apt 5B', '1250-064', 'Lisboa', '', '', '930612473', '', '', '2020-07-09 15:14:25', '2020-07-09 15:14:25', 1, 0),
(44, 15, 357, 20, 0, 0, 0, 'O meu endereço', '', 'CunsumidorHabitual', 'Alexandre Frade', 'Rua rosas, 1 - 1º B, Lourel', '', '2710-385', 'Sintra', '', '', '966038877', '', '', '2020-07-10 11:50:24', '2020-07-10 11:50:24', 1, 0),
(45, 15, 357, 36, 0, 0, 0, 'Empresa', '', 'Palma', 'Helder', 'Praça da Cooperação, 4', '', '7800-006', 'Beja', '', '919794607', '919794607', '', '', '2020-07-14 13:14:46', '2020-07-14 13:14:46', 1, 0),
(46, 15, 357, 37, 0, 0, 0, 'O meu endereço', 'MARTINS BRANCO E SILVA, LDA', 'martins', 'rui', 'Rua Eng. Arantes de Oliveira, 46 rc ALCANENA', '', '2380-071', 'ALCANENA PORTUGAL', '', '932700890', '932700890', '', '', '2020-08-30 15:49:55', '2020-08-30 15:49:55', 1, 0),
(47, 15, 357, 38, 0, 0, 0, 'End', '', 'Grzywacz', 'Yann ', 'Rua de São Bento, 237 ', '1D', '1250-219', 'Lisboa', '', '912334636', '912334636', '', '', '2020-10-08 16:04:30', '2020-10-08 16:04:30', 1, 0),
(48, 15, 357, 39, 0, 0, 0, 'O meu endereço', '', 'Trindade', 'Manuel', 'Av. Comandante Ramiro Correia n.62  2°Esq', '', '7800-261', 'Beja', '', '', '962847851', '', '', '2020-10-11 20:40:50', '2020-10-11 20:40:50', 1, 0),
(49, 15, 357, 19, 0, 0, 0, 'Maria', '', 'Melo', 'Maria', 'Rua Luís de Freitas Branco', '1, 1º B', '1600-488', 'Lisboa', '', '', '967476548', '', '', '2020-10-17 22:18:21', '2020-10-17 22:18:21', 1, 0),
(50, 15, 357, 40, 0, 0, 0, 'Hotel Nova Sintra', 'Bernardo e Gomes Lda', 'Bernardo', 'Rui', 'Largo Afonso Albuquerque 25', '', '2710-519', 'Sintra', '', '219230220', '916171757', '500564892', '', '2020-11-02 12:59:58', '2020-11-03 17:19:45', 1, 0);

-- --------------------------------------------------------

--
-- Table structure for table `pspa_address_format`
--

CREATE TABLE `pspa_address_format` (
  `id_country` int(10) UNSIGNED NOT NULL,
  `format` varchar(255) NOT NULL DEFAULT ''
) ENGINE=InnoDB DEFAULT CHARSET=utf8;

--
-- Dumping data for table `pspa_address_format`
--

INSERT INTO `pspa_address_format` (`id_country`, `format`) VALUES
(1, 'firstname lastname\r\ncompany\r\nvat_number\r\naddress1\r\naddress2\r\npostcode city\r\nCountry:name\r\nphone\r\nphone_mobile'),
(2, 'firstname lastname\r\ncompany\r\nvat_number\r\naddress1\r\naddress2\r\npostcode city\r\nCountry:name\r\nphone\r\nphone_mobile'),
(3, 'firstname lastname\r\ncompany\r\nvat_number\r\naddress1\r\naddress2\r\npostcode city\r\nCountry:name\r\nphone\r\nphone_mobile'),
(4, 'firstname lastname\ncompany\naddress1\naddress2\ncity State:name postcode\nCountry:name\nphone\nphone_mobile'),
(5, 'firstname lastname\ncompany\nvat_number\naddress1\naddress2\npostcode city\nCountry:name\nphone\nphone_mobile'),
(6, 'firstname lastname\r\ncompany\r\nvat_number\r\naddress1\r\naddress2\r\npostcode city\r\nCountry:name\r\nphone\r\nphone_mobile'),
(7, 'firstname lastname\r\ncompany\r\nvat_number\r\naddress1\r\naddress2\r\npostcode city\r\nCountry:name\r\nphone\r\nphone_mobile'),
(8, 'firstname lastname\r\ncompany\r\nvat_number\r\naddress1\r\naddress2\r\npostcode city\r\nCountry:name\r\nphone\r\nphone_mobile'),
(9, 'firstname lastname\r\ncompany\r\nvat_number\r\naddress1\r\naddress2\r\npostcode city\r\nCountry:name\r\nphone\r\nphone_mobile'),
(10, 'firstname lastname\r\ncompany\r\nvat_number\r\naddress1\r\naddress2\r\npostcode city\r\nState:name\r\nCountry:name\r\nphone\r\nphone_mobile'),
(11, 'firstname lastname\ncompany\nvat_number\naddress1\naddress2\npostcode city\nState:name\nCountry:name\nphone\nphone_mobile'),
(12, 'firstname lastname\r\ncompany\r\nvat_number\r\naddress1\r\naddress2\r\npostcode city\r\nCountry:name\r\nphone\r\nphone_mobile'),
(13, 'firstname lastname\r\ncompany\r\nvat_number\r\naddress1\r\naddress2\r\npostcode city\r\nCountry:name\r\nphone\r\nphone_mobile'),
(14, 'firstname lastname\r\ncompany\r\nvat_number\r\naddress1\r\naddress2\r\npostcode city\r\nCountry:name\r\nphone\r\nphone_mobile'),
(15, 'firstname lastname\r\ncompany\r\nvat_number\r\naddress1\r\naddress2\r\npostcode city\r\nCountry:name\r\nphone\r\nphone_mobile'),
(16, 'firstname lastname\r\ncompany\r\nvat_number\r\naddress1\r\naddress2\r\npostcode city\r\nCountry:name\r\nphone\r\nphone_mobile'),
(17, 'firstname lastname\r\ncompany\r\nvat_number\r\naddress1\r\naddress2\r\ncity\r\npostcode\r\nCountry:name\r\nphone\r\nphone_mobile'),
(18, 'firstname lastname\r\ncompany\r\nvat_number\r\naddress1\r\naddress2\r\npostcode city\r\nCountry:name\r\nphone\r\nphone_mobile'),
(19, 'firstname lastname\ncompany\nvat_number\naddress1\naddress2\npostcode city\nCountry:name\nphone\nphone_mobile'),
(20, 'firstname lastname\r\ncompany\r\nvat_number\r\naddress1\r\naddress2\r\npostcode city\r\nCountry:name\r\nphone\r\nphone_mobile'),
(21, 'firstname lastname\r\ncompany\r\naddress1 address2\r\ncity, State:name postcode\r\nCountry:name\r\nphone\r\nphone_mobile'),
(22, 'firstname lastname\ncompany\nvat_number\naddress1\naddress2\npostcode city\nCountry:name\nphone\nphone_mobile'),
(23, 'firstname lastname\ncompany\nvat_number\naddress1\naddress2\npostcode city\nCountry:name\nphone\nphone_mobile'),
(24, 'firstname lastname\ncompany\nvat_number\naddress1\naddress2\npostcode city\nCountry:name\nphone\nphone_mobile'),
(25, 'firstname lastname\ncompany\nvat_number\naddress1\naddress2\npostcode city\nCountry:name\nphone\nphone_mobile'),
(26, 'firstname lastname\r\ncompany\r\nvat_number\r\naddress1\r\naddress2\r\npostcode city\r\nCountry:name\r\nphone\r\nphone_mobile'),
(27, 'firstname lastname\ncompany\nvat_number\naddress1\naddress2\npostcode city\nCountry:name\nphone\nphone_mobile'),
(28, 'firstname lastname\ncompany\nvat_number\naddress1\naddress2\npostcode city\nCountry:name\nphone\nphone_mobile'),
(29, 'firstname lastname\ncompany\nvat_number\naddress1\naddress2\npostcode city\nCountry:name\nphone\nphone_mobile'),
(30, 'firstname lastname\ncompany\nvat_number\naddress1\naddress2\npostcode city\nCountry:name\nphone\nphone_mobile'),
(31, 'firstname lastname\ncompany\nvat_number\naddress1\naddress2\npostcode city\nCountry:name\nphone\nphone_mobile'),
(32, 'firstname lastname\ncompany\nvat_number\naddress1\naddress2\npostcode city\nCountry:name\nphone\nphone_mobile'),
(33, 'firstname lastname\ncompany\nvat_number\naddress1\naddress2\npostcode city\nCountry:name\nphone\nphone_mobile'),
(34, 'firstname lastname\ncompany\nvat_number\naddress1\naddress2\npostcode city\nCountry:name\nphone\nphone_mobile'),
(35, 'firstname lastname\ncompany\nvat_number\naddress1\naddress2\npostcode city\nCountry:name\nphone\nphone_mobile'),
(36, 'firstname lastname\r\ncompany\r\nvat_number\r\naddress1\r\naddress2\r\npostcode city\r\nCountry:name\r\nphone\r\nphone_mobile'),
(37, 'firstname lastname\r\ncompany\r\nvat_number\r\naddress1\r\naddress2\r\npostcode city\r\nCountry:name\r\nphone\r\nphone_mobile'),
(38, 'firstname lastname\ncompany\nvat_number\naddress1\naddress2\npostcode city\nCountry:name\nphone\nphone_mobile'),
(39, 'firstname lastname\ncompany\nvat_number\naddress1\naddress2\npostcode city\nCountry:name\nphone\nphone_mobile'),
(40, 'firstname lastname\ncompany\nvat_number\naddress1\naddress2\npostcode city\nCountry:name\nphone\nphone_mobile'),
(41, 'firstname lastname\ncompany\nvat_number\naddress1\naddress2\npostcode city\nCountry:name\nphone\nphone_mobile'),
(42, 'firstname lastname\ncompany\nvat_number\naddress1\naddress2\npostcode city\nCountry:name\nphone\nphone_mobile'),
(43, 'firstname lastname\ncompany\nvat_number\naddress1\naddress2\npostcode city\nCountry:name\nphone\nphone_mobile'),
(44, 'firstname lastname\ncompany\nvat_number\naddress1\naddress2\npostcode city\nState:name\nCountry:name\nphone\nphone_mobile'),
(45, 'firstname lastname\ncompany\nvat_number\naddress1\naddress2\npostcode city\nCountry:name\nphone\nphone_mobile'),
(46, 'firstname lastname\ncompany\nvat_number\naddress1\naddress2\npostcode city\nCountry:name\nphone\nphone_mobile'),
(47, 'firstname lastname\ncompany\nvat_number\naddress1\naddress2\npostcode city\nCountry:name\nphone\nphone_mobile'),
(48, 'firstname lastname\ncompany\nvat_number\naddress1\naddress2\npostcode city\nCountry:name\nphone\nphone_mobile'),
(49, 'firstname lastname\ncompany\nvat_number\naddress1\naddress2\npostcode city\nCountry:name\nphone\nphone_mobile'),
(50, 'firstname lastname\ncompany\nvat_number\naddress1\naddress2\npostcode city\nCountry:name\nphone\nphone_mobile'),
(51, 'firstname lastname\ncompany\nvat_number\naddress1\naddress2\npostcode city\nCountry:name\nphone\nphone_mobile'),
(52, 'firstname lastname\ncompany\nvat_number\naddress1\naddress2\npostcode city\nCountry:name\nphone\nphone_mobile'),
(53, 'firstname lastname\ncompany\nvat_number\naddress1\naddress2\npostcode city\nCountry:name\nphone\nphone_mobile'),
(54, 'firstname lastname\ncompany\nvat_number\naddress1\naddress2\npostcode city\nCountry:name\nphone\nphone_mobile'),
(55, 'firstname lastname\ncompany\nvat_number\naddress1\naddress2\npostcode city\nCountry:name\nphone\nphone_mobile'),
(56, 'firstname lastname\ncompany\nvat_number\naddress1\naddress2\npostcode city\nCountry:name\nphone\nphone_mobile'),
(57, 'firstname lastname\ncompany\nvat_number\naddress1\naddress2\npostcode city\nCountry:name\nphone\nphone_mobile'),
(58, 'firstname lastname\ncompany\nvat_number\naddress1\naddress2\npostcode city\nCountry:name\nphone\nphone_mobile'),
(59, 'firstname lastname\ncompany\nvat_number\naddress1\naddress2\npostcode city\nCountry:name\nphone\nphone_mobile'),
(60, 'firstname lastname\ncompany\nvat_number\naddress1\naddress2\npostcode city\nCountry:name\nphone\nphone_mobile'),
(61, 'firstname lastname\ncompany\nvat_number\naddress1\naddress2\npostcode city\nCountry:name\nphone\nphone_mobile'),
(62, 'firstname lastname\ncompany\nvat_number\naddress1\naddress2\npostcode city\nCountry:name\nphone\nphone_mobile'),
(63, 'firstname lastname\ncompany\nvat_number\naddress1\naddress2\npostcode city\nCountry:name\nphone\nphone_mobile'),
(64, 'firstname lastname\ncompany\nvat_number\naddress1\naddress2\npostcode city\nCountry:name\nphone\nphone_mobile'),
(65, 'firstname lastname\ncompany\nvat_number\naddress1\naddress2\npostcode city\nCountry:name\nphone\nphone_mobile'),
(66, 'firstname lastname\ncompany\nvat_number\naddress1\naddress2\npostcode city\nCountry:name\nphone\nphone_mobile'),
(67, 'firstname lastname\ncompany\nvat_number\naddress1\naddress2\npostcode city\nCountry:name\nphone\nphone_mobile'),
(68, 'firstname lastname\ncompany\nvat_number\naddress1\naddress2\npostcode city\nCountry:name\nphone\nphone_mobile'),
(69, 'firstname lastname\ncompany\nvat_number\naddress1\naddress2\npostcode city\nCountry:name\nphone\nphone_mobile'),
(70, 'firstname lastname\ncompany\nvat_number\naddress1\naddress2\npostcode city\nCountry:name\nphone\nphone_mobile'),
(71, 'firstname lastname\ncompany\nvat_number\naddress1\naddress2\npostcode city\nCountry:name\nphone\nphone_mobile'),
(72, 'firstname lastname\ncompany\nvat_number\naddress1\naddress2\npostcode city\nCountry:name\nphone\nphone_mobile'),
(73, 'firstname lastname\ncompany\nvat_number\naddress1\naddress2\npostcode city\nCountry:name\nphone\nphone_mobile'),
(74, 'firstname lastname\r\ncompany\r\nvat_number\r\naddress1\r\naddress2\r\npostcode city\r\nCountry:name\r\nphone\r\nphone_mobile'),
(75, 'firstname lastname\ncompany\nvat_number\naddress1\naddress2\npostcode city\nCountry:name\nphone\nphone_mobile'),
(76, 'firstname lastname\r\ncompany\r\nvat_number\r\naddress1\r\naddress2\r\npostcode city\r\nCountry:name\r\nphone\r\nphone_mobile'),
(77, 'firstname lastname\ncompany\nvat_number\naddress1\naddress2\npostcode city\nCountry:name\nphone\nphone_mobile'),
(78, 'firstname lastname\ncompany\nvat_number\naddress1\naddress2\npostcode city\nCountry:name\nphone\nphone_mobile'),
(79, 'firstname lastname\ncompany\nvat_number\naddress1\naddress2\npostcode city\nCountry:name\nphone\nphone_mobile'),
(80, 'firstname lastname\ncompany\nvat_number\naddress1\naddress2\npostcode city\nCountry:name\nphone\nphone_mobile'),
(81, 'firstname lastname\ncompany\nvat_number\naddress1\naddress2\npostcode city\nCountry:name\nphone\nphone_mobile'),
(82, 'firstname lastname\ncompany\nvat_number\naddress1\naddress2\npostcode city\nCountry:name\nphone\nphone_mobile'),
(83, 'firstname lastname\ncompany\nvat_number\naddress1\naddress2\npostcode city\nCountry:name\nphone\nphone_mobile'),
(84, 'firstname lastname\ncompany\nvat_number\naddress1\naddress2\npostcode city\nCountry:name\nphone\nphone_mobile'),
(85, 'firstname lastname\ncompany\nvat_number\naddress1\naddress2\npostcode city\nCountry:name\nphone\nphone_mobile'),
(86, 'firstname lastname\r\ncompany\r\nvat_number\r\naddress1\r\naddress2\r\npostcode city\r\nCountry:name\r\nphone\r\nphone_mobile'),
(87, 'firstname lastname\ncompany\nvat_number\naddress1\naddress2\npostcode city\nCountry:name\nphone\nphone_mobile'),
(88, 'firstname lastname\ncompany\nvat_number\naddress1\naddress2\npostcode city\nCountry:name\nphone\nphone_mobile'),
(89, 'firstname lastname\ncompany\nvat_number\naddress1\naddress2\npostcode city\nCountry:name\nphone\nphone_mobile'),
(90, 'firstname lastname\ncompany\nvat_number\naddress1\naddress2\npostcode city\nCountry:name\nphone\nphone_mobile'),
(91, 'firstname lastname\ncompany\nvat_number\naddress1\naddress2\npostcode city\nCountry:name\nphone\nphone_mobile'),
(92, 'firstname lastname\ncompany\nvat_number\naddress1\naddress2\npostcode city\nCountry:name\nphone\nphone_mobile'),
(93, 'firstname lastname\ncompany\nvat_number\naddress1\naddress2\npostcode city\nCountry:name\nphone\nphone_mobile'),
(94, 'firstname lastname\ncompany\nvat_number\naddress1\naddress2\npostcode city\nCountry:name\nphone\nphone_mobile'),
(95, 'firstname lastname\ncompany\nvat_number\naddress1\naddress2\npostcode city\nCountry:name\nphone\nphone_mobile'),
(96, 'firstname lastname\ncompany\nvat_number\naddress1\naddress2\npostcode city\nCountry:name\nphone\nphone_mobile'),
(97, 'firstname lastname\ncompany\nvat_number\naddress1\naddress2\npostcode city\nCountry:name\nphone\nphone_mobile'),
(98, 'firstname lastname\ncompany\nvat_number\naddress1\naddress2\npostcode city\nCountry:name\nphone\nphone_mobile'),
(99, 'firstname lastname\ncompany\nvat_number\naddress1\naddress2\npostcode city\nCountry:name\nphone\nphone_mobile'),
(100, 'firstname lastname\ncompany\nvat_number\naddress1\naddress2\npostcode city\nCountry:name\nphone\nphone_mobile'),
(101, 'firstname lastname\ncompany\nvat_number\naddress1\naddress2\npostcode city\nCountry:name\nphone\nphone_mobile'),
(102, 'firstname lastname\ncompany\nvat_number\naddress1\naddress2\npostcode city\nCountry:name\nphone\nphone_mobile'),
(103, 'firstname lastname\ncompany\nvat_number\naddress1\naddress2\npostcode city\nCountry:name\nphone\nphone_mobile'),
(104, 'firstname lastname\ncompany\nvat_number\naddress1\naddress2\npostcode city\nCountry:name\nphone\nphone_mobile'),
(105, 'firstname lastname\ncompany\nvat_number\naddress1\naddress2\npostcode city\nCountry:name\nphone\nphone_mobile'),
(106, 'firstname lastname\ncompany\nvat_number\naddress1\naddress2\npostcode city\nCountry:name\nphone\nphone_mobile'),
(107, 'firstname lastname\ncompany\nvat_number\naddress1\naddress2\npostcode city\nCountry:name\nphone\nphone_mobile'),
(108, 'firstname lastname\ncompany\nvat_number\naddress1\naddress2\npostcode city\nCountry:name\nphone\nphone_mobile'),
(109, 'firstname lastname\ncompany\nvat_number\naddress1\naddress2\npostcode city\nCountry:name\nphone\nphone_mobile'),
(110, 'firstname lastname\ncompany\nvat_number\naddress1\naddress2\ncity\npostcode\nState:name\nCountry:name\nphone'),
(111, 'firstname lastname\ncompany\nvat_number\naddress1\naddress2\npostcode city\nState:name\nCountry:name\nphone\nphone_mobile'),
(112, 'firstname lastname\ncompany\nvat_number\naddress1\naddress2\npostcode city\nCountry:name\nphone\nphone_mobile'),
(113, 'firstname lastname\ncompany\nvat_number\naddress1\naddress2\npostcode city\nCountry:name\nphone\nphone_mobile'),
(114, 'firstname lastname\ncompany\nvat_number\naddress1\naddress2\npostcode city\nCountry:name\nphone\nphone_mobile'),
(115, 'firstname lastname\ncompany\nvat_number\naddress1\naddress2\npostcode city\nCountry:name\nphone\nphone_mobile'),
(116, 'firstname lastname\ncompany\nvat_number\naddress1\naddress2\npostcode city\nCountry:name\nphone\nphone_mobile'),
(117, 'firstname lastname\ncompany\nvat_number\naddress1\naddress2\npostcode city\nCountry:name\nphone\nphone_mobile'),
(118, 'firstname lastname\ncompany\nvat_number\naddress1\naddress2\npostcode city\nCountry:name\nphone\nphone_mobile'),
(119, 'firstname lastname\ncompany\nvat_number\naddress1\naddress2\npostcode city\nCountry:name\nphone\nphone_mobile'),
(120, 'firstname lastname\ncompany\nvat_number\naddress1\naddress2\npostcode city\nCountry:name\nphone\nphone_mobile'),
(121, 'firstname lastname\ncompany\nvat_number\naddress1\naddress2\npostcode city\nCountry:name\nphone\nphone_mobile'),
(122, 'firstname lastname\ncompany\nvat_number\naddress1\naddress2\npostcode city\nCountry:name\nphone\nphone_mobile'),
(123, 'firstname lastname\ncompany\nvat_number\naddress1\naddress2\npostcode city\nCountry:name\nphone\nphone_mobile'),
(124, 'firstname lastname\ncompany\nvat_number\naddress1\naddress2\npostcode city\nCountry:name\nphone\nphone_mobile'),
(125, 'firstname lastname\r\ncompany\r\nvat_number\r\naddress1\r\naddress2\r\npostcode city\r\nCountry:name\r\nphone\r\nphone_mobile'),
(126, 'firstname lastname\ncompany\nvat_number\naddress1\naddress2\npostcode city\nCountry:name\nphone\nphone_mobile'),
(127, 'firstname lastname\ncompany\nvat_number\naddress1\naddress2\npostcode city\nCountry:name\nphone\nphone_mobile'),
(128, 'firstname lastname\ncompany\nvat_number\naddress1\naddress2\npostcode city\nCountry:name\nphone\nphone_mobile'),
(129, 'firstname lastname\ncompany\nvat_number\naddress1\naddress2\npostcode city\nCountry:name\nphone\nphone_mobile'),
(130, 'firstname lastname\ncompany\nvat_number\naddress1\naddress2\npostcode city\nCountry:name\nphone\nphone_mobile'),
(131, 'firstname lastname\r\ncompany\r\nvat_number\r\naddress1\r\naddress2\r\npostcode city\r\nCountry:name\r\nphone\r\nphone_mobile'),
(132, 'firstname lastname\ncompany\nvat_number\naddress1\naddress2\npostcode city\nCountry:name\nphone\nphone_mobile'),
(133, 'firstname lastname\ncompany\nvat_number\naddress1\naddress2\npostcode city\nCountry:name\nphone\nphone_mobile'),
(134, 'firstname lastname\ncompany\nvat_number\naddress1\naddress2\npostcode city\nCountry:name\nphone\nphone_mobile'),
(135, 'firstname lastname\ncompany\nvat_number\naddress1\naddress2\npostcode city\nCountry:name\nphone\nphone_mobile'),
(136, 'firstname lastname\ncompany\nvat_number\naddress1\naddress2\npostcode city\nCountry:name\nphone\nphone_mobile'),
(137, 'firstname lastname\ncompany\nvat_number\naddress1\naddress2\npostcode city\nCountry:name\nphone\nphone_mobile'),
(138, 'firstname lastname\ncompany\nvat_number\naddress1\naddress2\npostcode city\nCountry:name\nphone\nphone_mobile'),
(139, 'firstname lastname\r\ncompany\r\nvat_number\r\naddress1\r\naddress2\r\npostcode city\r\nCountry:name\r\nphone\r\nphone_mobile'),
(140, 'firstname lastname\ncompany\nvat_number\naddress1\naddress2\npostcode city\nCountry:name\nphone\nphone_mobile'),
(141, 'firstname lastname\ncompany\nvat_number\naddress1\naddress2\npostcode city\nCountry:name\nphone\nphone_mobile'),
(142, 'firstname lastname\ncompany\nvat_number\naddress1\naddress2\npostcode city\nCountry:name\nphone\nphone_mobile'),
(143, 'firstname lastname\r\ncompany\r\nvat_number\r\naddress1\r\naddress2\r\npostcode city\r\nCountry:name\r\nphone\r\nphone_mobile'),
(144, 'firstname lastname\ncompany\nvat_number\naddress1\naddress2\npostcode city\nCountry:name\nphone\nphone_mobile'),
(145, 'firstname lastname\ncompany\nvat_number\naddress1\naddress2\npostcode city\nState:name\nCountry:name\nphone\nphone_mobile'),
(146, 'firstname lastname\ncompany\nvat_number\naddress1\naddress2\npostcode city\nCountry:name\nphone\nphone_mobile'),
(147, 'firstname lastname\ncompany\nvat_number\naddress1\naddress2\npostcode city\nCountry:name\nphone\nphone_mobile'),
(148, 'firstname lastname\ncompany\nvat_number\naddress1\naddress2\npostcode city\nCountry:name\nphone\nphone_mobile'),
(149, 'firstname lastname\ncompany\nvat_number\naddress1\naddress2\npostcode city\nCountry:name\nphone\nphone_mobile'),
(150, 'firstname lastname\ncompany\nvat_number\naddress1\naddress2\npostcode city\nCountry:name\nphone\nphone_mobile'),
(151, 'firstname lastname\ncompany\nvat_number\naddress1\naddress2\npostcode city\nCountry:name\nphone\nphone_mobile'),
(152, 'firstname lastname\ncompany\nvat_number\naddress1\naddress2\npostcode city\nCountry:name\nphone\nphone_mobile'),
(153, 'firstname lastname\ncompany\nvat_number\naddress1\naddress2\npostcode city\nCountry:name\nphone\nphone_mobile'),
(154, 'firstname lastname\ncompany\nvat_number\naddress1\naddress2\npostcode city\nCountry:name\nphone\nphone_mobile'),
(155, 'firstname lastname\ncompany\nvat_number\naddress1\naddress2\npostcode city\nCountry:name\nphone\nphone_mobile'),
(156, 'firstname lastname\ncompany\nvat_number\naddress1\naddress2\npostcode city\nCountry:name\nphone\nphone_mobile'),
(157, 'firstname lastname\ncompany\nvat_number\naddress1\naddress2\npostcode city\nCountry:name\nphone\nphone_mobile'),
(158, 'firstname lastname\ncompany\nvat_number\naddress1\naddress2\npostcode city\nCountry:name\nphone\nphone_mobile'),
(159, 'firstname lastname\ncompany\nvat_number\naddress1\naddress2\npostcode city\nCountry:name\nphone\nphone_mobile'),
(160, 'firstname lastname\ncompany\nvat_number\naddress1\naddress2\npostcode city\nCountry:name\nphone\nphone_mobile'),
(161, 'firstname lastname\ncompany\nvat_number\naddress1\naddress2\npostcode city\nCountry:name\nphone\nphone_mobile'),
(162, 'firstname lastname\ncompany\nvat_number\naddress1\naddress2\npostcode city\nCountry:name\nphone\nphone_mobile'),
(163, 'firstname lastname\ncompany\nvat_number\naddress1\naddress2\npostcode city\nCountry:name\nphone\nphone_mobile'),
(164, 'firstname lastname\ncompany\nvat_number\naddress1\naddress2\npostcode city\nCountry:name\nphone\nphone_mobile'),
(165, 'firstname lastname\ncompany\nvat_number\naddress1\naddress2\npostcode city\nCountry:name\nphone\nphone_mobile'),
(166, 'firstname lastname\ncompany\nvat_number\naddress1\naddress2\npostcode city\nCountry:name\nphone\nphone_mobile'),
(167, 'firstname lastname\ncompany\nvat_number\naddress1\naddress2\npostcode city\nCountry:name\nphone\nphone_mobile'),
(168, 'firstname lastname\ncompany\nvat_number\naddress1\naddress2\npostcode city\nCountry:name\nphone\nphone_mobile'),
(169, 'firstname lastname\ncompany\nvat_number\naddress1\naddress2\npostcode city\nCountry:name\nphone\nphone_mobile'),
(170, 'firstname lastname\ncompany\nvat_number\naddress1\naddress2\npostcode city\nCountry:name\nphone\nphone_mobile'),
(171, 'firstname lastname\ncompany\nvat_number\naddress1\naddress2\npostcode city\nCountry:name\nphone\nphone_mobile'),
(172, 'firstname lastname\ncompany\nvat_number\naddress1\naddress2\npostcode city\nCountry:name\nphone\nphone_mobile'),
(173, 'firstname lastname\ncompany\nvat_number\naddress1\naddress2\npostcode city\nCountry:name\nphone\nphone_mobile'),
(174, 'firstname lastname\ncompany\nvat_number\naddress1\naddress2\npostcode city\nCountry:name\nphone\nphone_mobile'),
(175, 'firstname lastname\ncompany\nvat_number\naddress1\naddress2\npostcode city\nCountry:name\nphone\nphone_mobile'),
(176, 'firstname lastname\ncompany\nvat_number\naddress1\naddress2\npostcode city\nCountry:name\nphone\nphone_mobile'),
(177, 'firstname lastname\ncompany\nvat_number\naddress1\naddress2\npostcode city\nCountry:name\nphone\nphone_mobile'),
(178, 'firstname lastname\ncompany\nvat_number\naddress1\naddress2\npostcode city\nCountry:name\nphone\nphone_mobile'),
(179, 'firstname lastname\ncompany\nvat_number\naddress1\naddress2\npostcode city\nCountry:name\nphone\nphone_mobile'),
(180, 'firstname lastname\ncompany\nvat_number\naddress1\naddress2\npostcode city\nCountry:name\nphone\nphone_mobile'),
(181, 'firstname lastname\ncompany\nvat_number\naddress1\naddress2\npostcode city\nCountry:name\nphone\nphone_mobile'),
(182, 'firstname lastname\ncompany\nvat_number\naddress1\naddress2\npostcode city\nCountry:name\nphone\nphone_mobile'),
(183, 'firstname lastname\ncompany\nvat_number\naddress1\naddress2\npostcode city\nCountry:name\nphone\nphone_mobile'),
(184, 'firstname lastname\ncompany\nvat_number\naddress1\naddress2\npostcode city\nCountry:name\nphone\nphone_mobile'),
(185, 'firstname lastname\ncompany\nvat_number\naddress1\naddress2\npostcode city\nCountry:name\nphone\nphone_mobile'),
(186, 'firstname lastname\ncompany\nvat_number\naddress1\naddress2\npostcode city\nCountry:name\nphone\nphone_mobile'),
(187, 'firstname lastname\ncompany\nvat_number\naddress1\naddress2\npostcode city\nCountry:name\nphone\nphone_mobile'),
(188, 'firstname lastname\ncompany\nvat_number\naddress1\naddress2\npostcode city\nCountry:name\nphone\nphone_mobile'),
(189, 'firstname lastname\ncompany\nvat_number\naddress1\naddress2\npostcode city\nCountry:name\nphone\nphone_mobile'),
(190, 'firstname lastname\ncompany\nvat_number\naddress1\naddress2\npostcode city\nCountry:name\nphone\nphone_mobile'),
(191, 'firstname lastname\ncompany\nvat_number\naddress1\naddress2\npostcode city\nCountry:name\nphone\nphone_mobile'),
(192, 'firstname lastname\ncompany\nvat_number\naddress1\naddress2\npostcode city\nCountry:name\nphone\nphone_mobile'),
(193, 'firstname lastname\r\ncompany\r\nvat_number\r\naddress1\r\naddress2\r\npostcode city\r\nCountry:name\r\nphone\r\nphone_mobile'),
(194, 'firstname lastname\ncompany\nvat_number\naddress1\naddress2\npostcode city\nCountry:name\nphone\nphone_mobile'),
(195, 'firstname lastname\ncompany\nvat_number\naddress1\naddress2\npostcode city\nCountry:name\nphone\nphone_mobile'),
(196, 'firstname lastname\ncompany\nvat_number\naddress1\naddress2\npostcode city\nCountry:name\nphone\nphone_mobile'),
(197, 'firstname lastname\ncompany\nvat_number\naddress1\naddress2\npostcode city\nCountry:name\nphone\nphone_mobile'),
(198, 'firstname lastname\ncompany\nvat_number\naddress1\naddress2\npostcode city\nCountry:name\nphone\nphone_mobile'),
(199, 'firstname lastname\ncompany\nvat_number\naddress1\naddress2\npostcode city\nCountry:name\nphone\nphone_mobile'),
(200, 'firstname lastname\ncompany\nvat_number\naddress1\naddress2\npostcode city\nCountry:name\nphone\nphone_mobile'),
(201, 'firstname lastname\ncompany\nvat_number\naddress1\naddress2\npostcode city\nCountry:name\nphone\nphone_mobile'),
(202, 'firstname lastname\ncompany\nvat_number\naddress1\naddress2\npostcode city\nCountry:name\nphone\nphone_mobile'),
(203, 'firstname lastname\ncompany\nvat_number\naddress1\naddress2\npostcode city\nCountry:name\nphone\nphone_mobile'),
(204, 'firstname lastname\ncompany\nvat_number\naddress1\naddress2\npostcode city\nCountry:name\nphone\nphone_mobile'),
(205, 'firstname lastname\ncompany\nvat_number\naddress1\naddress2\npostcode city\nCountry:name\nphone\nphone_mobile'),
(206, 'firstname lastname\ncompany\nvat_number\naddress1\naddress2\npostcode city\nCountry:name\nphone\nphone_mobile'),
(207, 'firstname lastname\ncompany\nvat_number\naddress1\naddress2\npostcode city\nCountry:name\nphone\nphone_mobile'),
(208, 'firstname lastname\ncompany\nvat_number\naddress1\naddress2\npostcode city\nCountry:name\nphone\nphone_mobile'),
(209, 'firstname lastname\ncompany\nvat_number\naddress1\naddress2\npostcode city\nCountry:name\nphone\nphone_mobile'),
(210, 'firstname lastname\ncompany\nvat_number\naddress1\naddress2\npostcode city\nCountry:name\nphone\nphone_mobile'),
(211, 'firstname lastname\ncompany\nvat_number\naddress1\naddress2\npostcode city\nCountry:name\nphone\nphone_mobile'),
(212, 'firstname lastname\ncompany\nvat_number\naddress1\naddress2\npostcode city\nCountry:name\nphone\nphone_mobile'),
(213, 'firstname lastname\ncompany\nvat_number\naddress1\naddress2\npostcode city\nCountry:name\nphone\nphone_mobile'),
(214, 'firstname lastname\ncompany\nvat_number\naddress1\naddress2\npostcode city\nCountry:name\nphone\nphone_mobile'),
(215, 'firstname lastname\ncompany\nvat_number\naddress1\naddress2\npostcode city\nCountry:name\nphone\nphone_mobile'),
(216, 'firstname lastname\ncompany\nvat_number\naddress1\naddress2\npostcode city\nCountry:name\nphone\nphone_mobile'),
(217, 'firstname lastname\ncompany\nvat_number\naddress1\naddress2\npostcode city\nCountry:name\nphone\nphone_mobile'),
(218, 'firstname lastname\ncompany\nvat_number\naddress1\naddress2\npostcode city\nCountry:name\nphone\nphone_mobile'),
(219, 'firstname lastname\ncompany\nvat_number\naddress1\naddress2\npostcode city\nCountry:name\nphone\nphone_mobile'),
(220, 'firstname lastname\ncompany\nvat_number\naddress1\naddress2\npostcode city\nCountry:name\nphone\nphone_mobile'),
(221, 'firstname lastname\ncompany\nvat_number\naddress1\naddress2\npostcode city\nCountry:name\nphone\nphone_mobile'),
(222, 'firstname lastname\ncompany\nvat_number\naddress1\naddress2\npostcode city\nCountry:name\nphone\nphone_mobile'),
(223, 'firstname lastname\ncompany\nvat_number\naddress1\naddress2\npostcode city\nCountry:name\nphone\nphone_mobile'),
(224, 'firstname lastname\ncompany\nvat_number\naddress1\naddress2\npostcode city\nCountry:name\nphone\nphone_mobile'),
(225, 'firstname lastname\ncompany\nvat_number\naddress1\naddress2\npostcode city\nCountry:name\nphone\nphone_mobile'),
(226, 'firstname lastname\ncompany\nvat_number\naddress1\naddress2\npostcode city\nCountry:name\nphone\nphone_mobile'),
(227, 'firstname lastname\ncompany\nvat_number\naddress1\naddress2\npostcode city\nCountry:name\nphone\nphone_mobile'),
(228, 'firstname lastname\ncompany\nvat_number\naddress1\naddress2\npostcode city\nCountry:name\nphone\nphone_mobile'),
(229, 'firstname lastname\ncompany\nvat_number\naddress1\naddress2\npostcode city\nCountry:name\nphone\nphone_mobile'),
(230, 'firstname lastname\ncompany\nvat_number\naddress1\naddress2\npostcode city\nCountry:name\nphone\nphone_mobile'),
(231, 'firstname lastname\ncompany\nvat_number\naddress1\naddress2\npostcode city\nCountry:name\nphone\nphone_mobile'),
(232, 'firstname lastname\ncompany\nvat_number\naddress1\naddress2\npostcode city\nCountry:name\nphone\nphone_mobile'),
(233, 'firstname lastname\ncompany\nvat_number\naddress1\naddress2\npostcode city\nCountry:name\nphone\nphone_mobile'),
(234, 'firstname lastname\ncompany\nvat_number\naddress1\naddress2\npostcode city\nCountry:name\nphone\nphone_mobile'),
(235, 'firstname lastname\ncompany\nvat_number\naddress1\naddress2\npostcode city\nCountry:name\nphone\nphone_mobile'),
(236, 'firstname lastname\r\ncompany\r\nvat_number\r\naddress1\r\naddress2\r\npostcode city\r\nCountry:name\r\nphone\r\nphone_mobile'),
(237, 'firstname lastname\ncompany\nvat_number\naddress1\naddress2\npostcode city\nCountry:name\nphone\nphone_mobile'),
(238, 'firstname lastname\ncompany\nvat_number\naddress1\naddress2\npostcode city\nCountry:name\nphone\nphone_mobile'),
(239, 'firstname lastname\ncompany\nvat_number\naddress1\naddress2\npostcode city\nCountry:name\nphone\nphone_mobile'),
(240, 'firstname lastname\ncompany\nvat_number\naddress1\naddress2\npostcode city\nCountry:name\nphone\nphone_mobile'),
(241, 'firstname lastname\ncompany\nvat_number\naddress1\naddress2\npostcode city\nCountry:name\nphone\nphone_mobile'),
(242, 'firstname lastname\ncompany\nvat_number\naddress1\naddress2\npostcode city\nCountry:name\nphone\nphone_mobile'),
(243, 'firstname lastname\ncompany\nvat_number\naddress1\naddress2\npostcode city\nCountry:name\nphone\nphone_mobile'),
(244, 'firstname lastname\ncompany\nvat_number\naddress1\naddress2\npostcode city\nCountry:name\nphone\nphone_mobile');

-- --------------------------------------------------------

--
-- Table structure for table `pspa_admin_filter`
--

CREATE TABLE `pspa_admin_filter` (
  `id` int(11) NOT NULL,
  `employee` int(11) NOT NULL,
  `shop` int(11) NOT NULL,
  `controller` varchar(60) COLLATE utf8_unicode_ci NOT NULL,
  `action` varchar(100) COLLATE utf8_unicode_ci NOT NULL,
  `filter` longtext COLLATE utf8_unicode_ci NOT NULL,
  `filter_id` varchar(255) COLLATE utf8_unicode_ci NOT NULL
) ENGINE=InnoDB DEFAULT CHARSET=utf8 COLLATE=utf8_unicode_ci;

--
-- Dumping data for table `pspa_admin_filter`
--

INSERT INTO `pspa_admin_filter` (`id`, `employee`, `shop`, `controller`, `action`, `filter`, `filter_id`) VALUES
(1, 1, 1, '', '', '{\"orderBy\":\"position\",\"sortOrder\":\"asc\",\"limit\":50,\"filters\":{\"id_cms_category_parent\":2}}', 'cms_page_category'),
(2, 1, 1, '', '', '{\"orderBy\":\"position\",\"sortOrder\":\"asc\",\"limit\":50,\"filters\":{\"id_cms_category_parent\":2}}', 'cms_page'),
(3, 1, 1, '', '', '{\"limit\":50,\"orderBy\":\"id_lang\",\"sortOrder\":\"ASC\",\"filters\":[]}', 'language'),
(4, 1, 1, '', '', '{\"limit\":50,\"orderBy\":\"id_currency\",\"sortOrder\":\"asc\",\"filters\":[]}', 'currency');

-- --------------------------------------------------------

--
-- Table structure for table `pspa_advice`
--

CREATE TABLE `pspa_advice` (
  `id_advice` int(11) NOT NULL,
  `id_ps_advice` int(11) NOT NULL,
  `id_tab` int(11) NOT NULL,
  `ids_tab` text,
  `validated` tinyint(1) UNSIGNED NOT NULL DEFAULT '0',
  `hide` tinyint(1) NOT NULL DEFAULT '0',
  `location` enum('after','before') NOT NULL,
  `selector` varchar(255) DEFAULT NULL,
  `start_day` int(11) NOT NULL DEFAULT '0',
  `stop_day` int(11) NOT NULL DEFAULT '0',
  `weight` int(11) DEFAULT '1'
) ENGINE=InnoDB DEFAULT CHARSET=utf8;

--
-- Dumping data for table `pspa_advice`
--

INSERT INTO `pspa_advice` (`id_advice`, `id_ps_advice`, `id_tab`, `ids_tab`, `validated`, `hide`, `location`, `selector`, `start_day`, `stop_day`, `weight`) VALUES
(1, 2147483647, 1, NULL, 1, 0, 'after', '#dashtrends', 0, 0, 1),
(2, 2147483647, 1, NULL, 1, 0, 'after', '#dashtrends', 0, 0, 1),
(4, 2147483647, 1, NULL, 1, 0, 'after', '#dashtrends', 0, 0, 1),
(7, 2147483647, 1, NULL, 1, 0, 'after', '#dashtrends', 0, 0, 1),
(8, 2147483647, 1, NULL, 1, 0, 'after', '.dash_news', 0, 0, 1),
(9, 2147483647, 1, NULL, 1, 0, 'after', '.dash_news', 0, 0, 1),
(10, 2147483647, 1, NULL, 1, 0, 'after', '.dash_news', 0, 0, 1),
(11, 2147483647, 1, NULL, 1, 0, 'after', '.dash_news', 0, 0, 1),
(12, 2147483647, 1, NULL, 1, 0, 'after', '.dash_news', 0, 0, 1),
(13, 2147483647, 1, NULL, 1, 0, 'after', '.dash_news', 0, 0, 1),
(14, 2147483647, 1, NULL, 1, 0, 'after', '.dash_news', 0, 0, 1),
(17, 2147483647, 1, NULL, 1, 0, 'after', '#dashtrends', 0, 0, 1),
(19, 2147483647, 1, NULL, 1, 0, 'after', '#dashtrends', 0, 0, 1),
(20, 2147483647, 1, NULL, 1, 0, 'after', '.dash_news', 0, 0, 1),
(21, 2147483647, 1, NULL, 1, 0, 'after', '.dash_news', 0, 0, 1),
(22, 2147483647, 1, NULL, 0, 0, 'after', '#dashtrends', 0, 0, 1),
(23, 2147483647, 1, NULL, 0, 0, 'after', '#dashtrends', 0, 0, 1),
(24, 2147483647, 1, NULL, 0, 0, 'after', '#dashtrends', 0, 0, 1),
(25, 853, 1, NULL, 0, 0, 'after', '#dashtrends', 0, 0, 1),
(26, 2147483647, 1, NULL, 0, 0, 'after', '#dashtrends', 0, 0, 1),
(27, 674, 1, NULL, 0, 0, 'after', '#dashtrends', 0, 0, 1),
(28, 2147483647, 1, NULL, 0, 0, 'after', '.dash_news', 0, 0, 1),
(29, 2147483647, 1, NULL, 0, 0, 'after', '.dash_news', 0, 0, 1),
(30, 2147483647, 1, NULL, 0, 0, 'after', '.dash_news', 0, 0, 1),
(31, 2147483647, 1, NULL, 0, 0, 'after', '.dash_news', 0, 0, 1),
(32, 2147483647, 1, NULL, 0, 0, 'after', '.dash_news', 0, 0, 1),
(33, 2147483647, 1, NULL, 0, 0, 'after', '.dash_news', 0, 0, 1),
(34, 2147483647, 1, NULL, 0, 0, 'after', '.dash_news', 0, 0, 1),
(35, 2147483647, 1, NULL, 1, 0, 'after', '#dashtrends', 0, 0, 1),
(37, 2147483647, 1, NULL, 1, 0, 'after', '#dashtrends', 0, 0, 1),
(38, 2147483647, 1, NULL, 1, 0, 'after', '.dash_news', 0, 0, 1),
(40, 2147483647, 1, NULL, 1, 0, 'after', '#dashtrends', 0, 0, 1),
(42, 2147483647, 1, NULL, 1, 0, 'after', '#dashtrends', 0, 0, 1),
(43, 2147483647, 1, NULL, 1, 0, 'after', '.dash_news', 0, 0, 1),
(45, 2147483647, 1, NULL, 1, 0, 'after', '#dashtrends', 0, 0, 1),
(47, 2147483647, 1, NULL, 1, 0, 'after', '#dashtrends', 0, 0, 1),
(48, 2147483647, 1, NULL, 1, 0, 'after', '.dash_news', 0, 0, 1),
(50, 2147483647, 1, NULL, 1, 0, 'after', '#dashtrends', 0, 0, 1),
(52, 2147483647, 1, NULL, 1, 0, 'after', '#dashtrends', 0, 0, 1),
(53, 2147483647, 1, NULL, 1, 0, 'after', '.dash_news', 0, 0, 1),
(55, 2147483647, 1, NULL, 1, 0, 'after', '#dashtrends', 0, 0, 1),
(56, 2147483647, 1, NULL, 1, 0, 'after', '#dashtrends', 0, 0, 1);

-- --------------------------------------------------------

--
-- Table structure for table `pspa_advice_lang`
--

CREATE TABLE `pspa_advice_lang` (
  `id_advice` int(11) NOT NULL,
  `id_lang` int(11) NOT NULL,
  `html` text
) ENGINE=InnoDB DEFAULT CHARSET=utf8;

--
-- Dumping data for table `pspa_advice_lang`
--

INSERT INTO `pspa_advice_lang` (`id_advice`, `id_lang`, `html`) VALUES
(1, 2, '<div id=\"wrap_id_advice_1572888514763\">\n            <div class=\"col-lg-6\">\n              <section id=\"\" class=\"panel panel-advice\" style=\"position: relative; padding: 10px; min-height: 75px;\">\n                <a href=\"#\" id=\"1572888514763\" class=\"close_link gamification_premium_close\" style=\"display: none; position: absolute; top: 10px; right: 10px;\">\n                  <i class=\"icon-remove\"></i>\n                </a>\n                <span class=\"gamification-close-confirmation hide\">\n                  Are you sure?\n                  <button class=\"btn btn-default btn-sm\" data-advice=\"delete\">\n                    <i class=\"icon-trash\"></i>Delete\n                  </button>\n                  <button class=\"btn btn-default btn-sm\" data-advice=\"cancel\">Cancel</button>\n                </span>\n                <a class=\"preactivationLink row\" rel=\"Shipstation\" href=\"{link}AdminModules{/link}&install=Shipstation&module_name=Shipstation&redirectconfig\" style=\"display: table; margin: 0; text-decoration: none;\">\n                  <img src=\"https://storage.googleapis.com/production-gamification-assets/premium/Shipstation.png\" class=\"advice-img img-thumbnail\">\n                  <img src=\"https://gamification.prestashop.com/api/getAdviceImg/1572888514763.png\" class=\"hide\">\n                  <p class=\"advice-description\" style=\"padding: 0 20px; display: table-cell; vertical-align: middle;\">Use free shipping to increase sales and stand out from competition.</p>\n                </a>\n              </section>\n            </div>\n            <script>\n              $(document).ready( function () {\n                var link = $(\'#wrap_id_advice_1572888514763 .preactivationLink\')[0].href;\n                link = encodeURIComponent(link);\n                var newUrl = \'https://gamification.prestashop.com/get_advice_link.php?id_advice=1572888514763&url=\'+link;\n                $(\'#wrap_id_advice_1572888514763 .preactivationLink\')[0].href = newUrl;\n              });\n            </script>\n          </div>'),
(2, 2, '<div id=\"wrap_id_advice_1547044257679\">\n            <div class=\"col-lg-6\">\n              <section id=\"\" class=\"panel panel-advice\" style=\"position: relative; padding: 10px; min-height: 75px;\">\n                <a href=\"#\" id=\"1547044257679\" class=\"close_link gamification_premium_close\" style=\"display: none; position: absolute; top: 10px; right: 10px;\">\n                  <i class=\"icon-remove\"></i>\n                </a>\n                <span class=\"gamification-close-confirmation hide\">\n                  Are you sure?\n                  <button class=\"btn btn-default btn-sm\" data-advice=\"delete\">\n                    <i class=\"icon-trash\"></i>Delete\n                  </button>\n                  <button class=\"btn btn-default btn-sm\" data-advice=\"cancel\">Cancel</button>\n                </span>\n                <a class=\"preactivationLink row\" rel=\"Yourpay\" href=\"{link}AdminModules{/link}&install=Yourpay&module_name=Yourpay&redirectconfig\" style=\"display: table; margin: 0; text-decoration: none;\">\n                  <img src=\"https://storage.googleapis.com/production-gamification-assets/premium/Yourpay.png\" class=\"advice-img img-thumbnail\">\n                  <img src=\"https://gamification.prestashop.com/api/getAdviceImg/1547044257679.png\" class=\"hide\">\n                  <p class=\"advice-description\" style=\"padding: 0 20px; display: table-cell; vertical-align: middle;\">Online payment solution - Secure, Safe and flexible</p>\n                </a>\n              </section>\n            </div>\n            <script>\n              $(document).ready( function () {\n                var link = $(\'#wrap_id_advice_1547044257679 .preactivationLink\')[0].href;\n                link = encodeURIComponent(link);\n                var newUrl = \'https://gamification.prestashop.com/get_advice_link.php?id_advice=1547044257679&url=\'+link;\n                $(\'#wrap_id_advice_1547044257679 .preactivationLink\')[0].href = newUrl;\n              });\n            </script>\n          </div>'),
(4, 2, '<div id=\"wrap_id_advice_1527065522328\">\n            <div class=\"col-lg-6\">\n              <section id=\"\" class=\"panel panel-advice\" style=\"position: relative; padding: 10px; min-height: 75px;\">\n                <a href=\"#\" id=\"1527065522328\" class=\"close_link gamification_premium_close\" style=\"display: none; position: absolute; top: 10px; right: 10px;\">\n                  <i class=\"icon-remove\"></i>\n                </a>\n                <span class=\"gamification-close-confirmation hide\">\n                  Are you sure?\n                  <button class=\"btn btn-default btn-sm\" data-advice=\"delete\">\n                    <i class=\"icon-trash\"></i>Delete\n                  </button>\n                  <button class=\"btn btn-default btn-sm\" data-advice=\"cancel\">Cancel</button>\n                </span>\n                <a class=\"preactivationLink row\" rel=\"ns8csp\" href=\"{link}AdminModules{/link}&install=ns8csp&module_name=ns8csp&redirectconfig\" style=\"display: table; margin: 0; text-decoration: none;\">\n                  <img src=\"https://storage.googleapis.com/production-gamification-assets/premium/ns8csp.png\" class=\"advice-img img-thumbnail\">\n                  <img src=\"https://gamification.prestashop.com/api/getAdviceImg/1527065522328.png\" class=\"hide\">\n                  <p class=\"advice-description\" style=\"padding: 0 20px; display: table-cell; vertical-align: middle;\">Prevent advertising fraud, transaction fraud, and poor performance with NS8. Configure now!</p>\n                </a>\n              </section>\n            </div>\n            <script>\n              $(document).ready( function () {\n                var link = $(\'#wrap_id_advice_1527065522328 .preactivationLink\')[0].href;\n                link = encodeURIComponent(link);\n                var newUrl = \'https://gamification.prestashop.com/get_advice_link.php?id_advice=1527065522328&url=\'+link;\n                $(\'#wrap_id_advice_1527065522328 .preactivationLink\')[0].href = newUrl;\n              });\n            </script>\n          </div>'),
(7, 2, '<div id=\"wrap_id_advice_1553532749977\">\n            <div class=\"col-lg-6\">\n              <section id=\"\" class=\"panel panel-advice\" style=\"position: relative; padding: 10px; min-height: 75px;\">\n                <a href=\"#\" id=\"1553532749977\" class=\"close_link gamification_premium_close\" style=\"display: none; position: absolute; top: 10px; right: 10px;\">\n                  <i class=\"icon-remove\"></i>\n                </a>\n                <span class=\"gamification-close-confirmation hide\">\n                  Are you sure?\n                  <button class=\"btn btn-default btn-sm\" data-advice=\"delete\">\n                    <i class=\"icon-trash\"></i>Delete\n                  </button>\n                  <button class=\"btn btn-default btn-sm\" data-advice=\"cancel\">Cancel</button>\n                </span>\n                <a class=\"preactivationLink row\" rel=\"viabill\" href=\"{link}AdminModules{/link}&install=viabill&module_name=viabill&redirectconfig\" style=\"display: table; margin: 0; text-decoration: none;\">\n                  <img src=\"https://storage.googleapis.com/production-gamification-assets/premium/viabill.png\" class=\"advice-img img-thumbnail\">\n                  <img src=\"https://gamification.prestashop.com/api/getAdviceImg/1553532749977.png\" class=\"hide\">\n                  <p class=\"advice-description\" style=\"padding: 0 20px; display: table-cell; vertical-align: middle;\">Offer customer financing and increase your average order by 33%. Configure now!</p>\n                </a>\n              </section>\n            </div>\n            <script>\n              $(document).ready( function () {\n                var link = $(\'#wrap_id_advice_1553532749977 .preactivationLink\')[0].href;\n                link = encodeURIComponent(link);\n                var newUrl = \'https://gamification.prestashop.com/get_advice_link.php?id_advice=1553532749977&url=\'+link;\n                $(\'#wrap_id_advice_1553532749977 .preactivationLink\')[0].href = newUrl;\n              });\n            </script>\n          </div>'),
(8, 2, ' <div id=\"wrap_id_advice_1565601651687\"> <section id=\"0_Acutrack\" class=\"panel\" style=\"display:none\"> <header class=\"panel-heading\"> <span class=\"icon-lightbulb\"></span> Tips of the day </header> <div class=\"panel-body\" style=\"padding:0\"> <img class=\"img-responsive\" src=\"https://storage.googleapis.com/production-gamification-assets/tips/Acutrack.png\" style=\"float:right; margin-left: 5px;\"> <img src=\"https://gamification.prestashop.com/api/getAdviceImg/1565601651687.png\"/> <p> <b>Give something valuable for FREE to boost your eCommerce</b> </p> <p> Giveaways help buyers get aware of your product, give you access to their contacts and thirdly the psychological principle of reciprocity-people pay when they get something for free! </p> <span class=\"text-right\" style=\"float:right\"> <a class=\"btn btn-default\" target=\"_blank\" href=\"https://gamification.prestashop.com/get_advice_link.php?id_advice=1565601651687&url=https://addons.prestashop.com/en/preparation-shipping/45483-acutrack-fulfillment-publishing.html%3Futm_source%3Dback-office%26utm_medium%3Dtipoftheday%26utm_campaign%3Dpartenariats%26utm_content%3DAcutrack\"> Learn More! </a> </span> </div> </section><script> $(document).ready( function () { $(\'#\'+rand(0)+\'_Acutrack\').show(); }); function rand(nbr){ return Math.floor(Math.random()*(nbr+1)); } </script> </div>'),
(9, 2, ' <div id=\"wrap_id_advice_1565951072010\"> <section id=\"0_Clearbanc\" class=\"panel\" style=\"display:none\"> <header class=\"panel-heading\"> <span class=\"icon-lightbulb\"></span> Tips of the day </header> <div class=\"panel-body\" style=\"padding:0\"> <img class=\"img-responsive\" src=\"https://storage.googleapis.com/production-gamification-assets/tips/Clearbanc.png\" style=\"float:right; margin-left: 5px;\"> <img src=\"https://gamification.prestashop.com/api/getAdviceImg/1565951072010.png\"/> <p> <b>Did you know Clearbanc can provide fast, affordable capital to D2C brands? </b> </p> <p> The holiday season is coming up faster than you think! Now\'s the time to start lining up extra funding to fuel your marketing budget and inventory, so you\'re set up for success. </p> <span class=\"text-right\" style=\"float:right\"> <a class=\"btn btn-default\" target=\"_blank\" href=\"https://gamification.prestashop.com/get_advice_link.php?id_advice=1565951072010&url=https://addons.prestashop.com/en/services/46198-clearbanc-growth-capital.html%3Futm_source%3Dback-office%26utm_medium%3Dtipoftheday%26utm_campaign%3Dpartenariats%26utm_content%3DClearbanc\"> Learn More! </a> </span> </div> </section><script> $(document).ready( function () { $(\'#\'+rand(0)+\'_Clearbanc\').show(); }); function rand(nbr){ return Math.floor(Math.random()*(nbr+1)); } </script> </div>'),
(10, 2, ' <div id=\"wrap_id_advice_1571666142870\"> <section id=\"0_GetResponse\" class=\"panel\" style=\"display:none\"> <header class=\"panel-heading\"> <span class=\"icon-lightbulb\"></span> Tips of the day </header> <div class=\"panel-body\" style=\"padding:0\"> <img class=\"img-responsive\" src=\"https://storage.googleapis.com/production-gamification-assets/tips/GetResponse.png?1571666154784\" style=\"float:right; margin-left: 5px;\"> <img src=\"https://gamification.prestashop.com/api/getAdviceImg/1571666142870.png\"/> <p> <b>Did you know that welcome emails have 84% open rate and 25% click-through rate? </b> </p> <p> Welcome emails have excellent 84.22% open rate and 25.91% click-through rate. </p> <span class=\"text-right\" style=\"float:right\"> <a class=\"btn btn-default\" target=\"_blank\" href=\"https://gamification.prestashop.com/get_advice_link.php?id_advice=1571666142870&url=https://addons.prestashop.com/en/newsletter-sms/20954-getresponse.html%3Futm_source%3Dback-office%26utm_medium%3Dtipoftheday%26utm_campaign%3Dpartenariats%26utm_content%3DGetResponse\"> More information? </a> </span> </div> </section><script> $(document).ready( function () { $(\'#\'+rand(0)+\'_GetResponse\').show(); }); function rand(nbr){ return Math.floor(Math.random()*(nbr+1)); } </script> </div>'),
(11, 2, ' <div id=\"wrap_id_advice_1533286918885\"> <section id=\"0_Mailchimp\" class=\"panel\" style=\"display:none\"> <header class=\"panel-heading\"> <span class=\"icon-lightbulb\"></span> Tips of the day </header> <div class=\"panel-body\" style=\"padding:0\"> <img class=\"img-responsive\" src=\"https://storage.googleapis.com/production-gamification-assets/tips/Mailchimp.png\" style=\"float:right; margin-left: 5px;\"> <img src=\"https://gamification.prestashop.com/api/getAdviceImg/1533286918885.png\"/> <p> <b>Boost engagement and revenue by learning more about your audience</b> </p> <p> Create personalized, relevant emails that target your audience based on demographic data like gender and age. </p> <span class=\"text-right\" style=\"float:right\"> <a class=\"btn btn-default\" target=\"_blank\" href=\"https://gamification.prestashop.com/get_advice_link.php?id_advice=1533286918885&url=https://addons.prestashop.com/en/newsletter-sms/26957-mailchimp.html%3Futm_source%3Dback-office%26utm_medium%3Dtipoftheday%26utm_campaign%3Dpartenariats%26utm_content%3DMailchimp\"> See How MailChimp Can Help </a> </span> </div> </section><section id=\"1_Mailchimp\" class=\"panel\" style=\"display:none\"> <header class=\"panel-heading\"> <span class=\"icon-lightbulb\"></span> Tips of the day </header> <div class=\"panel-body\" style=\"padding:0\"> <img class=\"img-responsive\" src=\"https://storage.googleapis.com/production-gamification-assets/tips/Mailchimp.png\" style=\"float:right; margin-left: 5px;\"> <img src=\"https://gamification.prestashop.com/api/getAdviceImg/1533286918885.png\"/> <p> <b>Sell more stuff by rewarding loyal customers</b> </p> <p> Reward your best customers with an automated email series containing special coupons or other exclusive offers, and get almost 5x more orders per recipient than regular bulk email.  </p> <span class=\"text-right\" style=\"float:right\"> <a class=\"btn btn-default\" target=\"_blank\" href=\"https://gamification.prestashop.com/get_advice_link.php?id_advice=1533286918885&url=https://addons.prestashop.com/en/newsletter-sms/26957-mailchimp.html%3Futm_source%3Dback-office%26utm_medium%3Dtipoftheday%26utm_campaign%3Dpartenariats%26utm_content%3DMailchimp\"> Start Thanking Your Customers </a> </span> </div> </section><section id=\"2_Mailchimp\" class=\"panel\" style=\"display:none\"> <header class=\"panel-heading\"> <span class=\"icon-lightbulb\"></span> Tips of the day </header> <div class=\"panel-body\" style=\"padding:0\"> <img class=\"img-responsive\" src=\"https://storage.googleapis.com/production-gamification-assets/tips/Mailchimp.png\" style=\"float:right; margin-left: 5px;\"> <img src=\"https://gamification.prestashop.com/api/getAdviceImg/1533286918885.png\"/> <p> <b>Boost sales by reminding customers about items they’ve left behind</b> </p> <p> 67% of online shopping carts are abandoned before checkout. Abandoned cart emails help you follow up with people who navigate away from their cart and convince them to finish their purchase. </p> <span class=\"text-right\" style=\"float:right\"> <a class=\"btn btn-default\" target=\"_blank\" href=\"https://gamification.prestashop.com/get_advice_link.php?id_advice=1533286918885&url=https://addons.prestashop.com/en/newsletter-sms/26957-mailchimp.html%3Futm_source%3Dback-office%26utm_medium%3Dtipoftheday%26utm_campaign%3Dpartenariats%26utm_content%3DMailchimp\"> Start Recapturing Lost Sales </a> </span> </div> </section><script> $(document).ready( function () { $(\'#\'+rand(2)+\'_Mailchimp\').show(); }); function rand(nbr){ return Math.floor(Math.random()*(nbr+1)); } </script> </div>'),
(12, 2, ' <div id=\"wrap_id_advice_1570092202472\"> <section id=\"0_PagBrasil\" class=\"panel\" style=\"display:none\"> <header class=\"panel-heading\"> <span class=\"icon-lightbulb\"></span> Tips of the day </header> <div class=\"panel-body\" style=\"padding:0\"> <img class=\"img-responsive\" src=\"https://storage.googleapis.com/production-gamification-assets/tips/PagBrasil.png\" style=\"float:right; margin-left: 5px;\"> <img src=\"https://gamification.prestashop.com/api/getAdviceImg/1570092202472.png\"/> <p> <b>Did you know the boleto is the second most used payment method in Brazil?</b> </p> <p> Boost your sales in Brazil with domestic payment solutions, like the\nboleto. With PagBrasil, your customer can choose from a wide range of payment\nmethods! </p> <span class=\"text-right\" style=\"float:right\"> <a class=\"btn btn-default\" target=\"_blank\" href=\"https://gamification.prestashop.com/get_advice_link.php?id_advice=1570092202472&url=https://addons.prestashop.com/en/payment-card-wallet/43807-pagbrasil.html%3Futm_source%3Dback-office%26utm_medium%3Dtipoftheday%26utm_campaign%3Dpartenariats%26utm_content%3DPagBrasil\"> Discover More </a> </span> </div> </section><script> $(document).ready( function () { $(\'#\'+rand(0)+\'_PagBrasil\').show(); }); function rand(nbr){ return Math.floor(Math.random()*(nbr+1)); } </script> </div>'),
(13, 2, ' <div id=\"wrap_id_advice_1539881809586\"> <section id=\"0_PrestaShop ERP\" class=\"panel\" style=\"display:none\"> <header class=\"panel-heading\"> <span class=\"icon-lightbulb\"></span> Tips of the day </header> <div class=\"panel-body\" style=\"padding:0\"> <img class=\"img-responsive\" src=\"https://storage.googleapis.com/production-gamification-assets/tips/PrestaShop ERP.png\" style=\"float:right; margin-left: 5px;\"> <img src=\"https://gamification.prestashop.com/api/getAdviceImg/1539881809586.png\"/> <p> <b>The PrestaShop ERP suite modules made in partnership with Boost My Shop.﻿</b> </p> <p> PrestaShop ERP is a suite of standalone modules that provide merchants with standard and advanced features of stock management, supply order management and purchase preparation. </p> <span class=\"text-right\" style=\"float:right\"> <a class=\"btn btn-default\" target=\"_blank\" href=\"https://gamification.prestashop.com/get_advice_link.php?id_advice=1539881809586&url=https://addons.prestashop.com/151_%3Futm_source%3Dback-office%26utm_medium%3Dtipoftheday%26utm_campaign%3Dpartenariats%26utm_content%3DPrestaShop ERP\"> Learn more </a> </span> </div> </section><script> $(document).ready( function () { $(\'#\'+rand(0)+\'_PrestaShop ERP\').show(); }); function rand(nbr){ return Math.floor(Math.random()*(nbr+1)); } </script> </div>'),
(14, 2, ' <div id=\"wrap_id_advice_1568989368802\"> <section id=\"0_Shipstation\" class=\"panel\" style=\"display:none\"> <header class=\"panel-heading\"> <span class=\"icon-lightbulb\"></span> Tips of the day </header> <div class=\"panel-body\" style=\"padding:0\"> <img class=\"img-responsive\" src=\"https://storage.googleapis.com/production-gamification-assets/tips/Shipstation.png\" style=\"float:right; margin-left: 5px;\"> <img src=\"https://gamification.prestashop.com/api/getAdviceImg/1568989368802.png\"/> <p> <b>93% of consumers will add products to their cart to receive free shipping.</b> </p> <p> Shipping should be part of your marketing strategy, especially since 58% of people abandon carts with shipping charges. Use free shipping to increase sales and stand out from competition.  </p> <span class=\"text-right\" style=\"float:right\"> <a class=\"btn btn-default\" target=\"_blank\" href=\"https://gamification.prestashop.com/get_advice_link.php?id_advice=1568989368802&url=https://addons.prestashop.com/en/delivery-tracking/46218-shipstation.html%3Futm_source%3Dback-office%26utm_medium%3Dtipoftheday%26utm_campaign%3Dpartenariats%26utm_content%3DShipstation\"> Learn more </a> </span> </div> </section><script> $(document).ready( function () { $(\'#\'+rand(0)+\'_Shipstation\').show(); }); function rand(nbr){ return Math.floor(Math.random()*(nbr+1)); } </script> </div>'),
(17, 2, '<div id=\"wrap_id_advice_1537867849748\">\n            <div class=\"col-lg-6\">\n              <section id=\"\" class=\"panel panel-advice\" style=\"position: relative; padding: 10px; min-height: 75px;\">\n                <a href=\"#\" id=\"1537867849748\" class=\"close_link gamification_premium_close\" style=\"display: none; position: absolute; top: 10px; right: 10px;\">\n                  <i class=\"icon-remove\"></i>\n                </a>\n                <span class=\"gamification-close-confirmation hide\">\n                  Are you sure?\n                  <button class=\"btn btn-default btn-sm\" data-advice=\"delete\">\n                    <i class=\"icon-trash\"></i>Delete\n                  </button>\n                  <button class=\"btn btn-default btn-sm\" data-advice=\"cancel\">Cancel</button>\n                </span>\n                <a class=\"preactivationLink row\" rel=\"jmango360_api\" href=\"{link}AdminModules{/link}&install=jmango360_api&module_name=jmango360_api&redirectconfig\" style=\"display: table; margin: 0; text-decoration: none;\">\n                  <img src=\"https://storage.googleapis.com/production-gamification-assets/premium/jmango360_api.png\" class=\"advice-img img-thumbnail\">\n                  <img src=\"https://gamification.prestashop.com/api/getAdviceImg/1537867849748.png\" class=\"hide\">\n                  <p class=\"advice-description\" style=\"padding: 0 20px; display: table-cell; vertical-align: middle;\">Ofereça a melhor experiência em compras e aumente a receita com a app de compras</p>\n                </a>\n              </section>\n            </div>\n            <script>\n              $(document).ready( function () {\n                var link = $(\'#wrap_id_advice_1537867849748 .preactivationLink\')[0].href;\n                link = encodeURIComponent(link);\n                var newUrl = \'https://gamification.prestashop.com/get_advice_link.php?id_advice=1537867849748&url=\'+link;\n                $(\'#wrap_id_advice_1537867849748 .preactivationLink\')[0].href = newUrl;\n              });\n            </script>\n          </div>'),
(19, 2, '<div id=\"wrap_id_advice_1559145957195\">\n            <div class=\"col-lg-6\">\n              <section id=\"\" class=\"panel panel-advice\" style=\"position: relative; padding: 10px; min-height: 75px;\">\n                <a href=\"#\" id=\"1559145957195\" class=\"close_link gamification_premium_close\" style=\"display: none; position: absolute; top: 10px; right: 10px;\">\n                  <i class=\"icon-remove\"></i>\n                </a>\n                <span class=\"gamification-close-confirmation hide\">\n                  Are you sure?\n                  <button class=\"btn btn-default btn-sm\" data-advice=\"delete\">\n                    <i class=\"icon-trash\"></i>Delete\n                  </button>\n                  <button class=\"btn btn-default btn-sm\" data-advice=\"cancel\">Cancel</button>\n                </span>\n                <a class=\"preactivationLink row\" rel=\"shiptimize\" href=\"{link}AdminModules{/link}&install=shiptimize&module_name=shiptimize&redirectconfig\" style=\"display: table; margin: 0; text-decoration: none;\">\n                  <img src=\"https://storage.googleapis.com/production-gamification-assets/premium/shiptimize.png\" class=\"advice-img img-thumbnail\">\n                  <img src=\"https://gamification.prestashop.com/api/getAdviceImg/1559145957195.png\" class=\"hide\">\n                  <p class=\"advice-description\" style=\"padding: 0 20px; display: table-cell; vertical-align: middle;\">Economize nos seus Envios. Escolha entre Várias Transportadoras. Configure Já!</p>\n                </a>\n              </section>\n            </div>\n            <script>\n              $(document).ready( function () {\n                var link = $(\'#wrap_id_advice_1559145957195 .preactivationLink\')[0].href;\n                link = encodeURIComponent(link);\n                var newUrl = \'https://gamification.prestashop.com/get_advice_link.php?id_advice=1559145957195&url=\'+link;\n                $(\'#wrap_id_advice_1559145957195 .preactivationLink\')[0].href = newUrl;\n              });\n            </script>\n          </div>'),
(20, 2, ' <div id=\"wrap_id_advice_1559060652622\"> <section id=\"0_Shiptimize & PakketMail\" class=\"panel\" style=\"display:none\"> <header class=\"panel-heading\"> <span class=\"icon-lightbulb\"></span> Tips of the day </header> <div class=\"panel-body\" style=\"padding:0\"> <img class=\"img-responsive\" src=\"https://storage.googleapis.com/production-gamification-assets/tips/Shiptimize & PakketMail.png?1565341964455\" style=\"float:right; margin-left: 5px;\"> <img src=\"https://gamification.prestashop.com/api/getAdviceImg/1559060652622.png\"/> <p> <b>Poupe tempo e dinheiro com o seu Envio</b> </p> <p> Com o Shiptimize, tenha acesso livre a taxas pré-negociadas com algumas das melhores operadoras e automatize o seu processo de envio com apenas alguns cliques\n\n </p> <span class=\"text-right\" style=\"float:right\"> <a class=\"btn btn-default\" target=\"_blank\" href=\"https://gamification.prestashop.com/get_advice_link.php?id_advice=1559060652622&url=https://addons.prestashop.com/pt/transportadoras/45010-shiptimize-digital-delivery-management.html%3Futm_source%3Dback-office%26utm_medium%3Dtipoftheday%26utm_campaign%3Dpartenariats%26utm_content%3DShiptimize & PakketMail\"> Saiba mais! </a> </span> </div> </section><script> $(document).ready( function () { $(\'#\'+rand(0)+\'_Shiptimize & PakketMail\').show(); }); function rand(nbr){ return Math.floor(Math.random()*(nbr+1)); } </script> </div>'),
(21, 2, ' <div id=\"wrap_id_advice_1527067671278\"> <section id=\"0_rgpd\" class=\"panel\" style=\"display:none\"> <header class=\"panel-heading\"> <span class=\"icon-lightbulb\"></span> Tips of the day </header> <div class=\"panel-body\" style=\"padding:0\"> <img class=\"img-responsive\" src=\"https://storage.googleapis.com/production-gamification-assets/tips/rgpd.png\" style=\"float:right; margin-left: 5px;\"> <img src=\"https://gamification.prestashop.com/api/getAdviceImg/1527067671278.png\"/> <p> <b>Novo - Módulo Oficial de Conformidade RGPD</b> </p> <p> O módulo completo para ficar em conformidade com o RGPD (Regulamento geral sobre a proteção de dados)</br>\n>Desenvolvido pela PrestaShop </p> <span class=\"text-right\" style=\"float:right\"> <a class=\"btn btn-default\" target=\"_blank\" href=\"https://gamification.prestashop.com/get_advice_link.php?id_advice=1527067671278&url=https://addons.prestashop.com/pt/juridico/32323-official-gdpr-compliance-by-prestashop-16.html%3Futm_source%3Dback-office%26utm_medium%3Dtipoftheday%26utm_campaign%3Dpartenariats%26utm_content%3Drgpd\"> Conhecer </a> </span> </div> </section><script> $(document).ready( function () { $(\'#\'+rand(0)+\'_rgpd\').show(); }); function rand(nbr){ return Math.floor(Math.random()*(nbr+1)); } </script> </div>'),
(22, 2, NULL),
(23, 2, NULL),
(24, 2, NULL),
(25, 2, NULL),
(26, 2, NULL),
(27, 2, NULL),
(28, 2, NULL),
(29, 2, NULL),
(30, 2, NULL),
(31, 2, NULL),
(32, 2, NULL),
(33, 2, NULL),
(34, 2, NULL),
(35, 2, '<div id=\"wrap_id_advice_1537867849748\">\n            <div class=\"col-lg-6\">\n              <section id=\"\" class=\"panel panel-advice\" style=\"position: relative; padding: 10px; min-height: 75px;\">\n                <a href=\"#\" id=\"1537867849748\" class=\"close_link gamification_premium_close\" style=\"display: none; position: absolute; top: 10px; right: 10px;\">\n                  <i class=\"icon-remove\"></i>\n                </a>\n                <span class=\"gamification-close-confirmation hide\">\n                  Are you sure?\n                  <button class=\"btn btn-default btn-sm\" data-advice=\"delete\">\n                    <i class=\"icon-trash\"></i>Delete\n                  </button>\n                  <button class=\"btn btn-default btn-sm\" data-advice=\"cancel\">Cancel</button>\n                </span>\n                <a class=\"preactivationLink row\" rel=\"jmango360_api\" href=\"{link}AdminModules{/link}&install=jmango360_api&module_name=jmango360_api&redirectconfig\" style=\"display: table; margin: 0; text-decoration: none;\">\n                  <img src=\"https://storage.googleapis.com/production-gamification-assets/premium/jmango360_api.png\" class=\"advice-img img-thumbnail\">\n                  <img src=\"https://gamification.prestashop.com/api/getAdviceImg/1537867849748.png\" class=\"hide\">\n                  <p class=\"advice-description\" style=\"padding: 0 20px; display: table-cell; vertical-align: middle;\">Ofereça a melhor experiência em compras e aumente a receita com a app de compras</p>\n                </a>\n              </section>\n            </div>\n            <script>\n              $(document).ready( function () {\n                var link = $(\'#wrap_id_advice_1537867849748 .preactivationLink\')[0].href;\n                link = encodeURIComponent(link);\n                var newUrl = \'https://gamification.prestashop.com/get_advice_link.php?id_advice=1537867849748&url=\'+link;\n                $(\'#wrap_id_advice_1537867849748 .preactivationLink\')[0].href = newUrl;\n              });\n            </script>\n          </div>'),
(37, 2, '<div id=\"wrap_id_advice_1559145957195\">\n            <div class=\"col-lg-6\">\n              <section id=\"\" class=\"panel panel-advice\" style=\"position: relative; padding: 10px; min-height: 75px;\">\n                <a href=\"#\" id=\"1559145957195\" class=\"close_link gamification_premium_close\" style=\"display: none; position: absolute; top: 10px; right: 10px;\">\n                  <i class=\"icon-remove\"></i>\n                </a>\n                <span class=\"gamification-close-confirmation hide\">\n                  Are you sure?\n                  <button class=\"btn btn-default btn-sm\" data-advice=\"delete\">\n                    <i class=\"icon-trash\"></i>Delete\n                  </button>\n                  <button class=\"btn btn-default btn-sm\" data-advice=\"cancel\">Cancel</button>\n                </span>\n                <a class=\"preactivationLink row\" rel=\"shiptimize\" href=\"{link}AdminModules{/link}&install=shiptimize&module_name=shiptimize&redirectconfig\" style=\"display: table; margin: 0; text-decoration: none;\">\n                  <img src=\"https://storage.googleapis.com/production-gamification-assets/premium/shiptimize.png\" class=\"advice-img img-thumbnail\">\n                  <img src=\"https://gamification.prestashop.com/api/getAdviceImg/1559145957195.png\" class=\"hide\">\n                  <p class=\"advice-description\" style=\"padding: 0 20px; display: table-cell; vertical-align: middle;\">Economize nos seus Envios. Escolha entre Várias Transportadoras. Configure Já!</p>\n                </a>\n              </section>\n            </div>\n            <script>\n              $(document).ready( function () {\n                var link = $(\'#wrap_id_advice_1559145957195 .preactivationLink\')[0].href;\n                link = encodeURIComponent(link);\n                var newUrl = \'https://gamification.prestashop.com/get_advice_link.php?id_advice=1559145957195&url=\'+link;\n                $(\'#wrap_id_advice_1559145957195 .preactivationLink\')[0].href = newUrl;\n              });\n            </script>\n          </div>'),
(38, 2, ' <div id=\"wrap_id_advice_1559060652622\"> <section id=\"0_Shiptimize & PakketMail\" class=\"panel\" style=\"display:none\"> <header class=\"panel-heading\"> <span class=\"icon-lightbulb\"></span> Tips of the day </header> <div class=\"panel-body\" style=\"padding:0\"> <img class=\"img-responsive\" src=\"https://storage.googleapis.com/production-gamification-assets/tips/Shiptimize & PakketMail.png?1565341964455\" style=\"float:right; margin-left: 5px;\"> <img src=\"https://gamification.prestashop.com/api/getAdviceImg/1559060652622.png\"/> <p> <b>Poupe tempo e dinheiro com o seu Envio</b> </p> <p> Com o Shiptimize, tenha acesso livre a taxas pré-negociadas com algumas das melhores operadoras e automatize o seu processo de envio com apenas alguns cliques\n\n </p> <span class=\"text-right\" style=\"float:right\"> <a class=\"btn btn-default\" target=\"_blank\" href=\"https://gamification.prestashop.com/get_advice_link.php?id_advice=1559060652622&url=https://addons.prestashop.com/pt/transportadoras/45010-shiptimize-digital-delivery-management.html%3Futm_source%3Dback-office%26utm_medium%3Dtipoftheday%26utm_campaign%3Dpartenariats%26utm_content%3DShiptimize & PakketMail\"> Saiba mais! </a> </span> </div> </section><script> $(document).ready( function () { $(\'#\'+rand(0)+\'_Shiptimize & PakketMail\').show(); }); function rand(nbr){ return Math.floor(Math.random()*(nbr+1)); } </script> </div>'),
(40, 2, '<div id=\"wrap_id_advice_1537867849748\">\n            <div class=\"col-lg-6\">\n              <section id=\"\" class=\"panel panel-advice\" style=\"position: relative; padding: 10px; min-height: 75px;\">\n                <a href=\"#\" id=\"1537867849748\" class=\"close_link gamification_premium_close\" style=\"display: none; position: absolute; top: 10px; right: 10px;\">\n                  <i class=\"icon-remove\"></i>\n                </a>\n                <span class=\"gamification-close-confirmation hide\">\n                  Are you sure?\n                  <button class=\"btn btn-default btn-sm\" data-advice=\"delete\">\n                    <i class=\"icon-trash\"></i>Delete\n                  </button>\n                  <button class=\"btn btn-default btn-sm\" data-advice=\"cancel\">Cancel</button>\n                </span>\n                <a class=\"preactivationLink row\" rel=\"jmango360_api\" href=\"{link}AdminModules{/link}&install=jmango360_api&module_name=jmango360_api&redirectconfig\" style=\"display: table; margin: 0; text-decoration: none;\">\n                  <img src=\"https://storage.googleapis.com/production-gamification-assets/premium/jmango360_api.png\" class=\"advice-img img-thumbnail\">\n                  <img src=\"https://gamification.prestashop.com/api/getAdviceImg/1537867849748.png\" class=\"hide\">\n                  <p class=\"advice-description\" style=\"padding: 0 20px; display: table-cell; vertical-align: middle;\">Ofereça a melhor experiência em compras e aumente a receita com a app de compras</p>\n                </a>\n              </section>\n            </div>\n            <script>\n              $(document).ready( function () {\n                var link = $(\'#wrap_id_advice_1537867849748 .preactivationLink\')[0].href;\n                link = encodeURIComponent(link);\n                var newUrl = \'https://gamification.prestashop.com/get_advice_link.php?id_advice=1537867849748&url=\'+link;\n                $(\'#wrap_id_advice_1537867849748 .preactivationLink\')[0].href = newUrl;\n              });\n            </script>\n          </div>'),
(42, 2, '<div id=\"wrap_id_advice_1559145957195\">\n            <div class=\"col-lg-6\">\n              <section id=\"\" class=\"panel panel-advice\" style=\"position: relative; padding: 10px; min-height: 75px;\">\n                <a href=\"#\" id=\"1559145957195\" class=\"close_link gamification_premium_close\" style=\"display: none; position: absolute; top: 10px; right: 10px;\">\n                  <i class=\"icon-remove\"></i>\n                </a>\n                <span class=\"gamification-close-confirmation hide\">\n                  Are you sure?\n                  <button class=\"btn btn-default btn-sm\" data-advice=\"delete\">\n                    <i class=\"icon-trash\"></i>Delete\n                  </button>\n                  <button class=\"btn btn-default btn-sm\" data-advice=\"cancel\">Cancel</button>\n                </span>\n                <a class=\"preactivationLink row\" rel=\"shiptimize\" href=\"{link}AdminModules{/link}&install=shiptimize&module_name=shiptimize&redirectconfig\" style=\"display: table; margin: 0; text-decoration: none;\">\n                  <img src=\"https://storage.googleapis.com/production-gamification-assets/premium/shiptimize.png\" class=\"advice-img img-thumbnail\">\n                  <img src=\"https://gamification.prestashop.com/api/getAdviceImg/1559145957195.png\" class=\"hide\">\n                  <p class=\"advice-description\" style=\"padding: 0 20px; display: table-cell; vertical-align: middle;\">Economize nos seus Envios. Escolha entre Várias Transportadoras. Configure Já!</p>\n                </a>\n              </section>\n            </div>\n            <script>\n              $(document).ready( function () {\n                var link = $(\'#wrap_id_advice_1559145957195 .preactivationLink\')[0].href;\n                link = encodeURIComponent(link);\n                var newUrl = \'https://gamification.prestashop.com/get_advice_link.php?id_advice=1559145957195&url=\'+link;\n                $(\'#wrap_id_advice_1559145957195 .preactivationLink\')[0].href = newUrl;\n              });\n            </script>\n          </div>'),
(43, 2, ' <div id=\"wrap_id_advice_1559060652622\"> <section id=\"0_Shiptimize & PakketMail\" class=\"panel\" style=\"display:none\"> <header class=\"panel-heading\"> <span class=\"icon-lightbulb\"></span> Tips of the day </header> <div class=\"panel-body\" style=\"padding:0\"> <img class=\"img-responsive\" src=\"https://storage.googleapis.com/production-gamification-assets/tips/Shiptimize & PakketMail.png?1565341964455\" style=\"float:right; margin-left: 5px;\"> <img src=\"https://gamification.prestashop.com/api/getAdviceImg/1559060652622.png\"/> <p> <b>Poupe tempo e dinheiro com o seu Envio</b> </p> <p> Com o Shiptimize, tenha acesso livre a taxas pré-negociadas com algumas das melhores operadoras e automatize o seu processo de envio com apenas alguns cliques\n\n </p> <span class=\"text-right\" style=\"float:right\"> <a class=\"btn btn-default\" target=\"_blank\" href=\"https://gamification.prestashop.com/get_advice_link.php?id_advice=1559060652622&url=https://addons.prestashop.com/pt/transportadoras/45010-shiptimize-digital-delivery-management.html%3Futm_source%3Dback-office%26utm_medium%3Dtipoftheday%26utm_campaign%3Dpartenariats%26utm_content%3DShiptimize & PakketMail\"> Saiba mais! </a> </span> </div> </section><script> $(document).ready( function () { $(\'#\'+rand(0)+\'_Shiptimize & PakketMail\').show(); }); function rand(nbr){ return Math.floor(Math.random()*(nbr+1)); } </script> </div>'),
(45, 2, '<div id=\"wrap_id_advice_1537867849748\">\n            <div class=\"col-lg-6\">\n              <section id=\"\" class=\"panel panel-advice\" style=\"position: relative; padding: 10px; min-height: 75px;\">\n                <a href=\"#\" id=\"1537867849748\" class=\"close_link gamification_premium_close\" style=\"display: none; position: absolute; top: 10px; right: 10px;\">\n                  <i class=\"icon-remove\"></i>\n                </a>\n                <span class=\"gamification-close-confirmation hide\">\n                  Are you sure?\n                  <button class=\"btn btn-default btn-sm\" data-advice=\"delete\">\n                    <i class=\"icon-trash\"></i>Delete\n                  </button>\n                  <button class=\"btn btn-default btn-sm\" data-advice=\"cancel\">Cancel</button>\n                </span>\n                <a class=\"preactivationLink row\" rel=\"jmango360_api\" href=\"{link}AdminModules{/link}&install=jmango360_api&module_name=jmango360_api&redirectconfig\" style=\"display: table; margin: 0; text-decoration: none;\">\n                  <img src=\"https://storage.googleapis.com/production-gamification-assets/premium/jmango360_api.png\" class=\"advice-img img-thumbnail\">\n                  <img src=\"https://gamification.prestashop.com/api/getAdviceImg/1537867849748.png\" class=\"hide\">\n                  <p class=\"advice-description\" style=\"padding: 0 20px; display: table-cell; vertical-align: middle;\">Ofereça a melhor experiência em compras e aumente a receita com a app de compras</p>\n                </a>\n              </section>\n            </div>\n            <script>\n              $(document).ready( function () {\n                var link = $(\'#wrap_id_advice_1537867849748 .preactivationLink\')[0].href;\n                link = encodeURIComponent(link);\n                var newUrl = \'https://gamification.prestashop.com/get_advice_link.php?id_advice=1537867849748&url=\'+link;\n                $(\'#wrap_id_advice_1537867849748 .preactivationLink\')[0].href = newUrl;\n              });\n            </script>\n          </div>'),
(47, 2, '<div id=\"wrap_id_advice_1559145957195\">\n            <div class=\"col-lg-6\">\n              <section id=\"\" class=\"panel panel-advice\" style=\"position: relative; padding: 10px; min-height: 75px;\">\n                <a href=\"#\" id=\"1559145957195\" class=\"close_link gamification_premium_close\" style=\"display: none; position: absolute; top: 10px; right: 10px;\">\n                  <i class=\"icon-remove\"></i>\n                </a>\n                <span class=\"gamification-close-confirmation hide\">\n                  Are you sure?\n                  <button class=\"btn btn-default btn-sm\" data-advice=\"delete\">\n                    <i class=\"icon-trash\"></i>Delete\n                  </button>\n                  <button class=\"btn btn-default btn-sm\" data-advice=\"cancel\">Cancel</button>\n                </span>\n                <a class=\"preactivationLink row\" rel=\"shiptimize\" href=\"{link}AdminModules{/link}&install=shiptimize&module_name=shiptimize&redirectconfig\" style=\"display: table; margin: 0; text-decoration: none;\">\n                  <img src=\"https://storage.googleapis.com/production-gamification-assets/premium/shiptimize.png\" class=\"advice-img img-thumbnail\">\n                  <img src=\"https://gamification.prestashop.com/api/getAdviceImg/1559145957195.png\" class=\"hide\">\n                  <p class=\"advice-description\" style=\"padding: 0 20px; display: table-cell; vertical-align: middle;\">Economize nos seus Envios. Escolha entre Várias Transportadoras. Configure Já!</p>\n                </a>\n              </section>\n            </div>\n            <script>\n              $(document).ready( function () {\n                var link = $(\'#wrap_id_advice_1559145957195 .preactivationLink\')[0].href;\n                link = encodeURIComponent(link);\n                var newUrl = \'https://gamification.prestashop.com/get_advice_link.php?id_advice=1559145957195&url=\'+link;\n                $(\'#wrap_id_advice_1559145957195 .preactivationLink\')[0].href = newUrl;\n              });\n            </script>\n          </div>'),
(48, 2, ' <div id=\"wrap_id_advice_1559060652622\"> <section id=\"0_Shiptimize & PakketMail\" class=\"panel\" style=\"display:none\"> <header class=\"panel-heading\"> <span class=\"icon-lightbulb\"></span> Tips of the day </header> <div class=\"panel-body\" style=\"padding:0\"> <img class=\"img-responsive\" src=\"https://storage.googleapis.com/production-gamification-assets/tips/Shiptimize & PakketMail.png?1565341964455\" style=\"float:right; margin-left: 5px;\"> <img src=\"https://gamification.prestashop.com/api/getAdviceImg/1559060652622.png\"/> <p> <b>Poupe tempo e dinheiro com o seu Envio</b> </p> <p> Com o Shiptimize, tenha acesso livre a taxas pré-negociadas com algumas das melhores operadoras e automatize o seu processo de envio com apenas alguns cliques\n\n </p> <span class=\"text-right\" style=\"float:right\"> <a class=\"btn btn-default\" target=\"_blank\" href=\"https://gamification.prestashop.com/get_advice_link.php?id_advice=1559060652622&url=https://addons.prestashop.com/pt/transportadoras/45010-shiptimize-digital-delivery-management.html%3Futm_source%3Dback-office%26utm_medium%3Dtipoftheday%26utm_campaign%3Dpartenariats%26utm_content%3DShiptimize & PakketMail\"> Saiba mais! </a> </span> </div> </section><script> $(document).ready( function () { $(\'#\'+rand(0)+\'_Shiptimize & PakketMail\').show(); }); function rand(nbr){ return Math.floor(Math.random()*(nbr+1)); } </script> </div>'),
(50, 2, '<div id=\"wrap_id_advice_1537867849748\">\n            <div class=\"col-lg-6\">\n              <section id=\"\" class=\"panel panel-advice\" style=\"position: relative; padding: 10px; min-height: 75px;\">\n                <a href=\"#\" id=\"1537867849748\" class=\"close_link gamification_premium_close\" style=\"display: none; position: absolute; top: 10px; right: 10px;\">\n                  <i class=\"icon-remove\"></i>\n                </a>\n                <span class=\"gamification-close-confirmation hide\">\n                  Are you sure?\n                  <button class=\"btn btn-default btn-sm\" data-advice=\"delete\">\n                    <i class=\"icon-trash\"></i>Delete\n                  </button>\n                  <button class=\"btn btn-default btn-sm\" data-advice=\"cancel\">Cancel</button>\n                </span>\n                <a class=\"preactivationLink row\" rel=\"jmango360_api\" href=\"{link}AdminModules{/link}&install=jmango360_api&module_name=jmango360_api&redirectconfig\" style=\"display: table; margin: 0; text-decoration: none;\">\n                  <img src=\"https://storage.googleapis.com/production-gamification-assets/premium/jmango360_api.png\" class=\"advice-img img-thumbnail\">\n                  <img src=\"https://gamification.prestashop.com/api/getAdviceImg/1537867849748.png\" class=\"hide\">\n                  <p class=\"advice-description\" style=\"padding: 0 20px; display: table-cell; vertical-align: middle;\">Ofereça a melhor experiência em compras e aumente a receita com a app de compras</p>\n                </a>\n              </section>\n            </div>\n            <script>\n              $(document).ready( function () {\n                var link = $(\'#wrap_id_advice_1537867849748 .preactivationLink\')[0].href;\n                link = encodeURIComponent(link);\n                var newUrl = \'https://gamification.prestashop.com/get_advice_link.php?id_advice=1537867849748&url=\'+link;\n                $(\'#wrap_id_advice_1537867849748 .preactivationLink\')[0].href = newUrl;\n              });\n            </script>\n          </div>'),
(52, 2, '<div id=\"wrap_id_advice_1559145957195\">\n            <div class=\"col-lg-6\">\n              <section id=\"\" class=\"panel panel-advice\" style=\"position: relative; padding: 10px; min-height: 75px;\">\n                <a href=\"#\" id=\"1559145957195\" class=\"close_link gamification_premium_close\" style=\"display: none; position: absolute; top: 10px; right: 10px;\">\n                  <i class=\"icon-remove\"></i>\n                </a>\n                <span class=\"gamification-close-confirmation hide\">\n                  Are you sure?\n                  <button class=\"btn btn-default btn-sm\" data-advice=\"delete\">\n                    <i class=\"icon-trash\"></i>Delete\n                  </button>\n                  <button class=\"btn btn-default btn-sm\" data-advice=\"cancel\">Cancel</button>\n                </span>\n                <a class=\"preactivationLink row\" rel=\"shiptimize\" href=\"{link}AdminModules{/link}&install=shiptimize&module_name=shiptimize&redirectconfig\" style=\"display: table; margin: 0; text-decoration: none;\">\n                  <img src=\"https://storage.googleapis.com/production-gamification-assets/premium/shiptimize.png\" class=\"advice-img img-thumbnail\">\n                  <img src=\"https://gamification.prestashop.com/api/getAdviceImg/1559145957195.png\" class=\"hide\">\n                  <p class=\"advice-description\" style=\"padding: 0 20px; display: table-cell; vertical-align: middle;\">Economize nos seus Envios. Escolha entre Várias Transportadoras. Configure Já!</p>\n                </a>\n              </section>\n            </div>\n            <script>\n              $(document).ready( function () {\n                var link = $(\'#wrap_id_advice_1559145957195 .preactivationLink\')[0].href;\n                link = encodeURIComponent(link);\n                var newUrl = \'https://gamification.prestashop.com/get_advice_link.php?id_advice=1559145957195&url=\'+link;\n                $(\'#wrap_id_advice_1559145957195 .preactivationLink\')[0].href = newUrl;\n              });\n            </script>\n          </div>');
INSERT INTO `pspa_advice_lang` (`id_advice`, `id_lang`, `html`) VALUES
(53, 2, ' <div id=\"wrap_id_advice_1559060652622\"> <section id=\"0_Shiptimize & PakketMail\" class=\"panel\" style=\"display:none\"> <header class=\"panel-heading\"> <span class=\"icon-lightbulb\"></span> Tips of the day </header> <div class=\"panel-body\" style=\"padding:0\"> <img class=\"img-responsive\" src=\"https://storage.googleapis.com/production-gamification-assets/tips/Shiptimize & PakketMail.png?1565341964455\" style=\"float:right; margin-left: 5px;\"> <img src=\"https://gamification.prestashop.com/api/getAdviceImg/1559060652622.png\"/> <p> <b>Poupe tempo e dinheiro com o seu Envio</b> </p> <p> Com o Shiptimize, tenha acesso livre a taxas pré-negociadas com algumas das melhores operadoras e automatize o seu processo de envio com apenas alguns cliques\n\n </p> <span class=\"text-right\" style=\"float:right\"> <a class=\"btn btn-default\" target=\"_blank\" href=\"https://gamification.prestashop.com/get_advice_link.php?id_advice=1559060652622&url=https://addons.prestashop.com/pt/transportadoras/45010-shiptimize-digital-delivery-management.html%3Futm_source%3Dback-office%26utm_medium%3Dtipoftheday%26utm_campaign%3Dpartenariats%26utm_content%3DShiptimize & PakketMail\"> Saiba mais! </a> </span> </div> </section><script> $(document).ready( function () { $(\'#\'+rand(0)+\'_Shiptimize & PakketMail\').show(); }); function rand(nbr){ return Math.floor(Math.random()*(nbr+1)); } </script> </div>'),
(55, 2, '<div id=\"wrap_id_advice_1592213893260\">\n            <div class=\"col-lg-6\">\n              <section id=\"\" class=\"panel panel-advice\" style=\"position: relative; padding: 10px; min-height: 75px;\">\n                <a href=\"#\" id=\"1592213893260\" class=\"close_link gamification_premium_close\" style=\"display: none; position: absolute; top: 10px; right: 10px;\">\n                  <i class=\"icon-remove\"></i>\n                </a>\n                <span class=\"gamification-close-confirmation hide\">\n                  Are you sure?\n                  <button class=\"btn btn-default btn-sm\" data-advice=\"delete\">\n                    <i class=\"icon-trash\"></i>Delete\n                  </button>\n                  <button class=\"btn btn-default btn-sm\" data-advice=\"cancel\">Cancel</button>\n                </span>\n                <a class=\"preactivationLink row\" rel=\"Glotio\" href=\"{link}AdminModules{/link}&install=Glotio&module_name=Glotio&redirectconfig\" style=\"display: table; margin: 0; text-decoration: none;\">\n                  <img src=\"https://storage.googleapis.com/production-gamification-assets/premium/Glotio.png?1592214028515?1592214053712?1592214069766?1592214096395?1592214115185?1592214139622?1592214157610?1592214175532?1592214198714\" class=\"advice-img img-thumbnail\">\n                  <img src=\"https://gamification.prestashop.com/api/getAdviceImg/1592213893260.png\" class=\"hide\">\n                  <p class=\"advice-description\" style=\"padding: 0 20px; display: table-cell; vertical-align: middle;\">Traduza a sua loja automaticamente em minutos. Primeiro idioma GRÁTIS. + Info</p>\n                </a>\n              </section>\n            </div>\n            <script>\n              $(document).ready( function () {\n                var link = $(\'#wrap_id_advice_1592213893260 .preactivationLink\')[0].href;\n                link = encodeURIComponent(link);\n                var newUrl = \'https://gamification.prestashop.com/get_advice_link.php?id_advice=1592213893260&url=\'+link;\n                $(\'#wrap_id_advice_1592213893260 .preactivationLink\')[0].href = newUrl;\n              });\n            </script>\n          </div>'),
(56, 2, '<div id=\"wrap_id_advice_1559145957195\">\n            <div class=\"col-lg-6\">\n              <section id=\"\" class=\"panel panel-advice\" style=\"position: relative; padding: 10px; min-height: 75px;\">\n                <a href=\"#\" id=\"1559145957195\" class=\"close_link gamification_premium_close\" style=\"display: none; position: absolute; top: 10px; right: 10px;\">\n                  <i class=\"icon-remove\"></i>\n                </a>\n                <span class=\"gamification-close-confirmation hide\">\n                  Are you sure?\n                  <button class=\"btn btn-default btn-sm\" data-advice=\"delete\">\n                    <i class=\"icon-trash\"></i>Delete\n                  </button>\n                  <button class=\"btn btn-default btn-sm\" data-advice=\"cancel\">Cancel</button>\n                </span>\n                <a class=\"preactivationLink row\" rel=\"shiptimize\" href=\"{link}AdminModules{/link}&install=shiptimize&module_name=shiptimize&redirectconfig\" style=\"display: table; margin: 0; text-decoration: none;\">\n                  <img src=\"https://storage.googleapis.com/production-gamification-assets/premium/shiptimize.png\" class=\"advice-img img-thumbnail\">\n                  <img src=\"https://gamification.prestashop.com/api/getAdviceImg/1559145957195.png\" class=\"hide\">\n                  <p class=\"advice-description\" style=\"padding: 0 20px; display: table-cell; vertical-align: middle;\">Economize nos seus Envios. Escolha entre Várias Transportadoras. Configure Já!</p>\n                </a>\n              </section>\n            </div>\n            <script>\n              $(document).ready( function () {\n                var link = $(\'#wrap_id_advice_1559145957195 .preactivationLink\')[0].href;\n                link = encodeURIComponent(link);\n                var newUrl = \'https://gamification.prestashop.com/get_advice_link.php?id_advice=1559145957195&url=\'+link;\n                $(\'#wrap_id_advice_1559145957195 .preactivationLink\')[0].href = newUrl;\n              });\n            </script>\n          </div>');

-- --------------------------------------------------------

--
-- Table structure for table `pspa_alias`
--

CREATE TABLE `pspa_alias` (
  `id_alias` int(10) UNSIGNED NOT NULL,
  `alias` varchar(255) NOT NULL,
  `search` varchar(255) NOT NULL,
  `active` tinyint(1) NOT NULL DEFAULT '1'
) ENGINE=InnoDB DEFAULT CHARSET=utf8;

-- --------------------------------------------------------

--
-- Table structure for table `pspa_attachment`
--

CREATE TABLE `pspa_attachment` (
  `id_attachment` int(10) UNSIGNED NOT NULL,
  `file` varchar(40) NOT NULL,
  `file_name` varchar(128) NOT NULL,
  `file_size` bigint(10) UNSIGNED NOT NULL DEFAULT '0',
  `mime` varchar(128) NOT NULL
) ENGINE=InnoDB DEFAULT CHARSET=utf8;

--
-- Dumping data for table `pspa_attachment`
--

INSERT INTO `pspa_attachment` (`id_attachment`, `file`, `file_name`, `file_size`, `mime`) VALUES
(1, '0520e5fc462e7abbf670761d8afac15ac718abea', 'ficha tecnica peculiar.png', 72499, 'image/png'),
(2, 'fe2dfb27982596ca8b6aa49b2534b10e2a55cfd4', 'ficha tecnica peculiar.png', 72499, 'image/png'),
(3, 'f26177e229d74e47e638e114e626f15a24ea94dc', 'ficha tecnica peculiar.png', 72499, 'image/png'),
(4, 'ea5e58c3c61314ac9faf20c03085e9e62cfba77a', 'ficha tecnica escolha.png', 75539, 'image/png'),
(5, 'c17226bedee6fcb52c293f51be65a65e768143c6', 'ficha tecnica D. Alice Branco.png', 104427, 'image/png'),
(6, '1e65b7eddd6eb34ec52a8890c973ae9a6da1a273', 'ficha tecnica D. Alice Tinto.png', 73605, 'image/png'),
(7, '617c10a6099bf376211688a6bf03ae38e8d2c137', 'ficha tecnica 1856.png', 76695, 'image/png'),
(8, '4e3b0fca078105d18ae6c060847cfda10b7e3485', 'r-mNnsRe - Cópia.png', 787025, 'image/png'),
(9, '0a88ca6f324e96a0174bf8bc35ec059d3b272bdb', 'Ficha tecnica Anfora.png', 60009, 'image/png'),
(10, 'fb7bb677859224897cbdcc6c73c38fb895816d85', 'Folheto frente.png', 1764549, 'image/png'),
(11, '3b439fa8b85f5332f6a185fbab4bcc5f3fbc4604', 'Novo Folha de Cálculo do Microsoft Excel.xlsx', 6194, 'application/octet-stream'),
(12, 'f2136018029142fd1138c8c4edbfe68026e481ae', 'Talha de Frades.png', 225368, 'image/png'),
(13, '44fcdd7c00152c10aef01456af7ce04d4b19442c', 'ficha talha de frades ingles.png', 221911, 'image/png'),
(14, 'cadbf7cbb9cc71def73e01641d76c179fe67c498', 'ficha talha de frades ingles.png', 221911, 'image/png'),
(15, '9edf7dfd31d160baa7e5e4ef40467af980db90dc', 'ficha talha de frades ingles.png', 221911, 'image/png'),
(16, 'ab40c44dd5a39af6ecbd88e67b6cd027c6c6f028', 'ficha talha de frades ingles.png', 221911, 'image/png');

-- --------------------------------------------------------

--
-- Table structure for table `pspa_attachment_lang`
--

CREATE TABLE `pspa_attachment_lang` (
  `id_attachment` int(10) UNSIGNED NOT NULL,
  `id_lang` int(10) UNSIGNED NOT NULL,
  `name` varchar(32) DEFAULT NULL,
  `description` text
) ENGINE=InnoDB DEFAULT CHARSET=utf8;

--
-- Dumping data for table `pspa_attachment_lang`
--

INSERT INTO `pspa_attachment_lang` (`id_attachment`, `id_lang`, `name`, `description`) VALUES
(1, 2, 'Ficha técnica Peculiar', ''),
(2, 2, 'Ficha técnica Peculiar', ''),
(3, 2, 'Ficha Técnica Peculiar', ''),
(4, 2, 'Ficha Técnica Escolha 2016', ''),
(5, 2, 'Ficha Técnica D. Alice Branco 17', ''),
(6, 2, 'Ficha Técnica D. Alice Tinto 17', ''),
(7, 2, 'Ficha Técnica 1856', ''),
(8, 2, 'Ficha Técnica Ânfora', ''),
(9, 2, 'Ficha Técnica Ânfora', ''),
(10, 2, 'Programa Enoturismo', ''),
(11, 2, 'Lista de Parceiros/Revendedores', 'Aqui, nesta lista estão todos os nossos parceiros que vendem aos seus clientes os nossos vinhos.'),
(12, 2, 'Talha de Frades Branco DOC.2017', '');

-- --------------------------------------------------------

--
-- Table structure for table `pspa_attribute`
--

CREATE TABLE `pspa_attribute` (
  `id_attribute` int(11) NOT NULL,
  `id_attribute_group` int(11) NOT NULL,
  `color` varchar(32) NOT NULL,
  `position` int(11) NOT NULL DEFAULT '0'
) ENGINE=InnoDB DEFAULT CHARSET=utf8;

-- --------------------------------------------------------

--
-- Table structure for table `pspa_attribute_group`
--

CREATE TABLE `pspa_attribute_group` (
  `id_attribute_group` int(11) NOT NULL,
  `is_color_group` tinyint(1) NOT NULL DEFAULT '0',
  `group_type` varchar(255) NOT NULL DEFAULT 'select',
  `position` int(11) NOT NULL DEFAULT '0'
) ENGINE=InnoDB DEFAULT CHARSET=utf8;

-- --------------------------------------------------------

--
-- Table structure for table `pspa_attribute_group_lang`
--

CREATE TABLE `pspa_attribute_group_lang` (
  `id_attribute_group` int(11) NOT NULL,
  `id_lang` int(11) NOT NULL,
  `name` varchar(128) NOT NULL,
  `public_name` varchar(64) NOT NULL
) ENGINE=InnoDB DEFAULT CHARSET=utf8;

-- --------------------------------------------------------

--
-- Table structure for table `pspa_attribute_group_shop`
--

CREATE TABLE `pspa_attribute_group_shop` (
  `id_attribute_group` int(11) NOT NULL,
  `id_shop` int(11) NOT NULL
) ENGINE=InnoDB DEFAULT CHARSET=utf8;

-- --------------------------------------------------------

--
-- Table structure for table `pspa_attribute_impact`
--

CREATE TABLE `pspa_attribute_impact` (
  `id_attribute_impact` int(10) UNSIGNED NOT NULL,
  `id_product` int(11) UNSIGNED NOT NULL,
  `id_attribute` int(11) UNSIGNED NOT NULL,
  `weight` decimal(20,6) NOT NULL,
  `price` decimal(17,2) NOT NULL
) ENGINE=InnoDB DEFAULT CHARSET=utf8;

-- --------------------------------------------------------

--
-- Table structure for table `pspa_attribute_lang`
--

CREATE TABLE `pspa_attribute_lang` (
  `id_attribute` int(11) NOT NULL,
  `id_lang` int(11) NOT NULL,
  `name` varchar(128) NOT NULL
) ENGINE=InnoDB DEFAULT CHARSET=utf8;

-- --------------------------------------------------------

--
-- Table structure for table `pspa_attribute_shop`
--

CREATE TABLE `pspa_attribute_shop` (
  `id_attribute` int(11) NOT NULL,
  `id_shop` int(11) NOT NULL
) ENGINE=InnoDB DEFAULT CHARSET=utf8;

-- --------------------------------------------------------

--
-- Table structure for table `pspa_badge`
--

CREATE TABLE `pspa_badge` (
  `id_badge` int(11) NOT NULL,
  `id_ps_badge` int(11) NOT NULL,
  `type` varchar(32) NOT NULL,
  `id_group` int(11) NOT NULL,
  `group_position` int(11) NOT NULL,
  `scoring` int(11) NOT NULL,
  `awb` int(11) DEFAULT '0',
  `validated` tinyint(1) UNSIGNED NOT NULL DEFAULT '0'
) ENGINE=InnoDB DEFAULT CHARSET=utf8;

--
-- Dumping data for table `pspa_badge`
--

INSERT INTO `pspa_badge` (`id_badge`, `id_ps_badge`, `type`, `id_group`, `group_position`, `scoring`, `awb`, `validated`) VALUES
(1, 159, 'feature', 41, 1, 5, 1, 0),
(2, 160, 'feature', 41, 2, 10, 1, 0),
(3, 161, 'feature', 41, 3, 15, 1, 0),
(4, 162, 'feature', 41, 4, 20, 1, 0),
(5, 163, 'feature', 41, 1, 5, 1, 0),
(6, 164, 'feature', 41, 2, 10, 1, 0),
(7, 165, 'feature', 41, 3, 15, 1, 0),
(8, 166, 'feature', 41, 4, 20, 1, 0),
(9, 195, 'feature', 41, 1, 5, 1, 0),
(10, 196, 'feature', 41, 2, 10, 1, 0),
(11, 229, 'feature', 41, 1, 5, 1, 0),
(12, 230, 'feature', 41, 2, 10, 1, 0),
(13, 231, 'feature', 41, 3, 15, 1, 0),
(14, 232, 'feature', 41, 4, 20, 1, 0),
(15, 233, 'feature', 41, 1, 5, 1, 0),
(16, 234, 'feature', 41, 2, 10, 1, 0),
(17, 235, 'feature', 41, 3, 15, 1, 0),
(18, 236, 'feature', 41, 4, 20, 1, 0),
(19, 241, 'feature', 41, 1, 5, 1, 0),
(20, 242, 'feature', 41, 2, 10, 1, 0),
(21, 243, 'feature', 41, 3, 15, 1, 0),
(22, 244, 'feature', 41, 4, 20, 1, 0),
(23, 249, 'feature', 41, 1, 5, 1, 0),
(24, 250, 'feature', 41, 2, 10, 1, 0),
(25, 251, 'feature', 41, 3, 15, 1, 0),
(26, 252, 'feature', 41, 4, 20, 1, 0),
(27, 253, 'feature', 41, 1, 5, 1, 0),
(28, 254, 'feature', 41, 2, 10, 1, 0),
(29, 255, 'feature', 41, 3, 15, 1, 0),
(30, 256, 'feature', 41, 4, 20, 1, 0),
(31, 261, 'feature', 41, 1, 5, 1, 0),
(32, 262, 'feature', 41, 2, 10, 1, 0),
(33, 269, 'feature', 41, 1, 5, 1, 0),
(34, 270, 'feature', 41, 2, 10, 1, 0),
(35, 271, 'feature', 41, 3, 15, 1, 0),
(36, 272, 'feature', 41, 4, 20, 1, 0),
(37, 273, 'feature', 41, 1, 5, 1, 0),
(38, 274, 'feature', 41, 2, 10, 1, 0),
(39, 275, 'feature', 41, 3, 15, 1, 0),
(40, 276, 'feature', 41, 4, 20, 1, 0),
(41, 277, 'feature', 41, 1, 5, 1, 0),
(42, 278, 'feature', 41, 2, 10, 1, 0),
(43, 279, 'feature', 41, 3, 15, 1, 0),
(44, 280, 'feature', 41, 4, 20, 1, 0),
(45, 281, 'feature', 41, 1, 5, 1, 0),
(46, 282, 'feature', 41, 2, 10, 1, 0),
(47, 283, 'feature', 41, 3, 15, 1, 0),
(48, 284, 'feature', 41, 4, 20, 1, 0),
(49, 285, 'feature', 41, 1, 5, 1, 0),
(50, 286, 'feature', 41, 2, 10, 1, 0),
(51, 287, 'feature', 41, 3, 15, 1, 0),
(52, 288, 'feature', 41, 4, 20, 1, 0),
(53, 289, 'feature', 41, 1, 5, 1, 0),
(54, 290, 'feature', 41, 2, 10, 1, 0),
(55, 291, 'feature', 41, 3, 15, 1, 0),
(56, 292, 'feature', 41, 4, 20, 1, 0),
(57, 293, 'feature', 41, 1, 5, 1, 0),
(58, 294, 'feature', 41, 2, 10, 1, 0),
(59, 295, 'feature', 41, 3, 15, 1, 0),
(60, 296, 'feature', 41, 4, 20, 1, 0),
(61, 297, 'feature', 41, 1, 5, 1, 0),
(62, 298, 'feature', 41, 2, 10, 1, 0),
(63, 299, 'feature', 41, 3, 15, 1, 0),
(64, 300, 'feature', 41, 4, 20, 1, 0),
(65, 301, 'feature', 41, 1, 5, 1, 0),
(66, 302, 'feature', 41, 2, 10, 1, 0),
(67, 303, 'feature', 41, 3, 15, 1, 0),
(68, 304, 'feature', 41, 4, 20, 1, 0),
(69, 305, 'feature', 41, 1, 5, 1, 0),
(70, 306, 'feature', 41, 2, 10, 1, 0),
(71, 307, 'feature', 41, 3, 15, 1, 0),
(72, 308, 'feature', 41, 4, 20, 1, 0),
(73, 309, 'feature', 41, 1, 5, 1, 0),
(74, 310, 'feature', 41, 2, 10, 1, 0),
(75, 311, 'feature', 41, 3, 15, 1, 0),
(76, 312, 'feature', 41, 4, 20, 1, 0),
(77, 313, 'feature', 41, 1, 5, 1, 0),
(78, 314, 'feature', 41, 2, 10, 1, 0),
(79, 315, 'feature', 41, 3, 15, 1, 0),
(80, 316, 'feature', 41, 4, 20, 1, 0),
(81, 317, 'feature', 41, 1, 5, 1, 0),
(82, 318, 'feature', 41, 2, 10, 1, 0),
(83, 319, 'feature', 41, 3, 15, 1, 0),
(84, 320, 'feature', 41, 4, 20, 1, 0),
(85, 321, 'feature', 41, 1, 5, 1, 0),
(86, 322, 'feature', 41, 2, 10, 1, 0),
(87, 323, 'feature', 41, 3, 15, 1, 0),
(88, 324, 'feature', 41, 4, 20, 1, 0),
(89, 325, 'feature', 41, 1, 5, 1, 0),
(90, 326, 'feature', 41, 2, 10, 1, 0),
(91, 327, 'feature', 41, 3, 15, 1, 0),
(92, 328, 'feature', 41, 4, 20, 1, 0),
(93, 329, 'feature', 41, 1, 5, 1, 0),
(94, 330, 'feature', 41, 2, 10, 1, 0),
(95, 331, 'feature', 41, 3, 15, 1, 0),
(96, 332, 'feature', 41, 4, 20, 1, 0),
(97, 333, 'feature', 41, 1, 5, 1, 0),
(98, 334, 'feature', 41, 2, 10, 1, 0),
(99, 335, 'feature', 41, 3, 15, 1, 0),
(100, 336, 'feature', 41, 4, 20, 1, 0),
(101, 337, 'feature', 41, 1, 5, 1, 0),
(102, 338, 'feature', 41, 2, 10, 1, 0),
(103, 339, 'feature', 41, 3, 15, 1, 0),
(104, 340, 'feature', 41, 4, 20, 1, 0),
(105, 341, 'feature', 41, 1, 5, 1, 0),
(106, 342, 'feature', 41, 2, 10, 1, 0),
(107, 343, 'feature', 41, 3, 15, 1, 0),
(108, 344, 'feature', 41, 4, 20, 1, 0),
(109, 345, 'feature', 41, 1, 5, 1, 0),
(110, 346, 'feature', 41, 2, 10, 1, 0),
(111, 347, 'feature', 41, 3, 15, 1, 0),
(112, 348, 'feature', 41, 4, 20, 1, 0),
(113, 349, 'feature', 41, 1, 5, 1, 0),
(114, 350, 'feature', 41, 2, 10, 1, 0),
(115, 351, 'feature', 41, 3, 15, 1, 0),
(116, 352, 'feature', 41, 4, 20, 1, 0),
(117, 353, 'feature', 41, 1, 5, 1, 0),
(118, 354, 'feature', 41, 2, 10, 1, 0),
(119, 355, 'feature', 41, 3, 15, 1, 0),
(120, 356, 'feature', 41, 4, 20, 1, 0),
(121, 357, 'feature', 41, 1, 5, 1, 0),
(122, 358, 'feature', 41, 2, 10, 1, 0),
(123, 359, 'feature', 41, 3, 15, 1, 0),
(124, 360, 'feature', 41, 4, 20, 1, 0),
(125, 1, 'feature', 1, 1, 10, 0, 0),
(126, 2, 'feature', 2, 1, 10, 0, 1),
(127, 3, 'feature', 2, 2, 15, 0, 0),
(128, 4, 'feature', 3, 1, 15, 0, 1),
(129, 5, 'feature', 3, 2, 15, 0, 1),
(130, 6, 'feature', 4, 1, 15, 0, 1),
(131, 7, 'feature', 4, 2, 15, 0, 1),
(132, 8, 'feature', 5, 1, 5, 0, 1),
(133, 9, 'feature', 5, 2, 10, 0, 1),
(134, 10, 'feature', 6, 1, 15, 0, 1),
(135, 11, 'feature', 6, 2, 10, 0, 0),
(136, 12, 'feature', 6, 3, 10, 0, 0),
(137, 13, 'feature', 5, 3, 10, 0, 0),
(138, 14, 'feature', 5, 4, 15, 0, 0),
(139, 15, 'feature', 5, 5, 20, 0, 0),
(140, 16, 'feature', 5, 6, 20, 0, 0),
(141, 17, 'achievement', 7, 1, 5, 0, 1),
(142, 18, 'achievement', 7, 2, 10, 0, 1),
(143, 19, 'feature', 8, 1, 15, 0, 1),
(144, 20, 'feature', 8, 2, 15, 0, 0),
(145, 21, 'feature', 9, 1, 15, 0, 0),
(146, 22, 'feature', 10, 1, 10, 0, 0),
(147, 23, 'feature', 10, 2, 10, 0, 0),
(148, 24, 'feature', 10, 3, 10, 0, 0),
(149, 25, 'feature', 10, 4, 10, 0, 0),
(150, 26, 'feature', 10, 5, 10, 0, 0),
(151, 27, 'feature', 4, 3, 10, 0, 1),
(152, 28, 'feature', 3, 3, 10, 0, 0),
(153, 29, 'achievement', 11, 1, 5, 0, 1),
(154, 30, 'achievement', 11, 2, 10, 0, 0),
(155, 31, 'achievement', 11, 3, 15, 0, 0),
(156, 32, 'achievement', 11, 4, 20, 0, 0),
(157, 33, 'achievement', 11, 5, 25, 0, 0),
(158, 34, 'achievement', 11, 6, 30, 0, 0),
(159, 35, 'achievement', 7, 3, 15, 0, 0),
(160, 36, 'achievement', 7, 4, 20, 0, 0),
(161, 37, 'achievement', 7, 5, 25, 0, 0),
(162, 38, 'achievement', 7, 6, 30, 0, 0),
(163, 39, 'achievement', 12, 1, 5, 0, 1),
(164, 40, 'achievement', 12, 2, 10, 0, 1),
(165, 41, 'achievement', 12, 3, 15, 0, 0),
(166, 42, 'achievement', 12, 4, 20, 0, 0),
(167, 43, 'achievement', 12, 5, 25, 0, 0),
(168, 44, 'achievement', 12, 6, 30, 0, 0),
(169, 45, 'achievement', 13, 1, 5, 0, 1),
(170, 46, 'achievement', 13, 2, 10, 0, 1),
(171, 47, 'achievement', 13, 3, 15, 0, 1),
(172, 48, 'achievement', 13, 4, 20, 0, 0),
(173, 49, 'achievement', 13, 5, 25, 0, 0),
(174, 50, 'achievement', 13, 6, 30, 0, 0),
(175, 51, 'achievement', 14, 1, 5, 0, 0),
(176, 52, 'achievement', 14, 2, 10, 0, 0),
(177, 53, 'achievement', 14, 3, 15, 0, 0),
(178, 54, 'achievement', 14, 4, 20, 0, 0),
(179, 55, 'achievement', 14, 5, 25, 0, 0),
(180, 56, 'achievement', 14, 6, 30, 0, 0),
(181, 57, 'achievement', 15, 1, 5, 0, 1),
(182, 58, 'achievement', 15, 2, 10, 0, 1),
(183, 59, 'achievement', 15, 3, 15, 0, 0),
(184, 60, 'achievement', 15, 4, 20, 0, 0),
(185, 61, 'achievement', 15, 5, 25, 0, 0),
(186, 62, 'achievement', 15, 6, 30, 0, 0),
(187, 63, 'achievement', 16, 1, 5, 0, 1),
(188, 64, 'achievement', 16, 2, 10, 0, 1),
(189, 65, 'achievement', 16, 3, 15, 0, 0),
(190, 66, 'achievement', 16, 4, 20, 0, 0),
(191, 67, 'achievement', 16, 5, 25, 0, 0),
(192, 68, 'achievement', 16, 6, 30, 0, 0),
(193, 74, 'international', 22, 1, 10, 0, 0),
(194, 75, 'international', 23, 1, 10, 0, 0),
(195, 83, 'international', 31, 1, 10, 0, 0),
(196, 84, 'international', 25, 1, 10, 0, 0),
(197, 85, 'international', 32, 1, 10, 0, 0),
(198, 86, 'international', 33, 1, 10, 0, 0),
(199, 87, 'international', 34, 1, 10, 0, 0),
(200, 88, 'feature', 35, 1, 5, 0, 0),
(201, 89, 'feature', 35, 2, 10, 0, 0),
(202, 90, 'feature', 35, 3, 10, 0, 0),
(203, 91, 'feature', 35, 4, 10, 0, 0),
(204, 92, 'feature', 35, 5, 10, 0, 0),
(205, 93, 'feature', 35, 6, 10, 0, 0),
(206, 94, 'feature', 36, 1, 5, 0, 1),
(207, 95, 'feature', 36, 2, 5, 0, 1),
(208, 96, 'feature', 36, 3, 10, 0, 0),
(209, 97, 'feature', 36, 4, 10, 0, 0),
(210, 98, 'feature', 36, 5, 20, 0, 0),
(211, 99, 'feature', 36, 6, 20, 0, 0),
(212, 100, 'feature', 8, 3, 15, 0, 1),
(213, 101, 'achievement', 37, 1, 5, 0, 0),
(214, 102, 'achievement', 37, 2, 5, 0, 0),
(215, 103, 'achievement', 37, 3, 10, 0, 0),
(216, 104, 'achievement', 37, 4, 10, 0, 0),
(217, 105, 'achievement', 37, 5, 15, 0, 0),
(218, 106, 'achievement', 37, 6, 15, 0, 0),
(219, 107, 'achievement', 38, 1, 10, 0, 0),
(220, 108, 'achievement', 38, 2, 10, 0, 0),
(221, 109, 'achievement', 38, 3, 15, 0, 0),
(222, 110, 'achievement', 38, 4, 20, 0, 0),
(223, 111, 'achievement', 38, 5, 25, 0, 0),
(224, 112, 'achievement', 38, 6, 30, 0, 0),
(225, 113, 'achievement', 39, 1, 10, 0, 1),
(226, 114, 'achievement', 39, 2, 20, 0, 0),
(227, 115, 'achievement', 39, 3, 30, 0, 0),
(228, 116, 'achievement', 39, 4, 40, 0, 0),
(229, 117, 'achievement', 39, 5, 50, 0, 0),
(230, 118, 'achievement', 39, 6, 50, 0, 0),
(231, 119, 'feature', 40, 1, 10, 0, 0),
(232, 120, 'feature', 40, 2, 15, 0, 0),
(233, 121, 'feature', 40, 3, 20, 0, 0),
(234, 122, 'feature', 40, 4, 25, 0, 0);

-- --------------------------------------------------------

--
-- Table structure for table `pspa_badge_lang`
--

CREATE TABLE `pspa_badge_lang` (
  `id_badge` int(11) NOT NULL,
  `id_lang` int(11) NOT NULL,
  `name` varchar(64) DEFAULT NULL,
  `description` varchar(255) DEFAULT NULL,
  `group_name` varchar(255) DEFAULT NULL
) ENGINE=InnoDB DEFAULT CHARSET=utf8;

--
-- Dumping data for table `pspa_badge_lang`
--

INSERT INTO `pspa_badge_lang` (`id_badge`, `id_lang`, `name`, `description`, `group_name`) VALUES
(1, 2, 'Shopgate installed', 'You have installed the Shopgate module', 'Partners'),
(2, 2, 'Shopgate configured', 'You have configured the Shopgate module', 'Partners'),
(3, 2, 'Shopgate active', 'Your Shopgate module is active', 'Partners'),
(4, 2, 'Shopgate very active', 'Your Shopgate module is very active', 'Partners'),
(5, 2, 'Skrill installed', 'You have installed the Skrill module', 'Partners'),
(6, 2, 'Skrill configured', 'You have configured the Skrill module', 'Partners'),
(7, 2, 'Skrill active', 'Your Skrill module is active', 'Partners'),
(8, 2, 'Skrill very active', 'Your Skrill module is very active', 'Partners'),
(9, 2, 'Shopping Feed installed', 'You have installed the Shopping Feed module', 'Partners'),
(10, 2, 'Shopping Feed configured', 'You have configured the Shopping Feed module', 'Partners'),
(11, 2, 'Alliance Payment installed', 'You have installed the Alliance Payment module', 'Partners'),
(12, 2, 'Alliance Payment configured', 'You have configured the Alliance Payment module', 'Partners'),
(13, 2, 'Alliance Payment active', 'Your Alliance Payment module is active', 'Partners'),
(14, 2, 'Alliance Payment very active', 'Your Alliance Payment module is very active', 'Partners'),
(15, 2, 'Authorize Aim installed', 'You have installed the Authorize Aim module', 'Partners'),
(16, 2, 'Authorize Aim configured', 'You have configured the Authorize Aim module', 'Partners'),
(17, 2, 'Authorize Aim active', 'Your Authorize Aim module is active', 'Partners'),
(18, 2, 'Authorize Aim very active', 'Your Authorize Aim module is very active', 'Partners'),
(19, 2, 'Blue Pay installed', 'You have installed the Blue Pay module', 'Partners'),
(20, 2, 'Blue Pay configured', 'You have configured the Blue Pay module', 'Partners'),
(21, 2, 'Blue Pay active', 'Your Blue Pay module is active', 'Partners'),
(22, 2, 'Blue Pay very active', 'Your Blue Pay module is very active', 'Partners'),
(23, 2, 'Ebay installed', 'You have installed the Ebay module', 'Partners'),
(24, 2, 'Ebay configured', 'You have configured the Ebay module', 'Partners'),
(25, 2, 'Ebay active', 'Your Ebay module is active', 'Partners'),
(26, 2, 'Ebay very active', 'Your Ebay module is very active', 'Partners'),
(27, 2, 'PayPlug installed', 'You have installed the PayPlug module', 'Partners'),
(28, 2, 'PayPlug configured', 'You have configured the PayPlug module', 'Partners'),
(29, 2, 'PayPlug active', 'Your PayPlug module is active', 'Partners'),
(30, 2, 'PayPlug very active', 'Your PayPlug module is very active', 'Partners'),
(31, 2, 'Affinity Items installed', 'You have installed the Affinity Items module', 'Partners'),
(32, 2, 'Affinity Items configured', 'You have configured the Affinity Items module', 'Partners'),
(33, 2, 'DPD Poland installed', 'You have installed the DPD Poland module', 'Partners'),
(34, 2, 'DPD Poland configured', 'You have configured the DPD Poland module', 'Partners'),
(35, 2, 'DPD Poland active', 'Your DPD Poland module is active', 'Partners'),
(36, 2, 'DPD Poland very active', 'Your DPD Poland module is very active', 'Partners'),
(37, 2, 'Envoimoinscher installed', 'You have installed the Envoimoinscher module', 'Partners'),
(38, 2, 'Envoimoinscher configured', 'You have configured the Envoimoinscher module', 'Partners'),
(39, 2, 'Envoimoinscher active', 'Your Envoimoinscher module is active', 'Partners'),
(40, 2, 'Envoimoinscher very active', 'Your Envoimoinscher module is very active', 'Partners'),
(41, 2, 'Klik&Pay installed', 'You have installed the Klik&Pay module', 'Partners'),
(42, 2, 'Klik&Pay configured', 'You have configured the Klik&Pay module', 'Partners'),
(43, 2, 'Klik&Pay active', 'Your Klik&Pay module is active', 'Partners'),
(44, 2, 'Klik&Pay very active', 'Your Klik&Pay module is very active', 'Partners'),
(45, 2, 'Clickline installed', 'You have installed the Clickline module', 'Partners'),
(46, 2, 'Clickline configured', 'You have configured the Clickline module', 'Partners'),
(47, 2, 'Clickline active', 'Your Clickline module is active', 'Partners'),
(48, 2, 'Clickline very active', 'Your Clickline module is very active', 'Partners'),
(49, 2, 'CDiscount installed', 'You have installed the CDiscount module', 'Partners'),
(50, 2, 'CDiscount configured', 'You have configured the CDiscount module', 'Partners'),
(51, 2, 'CDiscount active', 'Your CDiscount module is active', 'Partners'),
(52, 2, 'CDiscount very active', 'Your CDiscount module is very active', 'Partners'),
(53, 2, 'illicoPresta installed', 'You have installed the illicoPresta module', 'Partners'),
(54, 2, 'illicoPresta configured', 'You have configured the illicoPresta module', 'Partners'),
(55, 2, 'illicoPresta active', 'Your illicoPresta module is active', 'Partners'),
(56, 2, 'illicoPresta very active', 'Your illicoPresta module is very active', 'Partners'),
(57, 2, 'NetReviews installed', 'You have installed the NetReviews module', 'Partners'),
(58, 2, 'NetReviews configured', 'You have configured the NetReviews module', 'Partners'),
(59, 2, 'NetReviews active', 'Your NetReviews module is active', 'Partners'),
(60, 2, 'NetReviews very active', 'Your NetReviews module is very active', 'Partners'),
(61, 2, 'Bluesnap installed', 'You have installed the Bluesnap module', 'Partners'),
(62, 2, 'Bluesnap configured', 'You have configured the Bluesnap module', 'Partners'),
(63, 2, 'Bluesnap active', 'Your Bluesnap module is active', 'Partners'),
(64, 2, 'Bluesnap very active', 'Your Bluesnap module is very active', 'Partners'),
(65, 2, 'Desjardins installed', 'You have installed the Desjardins module', 'Partners'),
(66, 2, 'Desjardins configured', 'You have configured the Desjardins module', 'Partners'),
(67, 2, 'Desjardins active', 'Your Desjardins module is active', 'Partners'),
(68, 2, 'Desjardins very active', 'Your Desjardins module is very active', 'Partners'),
(69, 2, 'First Data installed', 'You have installed the First Data module', 'Partners'),
(70, 2, 'First Data configured', 'You have configured the First Data module', 'Partners'),
(71, 2, 'First Data active', 'Your First Data module is active', 'Partners'),
(72, 2, 'First Data very active', 'Your First Data module is very active', 'Partners'),
(73, 2, 'Give.it installed', 'You have installed the Give.it module', 'Partners'),
(74, 2, 'Give.it configured', 'You have configured the Give.it module', 'Partners'),
(75, 2, 'Give.it active', 'Your Give.it module is active', 'Partners'),
(76, 2, 'Give.it very active', 'Your Give.it module is very active', 'Partners'),
(77, 2, 'Google Analytics installed', 'You have installed the Google Analytics module', 'Partners'),
(78, 2, 'Google Analytics configured', 'You have configured the Google Analytics module', 'Partners'),
(79, 2, 'Google Analytics active', 'Your Google Analytics module is active', 'Partners'),
(80, 2, 'Google Analytics very active', 'Your Google Analytics module is very active', 'Partners'),
(81, 2, 'PagSeguro installed', 'You have installed the PagSeguro module', 'Partners'),
(82, 2, 'PagSeguro configured', 'You have configured the PagSeguro module', 'Partners'),
(83, 2, 'PagSeguro active', 'Your PagSeguro module is active', 'Partners'),
(84, 2, 'PagSeguro very active', 'Your PagSeguro module is very active', 'Partners'),
(85, 2, 'Paypal MX installed', 'You have installed the Paypal MX module', 'Partners'),
(86, 2, 'Paypal MX configured', 'You have configured the Paypal MX module', 'Partners'),
(87, 2, 'Paypal MX active', 'Your Paypal MX module is active', 'Partners'),
(88, 2, 'Paypal MX very active', 'Your Paypal MX module is very active', 'Partners'),
(89, 2, 'Paypal USA installed', 'You have installed the Paypal USA module', 'Partners'),
(90, 2, 'Paypal USA configured', 'You have configured the Paypal USA module', 'Partners'),
(91, 2, 'Paypal USA active', 'Your Paypal USA module is active', 'Partners'),
(92, 2, 'Paypal USA very active', 'Your Paypal USA module is very active', 'Partners'),
(93, 2, 'PayULatam installed', 'You have installed the PayULatam module', 'Partners'),
(94, 2, 'PayULatam configured', 'You have configured the PayULatam module', 'Partners'),
(95, 2, 'PayULatam active', 'Your PayULatam module is active', 'Partners'),
(96, 2, 'PayULatam very active', 'Your PayULatam module is very active', 'Partners'),
(97, 2, 'PrestaStats installed', 'You have installed the PrestaStats module', 'Partners'),
(98, 2, 'PrestaStats configured', 'You have configured the PrestaStats module', 'Partners'),
(99, 2, 'PrestaStats active', 'Your PrestaStats module is active', 'Partners'),
(100, 2, 'PrestaStats very active', 'Your PrestaStats module is very active', 'Partners'),
(101, 2, 'Riskified installed', 'You have installed the Riskified module', 'Partners'),
(102, 2, 'Riskified configured', 'You have configured the Riskified module', 'Partners'),
(103, 2, 'Riskified active', 'Your Riskified module is active', 'Partners'),
(104, 2, 'Riskified very active', 'Your Riskified module is very active', 'Partners'),
(105, 2, 'Simplify installed', 'You have installed the Simplify module', 'Partners'),
(106, 2, 'Simplify configured', 'You have configured the Simplify module', 'Partners'),
(107, 2, 'Simplify active', 'Your Simplify module is active', 'Partners'),
(108, 2, 'Simplify very active', 'Your Simplify module is very active', 'Partners'),
(109, 2, 'VTPayment installed', 'You have installed the VTPayment module', 'Partners'),
(110, 2, 'VTPayment configured', 'You have configured the VTPayment module', 'Partners'),
(111, 2, 'VTPayment active', 'Your VTPayment module is active', 'Partners'),
(112, 2, 'VTPayment very active', 'Your VTPayment module is very active', 'Partners'),
(113, 2, 'Yotpo installed', 'You have installed the Yotpo module', 'Partners'),
(114, 2, 'Yotpo configured', 'You have configured the Yotpo module', 'Partners'),
(115, 2, 'Yotpo active', 'Your Yotpo module is active', 'Partners'),
(116, 2, 'Yotpo very active', 'Your Yotpo module is very active', 'Partners'),
(117, 2, 'Youstice installed', 'You have installed the Youstice module', 'Partners'),
(118, 2, 'Youstice configured', 'You have configured the Youstice module', 'Partners'),
(119, 2, 'Youstice active', 'Your Youstice module is active', 'Partners'),
(120, 2, 'Youstice very active', 'Your Youstice module is very active', 'Partners'),
(121, 2, 'Loyalty Lion installed', 'You have installed the Loyalty Lion module', 'Partners'),
(122, 2, 'Loyalty Lion configured', 'You have configured the Loyalty Lion module', 'Partners'),
(123, 2, 'Loyalty Lion active', 'Your Loyalty Lion module is active', 'Partners'),
(124, 2, 'Loyalty Lion very active', 'Your Loyalty Lion module is very active', 'Partners'),
(125, 2, 'SEO', 'You enabled the URL rewriting through the tab \"Preferences > SEO and URLs\".', 'SEO'),
(126, 2, 'Site Performance', 'You enabled CCC (Combine, Compress and Cache), Rijndael and Smarty through the tab \r\nAdvanced Parameters > Performance.', 'Site Performance'),
(127, 2, 'Site Performance', 'You enabled media servers through the tab \"Advanced parameters > Performance\".', 'Site Performance'),
(128, 2, 'Payment', 'You configured a payment solution on your shop.', 'Payment'),
(129, 2, 'Payment', 'You offer two different payment methods to your customers.', 'Payment'),
(130, 2, 'Shipping', 'You configured a carrier on your shop.', 'Shipping'),
(131, 2, 'Shipping', 'You offer two shipping solutions (carriers) to your customers.', 'Shipping'),
(132, 2, 'Catalog Size', 'You added your first product to your catalog!', 'Catalog Size'),
(133, 2, 'Catalog Size', 'You have 10 products within your catalog.', 'Catalog Size'),
(134, 2, 'Contact information', 'You configured your phone number so your customers can reach you!', 'Contact information'),
(135, 2, 'Contact information', 'You added a third email address to your contact form.', 'Contact information'),
(136, 2, 'Contact information', 'You suggest a total of 5 departments to be reached by your customers via your contact form.', 'Contact information'),
(137, 2, 'Catalog Size', 'You have 100 products within your catalog.', 'Catalog Size'),
(138, 2, 'Catalog Size', 'You have 1,000 products within your catalog.', 'Catalog Size'),
(139, 2, 'Catalog Size', 'You have 10,000 products within your catalog.', 'Catalog Size'),
(140, 2, 'Catalog Size', 'You have 100,000 products within your catalog.', 'Catalog Size'),
(141, 2, 'Days of Experience', 'You just installed PrestaShop!', 'Days of Experience'),
(142, 2, 'Days of Experience', 'You installed PrestaShop a week ago!', 'Days of Experience'),
(143, 2, 'Customization', 'You uploaded your own logo.', 'Customization'),
(144, 2, 'Customization', 'You installed a new template.', 'Customization'),
(145, 2, 'Addons', 'You connected your back-office to the Addons platform using your PrestaShop Addons account.', 'Addons'),
(146, 2, 'Multistores', 'You enabled the Multistores feature.', 'Multistores'),
(147, 2, 'Multistores', 'You manage two shops with the Multistores feature.', 'Multistores'),
(148, 2, 'Multistores', 'You manage two different groups of shops using the Multistores feature.', 'Multistores'),
(149, 2, 'Multistores', 'You manage five shops with the Multistores feature.', 'Multistores'),
(150, 2, 'Multistores', 'You manage five different groups of shops using the Multistores feature.', 'Multistores'),
(151, 2, 'Shipping', 'You offer three different shipping solutions (carriers) to your customers.', 'Shipping'),
(152, 2, 'Payment', 'You offer three different payment methods to your customers.', 'Payment'),
(153, 2, 'Revenue', 'You get this badge when you reach 200 USD in sales.', 'Revenue'),
(154, 2, 'Revenue', 'You get this badge when you reach 1000 USD in sales.', 'Revenue'),
(155, 2, 'Revenue', 'You get this badge when you reach 1000 USD in sales.', 'Revenue'),
(156, 2, 'Revenue', 'You get this badge when you reach 200 USD in sales.', 'Revenue'),
(157, 2, 'Revenue', 'You get this badge when you reach 1000 USD in sales.', 'Revenue'),
(158, 2, 'Revenue', 'You get this badge when you reach 1000 USD in sales.', 'Revenue'),
(159, 2, 'Days of Experience', 'You installed PrestaShop a month ago!', 'Days of Experience'),
(160, 2, 'Days of Experience', 'You installed PrestaShop six months ago!', 'Days of Experience'),
(161, 2, 'Days of Experience', 'You installed PrestaShop a year ago!', 'Days of Experience'),
(162, 2, 'Days of Experience', 'You installed PrestaShop two years ago!', 'Days of Experience'),
(163, 2, 'Visitors', 'You reached 10 visitors!', 'Visitors'),
(164, 2, 'Visitors', 'You reached 100 visitors!', 'Visitors'),
(165, 2, 'Visitors', 'You reached 1,000 visitors!', 'Visitors'),
(166, 2, 'Visitors', 'You reached 10,000 visitors!', 'Visitors'),
(167, 2, 'Visitors', 'You reached 100,000 visitors!', 'Visitors'),
(168, 2, 'Visitors', 'You reached 1,000,000 visitors!', 'Visitors'),
(169, 2, 'Customer Carts', 'Two carts have been created by visitors', 'Customer Carts'),
(170, 2, 'Customer Carts', 'Ten carts have been created by visitors.', 'Customer Carts'),
(171, 2, 'Customer Carts', 'A hundred carts have been created by visitors on your shop.', 'Customer Carts'),
(172, 2, 'Customer Carts', 'A thousand carts have been created by visitors on your shop.', 'Customer Carts'),
(173, 2, 'Customer Carts', '10,000 carts have been created by visitors.', 'Customer Carts'),
(174, 2, 'Customer Carts', '100,000 carts have been created by visitors.', 'Customer Carts'),
(175, 2, 'Orders', 'You received your first order.', 'Orders'),
(176, 2, 'Orders', '10 orders have been placed through your online shop.', 'Orders'),
(177, 2, 'Orders', 'You received 100 orders through your online shop!', 'Orders'),
(178, 2, 'Orders', 'You received 1,000 orders through your online shop, congrats!', 'Orders'),
(179, 2, 'Orders', 'You received 10,000 orders through your online shop, cheers!', 'Orders'),
(180, 2, 'Orders', 'You received 100,000 orders through your online shop!', 'Orders'),
(181, 2, 'Customer Service Threads', 'You received  your first customer\'s message.', 'Customer Service Threads'),
(182, 2, 'Customer Service Threads', 'You received 10 messages from your customers.', 'Customer Service Threads'),
(183, 2, 'Customer Service Threads', 'You received 100 messages from your customers.', 'Customer Service Threads'),
(184, 2, 'Customer Service Threads', 'You received 1,000 messages from your customers.', 'Customer Service Threads'),
(185, 2, 'Customer Service Threads', 'You received 10,000 messages from your customers.', 'Customer Service Threads'),
(186, 2, 'Customer Service Threads', 'You received 100,000 messages from your customers.', 'Customer Service Threads'),
(187, 2, 'Customers', 'You got the first customer registered on your shop!', 'Customers'),
(188, 2, 'Customers', 'You have over 10 customers registered on your shop.', 'Customers'),
(189, 2, 'Customers', 'You have over 100 customers registered on your shop.', 'Customers'),
(190, 2, 'Customers', 'You have over 1,000 customers registered on your shop.', 'Customers'),
(191, 2, 'Customers', 'You have over 10,000 customers registered on your shop.', 'Customers'),
(192, 2, 'Customers', 'You have over 100,000 customers registered on your shop.', 'Customers'),
(193, 2, 'North America', 'You got your first sale in North America', 'North America'),
(194, 2, 'Oceania', 'You got your first sale in Oceania', 'Oceania'),
(195, 2, 'Asia', 'You got your first sale in Asia', 'Asia'),
(196, 2, 'South America', 'You got your first sale in South America', 'South America'),
(197, 2, 'Europe', 'You got your first sale in  Europe!', 'Europe'),
(198, 2, 'Africa', 'You got your first sale in Africa', 'Africa'),
(199, 2, 'Maghreb', 'You got your first sale in Maghreb', 'Maghreb'),
(200, 2, 'Your Team\'s Employees', 'First employee account added to your shop', 'Your Team\'s Employees'),
(201, 2, 'Your Team\'s Employees', '3 employee accounts added to your shop', 'Your Team\'s Employees'),
(202, 2, 'Your Team\'s Employees', '5 employee accounts added to your shop', 'Your Team\'s Employees'),
(203, 2, 'Your Team\'s Employees', '10 employee accounts added to your shop', 'Your Team\'s Employees'),
(204, 2, 'Your Team\'s Employees', '20 employee accounts added to your shop', 'Your Team\'s Employees'),
(205, 2, 'Your Team\'s Employees', '40 employee accounts added to your shop', 'Your Team\'s Employees'),
(206, 2, 'Product Pictures', 'First photo added to your catalog', 'Product Pictures'),
(207, 2, 'Product Pictures', '50 photos added to your catalog', 'Product Pictures'),
(208, 2, 'Product Pictures', '100 photos added to your catalog', 'Product Pictures'),
(209, 2, 'Product Pictures', '1,000 photos added to your catalog', 'Product Pictures'),
(210, 2, 'Product Pictures', '10,000 photos added to your catalog', 'Product Pictures'),
(211, 2, 'Product Pictures', '50,000 photos added to your catalog', 'Product Pictures'),
(212, 2, 'Customization', 'First CMS page added to your catalog', 'Customization'),
(213, 2, 'Cart Rules', 'First cart rules configured on your shop', 'Cart Rules'),
(214, 2, 'Cart Rules', 'You have 10 cart rules configured on your shop', 'Cart Rules'),
(215, 2, 'Cart Rules', 'You have 100 cart rules configured on your shop', 'Cart Rules'),
(216, 2, 'Cart Rules', 'You have 500 cart rules configured on your shop', 'Cart Rules'),
(217, 2, 'Cart Rules', 'You have 1,000 cart rules configured on your shop', 'Cart Rules'),
(218, 2, 'Cart Rules', 'You have 5,000 cart rules configured on your shop', 'Cart Rules'),
(219, 2, 'International Orders', 'First international order placed on your shop.', 'International Orders'),
(220, 2, 'International Orders', '10 international orders placed on your shop.', 'International Orders'),
(221, 2, 'International Orders', '100 international orders placed on your shop!', 'International Orders'),
(222, 2, 'International Orders', '1,000 international orders placed on your shop!', 'International Orders'),
(223, 2, 'International Orders', '5,000 international orders placed on your shop!', 'International Orders'),
(224, 2, 'International Orders', '10,000 international orders placed on your shop!', 'International Orders'),
(225, 2, 'Store', 'First store configured on your shop!', 'Store'),
(226, 2, 'Store', 'You have 2 stores configured on your shop', 'Store'),
(227, 2, 'Store', 'You have 5 stores configured on your shop', 'Store'),
(228, 2, 'Store', 'You have 10 stores configured on your shop', 'Store'),
(229, 2, 'Store', 'You have 20 stores configured on your shop', 'Store'),
(230, 2, 'Store', 'You have 50 stores configured on your shop', 'Store'),
(231, 2, 'Webservice x1', 'First webservice account added to your shop', 'WebService'),
(232, 2, 'Webservice x2', '2 webservice accounts added to your shop', 'WebService'),
(233, 2, 'Webservice x3', '3 webservice accounts added to your shop', 'WebService'),
(234, 2, 'Webservice x4', '4 webservice accounts added to your shop', 'WebService');

-- --------------------------------------------------------

--
-- Table structure for table `pspa_carrier`
--

CREATE TABLE `pspa_carrier` (
  `id_carrier` int(10) UNSIGNED NOT NULL,
  `id_reference` int(10) UNSIGNED NOT NULL,
  `id_tax_rules_group` int(10) UNSIGNED DEFAULT '0',
  `name` varchar(64) NOT NULL,
  `url` varchar(255) DEFAULT NULL,
  `active` tinyint(1) UNSIGNED NOT NULL DEFAULT '0',
  `deleted` tinyint(1) UNSIGNED NOT NULL DEFAULT '0',
  `shipping_handling` tinyint(1) UNSIGNED NOT NULL DEFAULT '1',
  `range_behavior` tinyint(1) UNSIGNED NOT NULL DEFAULT '0',
  `is_module` tinyint(1) UNSIGNED NOT NULL DEFAULT '0',
  `is_free` tinyint(1) UNSIGNED NOT NULL DEFAULT '0',
  `shipping_external` tinyint(1) UNSIGNED NOT NULL DEFAULT '0',
  `need_range` tinyint(1) UNSIGNED NOT NULL DEFAULT '0',
  `external_module_name` varchar(64) DEFAULT NULL,
  `shipping_method` int(2) NOT NULL DEFAULT '0',
  `position` int(10) UNSIGNED NOT NULL DEFAULT '0',
  `max_width` int(10) DEFAULT '0',
  `max_height` int(10) DEFAULT '0',
  `max_depth` int(10) DEFAULT '0',
  `max_weight` decimal(20,6) DEFAULT '0.000000',
  `grade` int(10) DEFAULT '0'
) ENGINE=InnoDB DEFAULT CHARSET=utf8;

--
-- Dumping data for table `pspa_carrier`
--

INSERT INTO `pspa_carrier` (`id_carrier`, `id_reference`, `id_tax_rules_group`, `name`, `url`, `active`, `deleted`, `shipping_handling`, `range_behavior`, `is_module`, `is_free`, `shipping_external`, `need_range`, `external_module_name`, `shipping_method`, `position`, `max_width`, `max_height`, `max_depth`, `max_weight`, `grade`) VALUES
(1, 1, 0, 'Adega  ', '', 1, 1, 0, 0, 0, 1, 0, 0, '', 1, 0, 0, 0, 0, 0.000000, 0),
(2, 2, 0, 'My carrier', '', 1, 1, 1, 0, 0, 0, 0, 0, '', 1, 1, 0, 0, 0, 0.000000, 0),
(3, 2, 0, 'Transportadora', '', 1, 1, 1, 0, 0, 0, 0, 0, '', 2, 1, 0, 0, 0, 0.000000, 0),
(4, 1, 0, 'Adega  ', '', 1, 1, 0, 0, 0, 1, 0, 0, '', 1, 0, 0, 0, 0, 0.000000, 0),
(5, 2, 0, 'Transportadora', '', 1, 1, 0, 0, 0, 0, 0, 0, '', 2, 1, 0, 0, 0, 0.000000, 0),
(6, 1, 0, 'Adega  ', '', 1, 1, 0, 0, 0, 1, 0, 0, '', 1, 0, 0, 0, 0, 0.000000, 0),
(7, 2, 0, 'Transportadora', '', 1, 1, 0, 0, 0, 0, 0, 0, '', 2, 1, 0, 0, 0, 0.000000, 0),
(8, 2, 0, 'Transportadora', '', 1, 1, 0, 0, 0, 1, 0, 0, '', 2, 1, 0, 0, 0, 0.000000, 0),
(9, 2, 0, 'Transportadora', '', 1, 1, 0, 0, 0, 0, 0, 0, '', 1, 1, 0, 0, 0, 0.000000, 0),
(10, 2, 0, 'CTT - Expresso', '', 1, 1, 0, 0, 0, 0, 0, 0, '', 1, 1, 0, 0, 0, 0.000000, 0),
(11, 2, 0, 'CTT - Expresso', '', 1, 1, 0, 0, 0, 0, 0, 0, '', 1, 1, 0, 0, 0, 0.000000, 0),
(12, 2, 0, 'CTT - Expresso', '', 1, 1, 0, 0, 0, 0, 0, 0, '', 1, 1, 0, 0, 0, 0.000000, 0),
(13, 1, 0, 'Adega  ', '', 1, 1, 0, 0, 0, 1, 0, 0, '', 1, 0, 0, 0, 0, 0.000000, 0),
(14, 2, 0, 'CTT - Expresso', '', 1, 1, 0, 0, 0, 0, 0, 0, '', 1, 1, 0, 0, 0, 0.000000, 0),
(15, 1, 0, 'Adega  ', '', 1, 1, 0, 0, 0, 1, 0, 0, '', 1, 0, 0, 0, 0, 0.000000, 0),
(16, 1, 0, 'Adega  ', '', 1, 1, 0, 0, 0, 1, 0, 0, '', 1, 0, 0, 0, 0, 0.000000, 0),
(17, 1, 0, 'Adega  ', '', 1, 1, 0, 0, 0, 1, 0, 0, '', 1, 0, 0, 0, 0, 0.000000, 0),
(18, 1, 0, 'Adega  ', '', 1, 1, 0, 0, 0, 1, 0, 0, '', 1, 0, 0, 0, 0, 0.000000, 0),
(19, 2, 0, 'CTT - Expresso', '', 1, 1, 0, 0, 0, 0, 0, 0, '', 1, 1, 0, 0, 0, 0.000000, 0),
(20, 2, 0, 'CTT - Expresso', '', 1, 1, 0, 0, 0, 0, 0, 0, '', 1, 1, 0, 0, 0, 0.000000, 0),
(21, 2, 0, 'CTT - Expresso', '', 1, 1, 0, 0, 0, 0, 0, 0, '', 1, 1, 0, 0, 0, 0.000000, 0),
(22, 2, 0, 'CTT - Expresso', '', 1, 1, 0, 0, 0, 0, 0, 0, '', 1, 1, 0, 0, 0, 0.000000, 0),
(23, 2, 0, 'CTT - Expresso', '', 1, 1, 0, 0, 0, 0, 0, 0, '', 1, 1, 0, 0, 0, 0.000000, 0),
(24, 2, 0, 'CTT - Expresso', '', 1, 1, 0, 0, 0, 0, 0, 0, '', 1, 1, 0, 0, 0, 0.000000, 0),
(25, 1, 0, 'Adega  ', '', 1, 1, 0, 0, 0, 1, 0, 0, '', 1, 0, 0, 0, 0, 0.000000, 0),
(26, 1, 0, 'Levantamento na Adega  ', '', 1, 1, 0, 0, 0, 1, 0, 0, '', 1, 0, 0, 0, 0, 0.000000, 0),
(27, 2, 0, 'CTT - Expresso', '', 1, 1, 0, 0, 0, 0, 0, 0, '', 1, 1, 0, 0, 0, 0.000000, 0),
(28, 2, 0, 'CTT - Expresso', '', 1, 1, 0, 0, 0, 0, 0, 0, '', 1, 1, 0, 0, 0, 0.000000, 0),
(29, 2, 0, 'CTT - Expresso', '', 1, 1, 0, 0, 0, 0, 0, 0, '', 1, 1, 0, 0, 0, 0.000000, 0),
(30, 2, 0, 'CTT - Expresso', '', 1, 1, 0, 0, 0, 0, 0, 0, '', 1, 1, 0, 0, 0, 0.000000, 0),
(31, 2, 0, 'CTT - Expresso, continente, ilhas e União Europeia (parte)', '', 1, 1, 0, 0, 0, 0, 0, 0, '', 1, 1, 0, 0, 0, 0.000000, 0),
(32, 2, 0, 'CTT - Expresso, continente, ilhas e União Europeia (parte)', '', 1, 1, 0, 0, 0, 0, 0, 0, '', 1, 1, 0, 0, 0, 0.000000, 0),
(33, 2, 0, 'CTT - Expresso, continente, ilhas e União Europeia (parte)', '', 1, 1, 0, 0, 0, 0, 0, 0, '', 1, 1, 0, 0, 0, 0.000000, 0),
(34, 2, 0, 'CTT - Expresso, continente, ilhas e União Europeia (parte)', '', 1, 1, 0, 0, 0, 0, 0, 0, '', 1, 1, 0, 0, 0, 0.000000, 0),
(35, 2, 0, 'CTT - Expresso, continente, ilhas e União Europeia (parte)', '', 1, 1, 0, 0, 0, 0, 0, 0, '', 1, 1, 0, 0, 0, 0.000000, 0),
(36, 36, 0, 'CTT - Expresso, continente, ilhas e União Europeia (parte)', '', 1, 1, 0, 0, 0, 0, 0, 0, '', 1, 1, 0, 0, 0, 0.000000, 0),
(37, 37, 0, 'CTT - Expresso, continente, ilhas e União Europeia (parte)', '', 1, 1, 0, 0, 0, 0, 0, 0, '', 1, 2, 0, 0, 0, 0.000000, 0),
(38, 36, 0, 'CTT - Expresso, continente, ilhas e União Europeia (parte)', '', 1, 1, 0, 0, 0, 0, 0, 0, '', 1, 1, 0, 0, 0, 0.000000, 0),
(39, 36, 0, 'CTT - Expresso, continente, ilhas e União Europeia (parte)', '', 1, 1, 0, 0, 0, 0, 0, 0, '', 1, 1, 0, 0, 0, 0.000000, 0),
(40, 36, 0, 'CTT - Expresso, continente, ilhas e União Europeia (parte)', '', 1, 1, 0, 0, 0, 0, 0, 0, '', 1, 1, 0, 0, 0, 0.000000, 0),
(41, 36, 0, 'CTT - Expresso, continente, ilhas e União Europeia (parte)', '', 1, 1, 0, 0, 0, 0, 0, 0, '', 1, 1, 0, 0, 0, 0.000000, 0),
(42, 36, 0, 'CTT - Expresso, continente, ilhas e União Europeia (parte)', '', 1, 1, 0, 0, 0, 0, 0, 0, '', 1, 1, 0, 0, 0, 0.000000, 0),
(43, 36, 0, 'CTT - Expresso, continente, ilhas e União Europeia (parte)', '', 1, 1, 0, 0, 0, 0, 0, 0, '', 1, 1, 0, 0, 0, 0.000000, 0),
(44, 36, 0, 'CTT - Expresso, continente, ilhas e União Europeia (parte)', '', 1, 1, 0, 0, 0, 0, 0, 0, '', 1, 1, 0, 0, 0, 0.000000, 0),
(45, 36, 0, 'CTT - Expresso, continente, ilhas e União Europeia (parte)', '', 1, 1, 0, 0, 0, 0, 0, 0, '', 1, 1, 0, 0, 0, 0.000000, 0),
(46, 36, 0, 'CTT - Expresso, continente, ilhas e União Europeia (parte)', '', 1, 1, 0, 0, 0, 0, 0, 0, '', 1, 1, 0, 0, 0, 0.000000, 0),
(47, 36, 0, 'CTT - Expresso, continente, ilhas e União Europeia (parte)', '', 1, 1, 0, 0, 0, 0, 0, 0, '', 1, 1, 0, 0, 0, 0.000000, 0),
(48, 48, 0, 'CTT para os países Bulgária, Chipre, Croácia e Roménia.', '', 1, 1, 0, 0, 0, 0, 0, 0, '', 1, 2, 0, 0, 0, 0.000000, 0),
(49, 48, 0, 'CTT Expresso- Bulgária, Chipre, Croácia e Roménia.', '', 1, 1, 0, 0, 0, 0, 0, 0, '', 1, 2, 0, 0, 0, 0.000000, 0),
(50, 48, 0, 'CTT Expresso- Bulgária, Chipre, Croácia e Roménia.', '', 1, 1, 0, 0, 0, 0, 0, 0, '', 1, 2, 0, 0, 0, 0.000000, 0),
(51, 48, 0, 'CTT Expresso- Bulgária, Chipre, Croácia e Roménia.', '', 1, 1, 0, 0, 0, 0, 0, 0, '', 1, 2, 0, 0, 0, 0.000000, 0),
(52, 48, 0, 'CTT Expresso- Bulgária, Chipre, Croácia e Roménia.', '', 1, 1, 0, 0, 0, 0, 0, 0, '', 1, 2, 0, 0, 0, 0.000000, 0),
(53, 48, 0, 'CTT Expresso- Bulgária, Chipre, Croácia e Roménia.', '', 1, 1, 0, 0, 0, 0, 0, 0, '', 1, 2, 0, 0, 0, 0.000000, 0),
(54, 48, 0, 'CTT Expresso- Bulgária, Chipre, Croácia e Roménia.', '', 1, 1, 0, 0, 0, 0, 0, 0, '', 1, 2, 0, 0, 0, 0.000000, 0),
(55, 48, 0, 'CTT Expresso- Bulgária, Chipre, Croácia e Roménia.', '', 1, 1, 0, 0, 0, 0, 0, 0, '', 1, 2, 0, 0, 0, 0.000000, 0),
(56, 48, 0, 'CTT Expresso- Bulgária, Chipre, Croácia e Roménia.', '', 1, 1, 0, 0, 0, 0, 0, 0, '', 1, 2, 0, 0, 0, 0.000000, 0),
(57, 48, 0, 'CTT Expresso- Bulgária, Chipre, Croácia e Roménia.', '', 1, 1, 0, 0, 0, 0, 0, 0, '', 1, 2, 0, 0, 0, 0.000000, 0),
(58, 48, 0, 'CTT Expresso- Bulgária, Chipre, Croácia e Roménia.', '', 1, 1, 0, 0, 0, 0, 0, 0, '', 1, 2, 0, 0, 0, 0.000000, 0),
(59, 48, 0, 'CTT Expresso- Bulgária, Chipre, Croácia e Roménia.', '', 1, 1, 0, 0, 0, 0, 0, 0, '', 1, 2, 0, 0, 0, 0.000000, 0),
(60, 48, 0, 'CTT Expresso- Bulgária, Chipre, Croácia e Roménia.', '', 1, 1, 0, 0, 0, 0, 0, 0, '', 1, 2, 0, 0, 0, 0.000000, 0),
(61, 48, 0, 'CTT Expresso- Bulgária, Chipre, Croácia e Roménia.', '', 1, 1, 0, 0, 0, 0, 0, 0, '', 1, 2, 0, 0, 0, 0.000000, 0),
(62, 48, 0, 'CTT Expresso- Bulgária, Chipre, Croácia e Roménia.', '', 1, 1, 0, 0, 0, 0, 0, 0, '', 1, 2, 0, 0, 0, 0.000000, 0),
(63, 48, 0, 'CTT Expresso- Bulgária, Chipre, Croácia e Roménia.', '', 1, 1, 0, 0, 0, 0, 0, 0, '', 1, 2, 0, 0, 0, 0.000000, 0),
(64, 48, 0, 'CTT Expresso- Bulgária, Chipre, Croácia e Roménia.', '', 1, 1, 0, 0, 0, 0, 0, 0, '', 1, 2, 0, 0, 0, 0.000000, 0),
(65, 48, 0, 'CTT Expresso- Bulgária, Chipre, Croácia e Roménia.', '', 1, 1, 0, 0, 0, 0, 0, 0, '', 1, 2, 0, 0, 0, 0.000000, 0),
(66, 48, 0, 'CTT Expresso- Bulgária, Chipre, Croácia e Roménia.', '', 1, 1, 0, 0, 0, 0, 0, 0, '', 1, 2, 0, 0, 0, 0.000000, 0),
(67, 48, 0, 'CTT Expresso- Bulgária, Chipre, Croácia e Roménia.', '', 1, 1, 0, 0, 0, 0, 0, 0, '', 1, 2, 0, 0, 0, 0.000000, 0),
(68, 48, 0, 'CTT Expresso- Bulgária, Chipre, Croácia e Roménia.', '', 1, 1, 0, 0, 0, 0, 0, 0, '', 1, 2, 0, 0, 0, 0.000000, 0),
(69, 48, 0, 'CTT Expresso- Bulgária, Chipre, Croácia e Roménia.', '', 1, 1, 0, 0, 0, 0, 0, 0, '', 1, 2, 0, 0, 0, 0.000000, 0),
(70, 48, 0, 'CTT Expresso- Bulgária, Chipre, Croácia e Roménia.', '', 1, 1, 0, 0, 0, 0, 0, 0, '', 1, 2, 0, 0, 0, 0.000000, 0),
(71, 48, 0, 'CTT Expresso- Bulgária, Chipre, Croácia e Roménia.', '', 1, 1, 0, 0, 0, 0, 0, 0, '', 1, 2, 0, 0, 0, 0.000000, 0),
(72, 48, 0, 'CTT Expresso- Bulgária, Chipre, Croácia e Roménia.', '', 1, 1, 0, 0, 0, 0, 0, 0, '', 1, 2, 0, 0, 0, 0.000000, 0),
(73, 48, 0, 'CTT Expresso- Bulgária, Chipre, Croácia e Roménia.', '', 1, 1, 0, 0, 0, 0, 0, 0, '', 1, 2, 0, 0, 0, 0.000000, 0),
(74, 48, 0, 'CTT Expresso- Bulgária, Chipre, Croácia e Roménia.', '', 1, 1, 0, 0, 0, 0, 0, 0, '', 1, 2, 0, 0, 0, 0.000000, 0),
(75, 48, 0, 'CTT Expresso- Bulgária, Chipre, Croácia e Roménia.', '', 1, 1, 0, 0, 0, 0, 0, 0, '', 1, 2, 0, 0, 0, 0.000000, 0),
(76, 48, 0, 'CTT Expresso- Bulgária, Chipre, Croácia e Roménia.', '', 1, 1, 0, 0, 0, 0, 0, 0, '', 1, 2, 0, 0, 0, 0.000000, 0),
(77, 48, 0, 'CTT Expresso- Bulgária, Chipre, Croácia e Roménia.', '', 1, 1, 0, 0, 0, 0, 0, 0, '', 1, 2, 0, 0, 0, 0.000000, 0),
(78, 48, 0, 'CTT Expresso- Bulgária, Chipre, Croácia e Roménia.', '', 1, 1, 0, 0, 0, 0, 0, 0, '', 1, 2, 0, 0, 0, 0.000000, 0),
(79, 48, 0, 'CTT Expresso- Bulgária, Chipre, Croácia e Roménia.', '', 1, 1, 0, 0, 0, 0, 0, 0, '', 1, 2, 0, 0, 0, 0.000000, 0),
(80, 48, 0, 'CTT Expresso- Bulgária, Chipre, Croácia e Roménia.', '', 1, 1, 0, 0, 0, 0, 0, 0, '', 1, 2, 0, 0, 0, 0.000000, 0),
(81, 48, 0, 'CTT Expresso- Bulgária, Chipre, Croácia e Roménia.', '', 1, 1, 0, 0, 0, 0, 0, 0, '', 1, 2, 0, 0, 0, 0.000000, 0),
(82, 48, 0, 'CTT Expresso- Bulgária, Chipre, Croácia e Roménia.', '', 1, 1, 0, 0, 0, 0, 0, 0, '', 1, 2, 0, 0, 0, 0.000000, 0),
(83, 48, 0, 'CTT Expresso- Bulgária, Chipre, Croácia e Roménia.', '', 1, 1, 0, 0, 0, 0, 0, 0, '', 1, 2, 0, 0, 0, 0.000000, 0),
(84, 48, 0, 'CTT Expresso- Bulgária, Chipre, Croácia e Roménia.', '', 1, 1, 0, 0, 0, 0, 0, 0, '', 1, 2, 0, 0, 0, 0.000000, 0),
(85, 48, 0, 'CTT Expresso- Bulgária, Chipre, Croácia e Roménia.', '', 1, 1, 0, 0, 0, 0, 0, 0, '', 1, 2, 0, 0, 0, 0.000000, 0),
(86, 48, 0, 'CTT Expresso- Bulgária, Chipre, Croácia e Roménia.', '', 1, 1, 0, 0, 0, 0, 0, 0, '', 1, 2, 0, 0, 0, 0.000000, 0),
(87, 48, 0, 'CTT Expresso- Bulgária, Chipre, Croácia e Roménia.', '', 1, 1, 0, 0, 0, 0, 0, 0, '', 1, 2, 0, 0, 0, 0.000000, 0),
(88, 48, 0, 'CTT Expresso- Bulgária, Chipre, Croácia e Roménia.', '', 1, 1, 0, 0, 0, 0, 0, 0, '', 1, 2, 0, 0, 0, 0.000000, 0),
(89, 48, 0, 'CTT Expresso- Bulgária, Chipre, Croácia e Roménia.', '', 1, 1, 0, 0, 0, 0, 0, 0, '', 1, 2, 0, 0, 0, 0.000000, 0),
(90, 48, 0, 'CTT Expresso- Bulgária, Chipre, Croácia e Roménia.', '', 1, 1, 0, 0, 0, 0, 0, 0, '', 1, 2, 0, 0, 0, 0.000000, 0),
(91, 48, 0, 'CTT Expresso- Bulgária, Chipre, Croácia e Roménia.', '', 1, 1, 0, 0, 0, 0, 0, 0, '', 1, 2, 0, 0, 0, 0.000000, 0),
(92, 48, 0, 'CTT Expresso- Bulgária, Chipre, Croácia e Roménia.', '', 1, 1, 0, 0, 0, 0, 0, 0, '', 1, 2, 0, 0, 0, 0.000000, 0),
(93, 48, 0, 'CTT Expresso- Bulgária, Chipre, Croácia e Roménia.', '', 1, 1, 0, 0, 0, 0, 0, 0, '', 1, 2, 0, 0, 0, 0.000000, 0),
(94, 48, 0, 'CTT Expresso- Bulgária, Chipre, Croácia e Roménia.', '', 1, 1, 0, 0, 0, 0, 0, 0, '', 1, 2, 0, 0, 0, 0.000000, 0),
(95, 48, 0, 'CTT Expresso- Bulgária, Chipre, Croácia e Roménia.', '', 1, 1, 0, 0, 0, 0, 0, 0, '', 1, 2, 0, 0, 0, 0.000000, 0),
(96, 48, 0, 'CTT Expresso- Bulgária, Chipre, Croácia e Roménia.', '', 1, 1, 0, 0, 0, 0, 0, 0, '', 1, 2, 0, 0, 0, 0.000000, 0),
(97, 48, 0, 'CTT Expresso- Bulgária, Chipre, Croácia e Roménia.', '', 1, 1, 0, 0, 0, 0, 0, 0, '', 1, 2, 0, 0, 0, 0.000000, 0),
(98, 48, 0, 'CTT Expresso- Bulgária, Chipre, Croácia e Roménia.', '', 1, 1, 0, 0, 0, 0, 0, 0, '', 1, 2, 0, 0, 0, 0.000000, 0),
(99, 48, 0, 'CTT Expresso- Bulgária, Chipre, Croácia e Roménia.', '', 1, 1, 0, 0, 0, 0, 0, 0, '', 1, 2, 0, 0, 0, 0.000000, 0),
(100, 48, 0, 'CTT Expresso- Bulgária, Chipre, Croácia e Roménia.', '', 1, 1, 0, 0, 0, 0, 0, 0, '', 1, 2, 0, 0, 0, 0.000000, 0),
(101, 48, 0, 'CTT Expresso- Bulgária, Chipre, Croácia e Roménia.', '', 1, 1, 0, 0, 0, 0, 0, 0, '', 1, 2, 0, 0, 0, 0.000000, 0),
(102, 48, 0, 'CTT Expresso- Bulgária, Chipre, Croácia e Roménia.', '', 1, 1, 0, 0, 0, 0, 0, 0, '', 1, 2, 0, 0, 0, 0.000000, 0),
(103, 48, 0, 'CTT Expresso- Bulgária, Chipre, Croácia e Roménia.', '', 1, 1, 0, 0, 0, 0, 0, 0, '', 1, 2, 0, 0, 0, 0.000000, 0),
(104, 48, 0, 'CTT Expresso- Bulgária, Chipre, Croácia e Roménia.', '', 1, 1, 0, 0, 0, 0, 0, 0, '', 1, 2, 0, 0, 0, 0.000000, 0),
(105, 48, 0, 'CTT Expresso- Bulgária, Chipre, Croácia e Roménia.', '', 1, 1, 0, 0, 0, 0, 0, 0, '', 1, 2, 0, 0, 0, 0.000000, 0),
(106, 48, 0, 'CTT Expresso- Bulgária, Chipre, Croácia e Roménia.', '', 1, 1, 0, 0, 0, 0, 0, 0, '', 1, 2, 0, 0, 0, 0.000000, 0),
(107, 48, 0, 'CTT Expresso- Bulgária, Chipre, Croácia e Roménia.', '', 1, 1, 0, 0, 0, 0, 0, 0, '', 1, 2, 0, 0, 0, 0.000000, 0),
(108, 48, 0, 'CTT Expresso- Bulgária, Chipre, Croácia e Roménia.', '', 1, 1, 0, 0, 0, 0, 0, 0, '', 1, 2, 0, 0, 0, 0.000000, 0),
(109, 48, 0, 'CTT Expresso- Bulgária, Chipre, Croácia e Roménia.', '', 1, 1, 0, 0, 0, 0, 0, 0, '', 1, 2, 0, 0, 0, 0.000000, 0),
(110, 48, 0, 'CTT Expresso- Bulgária, Chipre, Croácia e Roménia.', '', 1, 1, 0, 0, 0, 0, 0, 0, '', 1, 2, 0, 0, 0, 0.000000, 0),
(111, 48, 0, 'CTT Expresso- Bulgária, Chipre, Croácia e Roménia.', '', 1, 1, 0, 0, 0, 0, 0, 0, '', 1, 2, 0, 0, 0, 0.000000, 0),
(112, 48, 0, 'CTT Expresso- Bulgária, Chipre, Croácia e Roménia.', '', 1, 1, 0, 0, 0, 0, 0, 0, '', 1, 2, 0, 0, 0, 0.000000, 0),
(113, 48, 0, 'CTT Expresso- Bulgária, Chipre, Croácia e Roménia.', '', 1, 1, 0, 0, 0, 0, 0, 0, '', 1, 2, 0, 0, 0, 0.000000, 0),
(114, 48, 0, 'CTT Expresso- Bulgária, Chipre, Croácia e Roménia.', '', 1, 1, 0, 0, 0, 0, 0, 0, '', 1, 2, 0, 0, 0, 0.000000, 0),
(115, 48, 0, 'CTT Expresso- Bulgária, Chipre, Croácia e Roménia.', '', 1, 1, 0, 0, 0, 0, 0, 0, '', 1, 2, 0, 0, 0, 0.000000, 0),
(116, 48, 0, 'CTT Expresso- Bulgária, Chipre, Croácia e Roménia.', '', 1, 1, 0, 0, 0, 0, 0, 0, '', 1, 2, 0, 0, 0, 0.000000, 0),
(117, 48, 0, 'CTT Expresso- Bulgária, Chipre, Croácia e Roménia.', '', 1, 1, 0, 0, 0, 0, 0, 0, '', 1, 2, 0, 0, 0, 0.000000, 0),
(118, 48, 0, 'CTT Expresso- Bulgária, Chipre, Croácia e Roménia.', '', 1, 1, 0, 0, 0, 0, 0, 0, '', 1, 2, 0, 0, 0, 0.000000, 0),
(119, 48, 0, 'CTT Expresso- Bulgária, Chipre, Croácia e Roménia.', '', 1, 1, 0, 0, 0, 0, 0, 0, '', 1, 2, 0, 0, 0, 0.000000, 0),
(120, 48, 0, 'CTT Expresso- Bulgária, Chipre, Croácia e Roménia.', '', 1, 1, 0, 0, 0, 0, 0, 0, '', 1, 2, 0, 0, 0, 0.000000, 0),
(121, 48, 0, 'CTT Expresso- Bulgária, Chipre, Croácia e Roménia.', '', 1, 1, 0, 0, 0, 0, 0, 0, '', 1, 2, 0, 0, 0, 0.000000, 0),
(122, 48, 0, 'CTT Expresso- Bulgária, Chipre, Croácia e Roménia.', '', 1, 1, 0, 0, 0, 0, 0, 0, '', 1, 2, 0, 0, 0, 0.000000, 0),
(123, 48, 0, 'CTT Expresso- Bulgária, Chipre, Croácia e Roménia.', '', 1, 1, 0, 0, 0, 0, 0, 0, '', 1, 2, 0, 0, 0, 0.000000, 0),
(124, 48, 0, 'CTT Expresso- Bulgária, Chipre, Croácia e Roménia.', '', 1, 1, 0, 0, 0, 0, 0, 0, '', 1, 2, 0, 0, 0, 0.000000, 0),
(125, 48, 0, 'CTT Expresso- Bulgária, Chipre, Croácia e Roménia.', '', 1, 1, 0, 0, 0, 0, 0, 0, '', 1, 2, 0, 0, 0, 0.000000, 0),
(126, 48, 0, 'CTT Expresso- Bulgária, Chipre, Croácia e Roménia.', '', 1, 1, 0, 0, 0, 0, 0, 0, '', 1, 2, 0, 0, 0, 0.000000, 0),
(127, 48, 0, 'CTT Expresso- Bulgária, Chipre, Croácia e Roménia.', '', 1, 1, 0, 0, 0, 0, 0, 0, '', 1, 2, 0, 0, 0, 0.000000, 0),
(128, 48, 0, 'CTT Expresso- Bulgária, Chipre, Croácia e Roménia.', '', 1, 1, 0, 0, 0, 0, 0, 0, '', 1, 2, 0, 0, 0, 0.000000, 0),
(129, 48, 0, 'CTT Expresso- Bulgária, Chipre, Croácia e Roménia.', '', 1, 1, 0, 0, 0, 0, 0, 0, '', 1, 2, 0, 0, 0, 0.000000, 0),
(130, 48, 0, 'CTT Expresso- Bulgária, Chipre, Croácia e Roménia.', '', 1, 1, 0, 0, 0, 0, 0, 0, '', 1, 2, 0, 0, 0, 0.000000, 0),
(131, 48, 0, 'CTT Expresso- Bulgária, Chipre, Croácia e Roménia.', '', 1, 1, 0, 0, 0, 0, 0, 0, '', 1, 2, 0, 0, 0, 0.000000, 0),
(132, 48, 0, 'CTT Expresso- Bulgária, Chipre, Croácia e Roménia.', '', 1, 1, 0, 0, 0, 0, 0, 0, '', 1, 2, 0, 0, 0, 0.000000, 0),
(133, 48, 0, 'CTT Expresso- Bulgária, Chipre, Croácia e Roménia.', '', 1, 1, 0, 0, 0, 0, 0, 0, '', 1, 2, 0, 0, 0, 0.000000, 0),
(134, 48, 0, 'CTT Expresso- Bulgária, Chipre, Croácia e Roménia.', '', 1, 1, 0, 0, 0, 0, 0, 0, '', 1, 2, 0, 0, 0, 0.000000, 0),
(135, 48, 0, 'CTT Expresso- Bulgária, Chipre, Croácia e Roménia.', '', 1, 1, 0, 0, 0, 0, 0, 0, '', 1, 2, 0, 0, 0, 0.000000, 0),
(136, 36, 0, 'CTT - Expresso, continente, ilhas e União Europeia (parte)', '', 1, 1, 0, 0, 0, 0, 0, 0, '', 1, 1, 0, 0, 0, 0.000000, 0),
(137, 36, 0, 'CTT - Expresso, continente, ilhas e União Europeia (parte)', '', 1, 1, 0, 0, 0, 0, 0, 0, '', 1, 1, 0, 0, 0, 0.000000, 0),
(138, 48, 0, 'CTT Expresso- Bulgária, Chipre, Croácia e Roménia.', '', 1, 1, 0, 0, 0, 0, 0, 0, '', 1, 2, 0, 0, 0, 0.000000, 0),
(139, 36, 0, 'CTT - Expresso, continente, ilhas e União Europeia (parte)', '', 1, 1, 0, 0, 0, 0, 0, 0, '', 1, 1, 0, 0, 0, 30.000000, 0),
(140, 36, 0, 'CTT - Expresso, continente, ilhas e União Europeia (1)', '', 1, 1, 0, 0, 0, 0, 0, 0, '', 1, 1, 0, 0, 0, 30.000000, 0),
(141, 48, 0, 'CTT Expresso- Uni Eur (2) Bulgária, Chipre, Croácia e Roménia.', '', 1, 1, 0, 0, 0, 0, 0, 0, '', 1, 2, 0, 0, 0, 0.000000, 0),
(142, 48, 0, 'CTT Expresso - Bulgária, Chipre, Croácia e Roménia. (UE 2)', '', 1, 1, 0, 0, 0, 0, 0, 0, '', 1, 2, 0, 0, 0, 0.000000, 0),
(143, 48, 0, 'CTT Expresso-Bulgária, Chipre, Croácia e Roménia. (UE 2)', '', 1, 1, 0, 0, 0, 0, 0, 0, '', 1, 2, 0, 0, 0, 0.000000, 0),
(144, 48, 0, 'CTT Expresso-Bulgária, Chipre, Croácia e Roménia. (UE 2)', '', 1, 1, 0, 0, 0, 0, 0, 0, '', 1, 2, 0, 0, 0, 0.000000, 0),
(145, 48, 0, 'CTT Expresso-Bulgária, Chipre, Croácia e Roménia. (UE 2)', '', 1, 1, 0, 0, 0, 0, 0, 0, '', 1, 2, 0, 0, 0, 0.000000, 0),
(146, 36, 0, 'CTT - Expresso, continente, ilhas e União Europeia (1)', '', 1, 1, 0, 0, 0, 0, 0, 0, '', 1, 1, 0, 0, 0, 30.000000, 0),
(147, 36, 0, 'CTT - Expresso, continente, ilhas e União Europeia (1)', '', 1, 1, 0, 0, 0, 0, 0, 0, '', 1, 1, 0, 0, 0, 30.000000, 1),
(148, 48, 0, 'CTT Expresso-Bulgária, Chipre, Croácia e Roménia. (UE 2)', 'http://vinhodetalha.com/loja/admin123/index.php?controller=AdminCarrierWizard&token=5238871975ee648663a97f850899458f&id_carrier=145', 1, 1, 0, 0, 0, 0, 0, 0, '', 1, 2, 0, 0, 0, 0.000000, 0),
(149, 48, 0, 'CTT Expresso-Bulgária, Chipre, Croácia e Roménia. (UE 2)', 'http://vinhodetalha.com/loja/admin123/index.php?controller=AdminCarrierWizard&token=5238871975ee648663a97f850899458f&id_carrier=145', 1, 1, 0, 0, 0, 0, 0, 0, '', 1, 2, 0, 0, 0, 0.000000, 0),
(150, 36, 0, 'CTT - Expresso, continente, ilhas e União Europeia (1)', '', 1, 1, 0, 0, 0, 0, 0, 0, '', 1, 1, 0, 0, 0, 30.000000, 1),
(151, 48, 0, 'CTT Expresso-Bulgária, Chipre, Croácia e Roménia. (UE 2)', 'http://vinhodetalha.com/loja/admin123/index.php?controller=AdminCarrierWizard&token=5238871975ee648663a97f850899458f&id_carrier=145', 1, 1, 0, 0, 0, 0, 0, 0, '', 1, 2, 0, 0, 0, 0.000000, 1),
(152, 48, 0, 'CTT Expresso-Bulgária, Chipre, Croácia e Roménia. (UE 2)', '', 1, 1, 0, 0, 0, 0, 0, 0, '', 1, 2, 0, 0, 0, 0.000000, 1),
(153, 48, 0, 'CTT Expresso-Bulgária, Chipre, Croácia e Roménia. (UE 2)', '', 1, 1, 0, 0, 0, 0, 0, 0, '', 1, 2, 0, 0, 0, 0.000000, 0),
(154, 48, 0, 'CTT Expresso-Bulgária, Chipre, Croácia e Roménia. (UE 2)', 'http://vinhodetalha.com/loja/admin123/index.php?controller=AdminCarrierWizard&token=5238871975ee648663a97f850899458f&id_carrier=145', 1, 1, 0, 0, 0, 0, 0, 0, '', 1, 2, 0, 0, 0, 0.000000, 0),
(155, 48, 0, 'CTT Expresso-Bulgária, Chipre, Croácia e Roménia. (UE 2)', '', 1, 1, 0, 0, 0, 0, 0, 0, '', 1, 2, 0, 0, 0, 0.000000, 1),
(156, 48, 0, 'CTT Expresso-Bulgária, Chipre, Croácia e Roménia. (UE 2)', '', 1, 1, 0, 0, 0, 0, 0, 0, '', 1, 2, 0, 0, 0, 0.000000, 0),
(157, 36, 0, 'CTT - Expresso, continente, ilhas e União Europeia (1)', 'http://vinhodetalha.com/loja/admin123/index.php?controller=AdminCarrierWizard&token=5238871975ee648663a97f850899458f&id_carrier=150', 1, 1, 0, 0, 0, 0, 0, 0, '', 1, 1, 0, 0, 0, 30.000000, 1),
(158, 36, 0, 'CTT - Expresso, continente, ilhas e União Europeia (1)', '', 1, 1, 0, 0, 0, 0, 0, 0, '', 1, 1, 0, 0, 0, 30.000000, 0),
(159, 48, 0, 'CTT Expresso-Bulgária, Chipre, Croácia e Roménia. (UE 2)', '', 1, 1, 0, 0, 0, 0, 0, 0, '', 1, 2, 0, 0, 0, 0.000000, 0),
(160, 48, 0, 'CTT Expresso-Bulgária, Chipre, Croácia e Roménia. (UE 2)', '', 1, 1, 0, 0, 0, 0, 0, 0, '', 1, 2, 0, 0, 0, 0.000000, 0),
(161, 48, 0, 'CTT Expresso-Bulgária, Chipre, Croácia e Roménia. (UE 2)', 'http://vinhodetalha.com/loja/admin123/index.php?controller=AdminCarrierWizard&token=5238871975ee648663a97f850899458f&id_carrier=145', 1, 1, 0, 0, 0, 0, 0, 0, '', 1, 2, 0, 0, 0, 0.000000, 0),
(162, 48, 0, 'CTT Expresso-Bulgária, Chipre, Croácia e Roménia. (UE 2)', '', 1, 1, 0, 0, 0, 0, 0, 0, '', 1, 2, 0, 0, 0, 0.000000, 0),
(163, 36, 0, 'CTT - Expresso, continente, ilhas e União Europeia (1)', '', 1, 1, 0, 0, 0, 0, 0, 0, '', 1, 1, 0, 0, 0, 30.000000, 0),
(164, 36, 0, 'CTT - Expresso, continente, ilhas e União Europeia (1)', '', 1, 1, 0, 0, 0, 0, 0, 0, '', 1, 1, 0, 0, 0, 30.000000, 0),
(165, 36, 0, 'CTT - Expresso, continente, ilhas e União Europeia (1)', '', 1, 1, 0, 0, 0, 0, 0, 0, '', 1, 1, 0, 0, 0, 30.000000, 0),
(166, 36, 0, 'CTT - Expresso, continente, ilhas e União Europeia (1)', '', 1, 1, 0, 0, 0, 0, 0, 0, '', 1, 1, 0, 0, 0, 30.000000, 0),
(167, 48, 0, 'CTT Expresso-Bulgária, Chipre, Croácia e Roménia. (UE 2)', '', 1, 1, 0, 0, 0, 0, 0, 0, '', 1, 2, 0, 0, 0, 0.000000, 0),
(168, 48, 0, 'CTT Expresso-Bulgária, Chipre, Croácia e Roménia. (UE 2)', '', 1, 1, 0, 0, 0, 0, 0, 0, '', 1, 2, 0, 0, 0, 0.000000, 0),
(169, 48, 0, 'CTT Expresso-Bulgária, Chipre, Croácia e Roménia. (UE 2)', '', 1, 1, 0, 0, 0, 0, 0, 0, '', 1, 2, 0, 0, 0, 0.000000, 0),
(170, 48, 0, 'CTT Expresso-Bulgária, Chipre, Croácia e Roménia. (UE 2)', '', 1, 1, 0, 0, 0, 0, 0, 0, '', 1, 2, 0, 0, 0, 0.000000, 0),
(171, 48, 0, 'CTT Expresso-Bulgária, Chipre, Croácia e Roménia. (UE 2)', '', 1, 1, 0, 0, 0, 0, 0, 0, '', 1, 2, 0, 0, 0, 0.000000, 0),
(172, 48, 0, 'CTT Expresso-Bulgária, Chipre, Croácia e Roménia. (UE 2)', '', 1, 1, 0, 0, 0, 0, 0, 0, '', 1, 2, 0, 0, 0, 0.000000, 0),
(173, 48, 0, 'CTT Expresso-Bulgária, Chipre, Croácia e Roménia. (UE 2)', '', 1, 1, 0, 0, 0, 0, 0, 0, '', 1, 2, 0, 0, 0, 0.000000, 0),
(174, 48, 0, 'CTT Expresso-Bulgária, Chipre, Croácia e Roménia. (UE 2)', '', 1, 1, 0, 0, 0, 0, 0, 0, '', 1, 2, 0, 0, 0, 0.000000, 0),
(175, 48, 0, 'CTT Expre-Bulgária, Chipre, Croácia e Roménia. (UE 2)', '', 1, 1, 0, 0, 0, 0, 0, 0, '', 1, 2, 0, 0, 0, 0.000000, 0),
(176, 48, 0, 'CTT Expre-Bulgária, Chipre, Croácia e Roménia. (UE 2)', '', 1, 1, 0, 0, 0, 0, 0, 0, '', 1, 2, 0, 0, 0, 0.000000, 0),
(177, 48, 0, 'CTT Expre-Bulgária, Chipre, Croácia, Roménia. (UE 2)', '', 1, 1, 0, 0, 0, 0, 0, 0, '', 1, 2, 0, 0, 0, 0.000000, 0),
(178, 48, 0, 'CTT Expre-Bulgária, Chipre, Croácia, Roménia. (UE 2)', '', 1, 1, 0, 0, 0, 0, 0, 0, '', 1, 2, 0, 0, 0, 0.000000, 0),
(179, 36, 0, 'CTT - Expresso, continente, ilhas e União Europeia (1)', '', 1, 1, 0, 0, 0, 0, 0, 0, '', 1, 1, 0, 0, 0, 30.000000, 0),
(180, 36, 0, 'CTT - Expresso, continente, ilhas e União Europeia (1)', '', 1, 1, 0, 0, 0, 0, 0, 0, '', 1, 1, 0, 0, 0, 30.000000, 0),
(181, 36, 0, 'CTT - Expresso, continente, ilhas e União Europeia (1)', '', 1, 1, 0, 0, 0, 0, 0, 0, '', 1, 1, 0, 0, 0, 30.000000, 0),
(182, 182, 0, 'Iniciação Vinho de talha Cliente habitual', '', 1, 1, 0, 0, 0, 0, 0, 0, '', 1, 2, 0, 0, 0, 0.000000, 0),
(183, 182, 0, 'Iniciação Vinho de talha Cliente habitual', '', 1, 1, 0, 0, 0, 0, 0, 0, '', 1, 2, 0, 0, 0, 0.000000, 0),
(184, 182, 0, 'CTTs Expresso, UE Bulgária, Chipre, Croácia e Roménia', '', 1, 1, 0, 0, 0, 0, 0, 0, '', 1, 2, 0, 0, 0, 0.000000, 0),
(185, 182, 0, 'CTTs Expresso, UE Bulgária, Chipre, Croácia e Roménia', '', 1, 1, 0, 0, 0, 0, 0, 0, '', 1, 2, 0, 0, 0, 0.000000, 0),
(186, 182, 0, 'CTTs Expresso, UE Bulgária, Chipre, Croácia e Roménia', '', 1, 1, 0, 0, 0, 0, 0, 0, '', 1, 2, 0, 0, 0, 0.000000, 0),
(187, 182, 0, 'CTTs Expresso, UE Bulgária, Chipre, Croácia e Roménia', '', 1, 1, 0, 0, 0, 0, 0, 0, '', 1, 2, 0, 0, 0, 0.000000, 0),
(188, 182, 0, 'CTTs Expresso, UE Bulgária, Chipre, Croácia e Roménia', '', 1, 1, 0, 0, 0, 0, 0, 0, '', 1, 2, 0, 0, 0, 0.000000, 0),
(189, 182, 0, 'CTTs Expresso, UE Bulgária, Chipre, Croácia e Roménia', '', 1, 1, 0, 0, 0, 0, 0, 0, '', 1, 2, 0, 0, 0, 0.000000, 0),
(190, 182, 0, 'CTTs Expresso, UE Bulgária, Chipre, Croácia e Roménia', '', 1, 1, 0, 0, 0, 0, 0, 0, '', 1, 2, 0, 0, 0, 0.000000, 0),
(191, 182, 0, 'CTTs Expresso, UE Bulgária, Chipre, Croácia e Roménia', '', 1, 1, 0, 0, 0, 0, 0, 0, '', 1, 2, 0, 0, 0, 0.000000, 0),
(192, 182, 0, 'CTTs Expresso, UE Bulgária, Chipre, Croácia e Roménia', '', 1, 1, 0, 0, 0, 0, 0, 0, '', 1, 2, 0, 0, 0, 0.000000, 0),
(193, 182, 0, 'CTTs Expresso, UE Bulgária, Chipre, Croácia e Roménia', '', 1, 1, 0, 0, 0, 0, 0, 0, '', 1, 2, 0, 0, 0, 0.000000, 0),
(194, 182, 0, 'CTTs Expresso, UE Bulgária, Chipre, Croácia e Roménia', '', 1, 1, 0, 0, 0, 0, 0, 0, '', 1, 2, 0, 0, 0, 0.000000, 0),
(195, 182, 0, 'CTTs Expresso, UE Bulgária, Chipre, Croácia e Roménia', '', 1, 1, 0, 0, 0, 0, 0, 0, '', 1, 2, 0, 0, 0, 30.000000, 0),
(196, 182, 0, 'CTTs Expresso, UE Bulgária, Chipre, Croácia e Roménia', '', 1, 0, 0, 0, 0, 0, 0, 0, '', 1, 2, 0, 0, 0, 30.000000, 0),
(197, 36, 0, 'CTT - Expresso, continente, ilhas e União Europeia ', '', 1, 0, 0, 0, 0, 0, 0, 0, '', 1, 1, 0, 0, 0, 30.000000, 0),
(198, 1, 0, 'Levantamento na Adega  ', '', 1, 0, 0, 0, 0, 1, 0, 0, '', 1, 0, 0, 0, 0, 0.000000, 0);

-- --------------------------------------------------------

--
-- Table structure for table `pspa_carrier_group`
--

CREATE TABLE `pspa_carrier_group` (
  `id_carrier` int(10) UNSIGNED NOT NULL,
  `id_group` int(10) UNSIGNED NOT NULL
) ENGINE=InnoDB DEFAULT CHARSET=utf8;

--
-- Dumping data for table `pspa_carrier_group`
--

INSERT INTO `pspa_carrier_group` (`id_carrier`, `id_group`) VALUES
(1, 1),
(1, 2),
(1, 3),
(1, 4),
(1, 5),
(2, 1),
(2, 2),
(2, 3),
(2, 4),
(2, 5),
(3, 1),
(3, 2),
(3, 3),
(3, 4),
(3, 5),
(4, 1),
(4, 2),
(4, 3),
(4, 4),
(4, 5),
(5, 1),
(5, 2),
(5, 3),
(5, 4),
(5, 5),
(6, 1),
(6, 2),
(6, 3),
(6, 4),
(6, 5),
(7, 1),
(7, 2),
(7, 3),
(7, 4),
(7, 5),
(8, 1),
(8, 2),
(8, 3),
(8, 4),
(8, 5),
(9, 1),
(9, 2),
(9, 3),
(9, 4),
(9, 5),
(10, 1),
(10, 2),
(10, 3),
(10, 4),
(10, 5),
(11, 1),
(11, 2),
(11, 3),
(11, 4),
(11, 5),
(12, 1),
(12, 2),
(12, 3),
(12, 4),
(12, 5),
(13, 1),
(13, 2),
(13, 3),
(13, 4),
(13, 5),
(14, 1),
(14, 2),
(14, 3),
(14, 4),
(14, 5),
(15, 3),
(15, 4),
(15, 5),
(16, 3),
(16, 4),
(16, 5),
(17, 1),
(17, 2),
(17, 3),
(17, 4),
(17, 5),
(18, 1),
(18, 2),
(18, 3),
(18, 4),
(18, 5),
(19, 1),
(19, 2),
(19, 3),
(19, 4),
(19, 5),
(20, 1),
(20, 2),
(20, 3),
(20, 4),
(20, 5),
(21, 1),
(21, 2),
(21, 3),
(21, 4),
(21, 5),
(22, 1),
(22, 2),
(22, 3),
(22, 4),
(22, 5),
(23, 1),
(23, 2),
(23, 3),
(23, 4),
(23, 5),
(24, 1),
(24, 2),
(24, 3),
(24, 4),
(24, 5),
(24, 6),
(24, 7),
(24, 8),
(24, 9),
(25, 1),
(25, 2),
(25, 3),
(25, 4),
(25, 5),
(26, 1),
(26, 2),
(26, 3),
(26, 4),
(26, 5),
(26, 6),
(26, 7),
(26, 8),
(26, 9),
(27, 1),
(27, 2),
(27, 3),
(27, 4),
(27, 5),
(27, 6),
(27, 7),
(27, 8),
(27, 9),
(28, 1),
(28, 2),
(28, 3),
(28, 4),
(28, 5),
(28, 6),
(28, 7),
(28, 8),
(29, 1),
(29, 2),
(29, 3),
(29, 4),
(29, 5),
(29, 6),
(29, 8),
(30, 1),
(30, 2),
(30, 3),
(30, 4),
(30, 5),
(30, 6),
(30, 8),
(31, 1),
(31, 2),
(31, 3),
(31, 4),
(31, 5),
(32, 1),
(32, 2),
(32, 3),
(32, 4),
(32, 5),
(33, 1),
(33, 2),
(33, 3),
(33, 4),
(33, 5),
(34, 1),
(34, 2),
(34, 3),
(34, 4),
(34, 5),
(35, 1),
(35, 2),
(35, 3),
(35, 4),
(35, 5),
(36, 1),
(36, 2),
(36, 3),
(36, 4),
(36, 5),
(37, 1),
(37, 2),
(37, 3),
(37, 4),
(37, 5),
(38, 1),
(38, 2),
(38, 3),
(38, 4),
(38, 5),
(39, 1),
(39, 2),
(39, 3),
(39, 4),
(39, 5),
(40, 1),
(40, 2),
(40, 3),
(40, 4),
(40, 5),
(41, 1),
(41, 2),
(41, 3),
(41, 4),
(41, 5),
(42, 1),
(42, 2),
(42, 3),
(42, 4),
(42, 5),
(43, 1),
(43, 2),
(43, 3),
(43, 4),
(43, 5),
(44, 1),
(44, 2),
(44, 3),
(44, 4),
(44, 5),
(45, 1),
(45, 2),
(45, 3),
(45, 4),
(45, 5),
(46, 1),
(46, 2),
(46, 3),
(46, 4),
(46, 5),
(47, 1),
(47, 2),
(47, 3),
(47, 4),
(47, 5),
(48, 1),
(48, 2),
(48, 3),
(48, 4),
(48, 5),
(49, 1),
(49, 2),
(49, 3),
(49, 4),
(49, 5),
(50, 1),
(50, 2),
(50, 3),
(50, 4),
(50, 5),
(51, 1),
(51, 2),
(51, 3),
(51, 4),
(51, 5),
(52, 1),
(52, 2),
(52, 3),
(52, 4),
(52, 5),
(53, 1),
(53, 2),
(53, 3),
(53, 4),
(53, 5),
(54, 1),
(54, 2),
(54, 3),
(54, 4),
(54, 5),
(55, 1),
(55, 2),
(55, 3),
(55, 4),
(55, 5),
(56, 1),
(56, 2),
(56, 3),
(56, 4),
(56, 5),
(57, 1),
(57, 2),
(57, 3),
(57, 4),
(57, 5),
(58, 1),
(58, 2),
(58, 3),
(58, 4),
(58, 5),
(59, 1),
(59, 2),
(59, 3),
(59, 4),
(59, 5),
(60, 1),
(60, 2),
(60, 3),
(60, 4),
(60, 5),
(61, 1),
(61, 2),
(61, 3),
(61, 4),
(61, 5),
(62, 1),
(62, 2),
(62, 3),
(62, 4),
(62, 5),
(63, 1),
(63, 2),
(63, 3),
(63, 4),
(63, 5),
(64, 1),
(64, 2),
(64, 3),
(64, 4),
(64, 5),
(65, 1),
(65, 2),
(65, 3),
(65, 4),
(65, 5),
(66, 1),
(66, 2),
(66, 3),
(66, 4),
(66, 5),
(67, 1),
(67, 2),
(67, 3),
(67, 4),
(67, 5),
(68, 1),
(68, 2),
(68, 3),
(68, 4),
(68, 5),
(69, 1),
(69, 2),
(69, 3),
(69, 4),
(69, 5),
(70, 1),
(70, 2),
(70, 3),
(70, 4),
(70, 5),
(71, 1),
(71, 2),
(71, 3),
(71, 4),
(71, 5),
(72, 1),
(72, 2),
(72, 3),
(72, 4),
(72, 5),
(73, 1),
(73, 2),
(73, 3),
(73, 4),
(73, 5),
(74, 1),
(74, 2),
(74, 3),
(74, 4),
(74, 5),
(75, 1),
(75, 2),
(75, 3),
(75, 4),
(75, 5),
(76, 1),
(76, 2),
(76, 3),
(76, 4),
(76, 5),
(77, 1),
(77, 2),
(77, 3),
(77, 4),
(77, 5),
(78, 1),
(78, 2),
(78, 3),
(78, 4),
(78, 5),
(79, 1),
(79, 2),
(79, 3),
(79, 4),
(79, 5),
(80, 1),
(80, 2),
(80, 3),
(80, 4),
(80, 5),
(81, 1),
(81, 2),
(81, 3),
(81, 4),
(81, 5),
(82, 1),
(82, 2),
(82, 3),
(82, 4),
(82, 5),
(83, 1),
(83, 2),
(83, 3),
(83, 4),
(83, 5),
(84, 1),
(84, 2),
(84, 3),
(84, 4),
(84, 5),
(85, 1),
(85, 2),
(85, 3),
(85, 4),
(85, 5),
(86, 1),
(86, 2),
(86, 3),
(86, 4),
(86, 5),
(87, 1),
(87, 2),
(87, 3),
(87, 4),
(87, 5),
(88, 1),
(88, 2),
(88, 3),
(88, 4),
(88, 5),
(89, 1),
(89, 2),
(89, 3),
(89, 4),
(89, 5),
(90, 1),
(90, 2),
(90, 3),
(90, 4),
(90, 5),
(91, 1),
(91, 2),
(91, 3),
(91, 4),
(91, 5),
(92, 1),
(92, 2),
(92, 3),
(92, 4),
(92, 5),
(93, 1),
(93, 2),
(93, 3),
(93, 4),
(93, 5),
(94, 1),
(94, 2),
(94, 3),
(94, 4),
(94, 5),
(95, 1),
(95, 2),
(95, 3),
(95, 4),
(95, 5),
(96, 1),
(96, 2),
(96, 3),
(96, 4),
(96, 5),
(97, 1),
(97, 2),
(97, 3),
(97, 4),
(97, 5),
(98, 1),
(98, 2),
(98, 3),
(98, 4),
(98, 5),
(99, 1),
(99, 2),
(99, 3),
(99, 4),
(99, 5),
(100, 1),
(100, 2),
(100, 3),
(100, 4),
(100, 5),
(101, 1),
(101, 2),
(101, 3),
(101, 4),
(101, 5),
(102, 1),
(102, 2),
(102, 3),
(102, 4),
(102, 5),
(103, 1),
(103, 2),
(103, 3),
(103, 4),
(103, 5),
(104, 1),
(104, 2),
(104, 3),
(104, 4),
(104, 5),
(105, 1),
(105, 2),
(105, 3),
(105, 4),
(105, 5),
(106, 1),
(106, 2),
(106, 3),
(106, 4),
(106, 5),
(107, 1),
(107, 2),
(107, 3),
(107, 4),
(107, 5),
(108, 1),
(108, 2),
(108, 3),
(108, 4),
(108, 5),
(109, 1),
(109, 2),
(109, 3),
(109, 4),
(109, 5),
(110, 1),
(110, 2),
(110, 3),
(110, 4),
(110, 5),
(111, 1),
(111, 2),
(111, 3),
(111, 4),
(111, 5),
(112, 1),
(112, 2),
(112, 3),
(112, 4),
(112, 5),
(113, 1),
(113, 2),
(113, 3),
(113, 4),
(113, 5),
(114, 1),
(114, 2),
(114, 3),
(114, 4),
(114, 5),
(115, 1),
(115, 2),
(115, 3),
(115, 4),
(115, 5),
(116, 1),
(116, 2),
(116, 3),
(116, 4),
(116, 5),
(117, 1),
(117, 2),
(117, 3),
(117, 4),
(117, 5),
(118, 1),
(118, 2),
(118, 3),
(118, 4),
(118, 5),
(119, 1),
(119, 2),
(119, 3),
(119, 4),
(119, 5),
(120, 1),
(120, 2),
(120, 3),
(120, 4),
(120, 5),
(121, 1),
(121, 2),
(121, 3),
(121, 4),
(121, 5),
(122, 1),
(122, 2),
(122, 3),
(122, 4),
(122, 5),
(123, 1),
(123, 2),
(123, 3),
(123, 4),
(123, 5),
(124, 1),
(124, 2),
(124, 3),
(124, 4),
(124, 5),
(125, 1),
(125, 2),
(125, 3),
(125, 4),
(125, 5),
(126, 1),
(126, 2),
(126, 3),
(126, 4),
(126, 5),
(127, 1),
(127, 2),
(127, 3),
(127, 4),
(127, 5),
(128, 1),
(128, 2),
(128, 3),
(128, 4),
(128, 5),
(129, 1),
(129, 2),
(129, 3),
(129, 4),
(129, 5),
(130, 1),
(130, 2),
(130, 3),
(130, 4),
(130, 5),
(131, 1),
(131, 2),
(131, 3),
(131, 4),
(131, 5),
(132, 1),
(132, 2),
(132, 3),
(132, 4),
(132, 5),
(133, 1),
(133, 2),
(133, 3),
(133, 4),
(133, 5),
(134, 1),
(134, 2),
(134, 3),
(134, 4),
(134, 5),
(135, 1),
(135, 2),
(135, 3),
(135, 4),
(135, 5),
(136, 1),
(136, 2),
(136, 3),
(136, 4),
(136, 5),
(137, 1),
(137, 2),
(137, 3),
(137, 4),
(137, 5),
(138, 1),
(138, 2),
(138, 3),
(138, 4),
(138, 5),
(139, 1),
(139, 2),
(139, 3),
(139, 4),
(139, 5),
(140, 1),
(140, 2),
(140, 3),
(140, 4),
(140, 5),
(141, 1),
(141, 2),
(141, 3),
(141, 4),
(141, 5),
(142, 1),
(142, 2),
(142, 3),
(142, 4),
(142, 5),
(143, 1),
(143, 2),
(143, 3),
(143, 4),
(143, 5),
(144, 1),
(144, 2),
(144, 3),
(144, 4),
(144, 5),
(145, 1),
(145, 2),
(145, 3),
(145, 4),
(145, 5),
(146, 1),
(146, 2),
(146, 3),
(146, 4),
(146, 5),
(147, 1),
(147, 2),
(147, 3),
(147, 4),
(147, 5),
(148, 1),
(148, 2),
(148, 3),
(148, 4),
(148, 5),
(149, 1),
(149, 2),
(149, 3),
(149, 4),
(149, 5),
(150, 1),
(150, 2),
(150, 3),
(150, 4),
(150, 5),
(151, 1),
(151, 2),
(151, 3),
(151, 4),
(151, 5),
(152, 1),
(152, 2),
(152, 3),
(152, 4),
(152, 5),
(153, 1),
(153, 2),
(153, 3),
(153, 4),
(153, 5),
(154, 1),
(154, 2),
(154, 3),
(154, 4),
(154, 5),
(155, 1),
(155, 2),
(155, 3),
(155, 4),
(155, 5),
(156, 1),
(156, 2),
(156, 3),
(156, 4),
(156, 5),
(157, 1),
(157, 2),
(157, 3),
(157, 4),
(157, 5),
(158, 1),
(158, 2),
(158, 3),
(158, 4),
(158, 5),
(159, 1),
(159, 2),
(159, 3),
(159, 4),
(159, 5),
(160, 1),
(160, 2),
(160, 3),
(160, 4),
(160, 5),
(161, 1),
(161, 2),
(161, 3),
(161, 4),
(161, 5),
(162, 1),
(162, 2),
(162, 3),
(162, 4),
(162, 5),
(163, 1),
(163, 2),
(163, 3),
(163, 4),
(163, 5),
(164, 1),
(164, 2),
(164, 3),
(164, 4),
(164, 5),
(165, 1),
(165, 2),
(165, 3),
(165, 4),
(165, 5),
(166, 1),
(166, 2),
(166, 3),
(166, 4),
(166, 5),
(167, 1),
(167, 2),
(167, 3),
(167, 4),
(167, 5),
(168, 1),
(168, 2),
(168, 3),
(168, 4),
(168, 5),
(169, 1),
(169, 2),
(169, 3),
(169, 4),
(169, 5),
(170, 1),
(170, 2),
(170, 3),
(170, 4),
(170, 5),
(171, 1),
(171, 2),
(171, 3),
(171, 4),
(171, 5),
(172, 1),
(172, 2),
(172, 3),
(172, 4),
(172, 5),
(173, 1),
(173, 2),
(173, 3),
(173, 4),
(173, 5),
(174, 1),
(174, 2),
(174, 3),
(174, 4),
(174, 5),
(175, 1),
(175, 2),
(175, 3),
(175, 4),
(175, 5),
(176, 1),
(176, 2),
(176, 3),
(176, 4),
(176, 5),
(177, 1),
(177, 2),
(177, 3),
(177, 4),
(177, 5),
(178, 1),
(178, 2),
(178, 3),
(178, 4),
(178, 5),
(179, 1),
(179, 2),
(179, 3),
(179, 4),
(179, 5),
(180, 1),
(180, 2),
(180, 3),
(180, 4),
(180, 5),
(181, 1),
(181, 2),
(181, 3),
(181, 4),
(181, 5),
(182, 1),
(182, 2),
(182, 3),
(182, 4),
(182, 5),
(183, 1),
(183, 2),
(183, 3),
(183, 4),
(183, 5),
(184, 1),
(184, 2),
(184, 3),
(184, 4),
(184, 5),
(185, 1),
(185, 2),
(185, 3),
(185, 4),
(185, 5),
(186, 1),
(186, 2),
(186, 3),
(186, 4),
(186, 5),
(187, 1),
(187, 2),
(187, 3),
(187, 4),
(187, 5),
(188, 1),
(188, 2),
(188, 3),
(188, 4),
(188, 5),
(189, 1),
(189, 2),
(189, 3),
(189, 4),
(189, 5),
(190, 1),
(190, 2),
(190, 3),
(190, 4),
(190, 5),
(191, 1),
(191, 2),
(191, 3),
(191, 4),
(191, 5),
(192, 1),
(192, 2),
(192, 3),
(192, 4),
(192, 5),
(193, 1),
(193, 2),
(193, 3),
(193, 4),
(193, 5),
(194, 1),
(194, 2),
(194, 3),
(194, 4),
(194, 5),
(195, 1),
(195, 2),
(195, 3),
(195, 4),
(195, 5),
(196, 1),
(196, 2),
(196, 3),
(196, 4),
(196, 5),
(197, 1),
(197, 2),
(197, 3),
(197, 4),
(197, 5),
(198, 1),
(198, 2),
(198, 3),
(198, 4),
(198, 5);

-- --------------------------------------------------------

--
-- Table structure for table `pspa_carrier_lang`
--

CREATE TABLE `pspa_carrier_lang` (
  `id_carrier` int(10) UNSIGNED NOT NULL,
  `id_shop` int(11) UNSIGNED NOT NULL DEFAULT '1',
  `id_lang` int(10) UNSIGNED NOT NULL,
  `delay` varchar(512) DEFAULT NULL
) ENGINE=InnoDB DEFAULT CHARSET=utf8;

--
-- Dumping data for table `pspa_carrier_lang`
--

INSERT INTO `pspa_carrier_lang` (`id_carrier`, `id_shop`, `id_lang`, `delay`) VALUES
(1, 1, 2, 'Pick up in-store'),
(2, 1, 2, 'Delivery next day!'),
(3, 1, 2, '2 a 3 dias '),
(4, 1, 2, 'Entregamos na nossa Adega'),
(5, 1, 2, '2 a 3 dias '),
(6, 1, 2, 'Entregamos na nossa Adega'),
(7, 1, 2, '2 a 3 dias '),
(8, 1, 2, '2 a 3 dias '),
(9, 1, 2, '2 a 3 dias '),
(10, 1, 2, '2 a 3 dias '),
(11, 1, 2, 'Até 5 dias '),
(12, 1, 2, 'Até 5 dias '),
(13, 1, 2, 'Entregamos na nossa Adega'),
(14, 1, 2, 'Até 5 dias '),
(15, 1, 2, 'No dia seguinte à sua encomenda'),
(16, 1, 2, 'No dia seguinte à sua encomenda'),
(17, 1, 2, 'No dia seguinte à sua encomenda'),
(18, 1, 2, 'No dia seguinte à sua encomenda'),
(19, 1, 2, 'Até 5 dias '),
(20, 1, 2, 'Até 5 dias '),
(21, 1, 2, 'Até 5 dias '),
(22, 1, 2, 'Até 5 dias '),
(23, 1, 2, 'Até 5 dias '),
(24, 1, 2, 'Até 5 dias '),
(25, 1, 2, 'No dia seguinte à sua encomenda'),
(26, 1, 2, 'No dia seguinte à sua encomenda'),
(27, 1, 2, 'Até 3 dias '),
(28, 1, 2, 'Até 3 dias '),
(29, 1, 2, 'Até 3 dias '),
(30, 1, 2, 'Até 3 dias '),
(31, 1, 2, 'Até 3 dias '),
(32, 1, 2, 'Até 4 dias '),
(33, 1, 2, 'Até 4 dias '),
(34, 1, 2, 'Até 4 dias '),
(35, 1, 2, 'Até 4 dias '),
(36, 1, 2, 'Até 4 dias '),
(37, 1, 2, 'Até 4 dias '),
(38, 1, 2, 'Até 4 dias '),
(39, 1, 2, 'Até 4 dias '),
(40, 1, 2, 'Até 4 dias '),
(41, 1, 2, 'Até 4 dias '),
(42, 1, 2, 'Até 4 dias '),
(43, 1, 2, 'Até 4 dias '),
(44, 1, 2, 'Até 4 dias '),
(45, 1, 2, 'Até 4 dias '),
(46, 1, 2, 'Até 4 dias '),
(47, 1, 2, 'Até 4 dias '),
(48, 1, 2, '4 Dias'),
(49, 1, 2, '4 Dias'),
(50, 1, 2, '4 Dias'),
(51, 1, 2, '4 Dias'),
(52, 1, 2, 'Até 4 Dias'),
(53, 1, 2, 'Até 4 Dias'),
(54, 1, 2, 'Até 4 Dias'),
(55, 1, 2, 'Até 4 Dias'),
(56, 1, 2, 'Até 4 Dias'),
(57, 1, 2, 'Até 4 Dias'),
(58, 1, 2, 'Até 4 Dias'),
(59, 1, 2, 'Até 4 Dias'),
(60, 1, 2, 'Até 4 Dias'),
(61, 1, 2, 'Até 4 Dias'),
(62, 1, 2, 'Até 4 Dias'),
(63, 1, 2, 'Até 4 Dias'),
(64, 1, 2, 'Até 4 Dias'),
(65, 1, 2, 'Até 4 Dias'),
(66, 1, 2, 'Até 4 Dias'),
(67, 1, 2, 'Até 4 Dias'),
(68, 1, 2, 'Até 4 Dias'),
(69, 1, 2, 'Até 4 Dias'),
(70, 1, 2, 'Até 4 Dias'),
(71, 1, 2, 'Até 4 Dias'),
(72, 1, 2, 'Até 4 Dias'),
(73, 1, 2, 'Até 4 Dias'),
(74, 1, 2, 'Até 4 Dias'),
(75, 1, 2, 'Até 4 Dias'),
(76, 1, 2, 'Até 4 Dias'),
(77, 1, 2, 'Até 4 Dias'),
(78, 1, 2, 'Até 4 Dias'),
(79, 1, 2, 'Até 4 Dias'),
(80, 1, 2, 'Até 4 Dias'),
(81, 1, 2, 'Até 4 Dias'),
(82, 1, 2, 'Até 4 Dias'),
(83, 1, 2, 'Até 4 Dias'),
(84, 1, 2, 'Até 4 Dias'),
(85, 1, 2, 'Até 4 Dias'),
(86, 1, 2, 'Até 4 Dias'),
(87, 1, 2, 'Até 4 Dias'),
(88, 1, 2, 'Até 4 Dias'),
(89, 1, 2, 'Até 4 Dias'),
(90, 1, 2, 'Até 4 Dias'),
(91, 1, 2, 'Até 4 Dias'),
(92, 1, 2, 'Até 4 Dias'),
(93, 1, 2, 'Até 4 Dias'),
(94, 1, 2, 'Até 4 Dias'),
(95, 1, 2, 'Até 4 Dias'),
(96, 1, 2, 'Até 4 Dias'),
(97, 1, 2, 'Até 4 Dias'),
(98, 1, 2, 'Até 4 Dias'),
(99, 1, 2, 'Até 4 Dias'),
(100, 1, 2, 'Até 4 Dias'),
(101, 1, 2, 'Até 4 Dias'),
(102, 1, 2, 'Até 4 Dias'),
(103, 1, 2, 'Até 4 Dias'),
(104, 1, 2, 'Até 4 Dias'),
(105, 1, 2, 'Até 4 Dias'),
(106, 1, 2, 'Até 4 Dias'),
(107, 1, 2, 'Até 4 Dias'),
(108, 1, 2, 'Até 4 Dias'),
(109, 1, 2, 'Até 4 Dias'),
(110, 1, 2, 'Até 4 Dias'),
(111, 1, 2, 'Até 4 Dias'),
(112, 1, 2, 'Até 4 Dias'),
(113, 1, 2, 'Até 4 Dias'),
(114, 1, 2, 'Até 4 Dias'),
(115, 1, 2, 'Até 4 Dias'),
(116, 1, 2, 'Até 4 Dias'),
(117, 1, 2, 'Até 4 Dias'),
(118, 1, 2, 'Até 4 Dias'),
(119, 1, 2, 'Até 4 Dias'),
(120, 1, 2, 'Até 4 Dias'),
(121, 1, 2, 'Até 4 Dias'),
(122, 1, 2, 'Até 4 Dias'),
(123, 1, 2, 'Até 4 Dias'),
(124, 1, 2, 'Até 4 Dias'),
(125, 1, 2, 'Até 4 Dias'),
(126, 1, 2, 'Até 4 Dias'),
(127, 1, 2, 'Até 4 Dias'),
(128, 1, 2, 'Até 4 Dias'),
(129, 1, 2, 'Até 4 Dias'),
(130, 1, 2, 'Até 4 Dias'),
(131, 1, 2, 'Até 4 Dias'),
(132, 1, 2, 'Até 4 Dias'),
(133, 1, 2, 'Até 4 Dias'),
(134, 1, 2, 'Até 4 Dias'),
(135, 1, 2, 'Até 4 Dias'),
(136, 1, 2, 'Até 4 dias '),
(137, 1, 2, 'Até 4 dias '),
(138, 1, 2, 'Até 4 Dias'),
(139, 1, 2, 'Até 4 dias '),
(140, 1, 2, 'Até 4 dias '),
(141, 1, 2, 'Até 4 Dias'),
(142, 1, 2, 'Até 4 Dias'),
(143, 1, 2, 'Até 4 Dias'),
(144, 1, 2, 'Até 4 Dias'),
(145, 1, 2, 'Até 4 Dias'),
(146, 1, 2, 'Até 4 dias '),
(147, 1, 2, 'Até 4 dias '),
(148, 1, 2, 'Até 4 Dias'),
(149, 1, 2, 'Até 4 Dias'),
(150, 1, 2, 'Até 4 dias '),
(151, 1, 2, 'Até 4 Dias'),
(152, 1, 2, 'Até 4 Dias'),
(153, 1, 2, 'Até 4 Dias'),
(154, 1, 2, 'Até 4 Dias'),
(155, 1, 2, 'Até 4 Dias'),
(156, 1, 2, 'Até 4 Dias'),
(157, 1, 2, 'Até 4 dias '),
(158, 1, 2, 'Até 4 dias '),
(159, 1, 2, 'Até 4 Dias'),
(160, 1, 2, 'Até 4 Dias'),
(161, 1, 2, 'Até 4 Dias'),
(162, 1, 2, 'Até 4 Dias'),
(163, 1, 2, 'Até 4 dias '),
(164, 1, 2, 'Até 4 dias '),
(165, 1, 2, 'Até 4 dias '),
(166, 1, 2, 'Até 4 dias '),
(167, 1, 2, 'Até 4 Dias'),
(168, 1, 2, 'Até 4 Dias'),
(169, 1, 2, 'Até 4 Dias'),
(170, 1, 2, 'Até 4 Dias'),
(171, 1, 2, 'Até 4 Dias'),
(172, 1, 2, 'Até 4 Dias'),
(173, 1, 2, 'Até 4 Dias'),
(174, 1, 2, 'Até 4 Dias'),
(175, 1, 2, 'Até 4 Dias'),
(176, 1, 2, 'Até 4 Dias'),
(177, 1, 2, 'Até 4 Dias'),
(178, 1, 2, 'Até 4 Dias'),
(179, 1, 2, 'Até 4 dias '),
(180, 1, 2, 'Até 4 dias '),
(181, 1, 2, 'Até 4 dias '),
(182, 1, 2, 'Até 4 dias '),
(183, 1, 2, 'Até 4 dias '),
(184, 1, 2, 'Até 4 dias '),
(185, 1, 2, 'Até 4 dias '),
(186, 1, 2, 'Até 4 dias '),
(187, 1, 2, 'Até 4 dias '),
(188, 1, 2, 'Até 4 dias '),
(189, 1, 2, 'Até 4 dias '),
(190, 1, 2, 'Até 4 dias '),
(191, 1, 2, 'Até 4 dias '),
(192, 1, 2, 'Até 4 dias '),
(193, 1, 2, 'Até 4 dias '),
(194, 1, 2, 'Até 4 dias '),
(195, 1, 2, 'Até 4 dias '),
(196, 1, 2, 'Até 4 dias '),
(197, 1, 2, 'Até 4 dias '),
(198, 1, 2, 'No dia seguinte à sua encomenda');

-- --------------------------------------------------------

--
-- Table structure for table `pspa_carrier_shop`
--

CREATE TABLE `pspa_carrier_shop` (
  `id_carrier` int(11) UNSIGNED NOT NULL,
  `id_shop` int(11) UNSIGNED NOT NULL
) ENGINE=InnoDB DEFAULT CHARSET=utf8;

--
-- Dumping data for table `pspa_carrier_shop`
--

INSERT INTO `pspa_carrier_shop` (`id_carrier`, `id_shop`) VALUES
(1, 1),
(2, 1),
(3, 1),
(4, 1),
(5, 1),
(6, 1),
(7, 1),
(8, 1),
(9, 1),
(10, 1),
(11, 1),
(12, 1),
(13, 1),
(14, 1),
(15, 1),
(16, 1),
(17, 1),
(18, 1),
(19, 1),
(20, 1),
(21, 1),
(22, 1),
(23, 1),
(24, 1),
(25, 1),
(26, 1),
(27, 1),
(28, 1),
(29, 1),
(30, 1),
(31, 1),
(32, 1),
(33, 1),
(34, 1),
(35, 1),
(36, 1),
(37, 1),
(38, 1),
(39, 1),
(40, 1),
(41, 1),
(42, 1),
(43, 1),
(44, 1),
(45, 1),
(46, 1),
(47, 1),
(48, 1),
(49, 1),
(50, 1),
(51, 1),
(52, 1),
(53, 1),
(54, 1),
(55, 1),
(56, 1),
(57, 1),
(58, 1),
(59, 1),
(60, 1),
(61, 1),
(62, 1),
(63, 1),
(64, 1),
(65, 1),
(66, 1),
(67, 1),
(68, 1),
(69, 1),
(70, 1),
(71, 1),
(72, 1),
(73, 1),
(74, 1),
(75, 1),
(76, 1),
(77, 1),
(78, 1),
(79, 1),
(80, 1),
(81, 1),
(82, 1),
(83, 1),
(84, 1),
(85, 1),
(86, 1),
(87, 1),
(88, 1),
(89, 1),
(90, 1),
(91, 1),
(92, 1),
(93, 1),
(94, 1),
(95, 1),
(96, 1),
(97, 1),
(98, 1),
(99, 1),
(100, 1),
(101, 1),
(102, 1),
(103, 1),
(104, 1),
(105, 1),
(106, 1),
(107, 1),
(108, 1),
(109, 1),
(110, 1),
(111, 1),
(112, 1),
(113, 1),
(114, 1),
(115, 1),
(116, 1),
(117, 1),
(118, 1),
(119, 1),
(120, 1),
(121, 1),
(122, 1),
(123, 1),
(124, 1),
(125, 1),
(126, 1),
(127, 1),
(128, 1),
(129, 1),
(130, 1),
(131, 1),
(132, 1),
(133, 1),
(134, 1),
(135, 1),
(136, 1),
(137, 1),
(138, 1),
(139, 1),
(140, 1),
(141, 1),
(142, 1),
(143, 1),
(144, 1),
(145, 1),
(146, 1),
(147, 1),
(148, 1),
(149, 1),
(150, 1),
(151, 1),
(152, 1),
(153, 1),
(154, 1),
(155, 1),
(156, 1),
(157, 1),
(158, 1),
(159, 1),
(160, 1),
(161, 1),
(162, 1),
(163, 1),
(164, 1),
(165, 1),
(166, 1),
(167, 1),
(168, 1),
(169, 1),
(170, 1),
(171, 1),
(172, 1),
(173, 1),
(174, 1),
(175, 1),
(176, 1),
(177, 1),
(178, 1),
(179, 1),
(180, 1),
(181, 1),
(182, 1),
(183, 1),
(184, 1),
(185, 1),
(186, 1),
(187, 1),
(188, 1),
(189, 1),
(190, 1),
(191, 1),
(192, 1),
(193, 1),
(194, 1),
(195, 1),
(196, 1),
(197, 1),
(198, 1);

-- --------------------------------------------------------

--
-- Table structure for table `pspa_carrier_tax_rules_group_shop`
--

CREATE TABLE `pspa_carrier_tax_rules_group_shop` (
  `id_carrier` int(11) UNSIGNED NOT NULL,
  `id_tax_rules_group` int(11) UNSIGNED NOT NULL,
  `id_shop` int(11) UNSIGNED NOT NULL
) ENGINE=InnoDB DEFAULT CHARSET=utf8;

--
-- Dumping data for table `pspa_carrier_tax_rules_group_shop`
--

INSERT INTO `pspa_carrier_tax_rules_group_shop` (`id_carrier`, `id_tax_rules_group`, `id_shop`) VALUES
(1, 1, 1),
(2, 1, 1),
(3, 53, 1),
(4, 1, 1),
(5, 53, 1),
(6, 53, 1),
(7, 53, 1),
(8, 53, 1),
(9, 53, 1),
(10, 53, 1),
(11, 53, 1),
(12, 53, 1),
(13, 53, 1),
(14, 53, 1),
(15, 53, 1),
(16, 53, 1),
(17, 53, 1),
(18, 53, 1),
(19, 53, 1),
(20, 53, 1),
(21, 53, 1),
(22, 53, 1),
(23, 53, 1),
(24, 53, 1),
(25, 53, 1),
(26, 53, 1),
(27, 53, 1),
(28, 53, 1),
(29, 53, 1),
(30, 53, 1),
(31, 53, 1),
(32, 53, 1),
(33, 53, 1),
(34, 53, 1),
(35, 53, 1),
(36, 0, 1),
(37, 0, 1),
(38, 0, 1),
(39, 0, 1),
(40, 0, 1),
(41, 0, 1),
(42, 0, 1),
(43, 0, 1),
(44, 0, 1),
(45, 0, 1),
(46, 0, 1),
(47, 0, 1),
(48, 0, 1),
(49, 0, 1),
(50, 0, 1),
(51, 0, 1),
(52, 0, 1),
(53, 0, 1),
(54, 0, 1),
(55, 0, 1),
(56, 0, 1),
(57, 0, 1),
(58, 0, 1),
(59, 0, 1),
(60, 0, 1),
(61, 0, 1),
(62, 0, 1),
(63, 0, 1),
(64, 0, 1),
(65, 0, 1),
(66, 0, 1),
(67, 0, 1),
(68, 0, 1),
(69, 0, 1),
(70, 0, 1),
(71, 0, 1),
(72, 0, 1),
(73, 0, 1),
(74, 0, 1),
(75, 0, 1),
(76, 0, 1),
(77, 0, 1),
(78, 0, 1),
(79, 0, 1),
(80, 0, 1),
(81, 0, 1),
(82, 0, 1),
(83, 0, 1),
(84, 0, 1),
(85, 0, 1),
(86, 0, 1),
(87, 0, 1),
(88, 0, 1),
(89, 0, 1),
(90, 0, 1),
(91, 0, 1),
(92, 0, 1),
(93, 0, 1),
(94, 0, 1),
(95, 0, 1),
(96, 0, 1),
(97, 0, 1),
(98, 0, 1),
(99, 0, 1),
(100, 0, 1),
(101, 0, 1),
(102, 0, 1),
(103, 0, 1),
(104, 0, 1),
(105, 0, 1),
(106, 0, 1),
(107, 0, 1),
(108, 0, 1),
(109, 0, 1),
(110, 0, 1),
(111, 0, 1),
(112, 0, 1),
(113, 0, 1),
(114, 0, 1),
(115, 0, 1),
(116, 0, 1),
(117, 0, 1),
(118, 0, 1),
(119, 0, 1),
(120, 0, 1),
(121, 0, 1),
(122, 0, 1),
(123, 0, 1),
(124, 0, 1),
(125, 0, 1),
(126, 0, 1),
(127, 0, 1),
(128, 0, 1),
(129, 0, 1),
(130, 0, 1),
(131, 0, 1),
(132, 0, 1),
(133, 0, 1),
(134, 0, 1),
(135, 0, 1),
(136, 0, 1),
(137, 0, 1),
(138, 0, 1),
(139, 0, 1),
(140, 0, 1),
(141, 0, 1),
(142, 0, 1),
(143, 0, 1),
(144, 0, 1),
(145, 0, 1),
(146, 0, 1),
(147, 0, 1),
(148, 0, 1),
(149, 0, 1),
(150, 0, 1),
(151, 0, 1),
(152, 0, 1),
(153, 0, 1),
(154, 0, 1),
(155, 0, 1),
(156, 0, 1),
(157, 0, 1),
(158, 0, 1),
(159, 0, 1),
(160, 0, 1),
(161, 0, 1),
(162, 0, 1),
(163, 0, 1),
(164, 0, 1),
(165, 0, 1),
(166, 0, 1),
(167, 0, 1),
(168, 0, 1),
(169, 0, 1),
(170, 0, 1),
(171, 0, 1),
(172, 0, 1),
(173, 0, 1),
(174, 0, 1),
(175, 0, 1),
(176, 0, 1),
(177, 0, 1),
(178, 0, 1),
(179, 0, 1),
(180, 0, 1),
(181, 0, 1),
(182, 0, 1),
(183, 0, 1),
(184, 0, 1),
(185, 0, 1),
(186, 0, 1),
(187, 0, 1),
(188, 0, 1),
(189, 0, 1),
(190, 0, 1),
(191, 0, 1),
(192, 0, 1),
(193, 0, 1),
(194, 0, 1),
(195, 0, 1),
(196, 0, 1),
(197, 0, 1),
(198, 53, 1);

-- --------------------------------------------------------

--
-- Table structure for table `pspa_carrier_zone`
--

CREATE TABLE `pspa_carrier_zone` (
  `id_carrier` int(10) UNSIGNED NOT NULL,
  `id_zone` int(10) UNSIGNED NOT NULL
) ENGINE=InnoDB DEFAULT CHARSET=utf8;

--
-- Dumping data for table `pspa_carrier_zone`
--

INSERT INTO `pspa_carrier_zone` (`id_carrier`, `id_zone`) VALUES
(1, 1),
(2, 1),
(2, 2),
(3, 1),
(4, 1),
(5, 1),
(6, 1),
(7, 1),
(8, 1),
(9, 1),
(10, 1),
(11, 1),
(12, 1),
(13, 1),
(14, 9),
(14, 10),
(15, 1),
(16, 1),
(16, 9),
(16, 10),
(17, 9),
(17, 10),
(18, 1),
(18, 9),
(18, 10),
(19, 9),
(19, 10),
(20, 9),
(20, 10),
(21, 9),
(21, 10),
(22, 9),
(22, 10),
(23, 9),
(23, 10),
(24, 9),
(24, 10),
(24, 11),
(25, 9),
(26, 9),
(27, 9),
(27, 10),
(27, 11),
(28, 9),
(28, 10),
(28, 11),
(29, 9),
(29, 10),
(29, 11),
(30, 9),
(30, 10),
(30, 11),
(31, 9),
(31, 10),
(31, 11),
(32, 9),
(32, 10),
(32, 11),
(33, 1),
(33, 9),
(33, 10),
(33, 11),
(33, 12),
(34, 1),
(34, 9),
(34, 10),
(34, 11),
(34, 12),
(35, 1),
(35, 9),
(35, 10),
(35, 11),
(35, 12),
(36, 1),
(36, 9),
(36, 10),
(36, 11),
(36, 12),
(37, 1),
(37, 9),
(37, 10),
(37, 11),
(37, 12),
(38, 1),
(38, 9),
(38, 10),
(38, 11),
(38, 12),
(39, 1),
(39, 9),
(39, 10),
(39, 11),
(39, 12),
(40, 1),
(40, 9),
(40, 10),
(40, 11),
(40, 12),
(41, 1),
(41, 9),
(41, 10),
(41, 11),
(41, 12),
(42, 1),
(42, 9),
(42, 10),
(42, 11),
(42, 12),
(43, 1),
(43, 9),
(43, 10),
(43, 11),
(43, 12),
(44, 1),
(44, 9),
(44, 10),
(44, 11),
(44, 12),
(45, 1),
(45, 9),
(45, 10),
(45, 11),
(45, 12),
(46, 1),
(46, 9),
(46, 10),
(46, 11),
(46, 12),
(47, 1),
(47, 9),
(47, 10),
(47, 11),
(47, 12),
(48, 13),
(49, 13),
(50, 13),
(51, 13),
(52, 13),
(53, 13),
(54, 13),
(55, 13),
(56, 13),
(57, 13),
(58, 13),
(59, 13),
(60, 13),
(61, 13),
(62, 13),
(63, 13),
(64, 13),
(65, 13),
(66, 13),
(67, 13),
(68, 13),
(69, 13),
(70, 13),
(71, 13),
(72, 13),
(73, 13),
(74, 13),
(75, 13),
(76, 13),
(77, 13),
(78, 13),
(79, 13),
(80, 13),
(81, 13),
(82, 13),
(83, 13),
(84, 13),
(85, 13),
(86, 13),
(87, 13),
(88, 13),
(89, 13),
(90, 13),
(91, 13),
(92, 13),
(93, 13),
(94, 13),
(95, 13),
(96, 13),
(97, 13),
(98, 13),
(99, 13),
(100, 13),
(101, 13),
(102, 13),
(103, 13),
(104, 13),
(105, 13),
(106, 13),
(107, 13),
(108, 13),
(109, 13),
(110, 13),
(111, 13),
(112, 13),
(113, 13),
(114, 13),
(115, 13),
(116, 13),
(117, 13),
(118, 13),
(119, 13),
(120, 13),
(121, 13),
(122, 13),
(123, 13),
(124, 13),
(125, 13),
(126, 13),
(127, 13),
(128, 13),
(129, 13),
(130, 13),
(131, 13),
(132, 13),
(133, 13),
(134, 13),
(135, 13),
(136, 1),
(136, 9),
(136, 10),
(136, 11),
(136, 12),
(137, 1),
(137, 9),
(137, 10),
(137, 11),
(137, 12),
(138, 13),
(139, 1),
(139, 9),
(139, 10),
(139, 11),
(139, 12),
(140, 1),
(140, 9),
(140, 10),
(140, 11),
(140, 12),
(141, 13),
(142, 13),
(143, 13),
(144, 13),
(145, 13),
(146, 1),
(146, 9),
(146, 10),
(146, 11),
(146, 12),
(147, 1),
(147, 9),
(147, 10),
(147, 11),
(147, 12),
(148, 13),
(149, 13),
(150, 1),
(150, 9),
(150, 10),
(150, 11),
(150, 12),
(151, 13),
(152, 13),
(153, 13),
(154, 13),
(155, 13),
(156, 13),
(157, 1),
(157, 9),
(157, 10),
(157, 11),
(157, 12),
(158, 1),
(158, 9),
(158, 10),
(158, 11),
(158, 12),
(159, 13),
(160, 13),
(161, 13),
(162, 13),
(163, 1),
(163, 9),
(163, 10),
(163, 11),
(163, 12),
(164, 1),
(164, 9),
(164, 10),
(164, 11),
(164, 12),
(165, 1),
(165, 9),
(165, 10),
(165, 11),
(165, 12),
(166, 1),
(166, 9),
(166, 10),
(166, 11),
(166, 12),
(167, 13),
(168, 13),
(169, 13),
(170, 13),
(171, 13),
(172, 13),
(173, 13),
(174, 13),
(175, 13),
(176, 13),
(177, 13),
(178, 13),
(179, 1),
(179, 9),
(179, 10),
(179, 11),
(179, 12),
(180, 1),
(180, 9),
(180, 10),
(180, 11),
(180, 12),
(181, 1),
(181, 9),
(181, 10),
(181, 11),
(181, 12),
(193, 13),
(194, 13),
(195, 13),
(196, 13),
(197, 1),
(197, 9),
(197, 10),
(197, 11),
(197, 12),
(198, 9);

-- --------------------------------------------------------

--
-- Table structure for table `pspa_cart`
--

CREATE TABLE `pspa_cart` (
  `id_cart` int(10) UNSIGNED NOT NULL,
  `id_shop_group` int(11) UNSIGNED NOT NULL DEFAULT '1',
  `id_shop` int(11) UNSIGNED NOT NULL DEFAULT '1',
  `id_carrier` int(10) UNSIGNED NOT NULL,
  `delivery_option` text NOT NULL,
  `id_lang` int(10) UNSIGNED NOT NULL,
  `id_address_delivery` int(10) UNSIGNED NOT NULL,
  `id_address_invoice` int(10) UNSIGNED NOT NULL,
  `id_currency` int(10) UNSIGNED NOT NULL,
  `id_customer` int(10) UNSIGNED NOT NULL,
  `id_guest` int(10) UNSIGNED NOT NULL,
  `secure_key` varchar(32) NOT NULL DEFAULT '-1',
  `recyclable` tinyint(1) UNSIGNED NOT NULL DEFAULT '1',
  `gift` tinyint(1) UNSIGNED NOT NULL DEFAULT '0',
  `gift_message` text,
  `mobile_theme` tinyint(1) NOT NULL DEFAULT '0',
  `allow_seperated_package` tinyint(1) UNSIGNED NOT NULL DEFAULT '0',
  `date_add` datetime NOT NULL,
  `date_upd` datetime NOT NULL,
  `checkout_session_data` mediumtext
) ENGINE=InnoDB DEFAULT CHARSET=utf8;

--
-- Dumping data for table `pspa_cart`
--

INSERT INTO `pspa_cart` (`id_cart`, `id_shop_group`, `id_shop`, `id_carrier`, `delivery_option`, `id_lang`, `id_address_delivery`, `id_address_invoice`, `id_currency`, `id_customer`, `id_guest`, `secure_key`, `recyclable`, `gift`, `gift_message`, `mobile_theme`, `allow_seperated_package`, `date_add`, `date_upd`, `checkout_session_data`) VALUES
(5, 1, 1, 0, '', 3, 0, 0, 2, 3, 70, 'b88b2bf6976b8ba980b6746725ec5ab8', 0, 0, '', 0, 0, '2020-01-14 23:03:52', '2020-01-28 12:09:10', NULL),
(6, 1, 1, 0, '', 2, 0, 0, 2, 5, 681, '980b76dd0c8f9e806b8f06ae3e066aac', 0, 0, '', 0, 0, '2020-01-15 15:51:13', '2020-01-19 12:54:41', NULL),
(7, 1, 1, 0, '', 2, 0, 0, 2, 0, 712, '', 0, 0, '', 0, 0, '2020-01-15 22:11:18', '2020-01-15 22:11:50', NULL),
(8, 1, 1, 0, '', 2, 0, 0, 2, 1, 360, 'c86a70b51a3d001ccf6c3b09fb280ab0', 0, 0, '', 0, 0, '2020-01-16 17:46:20', '2020-04-02 13:49:40', NULL),
(9, 1, 1, 0, '', 2, 0, 0, 2, 0, 883, '', 0, 0, '', 0, 0, '2020-01-18 16:32:40', '2020-01-18 16:32:40', NULL),
(10, 1, 1, 0, '', 3, 0, 0, 2, 0, 1733, '', 0, 0, '', 1, 0, '2020-01-29 09:13:44', '2020-01-29 09:13:44', NULL),
(11, 1, 1, 0, '', 2, 13, 13, 2, 4, 547, '6349b6f00616392c7461826d17be9a1a', 0, 0, '', 0, 0, '2020-02-11 11:14:18', '2020-02-11 11:14:18', NULL),
(12, 1, 1, 0, '', 2, 0, 0, 2, 0, 1419, '', 0, 0, '', 0, 0, '2020-02-11 21:51:41', '2020-02-11 21:51:42', NULL),
(13, 1, 1, 0, '', 3, 0, 0, 2, 0, 2703, '', 0, 0, '', 0, 0, '2020-02-15 20:12:17', '2020-02-15 20:18:45', NULL),
(14, 1, 1, 0, '', 2, 0, 0, 2, 12, 2954, 'ccd8e568e5fa159198933175cb62e80f', 0, 0, '', 0, 0, '2020-02-21 18:05:49', '2020-04-09 20:46:12', NULL),
(15, 1, 1, 0, '', 2, 0, 0, 2, 0, 3057, '', 0, 0, '', 0, 0, '2020-02-23 20:28:51', '2020-02-23 20:29:27', NULL),
(16, 1, 1, 0, '', 3, 20, 20, 2, 14, 3194, '9bb44958afc629dd3179a425eab7179f', 0, 0, '', 0, 0, '2020-02-25 01:09:29', '2020-02-25 01:11:31', NULL),
(17, 1, 1, 0, '', 3, 19, 19, 2, 13, 3195, 'da3cc5e8a0d70385be0ee10aeb171208', 0, 0, '', 0, 0, '2020-02-25 01:09:37', '2020-02-25 01:11:31', NULL),
(18, 1, 1, 0, '', 2, 0, 0, 2, 0, 3238, '', 0, 0, '', 0, 0, '2020-02-26 07:43:24', '2020-02-26 07:43:40', NULL),
(19, 1, 1, 0, '', 2, 22, 22, 2, 16, 3345, 'ab023fd961ac9326d6e347fb054cc347', 0, 0, '', 0, 0, '2020-02-27 15:47:10', '2020-02-27 15:47:15', NULL),
(20, 1, 1, 0, '', 2, 23, 23, 2, 17, 3519, 'e9048dc6b7928c2dbf29a1fef322b7c5', 0, 0, '', 1, 0, '2020-02-29 14:40:28', '2020-02-29 14:59:43', NULL),
(21, 1, 1, 0, '', 2, 21, 21, 2, 15, 2911, 'd8631606a3bc044688d4859b17f339c0', 0, 0, '', 0, 0, '2020-02-29 19:21:24', '2020-02-29 19:21:24', NULL),
(22, 1, 1, 0, '', 3, 0, 0, 2, 0, 4232, '', 0, 0, '', 0, 0, '2020-03-10 23:30:13', '2020-03-10 23:37:12', NULL),
(23, 1, 1, 0, '', 2, 0, 0, 2, 0, 5243, '', 0, 0, '', 0, 0, '2020-03-22 16:29:55', '2020-03-22 16:36:34', NULL),
(24, 1, 1, 0, '', 2, 0, 0, 2, 0, 5778, '', 0, 0, '', 0, 0, '2020-03-27 11:44:46', '2020-03-27 11:45:19', NULL),
(25, 1, 1, 197, '{\"26\":\"197,\"}', 2, 26, 25, 2, 19, 5589, 'ea3ca522625fb0da90db7994aff864c5', 0, 0, '', 0, 0, '2020-03-28 16:17:39', '2020-03-28 16:28:58', NULL),
(26, 1, 1, 0, '', 2, 0, 0, 2, 0, 5848, '', 0, 0, '', 0, 0, '2020-03-28 18:36:44', '2020-03-28 18:37:02', NULL),
(28, 1, 1, 0, '', 2, 0, 0, 2, 20, 6334, '835ca8d6b6db3f8018b0329815aa64ef', 0, 0, '', 0, 0, '2020-03-31 22:42:27', '2020-04-09 21:02:37', NULL),
(29, 1, 1, 0, '', 3, 27, 27, 2, 21, 6514, 'd321d480a0fb9860957edd04a0da633a', 0, 0, '', 0, 0, '2020-04-01 13:30:51', '2020-04-01 13:32:30', NULL),
(30, 1, 1, 0, '', 3, 28, 28, 2, 22, 6515, 'd99a20ab356a0e256fe93d4357ba72f0', 0, 0, '', 0, 0, '2020-04-01 13:35:02', '2020-04-01 13:36:40', NULL),
(31, 1, 1, 0, '', 2, 0, 0, 2, 11, 6562, 'b7374c53d980dc8899a63a2b1762e12d', 0, 0, '', 0, 0, '2020-04-02 13:00:29', '2020-04-03 15:10:22', NULL),
(32, 1, 1, 197, '{\"29\":\"197,\"}', 2, 29, 29, 2, 23, 6783, '828e6ae76b998c4ee4c4bdd1989794fb', 0, 0, '', 0, 0, '2020-04-02 18:06:42', '2020-04-02 18:20:02', NULL),
(34, 1, 1, 0, '', 2, 0, 0, 2, 0, 6827, '', 0, 0, '', 1, 0, '2020-04-02 20:15:45', '2020-04-02 20:15:46', NULL),
(35, 1, 1, 0, '', 2, 0, 0, 2, 0, 6833, '', 0, 0, '', 1, 0, '2020-04-02 21:00:59', '2020-04-02 21:00:59', NULL),
(36, 1, 1, 0, '', 2, 0, 0, 2, 0, 7093, '', 0, 0, '', 0, 0, '2020-04-03 09:30:14', '2020-04-03 09:31:24', NULL),
(37, 1, 1, 0, '', 2, 0, 0, 2, 0, 7331, '', 0, 0, '', 0, 0, '2020-04-04 16:32:34', '2020-04-04 16:32:34', NULL),
(38, 1, 1, 0, '', 2, 0, 0, 2, 0, 7456, '', 0, 0, '', 0, 0, '2020-04-05 10:52:53', '2020-04-05 10:52:53', NULL),
(39, 1, 1, 0, '', 2, 0, 0, 2, 0, 7636, '', 0, 0, '', 0, 0, '2020-04-06 20:03:37', '2020-04-06 20:03:37', NULL),
(40, 1, 1, 0, '', 2, 0, 0, 2, 0, 7907, '', 0, 0, '', 0, 0, '2020-04-08 11:45:54', '2020-04-08 11:45:54', NULL),
(41, 1, 1, 0, '', 2, 0, 0, 2, 0, 8016, '', 0, 0, '', 1, 0, '2020-04-08 23:02:19', '2020-04-08 23:02:19', NULL),
(42, 1, 1, 0, '', 2, 0, 0, 2, 0, 8034, '', 0, 0, '', 1, 0, '2020-04-09 01:22:45', '2020-04-09 01:23:25', NULL),
(43, 1, 1, 0, '', 2, 44, 44, 2, 20, 8152, '835ca8d6b6db3f8018b0329815aa64ef', 0, 0, '', 0, 0, '2020-04-09 21:09:21', '2020-11-04 11:48:27', NULL),
(44, 1, 1, 197, '{\"33\":\"197,\"}', 2, 33, 33, 2, 26, 8243, '78f4fdd47490c32578705ac96429093b', 0, 0, '', 0, 0, '2020-04-10 16:03:20', '2020-04-10 16:07:03', NULL),
(45, 1, 1, 0, '', 2, 35, 35, 2, 28, 6824, 'bceeec7f53dbd752c157da06f927df88', 0, 0, '', 0, 0, '2020-04-13 12:56:41', '2020-10-03 21:44:16', NULL),
(46, 1, 1, 0, '', 2, 36, 36, 2, 23, 8636, '828e6ae76b998c4ee4c4bdd1989794fb', 0, 0, '', 0, 0, '2020-04-14 22:41:08', '2020-10-09 22:25:50', NULL),
(47, 1, 1, 0, '', 2, 0, 0, 2, 0, 9517, '', 0, 0, '', 0, 0, '2020-04-20 15:14:42', '2020-04-20 18:03:25', NULL),
(48, 1, 1, 0, '', 2, 0, 0, 2, 0, 9668, '', 0, 0, '', 0, 0, '2020-04-22 08:25:04', '2020-04-22 08:32:13', NULL),
(49, 1, 1, 0, '', 2, 0, 0, 2, 0, 9772, '', 0, 0, '', 0, 0, '2020-04-23 12:04:44', '2020-04-23 12:04:45', NULL),
(50, 1, 1, 0, '', 2, 38, 38, 2, 30, 9769, 'dd1300bbce4c62b3d851791f5d395b02', 0, 0, '', 0, 0, '2020-04-24 11:04:11', '2020-04-24 11:06:57', NULL),
(51, 1, 1, 0, '', 3, 0, 0, 2, 0, 9856, '', 0, 0, '', 0, 0, '2020-04-24 17:28:20', '2020-04-29 18:04:14', NULL),
(52, 1, 1, 0, '', 2, 0, 0, 2, 0, 9958, '', 0, 0, '', 0, 0, '2020-04-25 17:25:33', '2020-04-25 17:26:06', NULL),
(53, 1, 1, 0, '', 2, 0, 0, 2, 0, 9974, '', 0, 0, '', 1, 0, '2020-04-25 21:25:02', '2020-04-25 21:25:03', NULL),
(54, 1, 1, 0, '', 2, 0, 0, 2, 0, 10023, '', 0, 0, '', 0, 0, '2020-04-28 11:17:21', '2020-04-28 11:18:53', NULL),
(55, 1, 1, 0, '', 3, 39, 39, 2, 31, 10561, 'ba8a9a87ef42286f2e40d084997fd1a7', 0, 0, '', 0, 0, '2020-05-01 14:29:54', '2020-05-01 14:31:41', NULL),
(56, 1, 1, 0, '', 3, 40, 40, 2, 32, 10562, 'ad19d52589cbfd91328aaa9e024075d1', 0, 0, '', 0, 0, '2020-05-01 14:30:05', '2020-05-01 14:31:59', NULL),
(57, 1, 1, 0, '', 2, 0, 0, 2, 0, 11497, '', 0, 0, '', 0, 0, '2020-05-12 14:30:46', '2020-05-12 14:30:46', NULL),
(58, 1, 1, 0, '', 2, 0, 0, 2, 0, 12126, '', 0, 0, '', 0, 0, '2020-05-20 18:04:18', '2020-05-20 18:04:34', NULL),
(59, 1, 1, 0, '', 2, 0, 0, 2, 0, 12144, '', 0, 0, '', 0, 0, '2020-05-20 19:03:28', '2020-05-20 19:03:28', NULL),
(60, 1, 1, 0, '', 2, 0, 0, 2, 0, 12287, '', 0, 0, '', 0, 0, '2020-05-22 08:29:31', '2020-05-22 08:37:04', NULL),
(61, 1, 1, 0, '', 2, 0, 0, 2, 0, 12469, '', 0, 0, '', 0, 0, '2020-05-23 23:19:18', '2020-05-23 23:19:49', NULL),
(62, 1, 1, 0, '', 2, 0, 0, 2, 0, 12511, '', 0, 0, '', 0, 0, '2020-05-24 07:31:25', '2020-05-24 07:31:40', NULL),
(63, 1, 1, 197, '{\"36\":\"197,\"}', 2, 36, 36, 2, 23, 12987, '828e6ae76b998c4ee4c4bdd1989794fb', 0, 0, '', 0, 0, '2020-05-29 18:11:19', '2020-05-30 20:39:29', NULL),
(64, 1, 1, 0, '', 3, 0, 0, 2, 0, 13315, '', 0, 0, '', 0, 0, '2020-06-01 12:42:32', '2020-06-01 12:42:32', NULL),
(65, 1, 1, 0, '', 3, 0, 0, 2, 0, 13316, '', 0, 0, '', 0, 0, '2020-06-01 12:42:51', '2020-06-01 12:42:51', NULL),
(66, 1, 1, 0, '', 2, 0, 0, 2, 0, 13385, '', 0, 0, '', 1, 0, '2020-06-02 10:10:39', '2020-06-02 10:10:39', NULL),
(67, 1, 1, 0, '', 2, 0, 0, 2, 0, 13828, '', 0, 0, '', 1, 0, '2020-06-07 02:01:02', '2020-06-07 02:01:03', NULL),
(68, 1, 1, 197, '{\"36\":\"197,\"}', 2, 36, 36, 2, 23, 14277, '828e6ae76b998c4ee4c4bdd1989794fb', 0, 0, '', 0, 0, '2020-06-12 14:13:06', '2020-06-30 20:07:58', NULL),
(69, 1, 1, 0, '', 2, 0, 0, 2, 0, 14782, '', 0, 0, '', 1, 0, '2020-06-16 14:38:59', '2020-06-16 14:38:59', NULL),
(70, 1, 1, 0, '', 2, 0, 0, 2, 0, 14783, '', 0, 0, '', 0, 0, '2020-06-16 14:42:15', '2020-06-16 14:42:15', NULL),
(71, 1, 1, 0, '', 2, 0, 0, 2, 0, 14860, '', 0, 0, '', 0, 0, '2020-06-17 19:01:23', '2020-06-21 17:55:55', NULL),
(72, 1, 1, 0, '', 3, 0, 0, 2, 0, 15346, '', 0, 0, '', 0, 0, '2020-06-21 08:40:30', '2020-06-21 08:47:26', NULL),
(73, 1, 1, 0, '', 2, 0, 0, 2, 0, 15500, '', 0, 0, '', 1, 0, '2020-06-23 11:28:24', '2020-06-23 11:28:24', NULL),
(74, 1, 1, 0, '', 2, 0, 0, 2, 0, 15660, '', 0, 0, '', 0, 0, '2020-06-25 01:37:22', '2020-06-25 01:37:38', NULL),
(75, 1, 1, 0, '', 2, 0, 0, 2, 0, 15738, '', 0, 0, '', 1, 0, '2020-06-26 10:25:24', '2020-06-26 10:25:24', NULL),
(76, 1, 1, 0, '', 2, 0, 0, 2, 0, 16012, '', 0, 0, '', 0, 0, '2020-06-30 05:59:55', '2020-06-30 06:00:11', NULL),
(77, 1, 1, 197, '{\"42\":\"197,\"}', 2, 42, 42, 2, 34, 16442, 'd99017f12c764ff40efd61a0a1c20e1b', 0, 0, '', 0, 0, '2020-07-02 23:43:34', '2020-07-09 20:09:35', NULL),
(78, 1, 1, 0, '', 2, 0, 0, 2, 0, 16570, '', 0, 0, '', 0, 0, '2020-07-06 16:49:08', '2020-07-21 19:13:03', NULL),
(79, 1, 1, 198, '{\"43\":\"198,\"}', 3, 43, 43, 2, 35, 17125, '9a428e0312cf3c95948edf8fa9547065', 0, 0, '', 1, 0, '2020-07-09 15:10:20', '2020-07-09 15:15:13', NULL),
(80, 1, 1, 0, '', 3, 43, 43, 2, 35, 17285, '9a428e0312cf3c95948edf8fa9547065', 0, 0, '', 0, 0, '2020-07-10 10:35:38', '2020-07-10 10:35:38', NULL),
(81, 1, 1, 198, '{\"43\":\"198,\"}', 3, 43, 43, 2, 35, 17125, '9a428e0312cf3c95948edf8fa9547065', 0, 0, '', 1, 0, '2020-07-10 10:36:19', '2020-07-10 10:36:59', NULL),
(82, 1, 1, 0, '', 2, 0, 0, 2, 0, 17421, '', 0, 0, '', 1, 0, '2020-07-11 15:05:31', '2020-07-11 15:14:31', NULL),
(83, 1, 1, 197, '{\"42\":\"197,\"}', 2, 42, 42, 2, 34, 17582, 'd99017f12c764ff40efd61a0a1c20e1b', 0, 0, '', 0, 0, '2020-07-13 13:28:59', '2020-07-14 12:17:59', NULL),
(84, 1, 1, 0, '', 3, 0, 0, 2, 0, 19508, '', 0, 0, '', 0, 0, '2020-07-26 13:46:18', '2020-07-26 13:46:52', NULL),
(85, 1, 1, 0, '', 3, 0, 0, 2, 0, 19552, '', 0, 0, '', 0, 0, '2020-07-27 01:04:02', '2020-07-27 01:04:34', NULL),
(86, 1, 1, 0, '', 3, 0, 0, 2, 0, 19653, '', 0, 0, '', 0, 0, '2020-07-27 17:46:48', '2020-07-27 17:54:11', NULL),
(87, 1, 1, 0, '', 2, 0, 0, 2, 0, 20107, '', 0, 0, '', 1, 0, '2020-08-01 20:03:10', '2020-08-01 20:03:10', NULL),
(88, 1, 1, 0, '', 2, 0, 0, 2, 0, 20155, '', 0, 0, '', 0, 0, '2020-08-02 09:45:42', '2020-08-02 09:46:42', NULL),
(89, 1, 1, 0, '', 3, 0, 0, 2, 0, 20821, '', 0, 0, '', 0, 0, '2020-08-08 21:39:46', '2020-08-08 21:42:21', NULL),
(90, 1, 1, 0, '', 2, 0, 0, 2, 0, 22838, '', 0, 0, '', 0, 0, '2020-08-25 16:22:53', '2020-08-25 16:23:30', NULL),
(91, 1, 1, 197, '{\"46\":\"197,\"}', 2, 46, 46, 2, 37, 23391, '8599f6d9c852791310d2eb0c761c47e0', 0, 0, '', 0, 0, '2020-08-30 15:57:17', '2020-08-30 15:58:17', NULL),
(92, 1, 1, 0, '', 2, 0, 0, 2, 0, 23652, '', 0, 0, '', 1, 0, '2020-09-01 16:24:33', '2020-09-01 16:24:33', NULL),
(93, 1, 1, 0, '', 2, 0, 0, 2, 0, 24181, '', 0, 0, '', 1, 0, '2020-09-05 13:07:59', '2020-09-05 13:07:59', NULL),
(94, 1, 1, 0, '', 3, 0, 0, 2, 0, 24501, '', 0, 0, '', 0, 0, '2020-09-08 08:37:51', '2020-09-08 08:45:12', NULL),
(95, 1, 1, 0, '', 2, 0, 0, 2, 0, 25391, '', 0, 0, '', 0, 0, '2020-09-14 08:56:22', '2020-09-14 08:56:23', NULL),
(96, 1, 1, 0, '', 2, 0, 0, 2, 0, 26689, '', 0, 0, '', 0, 0, '2020-09-22 21:46:54', '2020-09-22 21:47:34', NULL),
(97, 1, 1, 0, '', 2, 0, 0, 2, 0, 27741, '', 0, 0, '', 1, 0, '2020-09-30 09:12:32', '2020-09-30 09:12:33', NULL),
(98, 1, 1, 0, '', 3, 0, 0, 2, 0, 28924, '', 0, 0, '', 0, 0, '2020-10-07 19:54:01', '2020-10-07 19:54:02', NULL),
(99, 1, 1, 197, '{\"47\":\"197,\"}', 2, 47, 47, 2, 38, 28928, '05a7d3737a8a207e5a41dc65e1fb2adb', 0, 0, '', 1, 0, '2020-10-08 16:00:40', '2020-10-08 16:07:16', NULL),
(100, 1, 1, 0, '', 2, 0, 0, 2, 0, 27337, '', 0, 0, '', 0, 0, '2020-10-09 22:19:33', '2020-10-09 22:21:47', NULL),
(101, 1, 1, 0, '', 2, 36, 36, 2, 23, 29208, '828e6ae76b998c4ee4c4bdd1989794fb', 0, 0, '', 0, 0, '2020-10-10 11:27:36', '2020-10-29 13:12:38', NULL),
(102, 1, 1, 197, '{\"48\":\"197,\"}', 2, 48, 48, 2, 39, 29489, '26f116db057ddca0e53f5fae43712b98', 0, 0, '', 1, 0, '2020-10-11 20:42:09', '2020-11-02 17:32:24', NULL),
(103, 1, 1, 197, '{\"49\":\"197,\"}', 2, 49, 49, 2, 19, 27826, 'ea3ca522625fb0da90db7994aff864c5', 0, 0, '', 0, 0, '2020-10-17 22:08:52', '2020-10-17 22:21:17', NULL),
(104, 1, 1, 0, '', 2, 25, 25, 2, 19, 30452, 'ea3ca522625fb0da90db7994aff864c5', 0, 0, '', 0, 0, '2020-10-18 12:44:31', '2020-10-19 20:22:56', NULL),
(105, 1, 1, 0, '', 3, 0, 0, 2, 0, 30924, '', 0, 0, '', 0, 0, '2020-10-22 10:42:20', '2020-10-22 10:42:20', NULL),
(106, 1, 1, 0, '', 2, 0, 0, 2, 0, 31468, '', 0, 0, '', 0, 0, '2020-10-26 20:24:22', '2020-10-26 20:24:22', NULL),
(107, 1, 1, 197, '{\"50\":\"197,\"}', 2, 50, 50, 2, 40, 31787, 'f43bd52e3d05ae5ee038320491b1577f', 0, 0, '', 0, 0, '2020-10-31 11:25:02', '2020-11-03 17:24:41', NULL),
(108, 1, 1, 0, '', 2, 0, 0, 2, 0, 31876, '', 0, 0, '', 0, 0, '2020-11-01 18:35:20', '2020-11-01 18:35:20', NULL),
(109, 1, 1, 198, '{\"48\":\"198,\"}', 2, 48, 48, 2, 39, 29489, '26f116db057ddca0e53f5fae43712b98', 0, 0, '', 0, 0, '2020-11-03 17:23:11', '2020-11-04 11:49:43', NULL),
(110, 1, 1, 197, '{\"50\":\"197,\"}', 2, 50, 50, 2, 40, 31787, 'f43bd52e3d05ae5ee038320491b1577f', 0, 0, '', 0, 0, '2020-11-04 11:41:25', '2020-11-04 11:44:05', NULL),
(111, 1, 1, 197, '{\"50\":\"197,\"}', 2, 50, 50, 2, 40, 31787, 'f43bd52e3d05ae5ee038320491b1577f', 0, 0, '', 0, 0, '2020-11-04 11:47:06', '2020-11-04 11:47:40', NULL),
(112, 1, 1, 0, '', 2, 0, 0, 2, 0, 32116, '', 0, 0, '', 0, 0, '2020-11-05 10:02:36', '2020-11-05 10:02:37', NULL),
(113, 1, 1, 0, '', 2, 0, 0, 2, 0, 32320, '', 0, 0, '', 0, 0, '2020-11-06 18:40:05', '2020-11-06 18:40:05', NULL);

-- --------------------------------------------------------

--
-- Table structure for table `pspa_cart_cart_rule`
--

CREATE TABLE `pspa_cart_cart_rule` (
  `id_cart` int(10) UNSIGNED NOT NULL,
  `id_cart_rule` int(10) UNSIGNED NOT NULL
) ENGINE=InnoDB DEFAULT CHARSET=utf8;

--
-- Dumping data for table `pspa_cart_cart_rule`
--

INSERT INTO `pspa_cart_cart_rule` (`id_cart`, `id_cart_rule`) VALUES
(63, 3),
(83, 3),
(103, 3),
(107, 3),
(110, 3),
(111, 3),
(25, 6);

-- --------------------------------------------------------

--
-- Table structure for table `pspa_cart_product`
--

CREATE TABLE `pspa_cart_product` (
  `id_cart` int(10) UNSIGNED NOT NULL,
  `id_product` int(10) UNSIGNED NOT NULL,
  `id_address_delivery` int(10) UNSIGNED NOT NULL DEFAULT '0',
  `id_shop` int(10) UNSIGNED NOT NULL DEFAULT '1',
  `id_product_attribute` int(10) UNSIGNED NOT NULL DEFAULT '0',
  `id_customization` int(10) NOT NULL DEFAULT '0',
  `quantity` int(10) UNSIGNED NOT NULL DEFAULT '0',
  `date_add` datetime NOT NULL
) ENGINE=InnoDB DEFAULT CHARSET=utf8;

--
-- Dumping data for table `pspa_cart_product`
--

INSERT INTO `pspa_cart_product` (`id_cart`, `id_product`, `id_address_delivery`, `id_shop`, `id_product_attribute`, `id_customization`, `quantity`, `date_add`) VALUES
(9, 9, 0, 1, 0, 0, 2, '2020-01-18 16:32:40'),
(10, 3, 0, 1, 0, 0, 12, '2020-01-29 09:13:44'),
(12, 2, 0, 1, 0, 0, 2, '2020-02-11 21:51:42'),
(13, 2, 0, 1, 0, 0, 1, '2020-02-15 20:14:09'),
(13, 3, 0, 1, 0, 0, 1, '2020-02-15 20:14:26'),
(13, 5, 0, 1, 0, 0, 1, '2020-02-15 20:13:18'),
(13, 7, 0, 1, 0, 0, 1, '2020-02-15 20:14:15'),
(13, 8, 0, 1, 0, 0, 1, '2020-02-15 20:13:41'),
(13, 9, 0, 1, 0, 0, 1, '2020-02-15 20:13:24'),
(16, 8, 20, 1, 0, 0, 2, '2020-02-25 02:10:37'),
(17, 3, 19, 1, 0, 0, 2, '2020-02-25 02:10:36'),
(18, 2, 0, 1, 0, 0, 1, '2020-02-26 07:43:34'),
(18, 3, 0, 1, 0, 0, 1, '2020-02-26 07:43:24'),
(18, 4, 0, 1, 0, 0, 1, '2020-02-26 07:43:26'),
(18, 5, 0, 1, 0, 0, 1, '2020-02-26 07:43:31'),
(18, 6, 0, 1, 0, 0, 1, '2020-02-26 07:43:36'),
(18, 7, 0, 1, 0, 0, 1, '2020-02-26 07:43:32'),
(18, 8, 0, 1, 0, 0, 1, '2020-02-26 07:43:29'),
(18, 9, 0, 1, 0, 0, 1, '2020-02-26 07:43:27'),
(19, 5, 22, 1, 0, 0, 1, '2020-02-27 15:47:10'),
(20, 3, 23, 1, 0, 0, 3, '2020-02-29 14:42:25'),
(20, 4, 23, 1, 0, 0, 1, '2020-02-29 14:44:20'),
(20, 8, 23, 1, 0, 0, 1, '2020-02-29 14:40:28'),
(20, 9, 23, 1, 0, 0, 1, '2020-02-29 14:41:36'),
(23, 2, 0, 1, 0, 0, 1, '2020-03-22 16:33:49'),
(23, 3, 0, 1, 0, 0, 1, '2020-03-22 16:32:45'),
(23, 4, 0, 1, 0, 0, 1, '2020-03-22 16:31:09'),
(23, 5, 0, 1, 0, 0, 1, '2020-03-22 16:31:43'),
(23, 6, 0, 1, 0, 0, 1, '2020-03-22 16:32:34'),
(23, 7, 0, 1, 0, 0, 1, '2020-03-22 16:33:19'),
(23, 9, 0, 1, 0, 0, 1, '2020-03-22 16:31:26'),
(25, 9, 26, 1, 0, 0, 2, '2020-03-28 17:24:58'),
(26, 2, 0, 1, 0, 0, 1, '2020-03-28 18:36:51'),
(26, 3, 0, 1, 0, 0, 1, '2020-03-28 18:36:50'),
(26, 4, 0, 1, 0, 0, 1, '2020-03-28 18:36:46'),
(26, 5, 0, 1, 0, 0, 1, '2020-03-28 18:36:53'),
(26, 6, 0, 1, 0, 0, 1, '2020-03-28 18:36:44'),
(26, 7, 0, 1, 0, 0, 1, '2020-03-28 18:36:55'),
(26, 8, 0, 1, 0, 0, 1, '2020-03-28 18:36:48'),
(26, 9, 0, 1, 0, 0, 1, '2020-03-28 18:36:57'),
(29, 9, 27, 1, 0, 0, 2, '2020-04-01 14:31:43'),
(30, 6, 28, 1, 0, 0, 2, '2020-04-01 14:35:53'),
(32, 2, 29, 1, 0, 0, 1, '2020-04-02 18:08:03'),
(32, 5, 29, 1, 0, 0, 1, '2020-04-02 18:10:02'),
(32, 6, 29, 1, 0, 0, 1, '2020-04-02 18:08:53'),
(32, 42, 29, 1, 0, 0, 1, '2020-04-02 18:06:42'),
(34, 2, 0, 1, 0, 0, 1, '2020-04-02 20:15:46'),
(35, 4, 0, 1, 0, 0, 1, '2020-04-02 21:00:59'),
(36, 2, 0, 1, 0, 0, 1, '2020-04-03 09:31:24'),
(36, 5, 0, 1, 0, 0, 1, '2020-04-03 09:30:14'),
(37, 6, 0, 1, 0, 0, 1, '2020-04-04 16:32:34'),
(38, 9, 0, 1, 0, 0, 2, '2020-04-05 10:52:53'),
(39, 4, 0, 1, 0, 0, 1, '2020-04-06 20:03:37'),
(40, 2, 0, 1, 0, 0, 1, '2020-04-08 11:45:54'),
(41, 6, 0, 1, 0, 0, 1, '2020-04-08 23:02:19'),
(42, 2, 0, 1, 0, 0, 2, '2020-04-09 02:23:25'),
(43, 3, 44, 1, 0, 0, 1, '2020-11-04 11:48:27'),
(44, 9, 33, 1, 0, 0, 1, '2020-04-10 16:03:20'),
(48, 2, 0, 1, 0, 0, 1, '2020-04-22 08:29:27'),
(48, 3, 0, 1, 0, 0, 1, '2020-04-22 08:28:00'),
(48, 5, 0, 1, 0, 0, 1, '2020-04-22 08:26:57'),
(48, 6, 0, 1, 0, 0, 1, '2020-04-22 08:27:49'),
(48, 7, 0, 1, 0, 0, 1, '2020-04-22 08:28:35'),
(48, 9, 0, 1, 0, 0, 1, '2020-04-22 08:26:40'),
(49, 4, 0, 1, 0, 0, 1, '2020-04-23 12:04:45'),
(50, 2, 38, 1, 0, 0, 1, '2020-04-24 11:04:11'),
(51, 7, 0, 1, 0, 0, 1, '2020-04-29 18:04:14'),
(53, 5, 0, 1, 0, 0, 1, '2020-04-25 21:25:03'),
(55, 6, 39, 1, 0, 0, 2, '2020-05-01 15:30:54'),
(56, 3, 40, 1, 0, 0, 2, '2020-05-01 15:31:05'),
(57, 2, 0, 1, 0, 0, 2, '2020-05-12 14:30:46'),
(58, 2, 0, 1, 0, 0, 1, '2020-05-20 18:04:28'),
(58, 3, 0, 1, 0, 0, 1, '2020-05-20 18:04:19'),
(58, 4, 0, 1, 0, 0, 1, '2020-05-20 18:04:20'),
(58, 5, 0, 1, 0, 0, 1, '2020-05-20 18:04:25'),
(58, 6, 0, 1, 0, 0, 1, '2020-05-20 18:04:29'),
(58, 7, 0, 1, 0, 0, 1, '2020-05-20 18:04:26'),
(58, 8, 0, 1, 0, 0, 1, '2020-05-20 18:04:23'),
(58, 9, 0, 1, 0, 0, 1, '2020-05-20 18:04:22'),
(59, 5, 0, 1, 0, 0, 2, '2020-05-20 19:03:28'),
(60, 2, 0, 1, 0, 0, 1, '2020-05-22 08:33:51'),
(60, 3, 0, 1, 0, 0, 1, '2020-05-22 08:32:25'),
(60, 5, 0, 1, 0, 0, 1, '2020-05-22 08:31:23'),
(60, 6, 0, 1, 0, 0, 1, '2020-05-22 08:32:14'),
(60, 7, 0, 1, 0, 0, 1, '2020-05-22 08:32:59'),
(60, 9, 0, 1, 0, 0, 1, '2020-05-22 08:31:06'),
(62, 2, 0, 1, 0, 0, 1, '2020-05-24 07:31:34'),
(62, 3, 0, 1, 0, 0, 1, '2020-05-24 07:31:25'),
(62, 4, 0, 1, 0, 0, 1, '2020-05-24 07:31:26'),
(62, 5, 0, 1, 0, 0, 1, '2020-05-24 07:31:31'),
(62, 6, 0, 1, 0, 0, 1, '2020-05-24 07:31:36'),
(62, 7, 0, 1, 0, 0, 1, '2020-05-24 07:31:32'),
(62, 8, 0, 1, 0, 0, 1, '2020-05-24 07:31:29'),
(62, 9, 0, 1, 0, 0, 1, '2020-05-24 07:31:28'),
(63, 4, 36, 1, 0, 0, 2, '2020-05-30 20:37:19'),
(63, 33, 36, 1, 0, 0, 1, '2020-05-30 20:38:10'),
(64, 8, 0, 1, 0, 0, 1, '2020-06-01 12:42:32'),
(65, 8, 0, 1, 0, 0, 1, '2020-06-01 12:42:51'),
(66, 9, 0, 1, 0, 0, 1, '2020-06-02 10:10:39'),
(67, 9, 0, 1, 0, 0, 1, '2020-06-07 02:01:03'),
(68, 5, 36, 1, 0, 0, 2, '2020-06-30 09:39:21'),
(68, 6, 36, 1, 0, 0, 2, '2020-06-30 09:39:01'),
(68, 42, 36, 1, 0, 0, 2, '2020-06-30 09:39:36'),
(69, 2, 0, 1, 0, 0, 1, '2020-06-16 14:38:59'),
(70, 3, 0, 1, 0, 0, 1, '2020-06-16 14:42:15'),
(71, 5, 0, 1, 0, 0, 2, '2020-06-21 17:55:55'),
(71, 6, 0, 1, 0, 0, 2, '2020-06-21 17:53:33'),
(71, 42, 0, 1, 0, 0, 2, '2020-06-21 17:54:13'),
(72, 2, 0, 1, 0, 0, 1, '2020-06-21 08:46:29'),
(72, 3, 0, 1, 0, 0, 1, '2020-06-21 08:42:40'),
(72, 4, 0, 1, 0, 0, 1, '2020-06-21 08:42:46'),
(72, 5, 0, 1, 0, 0, 1, '2020-06-21 08:41:43'),
(72, 6, 0, 1, 0, 0, 1, '2020-06-21 08:41:55'),
(72, 9, 0, 1, 0, 0, 2, '2020-06-21 09:47:26'),
(73, 7, 0, 1, 0, 0, 1, '2020-06-23 11:28:24'),
(74, 2, 0, 1, 0, 0, 1, '2020-06-25 01:37:32'),
(74, 3, 0, 1, 0, 0, 1, '2020-06-25 01:37:22'),
(74, 4, 0, 1, 0, 0, 1, '2020-06-25 01:37:24'),
(74, 5, 0, 1, 0, 0, 1, '2020-06-25 01:37:29'),
(74, 6, 0, 1, 0, 0, 1, '2020-06-25 01:37:33'),
(74, 7, 0, 1, 0, 0, 1, '2020-06-25 01:37:30'),
(74, 8, 0, 1, 0, 0, 1, '2020-06-25 01:37:27'),
(74, 9, 0, 1, 0, 0, 1, '2020-06-25 01:37:25'),
(75, 7, 0, 1, 0, 0, 1, '2020-06-26 10:25:24'),
(76, 2, 0, 1, 0, 0, 1, '2020-06-30 06:00:05'),
(76, 3, 0, 1, 0, 0, 1, '2020-06-30 05:59:55'),
(76, 4, 0, 1, 0, 0, 1, '2020-06-30 05:59:56'),
(76, 5, 0, 1, 0, 0, 1, '2020-06-30 06:00:02'),
(76, 6, 0, 1, 0, 0, 1, '2020-06-30 06:00:07'),
(76, 7, 0, 1, 0, 0, 1, '2020-06-30 06:00:04'),
(76, 8, 0, 1, 0, 0, 1, '2020-06-30 05:59:59'),
(76, 9, 0, 1, 0, 0, 1, '2020-06-30 05:59:58'),
(77, 2, 42, 1, 0, 0, 1, '2020-07-09 20:01:56'),
(77, 9, 42, 1, 0, 0, 1, '2020-07-09 19:59:02'),
(79, 5, 43, 1, 0, 0, 6, '2020-07-09 15:10:21'),
(81, 5, 43, 1, 0, 0, 6, '2020-07-10 10:36:19'),
(82, 2, 0, 1, 0, 0, 1, '2020-07-11 15:08:36'),
(82, 9, 0, 1, 0, 0, 1, '2020-07-11 15:07:37'),
(82, 42, 0, 1, 0, 0, 1, '2020-07-11 15:08:59'),
(82, 45, 0, 1, 0, 0, 3, '2020-07-11 16:13:41'),
(83, 2, 42, 1, 0, 0, 1, '2020-07-14 12:15:24'),
(83, 9, 42, 1, 0, 0, 1, '2020-07-14 12:14:45'),
(84, 7, 0, 1, 0, 0, 7, '2020-07-26 14:46:52'),
(85, 7, 0, 1, 0, 0, 9, '2020-07-27 02:04:34'),
(86, 2, 0, 1, 0, 0, 1, '2020-07-27 17:52:43'),
(86, 3, 0, 1, 0, 0, 1, '2020-07-27 17:49:09'),
(86, 4, 0, 1, 0, 0, 1, '2020-07-27 17:49:15'),
(86, 5, 0, 1, 0, 0, 1, '2020-07-27 17:48:04'),
(86, 6, 0, 1, 0, 0, 1, '2020-07-27 17:48:16'),
(87, 7, 0, 1, 0, 0, 1, '2020-08-01 20:03:10'),
(89, 7, 0, 1, 0, 0, 9, '2020-08-08 22:42:21'),
(91, 5, 46, 1, 0, 0, 6, '2020-08-30 15:57:17'),
(92, 3, 0, 1, 0, 0, 1, '2020-09-01 16:24:33'),
(93, 7, 0, 1, 0, 0, 30, '2020-09-05 13:07:59'),
(94, 2, 0, 1, 0, 0, 1, '2020-09-08 08:43:55'),
(94, 3, 0, 1, 0, 0, 1, '2020-09-08 08:40:11'),
(94, 4, 0, 1, 0, 0, 1, '2020-09-08 08:40:18'),
(94, 5, 0, 1, 0, 0, 1, '2020-09-08 08:39:06'),
(94, 6, 0, 1, 0, 0, 1, '2020-09-08 08:39:17'),
(95, 45, 0, 1, 0, 0, 1, '2020-09-14 08:56:23'),
(96, 42, 0, 1, 0, 0, 1, '2020-09-22 21:47:33'),
(96, 45, 0, 1, 0, 0, 1, '2020-09-22 21:47:34'),
(97, 33, 0, 1, 0, 0, 1, '2020-09-30 09:12:33'),
(98, 6, 0, 1, 0, 0, 2, '2020-10-07 19:54:01'),
(99, 4, 47, 1, 0, 0, 1, '2020-10-08 16:01:05'),
(99, 6, 47, 1, 0, 0, 1, '2020-10-08 16:01:19'),
(101, 35, 36, 1, 0, 0, 1, '2020-10-29 13:12:38'),
(102, 7, 48, 1, 0, 0, 1, '2020-11-02 17:23:14'),
(103, 2, 49, 1, 0, 0, 1, '2020-10-17 22:10:44'),
(103, 4, 49, 1, 0, 0, 1, '2020-10-17 22:10:24'),
(103, 8, 49, 1, 0, 0, 1, '2020-10-17 22:09:46'),
(103, 42, 49, 1, 0, 0, 2, '2020-10-17 22:10:58'),
(105, 2, 0, 1, 0, 0, 1, '2020-10-22 10:42:20'),
(106, 6, 0, 1, 0, 0, 1, '2020-10-26 20:24:22'),
(107, 7, 50, 1, 0, 0, 6, '2020-11-03 18:17:34'),
(108, 3, 0, 1, 0, 0, 1, '2020-11-01 18:35:20'),
(109, 3, 48, 1, 0, 0, 1, '2020-11-04 11:49:07'),
(110, 7, 50, 1, 0, 0, 6, '2020-11-04 11:41:25'),
(111, 7, 50, 1, 0, 0, 6, '2020-11-04 11:47:06'),
(112, 48, 0, 1, 0, 0, 1, '2020-11-05 10:02:36'),
(113, 48, 0, 1, 0, 0, 1, '2020-11-06 18:40:05');

-- --------------------------------------------------------

--
-- Table structure for table `pspa_cart_rule`
--

CREATE TABLE `pspa_cart_rule` (
  `id_cart_rule` int(10) UNSIGNED NOT NULL,
  `id_customer` int(10) UNSIGNED NOT NULL DEFAULT '0',
  `date_from` datetime NOT NULL,
  `date_to` datetime NOT NULL,
  `description` text,
  `quantity` int(10) UNSIGNED NOT NULL DEFAULT '0',
  `quantity_per_user` int(10) UNSIGNED NOT NULL DEFAULT '0',
  `priority` int(10) UNSIGNED NOT NULL DEFAULT '1',
  `partial_use` tinyint(1) UNSIGNED NOT NULL DEFAULT '0',
  `code` varchar(254) NOT NULL,
  `minimum_amount` decimal(17,2) NOT NULL DEFAULT '0.00',
  `minimum_amount_tax` tinyint(1) NOT NULL DEFAULT '0',
  `minimum_amount_currency` int(10) UNSIGNED NOT NULL DEFAULT '0',
  `minimum_amount_shipping` tinyint(1) NOT NULL DEFAULT '0',
  `country_restriction` tinyint(1) UNSIGNED NOT NULL DEFAULT '0',
  `carrier_restriction` tinyint(1) UNSIGNED NOT NULL DEFAULT '0',
  `group_restriction` tinyint(1) UNSIGNED NOT NULL DEFAULT '0',
  `cart_rule_restriction` tinyint(1) UNSIGNED NOT NULL DEFAULT '0',
  `product_restriction` tinyint(1) UNSIGNED NOT NULL DEFAULT '0',
  `shop_restriction` tinyint(1) UNSIGNED NOT NULL DEFAULT '0',
  `free_shipping` tinyint(1) NOT NULL DEFAULT '0',
  `reduction_percent` decimal(5,2) NOT NULL DEFAULT '0.00',
  `reduction_exclude_special` tinyint(1) UNSIGNED NOT NULL DEFAULT '0',
  `reduction_amount` decimal(17,2) NOT NULL DEFAULT '0.00',
  `reduction_tax` tinyint(1) UNSIGNED NOT NULL DEFAULT '0',
  `reduction_currency` int(10) UNSIGNED NOT NULL DEFAULT '0',
  `reduction_product` int(10) NOT NULL DEFAULT '0',
  `gift_product` int(10) UNSIGNED NOT NULL DEFAULT '0',
  `gift_product_attribute` int(10) UNSIGNED NOT NULL DEFAULT '0',
  `highlight` tinyint(1) UNSIGNED NOT NULL DEFAULT '0',
  `active` tinyint(1) UNSIGNED NOT NULL DEFAULT '0',
  `date_add` datetime NOT NULL,
  `date_upd` datetime NOT NULL
) ENGINE=InnoDB DEFAULT CHARSET=utf8;

--
-- Dumping data for table `pspa_cart_rule`
--

INSERT INTO `pspa_cart_rule` (`id_cart_rule`, `id_customer`, `date_from`, `date_to`, `description`, `quantity`, `quantity_per_user`, `priority`, `partial_use`, `code`, `minimum_amount`, `minimum_amount_tax`, `minimum_amount_currency`, `minimum_amount_shipping`, `country_restriction`, `carrier_restriction`, `group_restriction`, `cart_rule_restriction`, `product_restriction`, `shop_restriction`, `free_shipping`, `reduction_percent`, `reduction_exclude_special`, `reduction_amount`, `reduction_tax`, `reduction_currency`, `reduction_product`, `gift_product`, `gift_product_attribute`, `highlight`, `active`, `date_add`, `date_upd`) VALUES
(1, 5, '2020-01-01 14:00:00', '2020-06-30 19:00:00', 'Todos as pessoas se inscreverem no loja on-line, podem usar este código, que permitirá descontar 5 € em qualquer compra.', 1000, 1, 1, 0, 'ACV-Reg001', 12.00, 0, 2, 0, 0, 0, 1, 1, 0, 0, 0, 0.00, 0, 5.00, 1, 2, 0, 0, 0, 1, 1, '2020-01-01 12:44:59', '2020-04-29 19:09:08'),
(2, 0, '2020-01-01 18:00:00', '2020-09-26 18:00:00', 'O consumidor Habitual, logo com a entrada no grupo e também passado um ano em que se mantém nessa qualidade, ganha este voucher , que pode usar quando se inscreve num dos programas correspondente ao sábado de manhã que mais se adequa à sua disponibilidade.', 210, 1, 1, 0, '1ºRegCH', 0.00, 1, 2, 0, 0, 0, 1, 1, 1, 0, 0, 0.00, 0, 22.50, 1, 2, 0, 0, 0, 1, 1, '2020-01-01 18:29:38', '2020-01-02 10:16:01'),
(3, 0, '2020-01-01 19:00:00', '2020-12-31 19:00:00', 'Os clientes que forem integrados no Grupo Consumidor Habitual, Portugal Continental e Espanha, têm portes grátis.', 15, 20, 1, 0, 'PGCH01', 0.00, 0, 2, 0, 0, 0, 1, 1, 0, 0, 1, 0.00, 0, 0.00, 0, 2, 0, 0, 0, 1, 1, '2020-01-01 19:27:14', '2020-11-04 11:49:31'),
(4, 0, '2020-01-01 19:00:00', '2020-12-31 19:00:00', 'Aplicaremos um desconto de 5% para os clientes Considerados Consumidor Habitual das Ilhas e Europa, para equilibrar os do continente que têm portes grátis.', 1, 1, 1, 0, 'PGCHEI01', 0.00, 0, 2, 0, 0, 0, 1, 1, 1, 0, 0, 5.00, 0, 0.00, 0, 2, 0, 0, 0, 1, 1, '2020-01-01 20:00:35', '2020-01-02 12:00:51'),
(5, 0, '2020-01-02 00:00:00', '2020-12-31 19:00:00', 'Os portes dos envios para os parceiros/revendedores, são suportados por nós.', 4999, 52, 1, 0, 'PGR001', 51.00, 1, 2, 0, 0, 0, 1, 1, 0, 0, 1, 0.00, 0, 0.00, 0, 2, 0, 0, 0, 1, 1, '2020-01-02 00:31:50', '2020-01-02 11:02:55'),
(6, 0, '2020-01-02 01:00:00', '2020-06-30 19:00:00', 'Pack D.alice Branco 2017+ tinto 2017 e Pack Vinhos especiais Peculiar tinto 2017 + 1856 Branco 2016 e à Ânfora de Barro. 10% de desconto + oferta dos portes', 0, 1, 1, 0, 'LANC001', 75.00, 1, 2, 0, 0, 0, 1, 1, 1, 0, 1, 10.00, 0, 0.00, 0, 2, 0, 0, 0, 1, 1, '2020-01-02 01:57:09', '2020-04-29 18:46:55');

-- --------------------------------------------------------

--
-- Table structure for table `pspa_cart_rule_carrier`
--

CREATE TABLE `pspa_cart_rule_carrier` (
  `id_cart_rule` int(10) UNSIGNED NOT NULL,
  `id_carrier` int(10) UNSIGNED NOT NULL
) ENGINE=InnoDB DEFAULT CHARSET=utf8;

-- --------------------------------------------------------

--
-- Table structure for table `pspa_cart_rule_combination`
--

CREATE TABLE `pspa_cart_rule_combination` (
  `id_cart_rule_1` int(10) UNSIGNED NOT NULL,
  `id_cart_rule_2` int(10) UNSIGNED NOT NULL
) ENGINE=InnoDB DEFAULT CHARSET=utf8;

--
-- Dumping data for table `pspa_cart_rule_combination`
--

INSERT INTO `pspa_cart_rule_combination` (`id_cart_rule_1`, `id_cart_rule_2`) VALUES
(1, 2),
(1, 4),
(1, 6),
(3, 2),
(4, 2);

-- --------------------------------------------------------

--
-- Table structure for table `pspa_cart_rule_country`
--

CREATE TABLE `pspa_cart_rule_country` (
  `id_cart_rule` int(10) UNSIGNED NOT NULL,
  `id_country` int(10) UNSIGNED NOT NULL
) ENGINE=InnoDB DEFAULT CHARSET=utf8;

-- --------------------------------------------------------

--
-- Table structure for table `pspa_cart_rule_group`
--

CREATE TABLE `pspa_cart_rule_group` (
  `id_cart_rule` int(10) UNSIGNED NOT NULL,
  `id_group` int(10) UNSIGNED NOT NULL
) ENGINE=InnoDB DEFAULT CHARSET=utf8;

--
-- Dumping data for table `pspa_cart_rule_group`
--

INSERT INTO `pspa_cart_rule_group` (`id_cart_rule`, `id_group`) VALUES
(1, 1),
(1, 2),
(1, 3),
(2, 4),
(3, 4),
(5, 5),
(6, 1),
(6, 2),
(6, 3);

-- --------------------------------------------------------

--
-- Table structure for table `pspa_cart_rule_lang`
--

CREATE TABLE `pspa_cart_rule_lang` (
  `id_cart_rule` int(10) UNSIGNED NOT NULL,
  `id_lang` int(10) UNSIGNED NOT NULL,
  `name` varchar(254) NOT NULL
) ENGINE=InnoDB DEFAULT CHARSET=utf8;

--
-- Dumping data for table `pspa_cart_rule_lang`
--

INSERT INTO `pspa_cart_rule_lang` (`id_cart_rule`, `id_lang`, `name`) VALUES
(1, 2, '5 €, oferta de VOUCHER de registo'),
(2, 2, 'Programa Especial - Oferta Consumidor Habitual'),
(3, 2, 'Portes Gratis - Consumidor Habitual'),
(4, 2, 'Desconto nos Portes, CONSUMIDOR HABITUAL, Ilhas e Europa'),
(5, 2, 'Portes Gratis - Revenda'),
(6, 2, '10% desconto + portes, campanha lançamento Loja on-line');

-- --------------------------------------------------------

--
-- Table structure for table `pspa_cart_rule_product_rule`
--

CREATE TABLE `pspa_cart_rule_product_rule` (
  `id_product_rule` int(10) UNSIGNED NOT NULL,
  `id_product_rule_group` int(10) UNSIGNED NOT NULL,
  `type` enum('products','categories','attributes','manufacturers','suppliers') NOT NULL
) ENGINE=InnoDB DEFAULT CHARSET=utf8;

--
-- Dumping data for table `pspa_cart_rule_product_rule`
--

INSERT INTO `pspa_cart_rule_product_rule` (`id_product_rule`, `id_product_rule_group`, `type`) VALUES
(24, 24, 'categories'),
(26, 26, 'categories'),
(29, 29, 'products');

-- --------------------------------------------------------

--
-- Table structure for table `pspa_cart_rule_product_rule_group`
--

CREATE TABLE `pspa_cart_rule_product_rule_group` (
  `id_product_rule_group` int(10) UNSIGNED NOT NULL,
  `id_cart_rule` int(10) UNSIGNED NOT NULL,
  `quantity` int(10) UNSIGNED NOT NULL DEFAULT '1'
) ENGINE=InnoDB DEFAULT CHARSET=utf8;

--
-- Dumping data for table `pspa_cart_rule_product_rule_group`
--

INSERT INTO `pspa_cart_rule_product_rule_group` (`id_product_rule_group`, `id_cart_rule`, `quantity`) VALUES
(24, 2, 1),
(26, 4, 1),
(29, 6, 1);

-- --------------------------------------------------------

--
-- Table structure for table `pspa_cart_rule_product_rule_value`
--

CREATE TABLE `pspa_cart_rule_product_rule_value` (
  `id_product_rule` int(10) UNSIGNED NOT NULL,
  `id_item` int(10) UNSIGNED NOT NULL
) ENGINE=InnoDB DEFAULT CHARSET=utf8;

--
-- Dumping data for table `pspa_cart_rule_product_rule_value`
--

INSERT INTO `pspa_cart_rule_product_rule_value` (`id_product_rule`, `id_item`) VALUES
(24, 18),
(26, 12),
(29, 7),
(29, 8),
(29, 9);

-- --------------------------------------------------------

--
-- Table structure for table `pspa_cart_rule_shop`
--

CREATE TABLE `pspa_cart_rule_shop` (
  `id_cart_rule` int(10) UNSIGNED NOT NULL,
  `id_shop` int(10) UNSIGNED NOT NULL
) ENGINE=InnoDB DEFAULT CHARSET=utf8;

-- --------------------------------------------------------

--
-- Table structure for table `pspa_category`
--

CREATE TABLE `pspa_category` (
  `id_category` int(10) UNSIGNED NOT NULL,
  `id_parent` int(10) UNSIGNED NOT NULL,
  `id_shop_default` int(10) UNSIGNED NOT NULL DEFAULT '1',
  `level_depth` tinyint(3) UNSIGNED NOT NULL DEFAULT '0',
  `nleft` int(10) UNSIGNED NOT NULL DEFAULT '0',
  `nright` int(10) UNSIGNED NOT NULL DEFAULT '0',
  `active` tinyint(1) UNSIGNED NOT NULL DEFAULT '0',
  `date_add` datetime NOT NULL,
  `date_upd` datetime NOT NULL,
  `position` int(10) UNSIGNED NOT NULL DEFAULT '0',
  `is_root_category` tinyint(1) NOT NULL DEFAULT '0'
) ENGINE=InnoDB DEFAULT CHARSET=utf8;

--
-- Dumping data for table `pspa_category`
--

INSERT INTO `pspa_category` (`id_category`, `id_parent`, `id_shop_default`, `level_depth`, `nleft`, `nright`, `active`, `date_add`, `date_upd`, `position`, `is_root_category`) VALUES
(1, 0, 1, 0, 1, 18, 1, '2019-12-05 14:17:28', '2019-12-05 14:17:28', 0, 0),
(2, 1, 1, 1, 2, 17, 1, '2019-12-05 14:17:28', '2019-12-05 14:17:28', 0, 1),
(12, 2, 1, 2, 3, 4, 1, '2019-12-05 17:48:36', '2020-01-07 18:28:21', 0, 0),
(14, 2, 1, 2, 7, 8, 1, '2019-12-05 17:49:21', '2020-02-08 00:11:48', 2, 0),
(15, 2, 1, 2, 5, 6, 1, '2019-12-05 17:49:39', '2020-06-08 10:15:08', 1, 0),
(16, 2, 1, 2, 9, 10, 1, '2019-12-18 16:26:50', '2020-01-02 11:54:42', 3, 0),
(17, 2, 1, 2, 11, 12, 1, '2019-12-20 12:38:14', '2020-01-16 19:08:49', 4, 0),
(18, 2, 1, 2, 13, 14, 1, '2019-12-30 00:48:44', '2020-01-14 22:33:20', 5, 0),
(19, 2, 1, 2, 15, 16, 1, '2020-01-01 23:47:44', '2020-01-16 19:13:02', 6, 0);

-- --------------------------------------------------------

--
-- Table structure for table `pspa_category_group`
--

CREATE TABLE `pspa_category_group` (
  `id_category` int(10) UNSIGNED NOT NULL,
  `id_group` int(10) UNSIGNED NOT NULL
) ENGINE=InnoDB DEFAULT CHARSET=utf8;

--
-- Dumping data for table `pspa_category_group`
--

INSERT INTO `pspa_category_group` (`id_category`, `id_group`) VALUES
(2, 1),
(2, 2),
(2, 3),
(2, 4),
(2, 5),
(12, 1),
(12, 2),
(12, 3),
(12, 4),
(12, 5),
(14, 1),
(14, 2),
(14, 3),
(14, 4),
(14, 5),
(15, 1),
(15, 2),
(15, 3),
(15, 4),
(15, 5),
(16, 1),
(16, 2),
(16, 3),
(16, 4),
(16, 5),
(17, 1),
(17, 2),
(17, 3),
(17, 5),
(18, 4),
(19, 5);

-- --------------------------------------------------------

--
-- Table structure for table `pspa_category_lang`
--

CREATE TABLE `pspa_category_lang` (
  `id_category` int(10) UNSIGNED NOT NULL,
  `id_shop` int(11) UNSIGNED NOT NULL DEFAULT '1',
  `id_lang` int(10) UNSIGNED NOT NULL,
  `name` varchar(128) NOT NULL,
  `description` text,
  `link_rewrite` varchar(128) NOT NULL,
  `meta_title` varchar(255) DEFAULT NULL,
  `meta_keywords` varchar(255) DEFAULT NULL,
  `meta_description` varchar(512) DEFAULT NULL
) ENGINE=InnoDB DEFAULT CHARSET=utf8;

--
-- Dumping data for table `pspa_category_lang`
--

INSERT INTO `pspa_category_lang` (`id_category`, `id_shop`, `id_lang`, `name`, `description`, `link_rewrite`, `meta_title`, `meta_keywords`, `meta_description`) VALUES
(1, 1, 2, 'Root', '', 'root', '', '', ''),
(2, 1, 2, 'Home', '', 'home', '', '', ''),
(12, 1, 2, 'Vinhos', '<p><span><span><span>O processo de produção do vinho de talha é um sistema ancestral trazido para a Península Ibérica pelos Romanos. Onde a talha de barro tem uma dupla finalidade, a fermentação e a guarda-estagio-sedimentação do vinho. O essencial da vinificação em talha pouco mudou em mais de dois mil anos. Em traços gerais, as uvas são colocadas dentro das talhas e a fermentação ocorre espontaneamente.</span></span></span></p>\n<p><span><span><span>     Diz-se que algures na Geórgia (Cáucaso), aqui há mais ou menos 9 mil anos, alguém se esqueceu de um pote de barro com uvas esmagadas lá dentro, foi ver, provou, gostou era vinho.</span></span></span></p>\n<p><span><span><span>     Em Portugal, a principal região produtora de vinho de talha é o Alentejo, sendo Vila de Frades considerada a \"capital\" do vinho de talha. </span></span></span></p>\n<p><span><span><span>     O vinho de talha encontra-se regulamentado na CVRA, como vinho DOP Alentejo, e as normas exigem e a fiscalização comprova no local que o vinho de talha, para ser considerado como tal, só pode ser separado das massas no dia 11 de Novembro, ou depois. Nós ACV, em geral só separamos o líquidos massas nos finais de Dezembro.</span></span></span></p>\n<p><span><span><span>     Promovida pela Câmara Municipal da Vidigueira e com o envolvimento de 27 instituições, entre municípios do Alentejo e outras entidades, está a ser preparada, neste momento, a candidatura da produção do vinho de talha a Património Cultural Imaterial da UNESCO. No âmbito da candidatura e como o objetivo de promover e valorizar este produto o Centro Interpretativo do Vinho de Talha de Vila de Frades irá abrir as suas portas brevemente.</span></span></span></p>', 'vinhos', '', '', ''),
(14, 1, 2, 'Eventos, inscreva-se', '<p>Novidades Brevemente!</p>', 'eventos-inscreva-se', '', '', ''),
(15, 1, 2, 'Programas Enoturismo', '<p><span style=\"color:#3361e2;\"><strong>(Devido ao COVID-19, os programas de enoturismo encontram-se TEMPORARIAMENTE LIMITADOS!)</strong></span></p>\n<p>Aqui pode reservar lugar nas provas e degustações, assim como nos programas que temos preparados para conhecer o vinho de talha, a sua história e as suas caracteristicas enológicas. Conhecer as nossas vinhas e os 3 métodos de condução, desde as vinhas centenárias até aos mais atuais.</p>\n<p><span style=\"color:#2445a2;\"> <span style=\"color:#2c9ffd;\"><a href=\"https://vinhodetalha.com/loja/index.php?controller=contact\"><span style=\"color:#2c9ffd;\">Contacte-nos</span></a></span></span> Além destes programas que já temos previamente preparados, organizaremos outros à medida e de acordo com os interesses específicos dos clientes</p>\n<p></p>', 'programas-enoturismo', '', '', ''),
(16, 1, 2, 'Consumidor Habitual', '<h1 style=\"text-align:left;\">CONHEÇA AS VANTAGENS!     <img src=\"http://vinhodetalha.com/loja/img/cms/1_m.jpg\" alt=\"\" width=\"210\" height=\"140\" />     </h1>\n<h3> Caros amigos:</h3>\n<p><span style=\"color:#2c9ffd;\"><strong>Os Vinhos de Talha ACV são realmente vinhos HISTÓRICOS, NATURAIS E DE LONGEVIDADE GARANTIDA.</strong></span><br />Depois de conhecer os vinhos ACV, escolher cada um deles para acompanhar a comida preferida, ou para sublinhar o prolongamento da conversa<strong><em>, não mais se poderá esquecer deles.</em></strong><br />E se bebeu um pouco a mais, porque a conversa estava agradável e no dia seguinte se sente surpreendido porque não tem dor de cabeça, lembra-se que o vinho ACV, não só não criou qualquer má, mas sim <strong><em>uma boa disposição, então pode mesmo ficar fã</em></strong>, ficar CONSUMIDOR HABITUAL.</p>\n<p></p>\n<p><strong>Criámos assim o grupo fechado dos CONSUMIDORES HABITUAIS dos vinhos ACV. É justo que quem se torna fã dos nossos vinhos, tenha vantagens por isso.</strong></p>\n<p>Para ser admitido no grupo de CONSUMIDOR HABITUAL terá apenas que adquirir em média uma garrafa por mês.</p>\n<p></p>\n<p><span style=\"color:#2c9ffd;\"><strong>Vantagem para os CONSUMIDORES HABITUAIS:</strong></span></p>\n<p>Para ter direito às vantagens, deverá ter adquirido 3 garrafas nos últimos 3 meses.</p>\n<ul><li><em>Agora, no <strong>lançamento </strong>do grupo, quem adquirir pelo menos <strong>3 garrafas numa só compra,</strong> fica com o direito de entrada imediata no grupo de consumidor habitual.</em></li>\n<li><em>Tabela de preços especial para os membros do grupo CONSUMIDOR HABITUAL.</em></li>\n<li><em>Portes gratuitos nos envios para Portugal Continental e Espanha. Para as ilhas e estrangeiro, terão desconto equivalente nas despesas de envio.</em></li>\n<li><em>Por cada ano contínuo que se mantenha membro do grupo, terá direito a um voucher que lhe dá acesso gratuito ao nosso programa de enoturismo (vale no minimio 20€), INICIAÇÃO AO VINHO DE TALHA, em sessão a realizar especificamente para os membros, no 1º sábado de cada mês, de Março a Outubro</em></li>\n<li><em>Por altura das vindimas de 2020, vamos lançar um novo programa de enoturismo com os temas PARTICIPAR NAS VINDIMAS, MOER AS UVAS, ENCHER AS TALHAS. Para os membros do grupo serão disponibilizados preços substancialmente reduzidos</em></li>\n</ul><p><span style=\"color:#2c9ffd;\"><strong>Como vou ter acesso às vantagens?</strong></span></p>\n<p>Quando reunir as condições, a ACV vai ao seu registo, que pode já ter feito na loja on-line, e receberá um e-mail a comunicar que já tem acesso aos preços especiais. Se tiver conseguido as condições de acesso ao grupo, por compras de outra forma, então faremos com o seu nome e e-mail o seu registo na loja on-line e enviar-lhe-emos o seu acesso e pw, por email. A pw deve depois alterar.</p>\n<p>Para usufruir do programa de enoturismo que ganhou,<b><i> <a href=\"http://vinhodetalha.com/loja/index.php?controller=authentication&amp;back=my-account\">ENTRE COM O SEU LOGIN E PW</a></i></b><span style=\"color:#2c9ffd;\"><i> e use o código do voucher 1ºRegCH</i></span></p>\n<p></p>', 'consumidor-habitual', '', '', ''),
(17, 1, 2, 'Cliente Empresa', '<h3><span>Estimados parceiros, Como podem ver, a ACV integra na mesma pag web, a comunicação com o público e a comunicação com os seus clientes empresa.</span></h3>\n<h3><span>O nosso compromisso e inovação com os vinhos de talha, foi investigar e estabelecer os métodos adequados de engarrafar o vinho de talha sem que este perca as suas características particulares. Depois de diversos anos de investigação e experimentação, posso afirmar que conseguimos. Fica o desafio PROVEM O VINHO E VÃO PODER COMPROVAR.</span></h3>\n<h3><span>Para que o vinho ACV chegue aos 4 cantos do mundo, vamos precisar de uma dinâmica, interessada e alargada rede de parceiros. </span></h3>\n<h3><span>Os nossos profissionais, que acompanham os clientes empresa, terão a preocupação de o manter entusiasmado com os nossos vinhos.Os aspectos da logística das encomendas, preços para este canal, pagamentos e envios, está tudo aqui, para isso iremos enviar-lhe/entregar-lhe os códigos de acesso personalizado.</span></h3>', 'cliente-empresa', '', '', 'Aqui é a lista'),
(18, 1, 2, 'OFERTAS, CONSUMIDOR HABITUAL', '<p>Esta categoria destina-se a colocar os programas do 1º sábado de cada mês, de Abril a Outubro, em que os Clientes que adquiriram a condição de CONSUMIDOR HABITUAL, possam fazer a sua inscrição, usando o código do voucher <span style=\"color:#2c9ffd;\">1ºRegCH</span>. Se pretende inscrever para a mesma data e o mesmo programa acompanhantes seus, deve colocar na linha de quantidade o nº total de pessoas que se inscrevem e no pagamento vai apenas conseguir descontar os 22,5 € do seu voucher.</p>', 'ofertas-consumidor-habitual', '', '', ''),
(19, 1, 2, 'Preços para as Empresas', '<h2>Estimados parceiros, basta clicar(carregar) para o carrinho os produtos que precisam e as respectivas quantidades e pagar. As aquisições feitas até <span style=\"color:#2c9ffd;\">terça-feira às 9:00 horas</span>, são preparadas no próprio dia, a transportadora recolhe no dia seguinte e na <span style=\"color:#7cd320;\">quinta</span> estão a receber a mercadoria. </h2>', 'precos-para-as-empresas', '', '', '');

-- --------------------------------------------------------

--
-- Table structure for table `pspa_category_product`
--

CREATE TABLE `pspa_category_product` (
  `id_category` int(10) UNSIGNED NOT NULL,
  `id_product` int(10) UNSIGNED NOT NULL,
  `position` int(10) UNSIGNED NOT NULL DEFAULT '0'
) ENGINE=InnoDB DEFAULT CHARSET=utf8;

--
-- Dumping data for table `pspa_category_product`
--

INSERT INTO `pspa_category_product` (`id_category`, `id_product`, `position`) VALUES
(2, 2, 0),
(2, 3, 1),
(2, 4, 2),
(2, 5, 3),
(2, 6, 4),
(2, 7, 5),
(2, 8, 6),
(2, 9, 7),
(2, 10, 8),
(2, 11, 9),
(2, 33, 10),
(2, 35, 11),
(2, 36, 12),
(2, 34, 13),
(2, 37, 14),
(2, 38, 15),
(2, 40, 16),
(2, 42, 17),
(2, 45, 18),
(2, 50, 19),
(2, 51, 20),
(2, 52, 21),
(2, 53, 22),
(2, 54, 23),
(2, 55, 24),
(2, 48, 25),
(12, 3, 0),
(12, 4, 1),
(12, 6, 2),
(12, 8, 3),
(12, 9, 4),
(12, 2, 5),
(12, 5, 6),
(12, 7, 7),
(12, 42, 8),
(12, 45, 9),
(12, 54, 10),
(14, 40, 0),
(15, 10, 0),
(15, 11, 1),
(15, 46, 2),
(15, 47, 3),
(15, 48, 4),
(15, 49, 5),
(19, 33, 0),
(19, 37, 1),
(19, 34, 2),
(19, 35, 3),
(19, 36, 4),
(19, 38, 5),
(19, 44, 6);

-- --------------------------------------------------------

--
-- Table structure for table `pspa_category_shop`
--

CREATE TABLE `pspa_category_shop` (
  `id_category` int(11) NOT NULL,
  `id_shop` int(11) NOT NULL,
  `position` int(10) UNSIGNED NOT NULL DEFAULT '0'
) ENGINE=InnoDB DEFAULT CHARSET=utf8;

--
-- Dumping data for table `pspa_category_shop`
--

INSERT INTO `pspa_category_shop` (`id_category`, `id_shop`, `position`) VALUES
(1, 1, 0),
(2, 1, 0),
(12, 1, 0),
(14, 1, 2),
(15, 1, 1),
(16, 1, 3),
(17, 1, 4),
(18, 1, 5),
(19, 1, 6);

-- --------------------------------------------------------

--
-- Table structure for table `pspa_cms`
--

CREATE TABLE `pspa_cms` (
  `id_cms` int(10) UNSIGNED NOT NULL,
  `id_cms_category` int(10) UNSIGNED NOT NULL,
  `position` int(10) UNSIGNED NOT NULL DEFAULT '0',
  `active` tinyint(1) UNSIGNED NOT NULL DEFAULT '0',
  `indexation` tinyint(1) UNSIGNED NOT NULL DEFAULT '1'
) ENGINE=InnoDB DEFAULT CHARSET=utf8;

--
-- Dumping data for table `pspa_cms`
--

INSERT INTO `pspa_cms` (`id_cms`, `id_cms_category`, `position`, `active`, `indexation`) VALUES
(1, 1, 0, 1, 0),
(4, 1, 1, 1, 0),
(5, 1, 2, 1, 0);

-- --------------------------------------------------------

--
-- Table structure for table `pspa_cms_block`
--

CREATE TABLE `pspa_cms_block` (
  `id_cms_block` int(10) UNSIGNED NOT NULL,
  `id_cms_category` int(10) UNSIGNED NOT NULL,
  `location` tinyint(1) UNSIGNED NOT NULL,
  `position` int(10) UNSIGNED NOT NULL DEFAULT '0',
  `display_store` tinyint(1) UNSIGNED NOT NULL DEFAULT '1'
) ENGINE=InnoDB DEFAULT CHARSET=utf8;

--
-- Dumping data for table `pspa_cms_block`
--

INSERT INTO `pspa_cms_block` (`id_cms_block`, `id_cms_category`, `location`, `position`, `display_store`) VALUES
(1, 1, 0, 1, 1);

-- --------------------------------------------------------

--
-- Table structure for table `pspa_cms_block_lang`
--

CREATE TABLE `pspa_cms_block_lang` (
  `id_cms_block` int(10) UNSIGNED NOT NULL,
  `id_lang` int(10) UNSIGNED NOT NULL,
  `name` varchar(40) NOT NULL DEFAULT ''
) ENGINE=InnoDB DEFAULT CHARSET=utf8;

--
-- Dumping data for table `pspa_cms_block_lang`
--

INSERT INTO `pspa_cms_block_lang` (`id_cms_block`, `id_lang`, `name`) VALUES
(1, 2, 'Informações');

-- --------------------------------------------------------

--
-- Table structure for table `pspa_cms_block_page`
--

CREATE TABLE `pspa_cms_block_page` (
  `id_cms_block_page` int(10) UNSIGNED NOT NULL,
  `id_cms_block` int(10) UNSIGNED NOT NULL,
  `id_cms` int(10) UNSIGNED NOT NULL,
  `is_category` tinyint(1) UNSIGNED NOT NULL
) ENGINE=InnoDB DEFAULT CHARSET=utf8;

--
-- Dumping data for table `pspa_cms_block_page`
--

INSERT INTO `pspa_cms_block_page` (`id_cms_block_page`, `id_cms_block`, `id_cms`, `is_category`) VALUES
(6, 1, 1, 0),
(7, 1, 4, 0),
(8, 1, 5, 0);

-- --------------------------------------------------------

--
-- Table structure for table `pspa_cms_block_shop`
--

CREATE TABLE `pspa_cms_block_shop` (
  `id_cms_block` int(10) UNSIGNED NOT NULL,
  `id_shop` int(10) UNSIGNED NOT NULL
) ENGINE=InnoDB DEFAULT CHARSET=utf8;

--
-- Dumping data for table `pspa_cms_block_shop`
--

INSERT INTO `pspa_cms_block_shop` (`id_cms_block`, `id_shop`) VALUES
(1, 1);

-- --------------------------------------------------------

--
-- Table structure for table `pspa_cms_category`
--

CREATE TABLE `pspa_cms_category` (
  `id_cms_category` int(10) UNSIGNED NOT NULL,
  `id_parent` int(10) UNSIGNED NOT NULL,
  `level_depth` tinyint(3) UNSIGNED NOT NULL DEFAULT '0',
  `active` tinyint(1) UNSIGNED NOT NULL DEFAULT '0',
  `date_add` datetime NOT NULL,
  `date_upd` datetime NOT NULL,
  `position` int(10) UNSIGNED NOT NULL DEFAULT '0'
) ENGINE=InnoDB DEFAULT CHARSET=utf8;

--
-- Dumping data for table `pspa_cms_category`
--

INSERT INTO `pspa_cms_category` (`id_cms_category`, `id_parent`, `level_depth`, `active`, `date_add`, `date_upd`, `position`) VALUES
(1, 0, 1, 1, '2019-12-05 14:17:28', '2019-12-05 14:17:28', 0),
(2, 1, 2, 1, '2019-12-06 09:03:53', '2020-11-14 17:33:38', 0);

-- --------------------------------------------------------

--
-- Table structure for table `pspa_cms_category_lang`
--

CREATE TABLE `pspa_cms_category_lang` (
  `id_cms_category` int(10) UNSIGNED NOT NULL,
  `id_lang` int(10) UNSIGNED NOT NULL,
  `id_shop` int(10) UNSIGNED NOT NULL DEFAULT '1',
  `name` varchar(128) NOT NULL,
  `description` text,
  `link_rewrite` varchar(128) NOT NULL,
  `meta_title` varchar(255) DEFAULT NULL,
  `meta_keywords` varchar(255) DEFAULT NULL,
  `meta_description` varchar(512) DEFAULT NULL
) ENGINE=InnoDB DEFAULT CHARSET=utf8;

--
-- Dumping data for table `pspa_cms_category_lang`
--

INSERT INTO `pspa_cms_category_lang` (`id_cms_category`, `id_lang`, `id_shop`, `name`, `description`, `link_rewrite`, `meta_title`, `meta_keywords`, `meta_description`) VALUES
(1, 2, 1, 'Home', '', 'home', '', '', ''),
(2, 2, 1, 'Produtos', '', 'produtos', '', '', '');

-- --------------------------------------------------------

--
-- Table structure for table `pspa_cms_category_shop`
--

CREATE TABLE `pspa_cms_category_shop` (
  `id_cms_category` int(10) UNSIGNED NOT NULL,
  `id_shop` int(11) UNSIGNED NOT NULL
) ENGINE=InnoDB DEFAULT CHARSET=utf8;

--
-- Dumping data for table `pspa_cms_category_shop`
--

INSERT INTO `pspa_cms_category_shop` (`id_cms_category`, `id_shop`) VALUES
(1, 1),
(2, 1);

-- --------------------------------------------------------

--
-- Table structure for table `pspa_cms_lang`
--

CREATE TABLE `pspa_cms_lang` (
  `id_cms` int(10) UNSIGNED NOT NULL,
  `id_lang` int(10) UNSIGNED NOT NULL,
  `id_shop` int(10) UNSIGNED NOT NULL DEFAULT '1',
  `meta_title` varchar(255) NOT NULL,
  `head_seo_title` varchar(255) DEFAULT NULL,
  `meta_description` varchar(512) DEFAULT NULL,
  `meta_keywords` varchar(255) DEFAULT NULL,
  `content` longtext,
  `link_rewrite` varchar(128) NOT NULL
) ENGINE=InnoDB DEFAULT CHARSET=utf8;

--
-- Dumping data for table `pspa_cms_lang`
--

INSERT INTO `pspa_cms_lang` (`id_cms`, `id_lang`, `id_shop`, `meta_title`, `head_seo_title`, `meta_description`, `meta_keywords`, `content`, `link_rewrite`) VALUES
(1, 2, 1, 'Entregas e Devoluções', NULL, 'Termos e Condições de entrega', '', '<h1>Termos e Condições</h1>\n<div class=\"freecontent\">\n<p>Por favor leia atentamente os presentes Termos e Condições, que se destinam a regular a compra de produtos e a prestação de serviços na Loja ACV - Vinhos de Talha, a loja online da ACV - Produção e Comércio de Vinhos de Talha, Lda, com sede na Rua Frei Amador Arrais nº9, Loja 4, 7800-491 Beja, com o NIF/NIPC 513442340, a seguir designada por Loja ACV - Vinhos de Talha.</p>\n<h2>1. Idade legal para efectuar compras</h2>\n<p>Ao realizar compras na Loja ACV - Vinhos de Talha o utilizador declara ter idade legal para adquirir bebidas alcoólicas no seu país de origem, bem como não ter qualquer outro impedimento legal para adquirir bebidas alcoólicas.</p>\n<h2>2. Exactidão e atualização de informação</h2>\n<p>A ACV - Vinhos de Talha fará todos os possíveis para que os produtos, preços e demais conteúdos desta loja online estejam sempre exactos.<br /><br />Caso em alguma circunstância não seja possível disponibilizar algum dos produtos solicitados pelo cliente, ou alguma informação esteja inexacta ou desatualizada, seja por erro humano ou falha informática, a ACV - Vinhos de Talha entrará em contacto com o cliente por email ou telefone, e este terá a possibilidade decidir se quer alterar ou anular a encomenda, recebendo o respectivo reembolso no caso de já ter efetuado o pagamento.<br /><br />A ACV - Vinhos de Talha reserva-se o direito de alterar, sem aviso prévio e a qualquer momento, todos os conteúdos desta loja online, incluindo produtos, preços, promoções, serviços e condições comerciais e de utilização.<br /><br />As imagens que ilustram cada produto na loja ACV - Vinhos de Talha podem diferir do produto entregue.<br /><br />Qualquer dos produtos apresentados nesta loja online está sujeito a rupturas de stock. No caso de existir ruptura de stock em algum produto encomendado, a ACV - Vinhos de Talha contactará o cliente, informando a situação e propondo alternativas. O cliente poderá então decidir alterar ou anular a encomenda, recebendo o respectivo reembolso no caso de já ter pago.<br /><br />Ao abrigo da legislação portuguesa, todos os preços apresentados pela Loja ACV - Vinhos de Talha incluem as respetivas taxas de IVA em vigor.<br />As promoções constantes na Loja ACV - Vinhos de Talha podem não se aplicar às lojas físicas onde os nossos vinhos estejam presentes.</p>\n<h2>3. Encomendas, Pagamentos e Portes de Envio</h2>\n<p><strong>3.1. - Encomendas</strong><br /><br />Após a finalização da encomenda o cliente recebe um email de confirmação, no endereço de email que tiver fornecido, com os detalhes dos produtos escolhidos, pagamentos e portes. Recomendamos que confirme todas as informações, de forma a evitar erros. Caso não receba este email de confirmação, ou no caso de verificar algum dado errado ou impreciso, ou ainda se pretender fazer alguma alteração, deve entrar imediatamente em contacto com a ACV - Vinhos de Talha através dos seguintes contactos: (+351) 935 109 541 ou (+351) 284 329 052 ou geral@vinhodetalha.pt. No caso de a encomenda já ter sido expedida, a situação terá de ser analisada pela ACV - Vinhos de Talha de forma a encontrar uma solução.<br /><br />Quando alguma encomenda não puder ser satisfeita, em parte ou na totalidade, a ACV - Vinhos de Talha entrará em contacto com o cliente de forma a encontrar a melhor solução.<br /><br />O cliente pode cancelar a encomenda antes de esta ser expedida, contactando a ACV - Vinhos de Talha através dos seguintes contactos: (+351) 935 109 541 ou (+351) 284 329 052 ou geral@vinhodetalha.pt.<br /><br />No caso de o cliente já ter procedido ao pagamento da encomenda, e caso esta ainda não tenha sido expedida, a ACV - Vinhos de Talha restituirá ao cliente a totalidade do montante pago. No caso de o cliente pretender cancelar a encomenda após esta já ter sido expedida, o valor restituído será abatido dos portes de envio e retorno da mesma, ou seja 2 (duas) vezes os portes de envio pagos.<br /><br />Qualquer encomenda só é processada após o seu pagamento, excepto as encomendas com opção de levantamento e pagamento Adega da ACV - Vinhos de Talha, em Vila de Frades.<br /><br />No caso do pagamento por transferência bancária, o envio do comprovativo de transferência é considerado uma informação não vinculativa, pelo que a encomenda só será processada após a disponibilidade dos valores transferidos na conta bancária da ACV - Vinhos de Talha, o que demora geralmente 1 a 5 dias úteis.<br /><br />Todas as encomendas feitas na Loja ACV - Vinhos de Talha cujo pagamento não tenha sido efectuado no prazo máximo de 15 dias serão canceladas.</p>\n<p><strong>3.2. Pagamentos</strong><br /><br />A Loja ACV - Vinhos de Talha aceita os seguintes meios de pagamento:<br />- Referência Multibanco;<br />- Transferência bancária;<br />- Directamente na nossa adega;<br /><br />A moeda usada para pagamentos é o Euro. Quaisquer taxas de conversão de pagamentos feitos noutras moedas serão sempre suportadas pelo cliente.</p>\n<p><strong>3.3. Portes de envio</strong><br /><br />Ao preço de cada produto acresce o valor dos portes de envio, que é calculado tendo em conta o peso da encomenda e o seu destino de entrega. O cliente poderá simular o valor dos portes no carrinho de compras, adicionando os produtos pretendidos e preenchendo os campos necessários indicados (País, Código Postal e Método de Pagamento).<br />O valor dos portes surge também de forma automática no final da compra.</p>\n<h2>4. Entregas</h2>\n<p><strong>4.1 Tempo indicativo de trânsito das encomendas</strong><br /><br />Após o processamento e expedição das encomendas, a entrega demora em média (tempo estimado):</p>\n<p>- Beja: no mesmo dia ou no dia seguinte;</p>\n<p>- Portugal Continental: 2 dias úteis;</p>\n<p>- Açores e Madeira: 5 a 10 dias úteis;</p>\n<p>- Europa: 4 a 10 dias úteis;</p>\n<p>- Resto do Mundo: sob consulta.</p>\n<p><br />Estes tempos de entrega são meramente indicativos, podendo variar devido a ocorrências alheias à ACV - Vinhos de Talha.<br /><br />Após a expedição da encomenda, o cliente recebe um email informando o número do envio e um link para seguimento da sua encomenda. Caso não receba este email, após consultar a sua pasta de Spam, deverá contactar a ACV - Vinhos de Talha pelos seguintes contactos: (+351) 935 109 541 ou (+351) 284 329 052 ou geral@vinhodetalha.pt, para que seja reenviado o email.</p>\n<p><strong>4.2. Link para seguimento das encomendas</strong><br /><br />Recomendamos que faça o seguimento da sua encomenda através do link e do número de envio fornecidos, de forma a manter-se informado sobre o estado de da sua encomenda até à entrega, pois a ACV - Vinhos de Talha por regra não notifica os clientes a cada alteração de estado do envio.</p>\n<p><strong>4.3. Como se processam as entregas</strong><br /><br />As encomendas da Loja ACV - Vinhos de Talha são enviadas através de transportadoras, isto é, empresas especializadas no transporte de mercadorias.<br /><br />Por regra a transportadora apenas faz uma tentativa de entrega na morada do cliente, pelo que recomendamos a escolha de uma morada de entrega em que se encontre sempre alguém para receber a encomenda. No caso de não se encontrar na morada aquando da entrega, será notificado por telefone e/ou via postal a fim de saber como proceder ao levantamento da sua encomenda na loja mais perto da sua morada.<br /><br />A transportadora só procede a entregas em dias úteis e em horário laboral, não sendo possível agendar entregas com hora ou dia marcados, nem aos fins de semana ou feriados.</p>\n<p><strong>4.4. Verificação da encomenda à chegada / danos nos produtos</strong><br /><br />No acto da recepção, o cliente deve verificar de imediato os produtos recebidos.<br /><br />No caso de a encomenda chegar danificada (partida), deve devolvê-la no mesmo momento à transportadora, justificando o motivo da devolução na guia da transportadora. De seguida deve contactar a ACV - Vinhos de Talha através dos seguintes contactos: (+351) 935 109 541 ou (+351) 284 329 052 ou geral@vinhodetalha.pt, para que possamos solucionar a situação com a maior brevidade possível.<br /><br />Caso constate alguma anomalia após a entrega, deve contactar imediatamente a ACV - Vinhos de Talha, indicando o número da encomenda e anexando imagens da embalagem e dos artigos, tal como chegaram, para que possamos averiguar averiguar e solucionar a situação com a maior brevidade possível.</p>\n<p><strong>4.5. Cumprimento dos prazos de entrega</strong><br /><br />Para as entregas em Portugal e nos restantes países, a ACV - Vinhos de Talha contrata os serviços de transporte a empresas idóneas e responsáveis, com vários anos de experiência no sector. O cumprimento dos prazos de entrega é uma prioridade; no entanto, podem ocorrer situações alheias à vontade da ACV - Vinhos de Talha que resultem em atrasos no cumprimento dos prazos indicativos apresentados, e pelos quais a ACV - Vinhos de Talha não pode ser responsabilizada.<br /><br />Recomendamos que efectue as suas encomendas com antecedência, de forma a ser possível colmatar algum eventual atraso na entrega, especialmente em alturas festivas, quando o volume de encomendas é geralmente maior.</p>\n<p>A ACV - Vinhos de Talha não se responsabiliza pelo envio de encomendas para países onde a respectiva Lei não permita a entrada de bebidas alcoólicas, por qualquer apreensão no caminho ou à chegada, ou por taxas alfandegárias que possam eventualmente vir a ser cobradas no país de destino.<br />A resolução junto da Alfândega ou o pagamento das referidas taxas é da exclusiva responsabilidade do cliente.<br /><br />No caso de a encomenda ser devolvida, a ACV - Vinhos de Talha apenas restitui ao cliente o valor despendido com os produtos.<br /><br />Para qualquer esclarecimento adicional, contacte-nos por telefone - (+351) 935 109 541 ou (+351) 284 329 052 ou geral@vinhodetalha.pt.</p>\n<h2>5. Direito de resolução</h2>\n<p>Ao abrigo do Decreto-Lei Nº143/2001, artigo 6º, revisto pelo Decreto-Lei Nº82/2008 de 20 Maio, o cliente tem direito de resolução dos contratos celebrados com a ACV - Produção e Comércio de Vinhos de Talha, Lda., através da ACV - Vinhos de Talha, podendo devolver os produtos adquiridos num prazo de 14 dias e nos termos da legislação em vigor, sem indicar qualquer motivo.<br /><br />Para proceder à devolução de artigos, deve enviar-nos um email para geral@vinhodetalha.pt, indicando o número da encomenda e o número da factura, tendo em consideração as seguintes condições:<br />- Os produto têm de se encontrar em perfeitas condições e na embalagem original, nas mesmas condições em que foram enviados e sem marcas ou evidências de uso; - As despesas de devolução dos produtos são suportadas pelo cliente; - No caso dos produtos com defeito ou envios equivocados, a ACV - Vinhos de Talha responsabiliza-se pelos gastos de envio e recolha, sempre que o cliente informe a ACV - Vinhos de Talha num prazo máximo de 14 dias a contar da data de recepção do produto.<br /><br />Após a recepção e verificação do produto nas nossas instalações, a ACV - Vinhos de Talha procederá à devolução do seu valor pela modalidade usada pelo cliente, ou por outra previamente acordada. No caso de pagamentos efectuados por Referência Multibanco, o reembolso será efectuado por transferência bancária para o NIB/IBAN fornecido pelo cliente.<br /><br />Quando a devolução se dever a defeitos de origem ou matéria prima, e após recepção e verificação nas nossas instalações, procederemos à troca do produto sem custos para o cliente.<br /><br />Alertamos que na compra de vinhos antigos, deve ter em atenção que, sendo o vinho um produto natural sujeito a envelhecimento em garrafa, este modifica os seus sabores, o que pode não agradar a todos os consumidores, mesmo estando em condições de consumo. A ACV - Vinhos de Talha tem especial cuidado com as condições de conservação dos vinhos que possui em stock, mas não pode garantir que a sua evolução dentro da garrafa vá agradar a todos os compradores.<br /><br />Não se aceitam devoluções de produtos usados ou modificados.</p>\n<h2>6. Livro de Reclamações Eletrónico</h2>\n<p>A ACV - Produção e Comércio de Vinhos de Talha, Lda., proprietária desta Loja ACV - Vinhos de Talha, informa que nos termos da Lei, e para além de dispor de Livro de Reclamações nas suas lojas físicas, dispõe também de Livro de Reclamações Eletrónico, que pode ser acedido no site www.livroderaclamações.pt .<br /><br />O Livro de Reclamações Eletrónico permite aos consumidores e utentes, entre outras ferramentas, apresentar reclamações de forma desmaterializada, com o mesmo valor que as reclamações apresentadas em formato físico.</p>\n<h2>7. Lei aplicável</h2>\n<p>As compras efectuadas na Loja ACV - Vinhos de Talha estão sujeitas à legislação portuguesa. Qualquer conflito ou divergência de interpretação dos presentes Termos e Condições de venda online será submetida a tribunal português competente.<br /><br />Caso o cliente resida fora de Portugal Continental, a ACV - Vinhos de Talha informa que qualquer processo jurídico deve ser exclusivamente instaurado nos tribunais portugueses.<br /><br />Os presentes Termos e Condições podem ser alterados sem aviso prévio, pelo que o cliente deve consultá-los antes de efectuar qualquer compra.</p>\n<h2>8. Formas de contacto e horário de funcionamento</h2>\n<p>A ACV - Vinhos de Talha está sempre disponível para qualquer questão dos seus clientes e pode ser contactada por telefone, através do nº (+351) 935 109 541, por email, através do endereço geral@vinhodetalha.pt, ou presencialmente na morada indicada nos contactos do site, onde também se encontra o nosso horário de atendimento.</p>\n</div>', 'Entregas'),
(4, 2, 1, 'Sobre nós', NULL, 'Saiba mais sobre nós', '', '<h2 style=\"text-align:justify;\">   <em> A ACV - Vinhos de Talha como produtor exclusivo de vinho de talha, foi dos primeiros a engarrafar e depois certificar na CVRA os seus vinho de talha</em></h2>\n<p>          <img src=\"http://vinhodetalha.com/loja/img/cms/1_m.jpg\" alt=\"\" width=\"250\" height=\"166\" />   <img src=\"http://vinhodetalha.com/loja/img/cms/Visita%20%C3%A0%20vinha%20centen%C3%A1ria_Easy-Resize-com.jpg\" alt=\"\" width=\"222\" height=\"167\" /></p>\n<h3>     Natural de Marmelar, concelho de Vidigueira, Alexandre Frade, em 1966/67, com 12 anos, começou a ajudar o seu pai, pequeno seareiro na sua terra e que entretanto depois de emigrante de campanha tinha comprado o trespasse de uma taberna, na rua da Biscainha em Beja.</h3>\n<h3 style=\"text-align:justify;\"><span><span>     Mais tarde com alguns dos seus amigos e outros produtores, acompanhando de perto o importante trabalho que eles estavam realizando para a preservação do Vinho de Talha, principalmente com a realização da VITIFRADES, festa dedicada a este vinho ancestral, compromete-se a dinamizar um projeto que valorize comercialmente o Vinho de Talha, procurando ajudar nos alicerces económicos da sua preservação.</span></span></h3>\n<h3 style=\"text-align:justify;\"><span><span> </span></span></h3>\n<h3>Depois de umas experiências iniciadas em 2011 no monte onde reside <span>e depois em 2014 se ter matriculado no Curso Tecnológico Superior Profissional (CTSP) de V</span><span>iticultura e Enologia do IPBeja, estavam criadas as condições para começar a cumprir a promessa feita aos seus amigos da VITIFRADES. Dar seguimento à sua paixão e ao mesmo tempo homenagear a memória do Pai.</span></h3>\n<h3 style=\"text-align:justify;\"><span><span>Inicia-se assim já na 2ª metade de 2015 a ACV – Produção e Comércio de Vinhos de Talha, Lda.</span></span></h3>\n<p style=\"text-align:justify;\"></p>\n<p style=\"text-align:justify;\"><img src=\"http://vinhodetalha.com/loja/img/cms/IMG_2042.JPG\" alt=\"\" width=\"185\" height=\"185\" /><img src=\"https://vinhodetalha.com/loja/img/cms/ADEGA_Easy-Resize-com.jpg\" alt=\"\" width=\"276\" height=\"184\" /><img src=\"http://vinhodetalha.com/loja/img/cms/Alterada.JPG\" alt=\"\" width=\"274\" height=\"183\" /></p>\n<h3 style=\"text-align:justify;\"><span><span><span>     A visão que está na base deste projeto ACV – Vinhos de Talha, tem por base 3 aspetos fundamentais:</span></span></span></h3>\n<h3 style=\"text-align:justify;\"><span><span><strong>1 -</strong> O enraizamento cultural milenar profundo que a produção e consumo dos vinhos de talha tem em diversos territórios do Alentejo, com principal destaque para a região de Vidigueira, Vila de Frades, Cuba e Alvito.</span></span></h3>\n<h3 style=\"text-align:justify;\"><span><span><strong>2 – </strong>O crescimento no mundo do “turismo enológico” nos nossos tempos é uma realidade. O vinho de talha pode ser um bom motivo para que os estrangeiros nos visitem e também um bom motivo para que os portugueses venham até à nossa adega.</span></span></h3>\n<h3 style=\"text-align:justify;\"><span><span><strong>3 -</strong> Vinho de talha, não pode ser um produto massificado, não vai competir pelo preço, mas sim pela qualidade, logo pode ser uma oportunidade para os pequenos produtores.</span></span></h3>\n<h3 style=\"text-align:justify;\"> </h3>\n<h3 style=\"text-align:justify;\"><span><span>     Assim definimos os nossos objetivos:</span></span></h3>\n<h3 style=\"text-align:justify;\"><span><strong>1 - </strong>Caracterizar, consolidar e certificar este método de vinificação utilizado pelos romanos há mais 2000 anos.</span></h3>\n<h3 style=\"text-align:justify;\"><span><strong>2 - </strong>Valorizar economicamente este produto, com mais-valias para os produtores da região do Alentejo.</span></h3>\n<h3 style=\"text-align:justify;\"><span><strong>3 - </strong>Promover o produto vinho de talha, aumentando a produção e conseguindo uma adequada remuneração de todos os intervenientes no processo produtivo, nomeadamente os pequenos produtores.</span></h3>', 'sobre'),
(5, 2, 1, 'Meios de Pagamento', NULL, 'Os nossos Meios de Pagamento', '', '<h2>Meios de Pagamento </h2>\n<h3>Aceitamos os seguintes meios de pagamento:</h3>\n<p> Pagamento por transferencia bancária</p>\n<p> Pagamento por Referência Multibanco</p>', 'pagamento');

-- --------------------------------------------------------

--
-- Table structure for table `pspa_cms_role`
--

CREATE TABLE `pspa_cms_role` (
  `id_cms_role` int(11) UNSIGNED NOT NULL,
  `name` varchar(50) NOT NULL,
  `id_cms` int(11) UNSIGNED NOT NULL
) ENGINE=InnoDB DEFAULT CHARSET=utf8;

-- --------------------------------------------------------

--
-- Table structure for table `pspa_cms_role_lang`
--

CREATE TABLE `pspa_cms_role_lang` (
  `id_cms_role` int(11) UNSIGNED NOT NULL,
  `id_lang` int(11) UNSIGNED NOT NULL,
  `id_shop` int(11) UNSIGNED NOT NULL,
  `name` varchar(128) DEFAULT NULL
) ENGINE=InnoDB DEFAULT CHARSET=utf8;

-- --------------------------------------------------------

--
-- Table structure for table `pspa_cms_shop`
--

CREATE TABLE `pspa_cms_shop` (
  `id_cms` int(11) UNSIGNED NOT NULL,
  `id_shop` int(11) UNSIGNED NOT NULL
) ENGINE=InnoDB DEFAULT CHARSET=utf8;

--
-- Dumping data for table `pspa_cms_shop`
--

INSERT INTO `pspa_cms_shop` (`id_cms`, `id_shop`) VALUES
(1, 1),
(4, 1),
(5, 1);

-- --------------------------------------------------------

--
-- Table structure for table `pspa_condition`
--

CREATE TABLE `pspa_condition` (
  `id_condition` int(11) NOT NULL,
  `id_ps_condition` int(11) NOT NULL,
  `type` enum('configuration','install','sql') NOT NULL,
  `request` text,
  `operator` varchar(32) DEFAULT NULL,
  `value` varchar(64) DEFAULT NULL,
  `result` varchar(64) DEFAULT NULL,
  `calculation_type` enum('hook','time') DEFAULT NULL,
  `calculation_detail` varchar(64) DEFAULT NULL,
  `validated` tinyint(1) UNSIGNED NOT NULL DEFAULT '0',
  `date_add` datetime NOT NULL,
  `date_upd` datetime NOT NULL
) ENGINE=InnoDB DEFAULT CHARSET=utf8;

--
-- Dumping data for table `pspa_condition`
--

INSERT INTO `pspa_condition` (`id_condition`, `id_ps_condition`, `type`, `request`, `operator`, `value`, `result`, `calculation_type`, `calculation_detail`, `validated`, `date_add`, `date_upd`) VALUES
(1, 1, 'configuration', 'PS_REWRITING_SETTINGS', '==', '1', '', 'hook', 'actionAdminMetaControllerUpdate_optionsAfter', 0, '2020-11-04 17:44:31', '2020-11-04 17:44:31'),
(2, 2, 'configuration', 'PS_SMARTY_FORCE_COMPILE', '!=', '2', '1', 'hook', 'actionAdminPerformanceControllerSaveAfter', 1, '2020-11-04 17:44:31', '2020-11-04 17:44:31'),
(3, 3, 'configuration', 'PS_CSS_THEME_CACHE', '==', '1', '1', 'hook', 'actionAdminPerformanceControllerSaveAfter', 1, '2020-11-04 17:44:31', '2020-11-04 17:44:31'),
(4, 4, 'configuration', 'PS_CIPHER_ALGORITHM', '==', '1', '1', 'hook', 'actionAdminPerformanceControllerSaveAfter', 1, '2020-11-04 17:44:31', '2020-11-04 17:44:31'),
(5, 5, 'configuration', 'PS_MEDIA_SERVERS', '==', '1', '', 'hook', 'actionAdminPerformanceControllerSaveAfter', 0, '2020-11-04 17:44:31', '2020-11-04 17:44:31'),
(6, 6, 'sql', 'SELECT COUNT(distinct m.id_module) FROM PREFIX_hook h LEFT JOIN PREFIX_hook_module hm ON h.id_hook = hm.id_hook LEFT JOIN PREFIX_module m ON hm.id_module = m.id_module\r\nWHERE (h.name = \"displayPayment\" OR h.name = \"payment\") AND m.name NOT IN (\"bankwire\", \"cheque\", \"cashondelivery\")', '>', '0', '1', 'hook', 'actionModuleInstallAfter', 1, '2020-11-04 17:44:31', '2020-11-04 17:44:31'),
(7, 7, 'sql', 'SELECT COUNT(distinct m.id_module) FROM PREFIX_hook h LEFT JOIN PREFIX_hook_module hm ON h.id_hook = hm.id_hook LEFT JOIN PREFIX_module m ON hm.id_module = m.id_module\r\nWHERE (h.name = \"displayPayment\" OR h.name = \"payment\") AND m.name NOT IN (\"bankwire\", \"cheque\", \"cashondelivery\")', '>', '1', '2', 'hook', 'actionModuleInstallAfter', 1, '2020-11-04 17:44:31', '2020-11-04 17:44:31'),
(8, 8, 'sql', 'SELECT COUNT(*) FROM PREFIX_carrier WHERE name NOT IN (\"0\", \"My carrier\")', '>', '0', '35', 'hook', 'actionObjectCarrierAddAfter', 1, '2020-11-04 17:44:31', '2020-11-04 17:44:31'),
(9, 9, 'sql', 'SELECT COUNT(*) FROM PREFIX_carrier WHERE name NOT IN (\"0\", \"My carrier\")', '>', '1', '35', 'hook', 'actionObjectCarrierAddAfter', 1, '2020-11-04 17:44:31', '2020-11-04 17:44:31'),
(10, 10, 'sql', 'SELECT COUNT(*) FROM PREFIX_product WHERE reference NOT LIKE \"demo_%\"', '>', '0', '1', 'hook', 'actionObjectProductAddAfter', 1, '2020-11-04 17:44:31', '2020-11-04 17:44:31'),
(11, 11, 'sql', 'SELECT COUNT(*) FROM PREFIX_product WHERE reference NOT LIKE \"demo_%\"', '>', '9', '10', 'hook', 'actionObjectProductAddAfter', 1, '2020-11-04 17:44:31', '2020-11-04 17:44:31'),
(12, 12, 'sql', 'SELECT COUNT(*) FROM PREFIX_product WHERE reference NOT LIKE \"demo_%\"', '>', '99', '31', 'hook', 'actionObjectProductAddAfter', 0, '2020-11-04 17:44:31', '2020-11-10 09:20:17'),
(13, 13, 'sql', 'SELECT COUNT(*) FROM PREFIX_product WHERE reference NOT LIKE \"demo_%\"', '>', '999', '31', 'hook', 'actionObjectProductAddAfter', 0, '2020-11-04 17:44:31', '2020-11-10 09:20:17'),
(14, 14, 'sql', 'SELECT COUNT(*) FROM PREFIX_product WHERE reference NOT LIKE \"demo_%\"', '>', '9999', '31', 'hook', 'actionObjectProductAddAfter', 0, '2020-11-04 17:44:31', '2020-11-10 09:20:17'),
(15, 15, 'sql', 'SELECT COUNT(*) FROM PREFIX_product WHERE reference NOT LIKE \"demo_%\"', '>', '99999', '31', 'hook', 'actionObjectProductAddAfter', 0, '2020-11-04 17:44:31', '2020-11-10 09:20:17'),
(16, 16, 'configuration', 'PS_SHOP_PHONE', '!=', '0', '1', 'hook', 'actionAdminStoresControllerUpdate_optionsAfter', 1, '2020-11-04 17:44:31', '2020-11-04 17:44:31'),
(17, 17, 'sql', 'SELECT COUNT(*) FROM PREFIX_contact', '>', '2', '2', 'hook', 'actionObjectContactAddAfter', 0, '2020-11-04 17:44:31', '2020-11-04 17:44:31'),
(18, 18, 'sql', 'SELECT COUNT(*) FROM PREFIX_contact', '>', '4', '2', 'hook', 'actionObjectContactAddAfter', 0, '2020-11-04 17:44:31', '2020-11-04 17:44:31'),
(19, 19, 'install', '', '>', '0', '1', 'time', '1', 1, '2020-11-04 17:44:32', '2020-11-04 17:44:32'),
(20, 20, 'install', '', '>=', '7', '1', 'time', '1', 1, '2020-11-04 17:44:32', '2020-11-04 17:44:32'),
(21, 21, 'configuration', 'PS_LOGO', '!=', 'logo.jpg', '1', 'hook', 'actionAdminThemesControllerUpdate_optionsAfter', 1, '2020-11-04 17:44:32', '2020-11-04 17:44:32'),
(22, 22, 'sql', 'SELECT COUNT(*) FROM PREFIX_theme WHERE directory != \"default\" AND directory != \"prestashop\" AND directory ! \"default-bootstrap\"', '>', '0', '0', 'hook', 'actionObjectShopUpdateAfter', 0, '2020-11-04 17:44:32', '2020-11-04 17:44:33'),
(23, 23, 'configuration', 'PS_LOGGED_ON_ADDONS', '==', '1', '', 'time', '1', 0, '2020-11-04 17:44:32', '2020-11-04 17:44:32'),
(24, 24, 'configuration', 'PS_MULTISHOP_FEATURE_ACTIVE', '==', '1', '', 'hook', 'actionAdminPreferencesControllerUpdate_optionsAfter', 0, '2020-11-04 17:44:32', '2020-11-04 17:44:32'),
(25, 25, 'sql', 'SELECT COUNT(*) FROM PREFIX_shop', '>', '1', '1', 'hook', 'actionObjectShopAddAfter', 0, '2020-11-04 17:44:32', '2020-11-04 17:44:32'),
(26, 26, 'sql', 'SELECT COUNT(*) FROM PREFIX_shop', '>', '4', '1', 'hook', 'actionObjectShopAddAfter', 0, '2020-11-04 17:44:32', '2020-11-04 17:44:32'),
(27, 27, 'sql', 'SELECT COUNT(*) FROM PREFIX_shop_group', '>', '5', '1', 'hook', 'actionObjectShopGroupAddAfter 	', 0, '2020-11-04 17:44:32', '2020-11-04 17:44:32'),
(28, 28, 'sql', 'SELECT COUNT(*) FROM PREFIX_shop_group', '>', '1', '1', 'hook', 'actionObjectShopGroupAddAfter', 0, '2020-11-04 17:44:32', '2020-11-04 17:44:32'),
(29, 29, 'sql', 'SELECT COUNT(distinct m.id_module) FROM PREFIX_hook h LEFT JOIN PREFIX_hook_module hm ON h.id_hook = hm.id_hook LEFT JOIN PREFIX_module m ON hm.id_module = m.id_module\r\nWHERE (h.name = \"displayPayment\" OR h.name = \"payment\") AND m.name NOT IN (\"bankwire\", \"cheque\", \"cashondelivery\")', '>', '2', '0', 'hook', 'actionModuleInstallAfter', 0, '2020-11-04 17:44:32', '2020-11-14 17:20:14'),
(30, 30, 'sql', 'SELECT COUNT(*) FROM PREFIX_carrier WHERE name NOT IN (\"0\", \"My carrier\")', '>', '2', '35', 'hook', 'actionObjectCarrierAddAfter', 1, '2020-11-04 17:44:32', '2020-11-04 17:44:32'),
(31, 31, 'sql', 'SELECT SUM(total_paid_tax_excl / c.conversion_rate)\r\nFROM PREFIX_orders o INNER JOIN PREFIX_currency c ON c.id_currency = o.id_currency WHERE valid = 1 AND reference != \"XKBKNABJK\"', '>=', '200', '439', 'hook', 'actionOrderStatusUpdate', 1, '2020-11-04 17:44:32', '2020-11-04 17:44:32'),
(32, 32, 'sql', ' 	SELECT SUM(total_paid_tax_excl / c.conversion_rate) FROM PREFIX_orders o INNER JOIN PREFIX_currency c ON c.id_currency = o.id_currency WHERE valid = 1 AND reference != \"XKBKNABJK\"', '>=', '2000', '1202', 'hook', 'actionOrderStatusUpdate', 0, '2020-11-04 17:44:32', '2020-11-09 14:04:36'),
(33, 33, 'sql', ' 	SELECT SUM(total_paid_tax_excl / c.conversion_rate) FROM PREFIX_orders o INNER JOIN PREFIX_currency c ON c.id_currency = o.id_currency WHERE valid = 1 AND reference != \"XKBKNABJK\"', '>=', '20000', '1202', 'time', '1', 0, '2020-11-04 17:44:32', '2020-11-04 17:44:33'),
(34, 34, 'sql', ' 	SELECT SUM(total_paid_tax_excl / c.conversion_rate) FROM PREFIX_orders o INNER JOIN PREFIX_currency c ON c.id_currency = o.id_currency WHERE valid = 1', '>=', '200000', '1202', 'time', '7', 0, '2020-11-04 17:44:32', '2020-11-04 17:44:33'),
(35, 35, 'sql', ' 	SELECT SUM(total_paid_tax_excl / c.conversion_rate) FROM PREFIX_orders o INNER JOIN PREFIX_currency c ON c.id_currency = o.id_currency WHERE valid = 1', '>=', '2000000', '1202', 'time', '7', 0, '2020-11-04 17:44:32', '2020-11-04 17:44:33'),
(36, 36, 'sql', ' 	SELECT SUM(total_paid_tax_excl / c.conversion_rate) FROM PREFIX_orders o INNER JOIN PREFIX_currency c ON c.id_currency = o.id_currency WHERE valid = 1', '>=', '20000000', '1202', 'time', '7', 0, '2020-11-04 17:44:32', '2020-11-04 17:44:33'),
(37, 37, 'install', '', '>=', '30', '', 'time', '1', 0, '2020-11-04 17:44:32', '2020-11-04 17:44:32'),
(38, 38, 'install', '', '>=', '182', '', 'time', '2', 0, '2020-11-04 17:44:32', '2020-11-04 17:44:32'),
(39, 39, 'install', '', '>=', '365', '', 'time', '2', 0, '2020-11-04 17:44:32', '2020-11-04 17:44:32'),
(40, 40, 'install', '', '>=', '730', '', 'time', '2', 0, '2020-11-04 17:44:32', '2020-11-04 17:44:32'),
(41, 41, 'sql', 'SELECT COUNT(*) FROM PREFIX_guest', '>=', '10', '122', 'time', '1', 1, '2020-11-04 17:44:32', '2020-11-04 17:44:32'),
(42, 42, 'sql', 'SELECT COUNT(*) FROM PREFIX_guest', '>=', '100', '122', 'time', '1', 1, '2020-11-04 17:44:32', '2020-11-04 17:44:32'),
(43, 43, 'sql', 'SELECT COUNT(*) FROM PREFIX_guest', '>=', '1000', '216', 'time', '1', 0, '2020-11-04 17:44:32', '2020-11-04 17:44:32'),
(44, 44, 'sql', 'SELECT COUNT(*) FROM PREFIX_guest', '>=', '10000', '122', 'time', '2', 0, '2020-11-04 17:44:32', '2020-11-04 17:44:32'),
(45, 45, 'sql', 'SELECT COUNT(*) FROM PREFIX_guest', '>=', '100000', '122', 'time', '3', 0, '2020-11-04 17:44:32', '2020-11-04 17:44:32'),
(46, 46, 'sql', 'SELECT COUNT(*) FROM PREFIX_guest', '>=', '1000000', '122', 'time', '4', 0, '2020-11-04 17:44:32', '2020-11-04 17:44:32'),
(47, 47, 'sql', 'SELECT COUNT(*) FROM PREFIX_cart WHERE secure_key != \"b44a6d9efd7a0076a0fbce6b15eaf3b1\"', '>=', '2', '2', 'hook', 'actionObjectCartAddAfter', 1, '2020-11-04 17:44:32', '2020-11-04 17:44:32'),
(48, 48, 'sql', 'SELECT COUNT(*) FROM PREFIX_cart WHERE secure_key != \"b44a6d9efd7a0076a0fbce6b15eaf3b1\"', '>=', '10', '10', 'hook', 'actionObjectCartAddAfter', 1, '2020-11-04 17:44:32', '2020-11-04 17:44:32'),
(49, 49, 'sql', 'SELECT COUNT(*) FROM PREFIX_cart WHERE secure_key != \"b44a6d9efd7a0076a0fbce6b15eaf3b1\"', '>=', '100', '100', 'hook', 'actionObjectCartAddAfter', 1, '2020-11-04 17:44:32', '2020-11-04 17:44:32'),
(50, 50, 'sql', 'SELECT COUNT(*) FROM PREFIX_cart WHERE secure_key != \"b44a6d9efd7a0076a0fbce6b15eaf3b1\"', '>=', '1000', '105', 'time', '1', 0, '2020-11-04 17:44:32', '2020-11-04 17:44:33'),
(51, 51, 'sql', 'SELECT COUNT(*) FROM PREFIX_cart WHERE secure_key != \"b44a6d9efd7a0076a0fbce6b15eaf3b1\"', '>=', '10000', '105', 'time', '4', 0, '2020-11-04 17:44:32', '2020-11-04 17:44:33'),
(52, 52, 'sql', 'SELECT COUNT(*) FROM PREFIX_cart WHERE secure_key != \"b44a6d9efd7a0076a0fbce6b15eaf3b1\"', '>=', '100000', '105', 'time', '8', 0, '2020-11-04 17:44:32', '2020-11-04 17:44:33'),
(53, 53, 'sql', 'SELECT COUNT(*) FROM PREFIX_orders WHERE reference NOT IN (\"XKBKNABJK\", \"OHSATSERP\", \"FFATNOMMJ\", \"UOYEVOLI\", \"KHWLILZLL\")', '>=', '1', '0', 'hook', 'actionObjectOrderAddAfter', 0, '2020-11-04 17:44:32', '2020-11-04 17:44:32'),
(54, 54, 'sql', 'SELECT COUNT(*) FROM PREFIX_orders WHERE reference NOT IN (\"XKBKNABJK\", \"OHSATSERP\", \"FFATNOMMJ\", \"UOYEVOLI\", \"KHWLILZLL\")', '>=', '10', '0', 'hook', 'actionObjectOrderAddAfter', 0, '2020-11-04 17:44:32', '2020-11-04 17:44:32'),
(55, 55, 'sql', 'SELECT COUNT(*) FROM PREFIX_orders WHERE reference NOT IN (\"XKBKNABJK\", \"OHSATSERP\", \"FFATNOMMJ\", \"UOYEVOLI\", \"KHWLILZLL\")', '>=', '100', '0', 'hook', 'actionObjectOrderAddAfter', 0, '2020-11-04 17:44:32', '2020-11-04 17:44:32'),
(56, 56, 'sql', 'SELECT COUNT(*) FROM PREFIX_orders WHERE reference NOT IN (\"XKBKNABJK\", \"OHSATSERP\", \"FFATNOMMJ\", \"UOYEVOLI\", \"KHWLILZLL\")', '>=', '1000', '0', 'time', '2', 0, '2020-11-04 17:44:32', '2020-11-04 17:44:32'),
(57, 57, 'sql', 'SELECT COUNT(*) FROM PREFIX_orders WHERE reference NOT IN (\"XKBKNABJK\", \"OHSATSERP\", \"FFATNOMMJ\", \"UOYEVOLI\", \"KHWLILZLL\")', '>=', '10000', '0', 'time', '4', 0, '2020-11-04 17:44:32', '2020-11-04 17:44:32'),
(58, 58, 'sql', 'SELECT COUNT(*) FROM PREFIX_orders WHERE reference NOT IN (\"XKBKNABJK\", \"OHSATSERP\", \"FFATNOMMJ\", \"UOYEVOLI\", \"KHWLILZLL\")', '>=', '100000', '0', 'time', '8', 0, '2020-11-04 17:44:32', '2020-11-04 17:44:32'),
(59, 59, 'sql', 'SELECT COUNT(*) FROM PREFIX_customer WHERE email != \"pub@prestashop.com\"', '>=', '1', '1', 'hook', 'actionObjectCustomerAddAfter', 1, '2020-11-04 17:44:32', '2020-11-04 17:44:32'),
(60, 60, 'sql', 'SELECT COUNT(*) FROM PREFIX_customer WHERE email != \"pub@prestashop.com\"', '>=', '10', '10', 'hook', 'actionObjectCustomerAddAfter', 1, '2020-11-04 17:44:32', '2020-11-04 17:44:32'),
(61, 61, 'sql', 'SELECT COUNT(*) FROM PREFIX_customer WHERE email != \"pub@prestashop.com\"', '>=', '100', '39', 'hook', 'actionObjectCustomerAddAfter', 0, '2020-11-04 17:44:32', '2020-11-04 17:44:33'),
(62, 62, 'sql', 'SELECT COUNT(*) FROM PREFIX_customer WHERE email != \"pub@prestashop.com\"', '>=', '1000', '39', 'time', '1', 0, '2020-11-04 17:44:32', '2020-11-04 17:44:33'),
(63, 63, 'sql', 'SELECT COUNT(*) FROM PREFIX_customer WHERE email != \"pub@prestashop.com\"', '>=', '10000', '39', 'time', '2', 0, '2020-11-04 17:44:32', '2020-11-04 17:44:33'),
(64, 64, 'sql', 'SELECT COUNT(*) FROM PREFIX_customer WHERE email != \"pub@prestashop.com\"', '>=', '100000', '39', 'time', '4', 0, '2020-11-04 17:44:32', '2020-11-04 17:44:33'),
(65, 65, 'sql', 'SELECT COUNT(*) FROM PREFIX_customer_thread', '>=', '1', '1', 'hook', 'actionObjectCustomerThreadAddAfter', 1, '2020-11-04 17:44:32', '2020-11-04 17:44:32'),
(66, 66, 'sql', 'SELECT COUNT(*) FROM PREFIX_customer_thread', '>=', '10', '10', 'hook', 'actionObjectCustomerThreadAddAfter', 1, '2020-11-04 17:44:32', '2020-11-04 17:44:32'),
(67, 67, 'sql', 'SELECT COUNT(*) FROM PREFIX_customer_thread', '>=', '100', '28', 'hook', 'actionObjectCustomerThreadAddAfter', 0, '2020-11-04 17:44:32', '2020-11-04 17:44:33'),
(68, 68, 'sql', 'SELECT COUNT(*) FROM PREFIX_customer_thread', '>=', '1000', '28', 'time', '2', 0, '2020-11-04 17:44:32', '2020-11-04 17:44:33'),
(69, 69, 'sql', 'SELECT COUNT(*) FROM PREFIX_customer_thread', '>=', '10000', '28', 'time', '4', 0, '2020-11-04 17:44:32', '2020-11-04 17:44:33'),
(70, 70, 'sql', 'SELECT COUNT(*) FROM PREFIX_customer_thread', '>=', '100000', '28', 'time', '8', 0, '2020-11-04 17:44:32', '2020-11-04 17:44:33'),
(71, 76, 'sql', 'SELECT IFNULL(id_order, 0) FROM PREFIX_orders o LEFT JOIN PREFIX_address a ON o.id_address_delivery = a.id_address LEFT JOIN PREFIX_country c ON c.id_country = a.id_country WHERE o.valid = 1 AND a.id_country != \"{config}PS_COUNTRY_DEFAULT{/config}\" AND c.iso_code IN (\r\n\"CA\",\r\n\"GL\",\r\n\"PM\",\r\n\"US\"\r\n)', '!=', '0', '0', 'hook', 'actionOrderStatusUpdate', 0, '2020-11-04 17:44:32', '2020-11-09 14:04:36'),
(72, 79, 'sql', 'SELECT IFNULL(id_order, 0) FROM PREFIX_orders o LEFT JOIN PREFIX_address a ON o.id_address_delivery = a.id_address LEFT JOIN PREFIX_country c ON c.id_country = a.id_country WHERE o.valid = 1 AND a.id_country != \"{config}PS_COUNTRY_DEFAULT{/config}\" AND c.iso_code IN (\r\n\"UM\",\r\n\"AS\",\r\n\"AU\",\r\n\"CK\",\r\n\"FJ\",\r\n\"FM\",\r\n\"GU\",\r\n\"KI\",\r\n\"MH,\"\r\n\"MP\",\r\n\"NC\",\r\n\"NF\",\r\n\"NR\",\r\n\"NU\",\r\n\"NZ\",\r\n\"PF\",\r\n\"PG\",\r\n\"PN\",\r\n\"PW\",\r\n\"SB\",\r\n\"TK\",\r\n\"TO\",\r\n\"TV\",\r\n\"VU\",\r\n\"WF\",\r\n\"WS\"\r\n)', '!=', '0', '0', 'hook', 'actionOrderStatusUpdate', 0, '2020-11-04 17:44:32', '2020-11-09 14:04:36'),
(73, 85, 'sql', 'SELECT IFNULL(id_order, 0) FROM PREFIX_orders o LEFT JOIN PREFIX_address a ON o.id_address_delivery = a.id_address LEFT JOIN PREFIX_country c ON c.id_country = a.id_country WHERE o.valid = 1 AND a.id_country != \"{config}PS_COUNTRY_DEFAULT{/config}\" AND c.iso_code IN (\r\n\"KG\",\r\n\"KZ\",\r\n\"TJ\",\r\n\"TM\",\r\n\"UZ\",\r\n\"AE\",\r\n\"AM\",\r\n\"AZ\",\r\n\"BH\",\r\n\"CY\",\r\n\"GE\",\r\n\"IL\",\r\n\"IQ\",\r\n\"IR\",\r\n\"JO\",\r\n\"KW\",\r\n\"LB\",\r\n\"OM\",\r\n\"QA\",\r\n\"SA\",\r\n\"SY\",\r\n\"TR\",\r\n\"YE\",\r\n\"AF\",\r\n\"BD\",\r\n\"BT\",\r\n\"IN\",\r\n\"IO\",\r\n\"LK\",\r\n\"MV\",\r\n\"NP\",\r\n\"PK\",\r\n\"CN\",\r\n\"HK\",\r\n\"JP\",\r\n\"KP\",\r\n\"KR\",\r\n\"MO\",\r\n\"TW\",\r\n\"MN\",\r\n\"BN\",\r\n\"CC\",\r\n\"CX\",\r\n\"ID\",\r\n\"KH\",\r\n\"LA\",\r\n\"MM\",\r\n\"MY\",\r\n\"PH\",\r\n\"SG\",\r\n\"TH\",\r\n\"TP\",\r\n\"VN\"\r\n)', '!=', '0', '0', 'hook', 'actionOrderStatusUpdate', 0, '2020-11-04 17:44:32', '2020-11-09 14:04:36'),
(74, 86, 'sql', 'SELECT IFNULL(id_order, 0) FROM PREFIX_orders o LEFT JOIN PREFIX_address a ON o.id_address_delivery = a.id_address LEFT JOIN PREFIX_country c ON c.id_country = a.id_country WHERE o.valid = 1 AND a.id_country != \"{config}PS_COUNTRY_DEFAULT{/config}\" AND c.iso_code IN (\r\n\"BZ\",\r\n\"CR\",\r\n\"GT\",\r\n\"HN\",\r\n\"MX\",\r\n\"NI\",\r\n\"PA\",\r\n\"SV\",\r\n\"AG\",\r\n\"AI\",\r\n\"AN\",\r\n\"AW\",\r\n\"BB\",\r\n\"BM\",\r\n\"BS\",\r\n\"CU\",\r\n\"DM\",\r\n\"DO\",\r\n\"GD\",\r\n\"GP\",\r\n\"HT\",\r\n\"JM\",\r\n\"KN\",\r\n\"KY\",\r\n\"LC\",\r\n\"MQ\",\r\n\"MS\",\r\n\"PR\",\r\n\"TC\",\r\n\"TT\",\r\n\"VC\",\r\n\"VG\",\r\n\"VI\",\r\n\"AR\",\r\n\"BO\",\r\n\"BR\",\r\n\"CL\",\r\n\"CO\",\r\n\"EC\",\r\n\"FK\",\r\n\"GF\",\r\n\"GY\",\r\n\"PE\",\r\n\"PY\",\r\n\"SR\",\r\n\"UY\",\r\n\"VE\"\r\n)', '!=', '0', '0', 'hook', 'actionOrderStatusUpdate', 0, '2020-11-04 17:44:32', '2020-11-09 14:04:36'),
(75, 87, 'sql', 'SELECT IFNULL(id_order, 0) FROM PREFIX_orders o LEFT JOIN PREFIX_address a ON o.id_address_delivery = a.id_address LEFT JOIN PREFIX_country c ON c.id_country = a.id_country WHERE o.valid = 1 AND a.id_country != \"{config}PS_COUNTRY_DEFAULT{/config}\" AND c.iso_code IN (\r\n\"BE\",\r\n\"DE\",\r\n\"FR\",\r\n\"FX\",\r\n\"GB\",\r\n\"IE\",\r\n\"LU\",\r\n\"MC\",\r\n\"NL\",\r\n\"IT\",\r\n\"MT\",\r\n\"SM\",\r\n\"VA\",\r\n\"AD\",\r\n\"ES\",\r\n\"GI\",\r\n\"PT\",\r\n\"BY\",\r\n\"EE\",\r\n\"LT\",\r\n\"LV\",\r\n\"MD\",\r\n\"PL\",\r\n\"UA\",\r\n\"AL\",\r\n\"BA\",\r\n\"BG\",\r\n\"GR\",\r\n\"HR\",\r\n\"MK\",\r\n\"RO\",\r\n\"SI\",\r\n\"YU\",\r\n\"RU\",\r\n\"AT\",\r\n\"CH\",\r\n\"CZ\",\r\n\"HU\",\r\n\"LI\",\r\n\"SK\",\r\n\"DK\",\r\n\"FI\",\r\n\"FO\",\r\n\"IS\",\r\n\"NO\",\r\n\"SE\",\r\n\"SJ\"\r\n)', '!=', '0', '0', 'hook', 'actionOrderStatusUpdate', 0, '2020-11-04 17:44:32', '2020-11-09 14:04:36'),
(76, 88, 'sql', 'SELECT IFNULL(id_order, 0) FROM PREFIX_orders o LEFT JOIN PREFIX_address a ON o.id_address_delivery = a.id_address LEFT JOIN PREFIX_country c ON c.id_country = a.id_country WHERE o.valid = 1 AND a.id_country != \"{config}PS_COUNTRY_DEFAULT{/config}\" AND c.iso_code IN (\r\n\"BI\",\r\n\"CF\",\r\n\"CG\",\r\n\"RW\",\r\n\"TD\",\r\n\"ZR\",\r\n\"DJ\",\r\n\"ER\",\r\n\"ET\",\r\n\"KE\",\r\n\"SO\",\r\n\"TZ\",\r\n\"UG\",\r\n\"KM\",\r\n\"MG\",\r\n\"MU\",\r\n\"RE\",\r\n\"SC\",\r\n\"YT\",\r\n\"AO\",\r\n\"BW\",\r\n\"LS\",\r\n\"MW\",\r\n\"MZ\",\r\n\"NA\",\r\n\"SZ\",\r\n\"ZA\",\r\n\"ZM\",\r\n\"ZW\",\r\n\"BF\",\r\n\"BJ\",\r\n\"CI\",\r\n\"CM\",\r\n\"CV\",\r\n\"GA\",\r\n\"GH\",\r\n\"GM\",\r\n\"GN\",\r\n\"GQ\",\r\n\"GW\",\r\n\"LR\",\r\n\"ML\",\r\n\"MR\",\r\n\"NE\",\r\n\"NG\",\r\n\"SL\",\r\n\"SN\",\r\n\"ST\",\r\n\"TG\"\r\n)', '!=', '0', '0', 'hook', 'actionOrderStatusUpdate', 0, '2020-11-04 17:44:32', '2020-11-09 14:04:36'),
(77, 89, 'sql', 'SELECT IFNULL(id_order, 0) FROM PREFIX_orders o LEFT JOIN PREFIX_address a ON o.id_address_delivery = a.id_address LEFT JOIN PREFIX_country c ON c.id_country = a.id_country WHERE o.valid = 1 AND a.id_country != \"{config}PS_COUNTRY_DEFAULT{/config}\" AND c.iso_code IN (\r\n\"DZ\",\r\n\"EG\",\r\n\"EH\",\r\n\"LY\",\r\n\"MA\",\r\n\"SD\",\r\n\"TN\"\r\n)', '!=', '0', '0', 'hook', 'actionOrderStatusUpdate', 0, '2020-11-04 17:44:32', '2020-11-09 14:04:36'),
(78, 90, 'sql', 'SELECT COUNT(*) FROM PREFIX_employee', '>=', '2', '1', 'hook', 'actionObjectEmployeeAddAfter', 0, '2020-11-04 17:44:32', '2020-11-04 17:44:32'),
(79, 91, 'sql', 'SELECT COUNT(*) FROM PREFIX_employee', '>=', '3', '1', 'hook', 'actionObjectEmployeeAddAfter', 0, '2020-11-04 17:44:32', '2020-11-04 17:44:32'),
(80, 92, 'sql', 'SELECT COUNT(*) FROM PREFIX_employee', '>=', '5', '1', 'hook', 'actionObjectEmployeeAddAfter', 0, '2020-11-04 17:44:32', '2020-11-04 17:44:32'),
(81, 93, 'sql', 'SELECT COUNT(*) FROM PREFIX_employee', '>=', '10', '1', 'hook', 'actionObjectEmployeeAddAfter', 0, '2020-11-04 17:44:32', '2020-11-04 17:44:32'),
(82, 94, 'sql', 'SELECT COUNT(*) FROM PREFIX_employee', '>=', '20', '1', 'hook', 'actionObjectEmployeeAddAfter', 0, '2020-11-04 17:44:32', '2020-11-04 17:44:32'),
(83, 95, 'sql', 'SELECT COUNT(*) FROM PREFIX_employee', '>=', '40', '1', 'hook', 'actionObjectEmployeeAddAfter', 0, '2020-11-04 17:44:32', '2020-11-04 17:44:32'),
(84, 96, 'sql', 'SELECT id_image FROM PREFIX_image WHERE id_image > 26', '>', '0', '27', 'hook', 'actionObjectImageAddAfter', 1, '2020-11-04 17:44:32', '2020-11-04 17:44:32'),
(85, 97, 'sql', 'SELECT COUNT(*) FROM PREFIX_image', '>=', '50', '50', 'hook', 'actionObjectImageAddAfter', 1, '2020-11-04 17:44:32', '2020-11-04 17:44:32'),
(86, 98, 'sql', 'SELECT COUNT(*) FROM PREFIX_image', '>=', '100', '49', 'hook', 'actionObjectImageAddAfter', 0, '2020-11-04 17:44:32', '2020-11-10 12:40:45'),
(87, 99, 'sql', 'SELECT COUNT(*) FROM PREFIX_image', '>=', '1000', '59', 'time', '2', 0, '2020-11-04 17:44:32', '2020-11-04 17:44:32'),
(88, 100, 'sql', 'SELECT COUNT(*) FROM PREFIX_image', '>=', '10000', '59', 'time', '4', 0, '2020-11-04 17:44:32', '2020-11-04 17:44:32'),
(89, 101, 'sql', 'SELECT COUNT(*) FROM PREFIX_image', '>=', '50000', '59', 'time', '8', 0, '2020-11-04 17:44:32', '2020-11-04 17:44:32'),
(90, 102, 'sql', 'SELECT id_cms FROM PREFIX_cms WHERE id_cms > 5', '>', '0', '6', 'hook', 'actionObjectCMSAddAfter', 1, '2020-11-04 17:44:32', '2020-11-04 17:44:32'),
(91, 103, 'sql', 'SELECT COUNT(*) FROM PREFIX_cart_rule', '>=', '1', '0', 'hook', 'actionObjectCartRuleAddAfter 	', 0, '2020-11-04 17:44:32', '2020-11-04 17:44:32'),
(92, 104, 'sql', 'SELECT COUNT(*) FROM PREFIX_cart_rule', '>=', '10', '0', 'hook', 'actionObjectCartRuleAddAfter 	', 0, '2020-11-04 17:44:32', '2020-11-04 17:44:32'),
(93, 105, 'sql', 'SELECT COUNT(*) FROM PREFIX_cart_rule', '>=', '100', '0', 'hook', 'actionObjectCartRuleAddAfter 	', 0, '2020-11-04 17:44:32', '2020-11-04 17:44:32'),
(94, 106, 'sql', 'SELECT COUNT(*) FROM PREFIX_cart_rule', '>=', '1000', '0', 'hook', 'actionObjectCartRuleAddAfter 	', 0, '2020-11-04 17:44:32', '2020-11-04 17:44:32'),
(95, 107, 'sql', 'SELECT COUNT(*) FROM PREFIX_cart_rule', '>=', '500', '0', 'hook', 'actionObjectCartRuleAddAfter 	', 0, '2020-11-04 17:44:32', '2020-11-04 17:44:32'),
(96, 108, 'sql', 'SELECT COUNT(*) FROM PREFIX_cart_rule', '>=', '5000', '0', 'hook', 'actionObjectCartRuleAddAfter 	', 0, '2020-11-04 17:44:32', '2020-11-04 17:44:32'),
(97, 109, 'sql', 'SELECT COUNT(*) FROM PREFIX_orders o INNER JOIN PREFIX_address a ON a.id_address = o.id_address_delivery\r\nWHERE reference NOT IN (\"XKBKNABJK\", \"OHSATSERP\", \"FFATNOMMJ\", \"UOYEVOLI\", \"KHWLILZLL\") AND a.id_country != \"{config}PS_COUNTRY_DEFAULT{/config}\"', '>=', '1', '0', 'hook', 'newOrder', 0, '2020-11-04 17:44:32', '2020-11-04 17:44:32'),
(98, 110, 'sql', 'SELECT COUNT(*) FROM PREFIX_orders o INNER JOIN PREFIX_address a ON a.id_address = o.id_address_delivery\r\nWHERE reference NOT IN (\"XKBKNABJK\", \"OHSATSERP\", \"FFATNOMMJ\", \"UOYEVOLI\", \"KHWLILZLL\") AND a.id_country != \"{config}PS_COUNTRY_DEFAULT{/config}\"', '>=', '10', '0', 'hook', 'actionOrderStatusUpdate', 0, '2020-11-04 17:44:32', '2020-11-09 14:04:36'),
(99, 111, 'sql', 'SELECT COUNT(*) FROM PREFIX_orders o INNER JOIN PREFIX_address a ON a.id_address = o.id_address_delivery\r\nWHERE reference NOT IN (\"XKBKNABJK\", \"OHSATSERP\", \"FFATNOMMJ\", \"UOYEVOLI\", \"KHWLILZLL\") AND a.id_country != \"{config}PS_COUNTRY_DEFAULT{/config}\"', '>=', '100', '0', 'hook', 'actionOrderStatusUpdate', 0, '2020-11-04 17:44:32', '2020-11-09 14:04:36'),
(100, 112, 'sql', 'SELECT COUNT(*) FROM PREFIX_orders o INNER JOIN PREFIX_address a ON a.id_address = o.id_address_delivery\r\nWHERE reference NOT IN (\"XKBKNABJK\", \"OHSATSERP\", \"FFATNOMMJ\", \"UOYEVOLI\", \"KHWLILZLL\") AND a.id_country != \"{config}PS_COUNTRY_DEFAULT{/config}\"', '>=', '10000', '0', 'hook', 'actionOrderStatusUpdate', 0, '2020-11-04 17:44:32', '2020-11-09 14:04:36'),
(101, 113, 'sql', 'SELECT COUNT(*) FROM PREFIX_orders o INNER JOIN PREFIX_address a ON a.id_address = o.id_address_delivery\r\nWHERE reference NOT IN (\"XKBKNABJK\", \"OHSATSERP\", \"FFATNOMMJ\", \"UOYEVOLI\", \"KHWLILZLL\") AND a.id_country != \"{config}PS_COUNTRY_DEFAULT{/config}\"', '>=', '1000', '0', 'hook', 'actionOrderStatusUpdate', 0, '2020-11-04 17:44:32', '2020-11-09 14:04:36'),
(102, 114, 'sql', 'SELECT COUNT(*) FROM PREFIX_orders o INNER JOIN PREFIX_address a ON a.id_address = o.id_address_delivery\r\nWHERE reference NOT IN (\"XKBKNABJK\", \"OHSATSERP\", \"FFATNOMMJ\", \"UOYEVOLI\", \"KHWLILZLL\") AND a.id_country != \"{config}PS_COUNTRY_DEFAULT{/config}\"', '>=', '5000', '0', 'hook', 'actionOrderStatusUpdate', 0, '2020-11-04 17:44:32', '2020-11-09 14:04:36'),
(103, 132, 'sql', 'SELECT count(id_configuration) FROM PREFIX_configuration WHERE `name` = \'PS_SHOP_DOMAIN\' AND value IN (\'127.0.0.1\', \'localhost\' )', '==', '1', '', 'time', '1', 0, '2020-11-04 17:44:32', '2020-11-04 17:44:32'),
(104, 136, 'sql', 'SELECT COUNT( id_module ) FROM PREFIX_module WHERE `name` like \"%ebay%\"', '>=', '1', '0', 'hook', 'actionModuleInstallAfter', 0, '2020-11-04 17:44:32', '2020-11-14 17:20:14'),
(105, 140, 'sql', 'SELECT COUNT( id_module ) FROM PREFIX_module WHERE `name` like \"%moneybookers%\"', '>=', '1', '0', 'hook', 'actionModuleInstallAfter', 0, '2020-11-04 17:44:32', '2020-11-14 17:20:14'),
(106, 142, 'sql', 'SELECT COUNT( id_module ) FROM PREFIX_module WHERE `name` like \"%paypal%\"', '>=', '1', '', 'hook', 'actionModuleInstallAfter', 0, '2020-11-04 17:44:32', '2020-11-04 17:44:32'),
(107, 158, 'install', '', '>=', '90', '', 'time', '2', 0, '2020-11-04 17:44:32', '2020-11-04 17:44:32'),
(108, 159, 'install', '', '<=', '90', '', 'time', '2', 0, '2020-11-04 17:44:32', '2020-11-04 17:44:32'),
(109, 165, 'sql', 'SELECT COUNT(s.`id_store`) FROM PREFIX_store s WHERE `latitude` NOT IN (\'25.76500500\', \'26.13793600\', \'26.00998700\', \'25.73629600\', \'25.88674000\') AND `longitude` NOT IN (\'-80.24379700\', \'-80.13943500\', \'-80.29447200\', \'-80.24479700\', \'-80.16329200\')', '>', '0', '1', 'hook', 'actionAdminStoresControllerSaveAfter', 1, '2020-11-04 17:44:32', '2020-11-04 17:44:32'),
(110, 166, 'sql', 'SELECT COUNT(s.`id_store`) FROM PREFIX_store s WHERE `latitude` NOT IN (\'25.76500500\', \'26.13793600\', \'26.00998700\', \'25.73629600\', \'25.88674000\') AND `longitude` NOT IN (\'-80.24379700\', \'-80.13943500\', \'-80.29447200\', \'-80.24479700\', \'-80.16329200\')', '>', '1', '1', 'hook', 'actionAdminStoresControllerSaveAfter', 0, '2020-11-04 17:44:32', '2020-11-04 17:44:32'),
(111, 167, 'sql', 'SELECT COUNT(s.`id_store`) FROM PREFIX_store s WHERE `latitude` NOT IN (\'25.76500500\', \'26.13793600\', \'26.00998700\', \'25.73629600\', \'25.88674000\') AND `longitude` NOT IN (\'-80.24379700\', \'-80.13943500\', \'-80.29447200\', \'-80.24479700\', \'-80.16329200\')', '>', '4', '1', 'hook', 'actionAdminStoresControllerSaveAfter', 0, '2020-11-04 17:44:32', '2020-11-04 17:44:32'),
(112, 168, 'sql', 'SELECT COUNT(s.`id_store`) FROM PREFIX_store s WHERE `latitude` NOT IN (\'25.76500500\', \'26.13793600\', \'26.00998700\', \'25.73629600\', \'25.88674000\') AND `longitude` NOT IN (\'-80.24379700\', \'-80.13943500\', \'-80.29447200\', \'-80.24479700\', \'-80.16329200\')', '>', '9', '1', 'hook', 'actionAdminStoresControllerSaveAfter', 0, '2020-11-04 17:44:32', '2020-11-04 17:44:32'),
(113, 169, 'sql', 'SELECT COUNT(s.`id_store`) FROM PREFIX_store s WHERE `latitude` NOT IN (\'25.76500500\', \'26.13793600\', \'26.00998700\', \'25.73629600\', \'25.88674000\') AND `longitude` NOT IN (\'-80.24379700\', \'-80.13943500\', \'-80.29447200\', \'-80.24479700\', \'-80.16329200\')', '>', '19', '1', 'hook', 'actionAdminStoresControllerSaveAfter', 0, '2020-11-04 17:44:32', '2020-11-04 17:44:32'),
(114, 170, 'sql', 'SELECT COUNT(s.`id_store`) FROM PREFIX_store s WHERE `latitude` NOT IN (\'25.76500500\', \'26.13793600\', \'26.00998700\', \'25.73629600\', \'25.88674000\') AND `longitude` NOT IN (\'-80.24379700\', \'-80.13943500\', \'-80.29447200\', \'-80.24479700\', \'-80.16329200\')', '>', '49', '1', 'hook', 'actionAdminStoresControllerSaveAfter', 0, '2020-11-04 17:44:32', '2020-11-04 17:44:32'),
(115, 171, 'sql', 'SELECT COUNT(*) FROM PREFIX_webservice_account', '>=', '1', '0', 'hook', 'actionAdminWebserviceControllerSaveAfter', 0, '2020-11-04 17:44:32', '2020-11-04 17:44:32'),
(116, 172, 'sql', 'SELECT COUNT(*) FROM PREFIX_webservice_account', '>=', '2', '0', 'hook', 'actionAdminWebserviceControllerSaveAfter', 0, '2020-11-04 17:44:32', '2020-11-04 17:44:32'),
(117, 173, 'sql', 'SELECT COUNT(*) FROM PREFIX_webservice_account', '>=', '3', '0', 'hook', 'actionAdminWebserviceControllerSaveAfter', 0, '2020-11-04 17:44:32', '2020-11-04 17:44:32'),
(118, 174, 'sql', 'SELECT COUNT(*) FROM PREFIX_webservice_account', '>=', '4', '0', 'hook', 'actionAdminWebserviceControllerSaveAfter', 0, '2020-11-04 17:44:32', '2020-11-04 17:44:32'),
(119, 175, 'sql', 'SELECT count(*) FROM	 PREFIX_configuration WHERE name = \'PS_HOSTED_MODE\'', '==', '0', '', 'time', '1', 0, '2020-11-04 17:44:32', '2020-11-04 17:44:32'),
(120, 209, 'configuration', 'EBAY_CONFIGURATION_OK', '==', '1', '', 'time', '1', 0, '2020-11-04 17:44:32', '2020-11-04 17:44:32'),
(121, 320, 'sql', 'SELECT COUNT( id_module ) FROM PREFIX_module WHERE `name` like \"%shopgate%\" ', '>=', '1', '0', 'hook', 'actionModuleInstallAfter', 0, '2020-11-04 17:44:32', '2020-11-14 17:20:14'),
(122, 322, 'configuration', 'SHOPGATE_CONFIGURATION_OK', '==', '1', '', 'time', '1', 0, '2020-11-04 17:44:32', '2020-11-04 17:44:32'),
(123, 323, 'sql', 'SELECT COUNT( id_module ) FROM PREFIX_module WHERE `name` like \"%shoppingfluxexport%\" ', '>=', '1', '0', 'hook', 'actionModuleInstallAfter', 0, '2020-11-04 17:44:32', '2020-11-14 17:20:14'),
(124, 324, 'sql', 'SELECT COUNT( id_module ) FROM PREFIX_module WHERE `name` like \"%shoppingfluxexport%\" ', '==', '0', '', 'time', '1', 0, '2020-11-04 17:44:32', '2020-11-04 17:44:32'),
(125, 325, 'sql', 'SELECT COUNT(*) FROM PREFIX_configuration WHERE name LIKE \'SHOPPINGFLUXEXPORT_CONFIGURATION_OK\' OR name LIKE \'SHOPPINGFLUXEXPORT_CONFIGURED\'', '>=', '1', '0', 'time', '1', 0, '2020-11-04 17:44:32', '2020-11-04 17:44:32'),
(126, 326, 'sql', 'SELECT COUNT(*) FROM PREFIX_configuration WHERE (( name LIKE \'MONEYBOOKERS_CONFIGURATION_OK\') AND ( value = \'1\')) OR (( name LIKE \'MB_PAY_TO_EMAIL \') AND ( value != \'testaccount2@moneybookers.com \'))', '==', '2', '0', 'time', '1', 0, '2020-11-04 17:44:32', '2020-11-04 17:44:32'),
(127, 358, 'sql', 'SELECT COUNT(*) FROM PREFIX_orders o LEFT JOIN PREFIX_order_state os ON os.id_order_state = o.current_state WHERE o.module like \"%ebay%\" AND os.logable = 1', '>=', '1', '0', 'time', '1', 0, '2020-11-04 17:44:32', '2020-11-04 17:44:32'),
(128, 359, 'sql', 'SELECT COUNT(*) FROM PREFIX_orders o LEFT JOIN PREFIX_order_state os ON os.id_order_state = o.current_state WHERE o.module like \"%ebay%\" AND os.logable = 1 AND o.date_add > DATE_SUB(NOW(), INTERVAL 90 DAY)', '>=', '30', '0', 'time', '1', 0, '2020-11-04 17:44:32', '2020-11-04 17:44:32'),
(129, 375, 'sql', 'SELECT COUNT(*) FROM PREFIX_orders o LEFT JOIN PREFIX_order_state os ON os.id_order_state = o.current_state WHERE o.module like \"%shopgate%\" AND os.logable = 1 AND o.date_add > DATE_SUB(NOW(), INTERVAL 90 DAY)', '>=', '1', '0', 'time', '1', 0, '2020-11-04 17:44:32', '2020-11-04 17:44:32'),
(130, 376, 'sql', 'SELECT COUNT(*) FROM PREFIX_orders o LEFT JOIN PREFIX_order_state os ON os.id_order_state = o.current_state WHERE o.module like \"%shopgate%\" AND os.logable = 1 AND o.date_add > DATE_SUB(NOW(), INTERVAL 90 DAY)', '>=', '30', '0', 'time', '1', 0, '2020-11-04 17:44:32', '2020-11-04 17:44:32'),
(131, 377, 'sql', 'SELECT COUNT(*) FROM PREFIX_orders o LEFT JOIN PREFIX_order_state os ON os.id_order_state = o.current_state WHERE o.module like \"%moneybookers%\" AND os.logable = 1 AND o.date_add > DATE_SUB(NOW(), INTERVAL 90 DAY)', '>=', '1', '0', 'time', '1', 0, '2020-11-04 17:44:32', '2020-11-04 17:44:32'),
(132, 394, 'sql', 'SELECT COUNT(*) FROM PREFIX_orders o LEFT JOIN PREFIX_order_state os ON os.id_order_state = o.current_state WHERE o.module like \"%sofortbanking%\" AND os.logable = 1 AND o.date_add > DATE_SUB(NOW(), INTERVAL 90 DAY)', '>=', '30', '0', 'time', '1', 0, '2020-11-04 17:44:32', '2020-11-04 17:44:32'),
(133, 399, 'sql', 'SELECT COUNT(*) FROM PREFIX_product WHERE reference NOT LIKE \"demo_%\"', '>', '499', '', 'hook', 'actionObjectProductAddAfter', 0, '2020-11-04 17:44:32', '2020-11-04 17:44:32'),
(134, 424, 'sql', 'SELECT COUNT( id_module ) FROM PREFIX_module WHERE `name` like \"%alliance3%\"', '>=', '1', '0', 'hook', 'actionModuleInstallAfter', 0, '2020-11-04 17:44:32', '2020-11-14 17:20:14'),
(135, 425, 'sql', 'SELECT COUNT(*) FROM PREFIX_configuration WHERE (( name LIKE \'ALLIANCE3_CONFIGURATION_OK\') AND ( value = \'1\')) OR (( name LIKE \'ALLIANCE_DEMO\') AND ( value = \'0\'))', '==', '2', '0', 'time', '1', 0, '2020-11-04 17:44:32', '2020-11-04 17:44:32'),
(136, 426, 'sql', 'SELECT COUNT(*) FROM PREFIX_orders o LEFT JOIN PREFIX_order_state os ON os.id_order_state = o.current_state WHERE o.module like \"%alliance3%\" AND os.logable = 1', '>=', '1', '0', 'time', '2', 0, '2020-11-04 17:44:32', '2020-11-04 17:44:32'),
(137, 427, 'sql', 'SELECT COUNT(*) FROM PREFIX_orders o LEFT JOIN PREFIX_order_state os ON os.id_order_state = o.current_state WHERE o.module like \"%alliance3%\" AND os.logable = 1 AND o.date_add > DATE_SUB(NOW(), INTERVAL 90 DAY)', '>=', '30', '0', 'time', '7', 0, '2020-11-04 17:44:32', '2020-11-04 17:44:32'),
(138, 428, 'sql', 'SELECT COUNT( id_module ) FROM PREFIX_module WHERE `name` like \"%authorizeaim%\"', '>=', '1', '0', 'hook', 'actionModuleInstallAfter', 0, '2020-11-04 17:44:32', '2020-11-14 17:20:14'),
(139, 429, 'configuration', 'SELECT COUNT(*) FROM PREFIX_configuration WHERE (( name LIKE \'AUTHORIZEAIM_CONFIGURATION_OK\') AND ( value = \'1\')) OR (( name LIKE \'AUTHORIZE_AIM_SANDBOX\') AND ( value = \'0\'))', '==', '2', '', 'time', '2', 0, '2020-11-04 17:44:32', '2020-11-04 17:44:32'),
(140, 430, 'sql', 'SELECT COUNT(*) FROM PREFIX_orders o LEFT JOIN PREFIX_order_state os ON os.id_order_state = o.current_state WHERE o.module like \"%authorizeaim%\" AND os.logable = 1', '>=', '1', '0', 'time', '2', 0, '2020-11-04 17:44:32', '2020-11-04 17:44:32'),
(141, 431, 'sql', 'SELECT COUNT(*) FROM PREFIX_orders o LEFT JOIN PREFIX_order_state os ON os.id_order_state = o.current_state WHERE o.module like \"%authorizeaim%\" AND os.logable = 1 AND o.date_add > DATE_SUB(NOW(), INTERVAL 90 DAY)', '>=', '30', '0', 'time', '7', 0, '2020-11-04 17:44:32', '2020-11-04 17:44:32'),
(142, 434, 'sql', 'SELECT COUNT( id_module ) FROM PREFIX_module WHERE `name` like \"%bluepay%\"', '>=', '1', '0', 'hook', 'actionModuleInstallAfter', 0, '2020-11-04 17:44:32', '2020-11-14 17:20:14'),
(143, 435, 'configuration', 'BLUEPAY_CONFIGURATION_OK', '==', '1', '', 'time', '1', 0, '2020-11-04 17:44:32', '2020-11-04 17:44:32'),
(144, 436, 'sql', 'SELECT COUNT(*) FROM PREFIX_orders o LEFT JOIN PREFIX_order_state os ON os.id_order_state = o.current_state WHERE o.module like \"%bluepay%\" AND os.logable = 1', '>=', '1', '0', 'time', '2', 0, '2020-11-04 17:44:32', '2020-11-04 17:44:32'),
(145, 437, 'sql', 'SELECT COUNT(*) FROM PREFIX_orders o LEFT JOIN PREFIX_order_state os ON os.id_order_state = o.current_state WHERE o.module like \"%bluepay%\" AND os.logable = 1 AND o.date_add > DATE_SUB(NOW(), INTERVAL 90 DAY)', '>=', '30', '0', 'time', '7', 0, '2020-11-04 17:44:32', '2020-11-04 17:44:32'),
(146, 438, 'sql', 'SELECT COUNT( id_module ) FROM PREFIX_module WHERE `name` like \"%payplug%\"', '>=', '1', '0', 'hook', 'actionModuleInstallAfter', 0, '2020-11-04 17:44:32', '2020-11-14 17:20:14'),
(147, 439, 'configuration', 'PAYPLUG_CONFIGURATION_OK', '==', '1', '', 'time', '1', 0, '2020-11-04 17:44:32', '2020-11-04 17:44:32'),
(148, 440, 'sql', 'SELECT COUNT(*) FROM PREFIX_orders o LEFT JOIN PREFIX_order_state os ON os.id_order_state = o.current_state WHERE o.module like \"%payplug%\" AND os.logable = 1', '>=', '1', '0', 'time', '2', 0, '2020-11-04 17:44:32', '2020-11-04 17:44:32'),
(149, 441, 'sql', 'SELECT SUM(o.total_paid) FROM PREFIX_orders o LEFT JOIN PREFIX_order_state os ON os.id_order_state = o.current_state WHERE o.module like \"%payplug%\" AND os.logable = 1 AND o.date_add > DATE_SUB(NOW(), INTERVAL 90 DAY)', '>=', '10000', '0', 'time', '7', 0, '2020-11-04 17:44:32', '2020-11-04 17:44:32'),
(150, 442, 'sql', 'SELECT COUNT( id_module ) FROM PREFIX_module WHERE `name` like \"%affinityitems%\"', '>=', '1', '0', 'hook', 'actionModuleInstallAfter', 0, '2020-11-04 17:44:32', '2020-11-14 17:20:14'),
(151, 443, 'sql', 'SELECT COUNT(*) FROM PREFIX_configuration WHERE name LIKE \'AFFINITYITEMS_CONFIGURATION_OK\' AND value = \'1\'', '==', '1', '0', 'time', '1', 0, '2020-11-04 17:44:32', '2020-11-04 17:44:32'),
(152, 446, 'sql', 'SELECT COUNT( id_module ) FROM PREFIX_module WHERE `name` like \"%dpdpoland%\"', '>=', '1', '0', 'hook', 'actionModuleInstallAfter', 0, '2020-11-04 17:44:32', '2020-11-14 17:20:14'),
(153, 447, 'configuration', 'DPDPOLAND_CONFIGURATION_OK', '==', '1', '', 'time', '1', 0, '2020-11-04 17:44:32', '2020-11-04 17:44:32'),
(154, 448, 'sql', 'SELECT COUNT(*) FROM PREFIX_orders o LEFT JOIN PREFIX_order_state os ON os.id_order_state = o.current_state LEFT JOIN PREFIX_carrier c ON c.id_carrier = o.id_carrier WHERE c.name like \"%dpdpoland%\" AND os.logable = 1', '>=', '1', '0', 'time', '2', 0, '2020-11-04 17:44:32', '2020-11-04 17:44:32'),
(155, 449, 'sql', 'SELECT COUNT(*) FROM PREFIX_orders o LEFT JOIN PREFIX_order_state os ON os.id_order_state = o.current_state LEFT JOIN PREFIX_carrier c ON c.id_carrier = o.id_carrier WHERE c.name like \"%dpdpoland%\" AND os.logable = 1 AND o.date_add > DATE_SUB(NOW(), INTERVAL 90 DAY)', '>=', '100', '0', 'time', '7', 0, '2020-11-04 17:44:32', '2020-11-04 17:44:32'),
(156, 450, 'sql', 'SELECT COUNT( id_module ) FROM PREFIX_module WHERE `name` like \"%envoimoinscher%\"', '>=', '1', '0', 'hook', 'actionModuleInstallAfter', 0, '2020-11-04 17:44:32', '2020-11-14 17:20:14'),
(157, 451, 'sql', 'SELECT COUNT(*) FROM PREFIX_configuration WHERE (( name LIKE \'ENVOIMOINSCHER_CONFIGURATION_OK\') AND ( value = \'1\')) OR (( name LIKE \'EMC_ENV \') AND ( value != \'TEST\'))', '==', '2', '0', 'time', '1', 0, '2020-11-04 17:44:32', '2020-11-04 17:44:32'),
(158, 452, 'sql', 'SELECT COUNT(*) FROM PREFIX_orders o LEFT JOIN PREFIX_order_state os ON os.id_order_state = o.current_state LEFT JOIN PREFIX_carrier c ON c.id_carrier = o.id_carrier WHERE c.name like \"%envoimoinscher%\" AND os.logable = 1', '>=', '1', '0', 'time', '2', 0, '2020-11-04 17:44:32', '2020-11-04 17:44:32'),
(159, 453, 'sql', 'SELECT COUNT(*) FROM PREFIX_orders o LEFT JOIN PREFIX_order_state os ON os.id_order_state = o.current_state LEFT JOIN PREFIX_carrier c ON c.id_carrier = o.id_carrier WHERE c.name like \"%envoimoinscher%\" AND os.logable = 1 AND o.date_add > DATE_SUB(NOW(), INTERVAL 90 DAY)', '>=', '100', '0', 'time', '7', 0, '2020-11-04 17:44:32', '2020-11-04 17:44:32'),
(160, 454, 'sql', 'SELECT COUNT( id_module ) FROM PREFIX_module WHERE `name` like \"%klikandpay%\"', '>=', '1', '0', 'hook', 'actionModuleInstallAfter', 0, '2020-11-04 17:44:32', '2020-11-14 17:20:14'),
(161, 455, 'configuration', 'KLIKANDPAY_CONFIGURATION_OK', '==', '1', '', 'time', '1', 0, '2020-11-04 17:44:32', '2020-11-04 17:44:32'),
(162, 456, 'sql', 'SELECT COUNT(*) FROM PREFIX_orders o LEFT JOIN PREFIX_order_state os ON os.id_order_state = o.current_state WHERE o.module like \"%klikandpay%\" AND os.logable = 1', '>=', '1', '0', 'time', '2', 0, '2020-11-04 17:44:32', '2020-11-04 17:44:32'),
(163, 457, 'sql', 'SELECT COUNT(*) FROM PREFIX_orders o LEFT JOIN PREFIX_order_state os ON os.id_order_state = o.current_state WHERE o.module like \"%klikandpay%\" AND os.logable = 1 AND o.date_add > DATE_SUB(NOW(), INTERVAL 90 DAY)', '>=', '30', '0', 'time', '7', 0, '2020-11-04 17:44:32', '2020-11-04 17:44:32'),
(164, 458, 'sql', 'SELECT COUNT( id_module ) FROM PREFIX_module WHERE `name` like \"%clickline%\"', '>=', '1', '0', 'hook', 'actionModuleInstallAfter', 0, '2020-11-04 17:44:32', '2020-11-14 17:20:14'),
(165, 459, 'configuration', 'CLICKLINE_CONFIGURATION_OK', '==', '1', '', 'time', '1', 0, '2020-11-04 17:44:32', '2020-11-04 17:44:32'),
(166, 460, 'sql', 'SELECT COUNT(*) FROM PREFIX_orders o LEFT JOIN PREFIX_order_state os ON os.id_order_state = o.current_state LEFT JOIN PREFIX_carrier c ON c.id_carrier = o.id_carrier WHERE c.name like \"%clickline%\" AND os.logable = 1', '>=', '1', '0', 'time', '2', 0, '2020-11-04 17:44:32', '2020-11-04 17:44:32'),
(167, 461, 'sql', 'SELECT COUNT(*) FROM PREFIX_orders o LEFT JOIN PREFIX_order_state os ON os.id_order_state = o.current_state LEFT JOIN PREFIX_carrier c ON c.id_carrier = o.id_carrier WHERE c.name like \"%clickline%\" AND os.logable = 1 AND o.date_add > DATE_SUB(NOW(), INTERVAL 90 DAY)', '>=', '100', '0', 'time', '7', 0, '2020-11-04 17:44:32', '2020-11-04 17:44:32'),
(168, 462, 'sql', 'SELECT COUNT( id_module ) FROM PREFIX_module WHERE `name` like \"%cdiscount%\"', '>=', '1', '0', 'hook', 'actionModuleInstallAfter', 0, '2020-11-04 17:44:32', '2020-11-14 17:20:14'),
(169, 463, 'sql', 'SELECT 1', '!=', '1', '1', 'time', '100', 0, '2020-11-04 17:44:32', '2020-11-04 17:44:32'),
(170, 464, 'sql', 'SELECT COUNT(*) FROM PREFIX_orders o LEFT JOIN PREFIX_order_state os ON os.id_order_state = o.current_state WHERE o.module like \"%cdiscount%\" AND os.logable = 1', '>=', '1', '0', 'time', '2', 0, '2020-11-04 17:44:32', '2020-11-04 17:44:32'),
(171, 465, 'sql', 'SELECT SUM(o.total_paid) FROM PREFIX_orders o LEFT JOIN PREFIX_order_state os ON os.id_order_state = o.current_state WHERE o.module like \"%cdiscount%\" AND os.logable = 1 AND o.date_add > DATE_SUB(NOW(), INTERVAL 365 DAY)', '>=', '500', '0', 'time', '7', 0, '2020-11-04 17:44:32', '2020-11-04 17:44:32'),
(172, 467, 'sql', 'SELECT COUNT( id_module ) FROM PREFIX_module WHERE `name` like \"%erpillicopresta%\"', '>=', '1', '0', 'hook', 'actionModuleInstallAfter', 0, '2020-11-04 17:44:32', '2020-11-14 17:20:14'),
(173, 468, 'configuration', 'SELECT COUNT(*) FROM PREFIX_configuration WHERE (( name LIKE \'ERPILLICOPRESTA_CONFIGURATION_OK\') AND ( value = \'1\')) OR (( name LIKE \'ERP_LICENCE_VALIDITY \') AND ( value == \'1\')) OR (( name LIKE \'ERP_MONTH_FREE_ACTIVE \') AND ( value == \'0\'))', '==', '3', '', 'time', '1', 0, '2020-11-04 17:44:32', '2020-11-04 17:44:32'),
(174, 469, 'sql', 'SELECT 1', '!=', '1', '1', 'time', '100', 0, '2020-11-04 17:44:32', '2020-11-04 17:44:32'),
(175, 470, 'sql', 'SELECT 1', '!=', '1', '1', 'time', '100', 0, '2020-11-04 17:44:32', '2020-11-04 17:44:32'),
(176, 471, 'sql', 'SELECT COUNT( id_module ) FROM PREFIX_module WHERE `name` like \"%netreviews%\"', '>=', '1', '0', 'hook', 'actionModuleInstallAfter', 0, '2020-11-04 17:44:32', '2020-11-14 17:20:14'),
(177, 472, 'sql', 'SELECT COUNT(*) FROM PREFIX_configuration WHERE (( name LIKE \'NETREVIEWS_CONFIGURATION_OK\') AND ( value = \'1\')) OR (( name LIKE \'AVISVERIFIES_URLCERTIFICAT \') AND ( value IS NOT LIKE \'%preprod%\'))', '==', '2', '0', 'time', '1', 0, '2020-11-04 17:44:32', '2020-11-04 17:44:32'),
(178, 473, 'sql', 'SELECT 1', '!=', '1', '1', 'time', '100', 0, '2020-11-04 17:44:32', '2020-11-04 17:44:32'),
(179, 474, 'sql', 'SELECT 1', '!=', '1', '1', 'time', '100', 0, '2020-11-04 17:44:32', '2020-11-04 17:44:32'),
(180, 475, 'sql', 'SELECT COUNT( id_module ) FROM PREFIX_module WHERE `name` like \"%bluesnap%\"', '>=', '1', '0', 'hook', 'actionModuleInstallAfter', 0, '2020-11-04 17:44:32', '2020-11-14 17:20:14'),
(181, 476, 'sql', 'SELECT COUNT(*) FROM PREFIX_configuration WHERE (( name LIKE \'BLUESNAP_CONFIGURATION_OK\') AND ( value = \'1\')) OR (( name LIKE \'BLUESNAP_SANDBOX \') AND ( value NOT LIKE \'%sandbox%\'))', '==', '2', '0', 'time', '1', 0, '2020-11-04 17:44:32', '2020-11-04 17:44:32'),
(182, 477, 'sql', 'SELECT COUNT(*) FROM PREFIX_orders o LEFT JOIN PREFIX_order_state os ON os.id_order_state = o.current_state WHERE o.module like \"%bluesnap%\" AND os.logable = 1', '>=', '1', '0', 'time', '2', 0, '2020-11-04 17:44:32', '2020-11-04 17:44:32'),
(183, 478, 'sql', 'SELECT COUNT(*) FROM PREFIX_orders o LEFT JOIN PREFIX_order_state os ON os.id_order_state = o.current_state WHERE o.module like \"%bluesnap%\" AND os.logable = 1 AND o.date_add > DATE_SUB(NOW(), INTERVAL 90 DAY)', '>=', '30', '0', 'time', '7', 0, '2020-11-04 17:44:32', '2020-11-04 17:44:32'),
(184, 479, 'sql', 'SELECT COUNT( id_module ) FROM PREFIX_module WHERE `name` like \"%desjardins%\"', '>=', '1', '0', 'hook', 'actionModuleInstallAfter', 0, '2020-11-04 17:44:32', '2020-11-14 17:20:14'),
(185, 480, 'sql', 'SELECT COUNT(*) FROM PREFIX_configuration WHERE (( name LIKE \'DESJARDINS_CONFIGURATION_OK\') AND ( value = \'1\')) OR (( name LIKE \'DESJARDINS_MODE \') AND ( value NOT LIKE \'%test%\'))', '==', '2', '0', 'time', '1', 0, '2020-11-04 17:44:32', '2020-11-04 17:44:32'),
(186, 481, 'sql', 'SELECT COUNT(*) FROM PREFIX_orders o LEFT JOIN PREFIX_order_state os ON os.id_order_state = o.current_state WHERE o.module like \"%desjardins%\" AND os.logable = 1', '>=', '1', '0', 'time', '2', 0, '2020-11-04 17:44:32', '2020-11-04 17:44:32'),
(187, 482, 'sql', 'SELECT COUNT(*) FROM PREFIX_orders o LEFT JOIN PREFIX_order_state os ON os.id_order_state = o.current_state WHERE o.module like \"%desjardins%\" AND os.logable = 1 AND o.date_add > DATE_SUB(NOW(), INTERVAL 90 DAY)', '>=', '30', '0', 'time', '7', 0, '2020-11-04 17:44:32', '2020-11-04 17:44:32'),
(188, 483, 'sql', 'SELECT COUNT( id_module ) FROM PREFIX_module WHERE `name` like \"%firstdata%\"', '>=', '1', '0', 'hook', 'actionModuleInstallAfter', 0, '2020-11-04 17:44:32', '2020-11-14 17:20:14'),
(189, 484, 'configuration', 'FIRSTDATA_CONFIGURATION_OK', '==', '1', '', 'time', '1', 0, '2020-11-04 17:44:32', '2020-11-04 17:44:32'),
(190, 485, 'sql', 'SELECT COUNT(*) FROM PREFIX_orders o LEFT JOIN PREFIX_order_state os ON os.id_order_state = o.current_state WHERE o.module like \"%firstdata%\" AND os.logable = 1', '>=', '1', '0', 'time', '2', 0, '2020-11-04 17:44:32', '2020-11-04 17:44:32'),
(191, 486, 'sql', 'SELECT COUNT(*) FROM PREFIX_orders o LEFT JOIN PREFIX_order_state os ON os.id_order_state = o.current_state WHERE o.module like \"%firstdata%\" AND os.logable = 1 AND o.date_add > DATE_SUB(NOW(), INTERVAL 90 DAY)', '>=', '30', '0', 'time', '7', 0, '2020-11-04 17:44:32', '2020-11-04 17:44:32'),
(192, 487, 'sql', 'SELECT COUNT( id_module ) FROM PREFIX_module WHERE `name` like \"%giveit%\"', '>=', '1', '0', 'hook', 'actionModuleInstallAfter', 0, '2020-11-04 17:44:32', '2020-11-14 17:20:14'),
(193, 488, 'sql', 'GIVEIT_CONFIGURATION_OK', '>=', '1', '0', 'time', '1', 0, '2020-11-04 17:44:32', '2020-11-04 17:44:32'),
(194, 489, 'sql', 'SELECT 1', '!=', '1', '1', 'time', '365', 0, '2020-11-04 17:44:32', '2020-11-04 17:44:32'),
(195, 490, 'sql', 'SELECT 1', '!=', '1', '1', 'time', '365', 0, '2020-11-04 17:44:32', '2020-11-04 17:44:32'),
(196, 491, 'sql', 'SELECT COUNT( id_module ) FROM PREFIX_module WHERE `name` like \"%ganalytics%\"', '>=', '1', '0', 'hook', 'actionModuleInstallAfter', 0, '2020-11-04 17:44:32', '2020-11-14 17:20:14'),
(197, 492, 'configuration', 'GANALYTICS_CONFIGURATION_OK', '==', '1', '', 'time', '1', 0, '2020-11-04 17:44:32', '2020-11-04 17:44:32'),
(198, 493, 'sql', 'SELECT 1', '!=', '1', '1', 'time', '1', 0, '2020-11-04 17:44:32', '2020-11-04 17:44:32'),
(199, 494, 'sql', 'SELECT 1', '!=', '1', '1', 'time', '365', 0, '2020-11-04 17:44:32', '2020-11-04 17:44:32'),
(200, 496, 'sql', 'SELECT COUNT( id_module ) FROM PREFIX_module WHERE `name` like \"%pagseguro%\"', '>=', '1', '0', 'hook', 'actionModuleInstallAfter', 0, '2020-11-04 17:44:32', '2020-11-14 17:20:14'),
(201, 497, 'configuration', 'PAGSEGURO_CONFIGURATION_OK', '==', '1', '', 'time', '1', 0, '2020-11-04 17:44:32', '2020-11-04 17:44:32'),
(202, 498, 'sql', 'SELECT COUNT(*) FROM PREFIX_orders o LEFT JOIN PREFIX_order_state os ON os.id_order_state = o.current_state WHERE o.module like \"%pagseguro%\" AND os.logable = 1', '>=', '1', '0', 'time', '2', 0, '2020-11-04 17:44:32', '2020-11-04 17:44:32'),
(203, 499, 'sql', 'SELECT COUNT(*) FROM PREFIX_orders o LEFT JOIN PREFIX_order_state os ON os.id_order_state = o.current_state WHERE o.module like \"%pagseguro%\" AND os.logable = 1 AND o.date_add > DATE_SUB(NOW(), INTERVAL 90 DAY)', '>=', '30', '0', 'time', '7', 0, '2020-11-04 17:44:32', '2020-11-04 17:44:32'),
(204, 500, 'sql', 'SELECT COUNT( id_module ) FROM PREFIX_module WHERE `name` like \"%paypalmx%\"', '>=', '1', '0', 'hook', 'actionModuleInstallAfter', 0, '2020-11-04 17:44:32', '2020-11-14 17:20:14'),
(205, 501, 'sql', 'SELECT COUNT(*) FROM PREFIX_configuration WHERE (( name LIKE \'PAYPALMX_CONFIGURATION_OK\') AND ( value = \'1\')) OR (( name LIKE \'PAYPAL_MX_SANDBOX\') AND ( value = \'0\'))', '==', '2', '0', 'time', '1', 0, '2020-11-04 17:44:32', '2020-11-04 17:44:32'),
(206, 502, 'sql', 'SELECT COUNT(*) FROM PREFIX_orders o LEFT JOIN PREFIX_order_state os ON os.id_order_state = o.current_state WHERE o.module like \"%paypalmx%\" AND os.logable = 1', '>=', '1', '0', 'time', '2', 0, '2020-11-04 17:44:32', '2020-11-04 17:44:32'),
(207, 503, 'sql', 'SELECT COUNT(*) FROM PREFIX_orders o LEFT JOIN PREFIX_order_state os ON os.id_order_state = o.current_state WHERE o.module like \"%paypalmx%\" AND os.logable = 1 AND o.date_add > DATE_SUB(NOW(), INTERVAL 90 DAY)', '>=', '30', '0', 'time', '7', 0, '2020-11-04 17:44:32', '2020-11-04 17:44:32'),
(208, 505, 'sql', 'SELECT COUNT( id_module ) FROM PREFIX_module WHERE `name` like \"%paypalusa%\"', '==', '1', '0', 'hook', 'actionModuleInstallAfter', 0, '2020-11-04 17:44:32', '2020-11-14 17:20:14'),
(209, 506, 'sql', 'SELECT COUNT(*) FROM PREFIX_configuration WHERE (( name LIKE \'PAYPALUSA_CONFIGURATION_OK\') AND ( value = \'1\')) OR (( name LIKE \'PAYPAL_USA_SANDBOX\') AND ( value = \'0\'))', '==', '2', '0', 'time', '1', 0, '2020-11-04 17:44:32', '2020-11-04 17:44:32'),
(210, 507, 'sql', 'SELECT COUNT(*) FROM PREFIX_orders o LEFT JOIN PREFIX_order_state os ON os.id_order_state = o.current_state WHERE o.module like \"%paypalusa%\" AND os.logable = 1', '>=', '1', '0', 'time', '2', 0, '2020-11-04 17:44:32', '2020-11-04 17:44:32');
INSERT INTO `pspa_condition` (`id_condition`, `id_ps_condition`, `type`, `request`, `operator`, `value`, `result`, `calculation_type`, `calculation_detail`, `validated`, `date_add`, `date_upd`) VALUES
(211, 508, 'sql', 'SELECT COUNT(*) FROM PREFIX_orders o LEFT JOIN PREFIX_order_state os ON os.id_order_state = o.current_state WHERE o.module like \"%paypalmx%\" AND os.logable = 1 AND o.date_add > DATE_SUB(NOW(), INTERVAL 90 DAY)', '>=', '30', '0', 'time', '7', 0, '2020-11-04 17:44:32', '2020-11-04 17:44:32'),
(212, 509, 'sql', 'SELECT COUNT( id_module ) FROM PREFIX_module WHERE `name` like \"%payulatam%\"', '==', '1', '0', 'hook', 'actionModuleInstallAfter', 0, '2020-11-04 17:44:32', '2020-11-14 17:20:14'),
(213, 510, 'sql', 'SELECT COUNT(*) FROM PREFIX_configuration WHERE (( name LIKE \'PAYULATAM_CONFIGURATION_OK\') AND ( value = \'1\')) OR (( name LIKE \'PAYU_LATAM_TEST\') AND ( value = \'1\'))', '==', '2', '0', 'time', '1', 0, '2020-11-04 17:44:32', '2020-11-04 17:44:32'),
(214, 511, 'sql', 'SELECT COUNT(*) FROM PREFIX_orders o LEFT JOIN PREFIX_order_state os ON os.id_order_state = o.current_state WHERE o.module like \"%payulatam%\" AND os.logable = 1', '>=', '1', '0', 'time', '2', 0, '2020-11-04 17:44:32', '2020-11-04 17:44:32'),
(215, 512, 'sql', 'SELECT COUNT(*) FROM PREFIX_orders o LEFT JOIN PREFIX_order_state os ON os.id_order_state = o.current_state WHERE o.module like \"%payulatam%\" AND os.logable = 1 AND o.date_add > DATE_SUB(NOW(), INTERVAL 90 DAY)', '>=', '30', '0', 'time', '7', 0, '2020-11-04 17:44:32', '2020-11-04 17:44:32'),
(216, 513, 'sql', 'SELECT COUNT( id_module ) FROM PREFIX_module WHERE `name` like \"%prestastats%\"', '==', '1', '0', 'hook', 'actionModuleInstallAfter', 0, '2020-11-04 17:44:32', '2020-11-14 17:20:14'),
(217, 514, 'configuration', 'PRESTASTATS_CONFIGURATION_OK', '==', '1', '', 'time', '1', 0, '2020-11-04 17:44:32', '2020-11-04 17:44:32'),
(218, 515, 'sql', 'SELECT 1', '!=', '1', '1', 'time', '365', 0, '2020-11-04 17:44:32', '2020-11-04 17:44:32'),
(219, 516, 'sql', 'SELECT 1', '!=', '1', '1', 'time', '365', 0, '2020-11-04 17:44:32', '2020-11-04 17:44:32'),
(220, 517, 'sql', 'SELECT COUNT( id_module ) FROM PREFIX_module WHERE `name` like \"%riskified%\"', '==', '1', '0', 'hook', 'actionModuleInstallAfter', 0, '2020-11-04 17:44:32', '2020-11-14 17:20:14'),
(221, 518, 'sql', 'SELECT COUNT(*) FROM PREFIX_configuration WHERE (( name LIKE \'RISKIFIED_CONFIGURATION_OK\') AND ( value = \'1\')) OR (( name LIKE \'RISKIFIED_MODE\') AND ( value = \'1\'))', '==', '2', '0', 'time', '1', 0, '2020-11-04 17:44:32', '2020-11-04 17:44:32'),
(222, 519, 'sql', 'SELECT COUNT(*) FROM PREFIX_orders o LEFT JOIN PREFIX_order_state os ON os.id_order_state = o.current_state WHERE o.module like \"%riskified%\" AND os.logable = 1', '>=', '1', '0', 'time', '2', 0, '2020-11-04 17:44:32', '2020-11-04 17:44:32'),
(223, 520, 'sql', 'SELECT COUNT(*) FROM PREFIX_orders o LEFT JOIN PREFIX_order_state os ON os.id_order_state = o.current_state WHERE o.module like \"%riskified%\" AND os.logable = 1 AND o.date_add > DATE_SUB(NOW(), INTERVAL 90 DAY)', '>=', '30', '0', 'time', '7', 0, '2020-11-04 17:44:32', '2020-11-04 17:44:32'),
(224, 521, 'sql', 'SELECT COUNT( id_module ) FROM PREFIX_module WHERE `name` like \"%simplifycommerce%\"', '==', '1', '0', 'hook', 'actionModuleInstallAfter', 0, '2020-11-04 17:44:32', '2020-11-14 17:20:14'),
(225, 522, 'sql', 'SELECT COUNT(*) FROM PREFIX_configuration WHERE (( name LIKE \'SIMPLIFY_CONFIGURATION_OK\') AND ( value = \'1\')) OR (( name LIKE \'SIMPLIFY_MODE\') AND ( value = \'1\'))', '==', '2', '0', 'time', '1', 0, '2020-11-04 17:44:32', '2020-11-04 17:44:32'),
(226, 523, 'sql', 'SELECT COUNT(*) FROM PREFIX_orders o LEFT JOIN PREFIX_order_state os ON os.id_order_state = o.current_state WHERE o.module like \"%simplifycommerce%\" AND os.logable = 1', '>=', '1', '0', 'time', '2', 0, '2020-11-04 17:44:32', '2020-11-04 17:44:32'),
(227, 524, 'sql', 'SELECT COUNT(*) FROM PREFIX_orders o LEFT JOIN PREFIX_order_state os ON os.id_order_state = o.current_state WHERE o.module like \"%simplifycommerce%\" AND os.logable = 1 AND o.date_add > DATE_SUB(NOW(), INTERVAL 90 DAY)', '>=', '30', '0', 'time', '7', 0, '2020-11-04 17:44:32', '2020-11-04 17:44:32'),
(228, 525, 'sql', 'SELECT COUNT( id_module ) FROM PREFIX_module WHERE `name` like \"%vtpayment%\"', '==', '1', '0', 'hook', 'actionModuleInstallAfter', 0, '2020-11-04 17:44:32', '2020-11-14 17:20:14'),
(229, 526, 'configuration', 'VTPAYMENT_CONFIGURATION_OK', '==', '1', '', 'time', '1', 0, '2020-11-04 17:44:32', '2020-11-04 17:44:32'),
(230, 527, 'sql', 'SELECT COUNT(*) FROM PREFIX_orders o LEFT JOIN PREFIX_order_state os ON os.id_order_state = o.current_state WHERE o.module like \"%vtpayment%\" AND os.logable = 1', '>=', '1', '0', 'time', '2', 0, '2020-11-04 17:44:32', '2020-11-04 17:44:32'),
(231, 528, 'sql', 'SELECT COUNT(*) FROM PREFIX_orders o LEFT JOIN PREFIX_order_state os ON os.id_order_state = o.current_state WHERE o.module like \"%vtpayment%\" AND os.logable = 1 AND o.date_add > DATE_SUB(NOW(), INTERVAL 90 DAY)', '>=', '30', '0', 'time', '7', 0, '2020-11-04 17:44:32', '2020-11-04 17:44:32'),
(232, 529, 'sql', 'SELECT COUNT( id_module ) FROM PREFIX_module WHERE `name` like \"%yotpo%\"', '==', '1', '0', 'hook', 'actionModuleInstallAfter', 0, '2020-11-04 17:44:32', '2020-11-14 17:20:14'),
(233, 530, 'configuration', 'YOTPO_CONFIGURATION_OK', '==', '1', '', 'time', '1', 0, '2020-11-04 17:44:32', '2020-11-04 17:44:32'),
(234, 531, 'sql', 'SELECT 1', '!=', '1', '1', 'time', '365', 0, '2020-11-04 17:44:32', '2020-11-04 17:44:32'),
(235, 532, 'sql', 'SELECT 1', '!=', '1', '1', 'time', '365', 0, '2020-11-04 17:44:32', '2020-11-04 17:44:32'),
(236, 533, 'sql', 'SELECT COUNT( id_module ) FROM PREFIX_module WHERE `name` like \"%yotpo%\"', '==', '1', '0', 'hook', 'actionModuleInstallAfter', 0, '2020-11-04 17:44:32', '2020-11-14 17:20:14'),
(237, 534, 'sql', 'SELECT COUNT(*) FROM PREFIX_configuration WHERE (( name LIKE \'YOUSTICERESOLUTIONSYSTEM_CONF_OK\') AND ( value = \'1\')) OR (( name LIKE \'YRS_SANDBOX\') AND ( value = \'0\'))', '==', '2', '0', 'time', '1', 0, '2020-11-04 17:44:32', '2020-11-04 17:44:32'),
(238, 535, 'sql', 'SELECT 1', '!=', '1', '1', 'time', '365', 0, '2020-11-04 17:44:32', '2020-11-04 17:44:32'),
(239, 536, 'sql', 'SELECT 1', '!=', '1', '1', 'time', '365', 0, '2020-11-04 17:44:32', '2020-11-04 17:44:32'),
(240, 537, 'sql', 'SELECT COUNT( id_module ) FROM PREFIX_module WHERE `name` like \"%loyaltylion%\"', '>=', '1', '0', 'hook', 'actionModuleInstallAfter', 0, '2020-11-04 17:44:32', '2020-11-14 17:20:14'),
(241, 538, 'configuration', 'LOYALTYLION_CONFIGURATION_OK', '==', '1', '', 'time', '1', 0, '2020-11-04 17:44:32', '2020-11-04 17:44:32'),
(242, 539, 'sql', 'SELECT 1', '!=', '1', '1', 'time', '365', 0, '2020-11-04 17:44:32', '2020-11-04 17:44:32'),
(243, 540, 'sql', 'SELECT 1', '!=', '1', '1', 'time', '365', 0, '2020-11-04 17:44:32', '2020-11-04 17:44:32'),
(244, 542, 'sql', 'SELECT \'{config} PS_VERSION_DB{/config}\' >= \'1.7.0.0\' AND < \'1.8.0.0\'', '==', '1', '', 'time', '1', 0, '2020-11-04 17:44:32', '2020-11-04 17:44:32');

-- --------------------------------------------------------

--
