-- Table structure for table `pspa_store`
--

CREATE TABLE `pspa_store` (
  `id_store` int(10) UNSIGNED NOT NULL,
  `id_country` int(10) UNSIGNED NOT NULL,
  `id_state` int(10) UNSIGNED DEFAULT NULL,
  `city` varchar(64) NOT NULL,
  `postcode` varchar(12) NOT NULL,
  `latitude` decimal(13,8) DEFAULT NULL,
  `longitude` decimal(13,8) DEFAULT NULL,
  `phone` varchar(16) DEFAULT NULL,
  `fax` varchar(16) DEFAULT NULL,
  `email` varchar(255) DEFAULT NULL,
  `active` tinyint(1) UNSIGNED NOT NULL DEFAULT '0',
  `date_add` datetime NOT NULL,
  `date_upd` datetime NOT NULL
) ENGINE=InnoDB DEFAULT CHARSET=utf8;

--
-- Dumping data for table `pspa_store`
--

INSERT INTO `pspa_store` (`id_store`, `id_country`, `id_state`, `city`, `postcode`, `latitude`, `longitude`, `phone`, `fax`, `email`, `active`, `date_add`, `date_upd`) VALUES
(1, 15, 0, 'Beja', '7800-491', 38.01248000, -7.86641000, '284 329 052', '', 'geral@vinhodetalha.pt', 1, '2019-12-05 14:17:28', '2019-12-06 10:34:26');

-- --------------------------------------------------------

--
-- Table structure for table `pspa_store_lang`
--

CREATE TABLE `pspa_store_lang` (
  `id_store` int(11) UNSIGNED NOT NULL,
  `id_lang` int(11) UNSIGNED NOT NULL,
  `name` varchar(255) NOT NULL,
  `address1` varchar(255) NOT NULL,
  `address2` varchar(255) DEFAULT NULL,
  `hours` text,
  `note` text
) ENGINE=InnoDB DEFAULT CHARSET=utf8;

--
-- Dumping data for table `pspa_store_lang`
--

INSERT INTO `pspa_store_lang` (`id_store`, `id_lang`, `name`, `address1`, `address2`, `hours`, `note`) VALUES
(1, 2, 'ACV - Produção e Comércio de Vinho de Talha, Lda.', 'Rua de Dom Frei Amador Arrais 9, Loja 4', '', '[[\"\"],[\"\"],[\"\"],[\"\"],[\"\"],[\"\"],[\"\"]]', '');

-- --------------------------------------------------------

--
-- Table structure for table `pspa_store_shop`
--

CREATE TABLE `pspa_store_shop` (
  `id_store` int(11) UNSIGNED NOT NULL,
  `id_shop` int(11) UNSIGNED NOT NULL
) ENGINE=InnoDB DEFAULT CHARSET=utf8;

--
-- Dumping data for table `pspa_store_shop`
--

INSERT INTO `pspa_store_shop` (`id_store`, `id_shop`) VALUES
(1, 1);

-- --------------------------------------------------------

--
-- Table structure for table `pspa_supplier`
--

CREATE TABLE `pspa_supplier` (
  `id_supplier` int(10) UNSIGNED NOT NULL,
  `name` varchar(64) NOT NULL,
  `date_add` datetime NOT NULL,
  `date_upd` datetime NOT NULL,
  `active` tinyint(1) NOT NULL DEFAULT '0'
) ENGINE=InnoDB DEFAULT CHARSET=utf8;

-- --------------------------------------------------------

--
-- Table structure for table `pspa_supplier_lang`
--

CREATE TABLE `pspa_supplier_lang` (
  `id_supplier` int(10) UNSIGNED NOT NULL,
  `id_lang` int(10) UNSIGNED NOT NULL,
  `description` text,
  `meta_title` varchar(255) DEFAULT NULL,
  `meta_keywords` varchar(255) DEFAULT NULL,
  `meta_description` varchar(512) DEFAULT NULL
) ENGINE=InnoDB DEFAULT CHARSET=utf8;

-- --------------------------------------------------------

--
-- Table structure for table `pspa_supplier_shop`
--

CREATE TABLE `pspa_supplier_shop` (
  `id_supplier` int(11) UNSIGNED NOT NULL,
  `id_shop` int(11) UNSIGNED NOT NULL
) ENGINE=InnoDB DEFAULT CHARSET=utf8;

-- --------------------------------------------------------

--
-- Table structure for table `pspa_supply_order`
--

CREATE TABLE `pspa_supply_order` (
  `id_supply_order` int(11) UNSIGNED NOT NULL,
  `id_supplier` int(11) UNSIGNED NOT NULL,
  `supplier_name` varchar(64) NOT NULL,
  `id_lang` int(11) UNSIGNED NOT NULL,
  `id_warehouse` int(11) UNSIGNED NOT NULL,
  `id_supply_order_state` int(11) UNSIGNED NOT NULL,
  `id_currency` int(11) UNSIGNED NOT NULL,
  `id_ref_currency` int(11) UNSIGNED NOT NULL,
  `reference` varchar(64) NOT NULL,
  `date_add` datetime NOT NULL,
  `date_upd` datetime NOT NULL,
  `date_delivery_expected` datetime DEFAULT NULL,
  `total_te` decimal(20,6) DEFAULT '0.000000',
  `total_with_discount_te` decimal(20,6) DEFAULT '0.000000',
  `total_tax` decimal(20,6) DEFAULT '0.000000',
  `total_ti` decimal(20,6) DEFAULT '0.000000',
  `discount_rate` decimal(20,6) DEFAULT '0.000000',
  `discount_value_te` decimal(20,6) DEFAULT '0.000000',
  `is_template` tinyint(1) DEFAULT '0'
) ENGINE=InnoDB DEFAULT CHARSET=utf8;

-- --------------------------------------------------------

--
-- Table structure for table `pspa_supply_order_detail`
--

CREATE TABLE `pspa_supply_order_detail` (
  `id_supply_order_detail` int(11) UNSIGNED NOT NULL,
  `id_supply_order` int(11) UNSIGNED NOT NULL,
  `id_currency` int(11) UNSIGNED NOT NULL,
  `id_product` int(11) UNSIGNED NOT NULL,
  `id_product_attribute` int(11) UNSIGNED NOT NULL,
  `reference` varchar(64) NOT NULL,
  `supplier_reference` varchar(64) NOT NULL,
  `name` varchar(128) NOT NULL,
  `ean13` varchar(13) DEFAULT NULL,
  `upc` varchar(12) DEFAULT NULL,
  `exchange_rate` decimal(20,6) DEFAULT '0.000000',
  `unit_price_te` decimal(20,6) DEFAULT '0.000000',
  `quantity_expected` int(11) UNSIGNED NOT NULL,
  `quantity_received` int(11) UNSIGNED NOT NULL,
  `price_te` decimal(20,6) DEFAULT '0.000000',
  `discount_rate` decimal(20,6) DEFAULT '0.000000',
  `discount_value_te` decimal(20,6) DEFAULT '0.000000',
  `price_with_discount_te` decimal(20,6) DEFAULT '0.000000',
  `tax_rate` decimal(20,6) DEFAULT '0.000000',
  `tax_value` decimal(20,6) DEFAULT '0.000000',
  `price_ti` decimal(20,6) DEFAULT '0.000000',
  `tax_value_with_order_discount` decimal(20,6) DEFAULT '0.000000',
  `price_with_order_discount_te` decimal(20,6) DEFAULT '0.000000',
  `isbn` varchar(32) DEFAULT NULL
) ENGINE=InnoDB DEFAULT CHARSET=utf8;

-- --------------------------------------------------------

--
-- Table structure for table `pspa_supply_order_history`
--

CREATE TABLE `pspa_supply_order_history` (
  `id_supply_order_history` int(11) UNSIGNED NOT NULL,
  `id_supply_order` int(11) UNSIGNED NOT NULL,
  `id_employee` int(11) UNSIGNED NOT NULL,
  `employee_lastname` varchar(255) DEFAULT '',
  `employee_firstname` varchar(255) DEFAULT '',
  `id_state` int(11) UNSIGNED NOT NULL,
  `date_add` datetime NOT NULL
) ENGINE=InnoDB DEFAULT CHARSET=utf8;

-- --------------------------------------------------------

--
-- Table structure for table `pspa_supply_order_receipt_history`
--

CREATE TABLE `pspa_supply_order_receipt_history` (
  `id_supply_order_receipt_history` int(11) UNSIGNED NOT NULL,
  `id_supply_order_detail` int(11) UNSIGNED NOT NULL,
  `id_employee` int(11) UNSIGNED NOT NULL,
  `employee_lastname` varchar(255) DEFAULT '',
  `employee_firstname` varchar(255) DEFAULT '',
  `id_supply_order_state` int(11) UNSIGNED NOT NULL,
  `quantity` int(11) UNSIGNED NOT NULL,
  `date_add` datetime NOT NULL
) ENGINE=InnoDB DEFAULT CHARSET=utf8;

-- --------------------------------------------------------

--
-- Table structure for table `pspa_supply_order_state`
--

CREATE TABLE `pspa_supply_order_state` (
  `id_supply_order_state` int(11) UNSIGNED NOT NULL,
  `delivery_note` tinyint(1) NOT NULL DEFAULT '0',
  `editable` tinyint(1) NOT NULL DEFAULT '0',
  `receipt_state` tinyint(1) NOT NULL DEFAULT '0',
  `pending_receipt` tinyint(1) NOT NULL DEFAULT '0',
  `enclosed` tinyint(1) NOT NULL DEFAULT '0',
  `color` varchar(32) DEFAULT NULL
) ENGINE=InnoDB DEFAULT CHARSET=utf8;

--
-- Dumping data for table `pspa_supply_order_state`
--

INSERT INTO `pspa_supply_order_state` (`id_supply_order_state`, `delivery_note`, `editable`, `receipt_state`, `pending_receipt`, `enclosed`, `color`) VALUES
(1, 0, 1, 0, 0, 0, '#faab00'),
(2, 1, 0, 0, 0, 0, '#273cff'),
(3, 0, 0, 0, 1, 0, '#ff37f5'),
(4, 0, 0, 1, 1, 0, '#ff3e33'),
(5, 0, 0, 1, 0, 1, '#00d60c'),
(6, 0, 0, 0, 0, 1, '#666666');

-- --------------------------------------------------------

--
-- Table structure for table `pspa_supply_order_state_lang`
--

CREATE TABLE `pspa_supply_order_state_lang` (
  `id_supply_order_state` int(11) UNSIGNED NOT NULL,
  `id_lang` int(11) UNSIGNED NOT NULL,
  `name` varchar(128) DEFAULT NULL
) ENGINE=InnoDB DEFAULT CHARSET=utf8;

--
-- Dumping data for table `pspa_supply_order_state_lang`
--

INSERT INTO `pspa_supply_order_state_lang` (`id_supply_order_state`, `id_lang`, `name`) VALUES
(1, 2, '1 - Creation in progress'),
(2, 2, '2 - Order validated'),
(3, 2, '3 - Pending receipt'),
(4, 2, '4 - Order received in part'),
(5, 2, '5 - Order received completely'),
(6, 2, '6 - Order canceled');

-- --------------------------------------------------------

--
-- Table structure for table `pspa_tab`
--

CREATE TABLE `pspa_tab` (
  `id_tab` int(11) NOT NULL,
  `id_parent` int(11) NOT NULL,
  `class_name` varchar(64) DEFAULT NULL,
  `module` varchar(64) DEFAULT NULL,
  `position` int(11) NOT NULL,
  `active` tinyint(1) NOT NULL DEFAULT '1',
  `hide_host_mode` tinyint(1) NOT NULL DEFAULT '0',
  `icon` varchar(32) DEFAULT ''
) ENGINE=InnoDB DEFAULT CHARSET=utf8;

--
-- Dumping data for table `pspa_tab`
--

INSERT INTO `pspa_tab` (`id_tab`, `id_parent`, `class_name`, `module`, `position`, `active`, `hide_host_mode`, `icon`) VALUES
(101, 0, 'AdminBlockCategories', 'blockcategories', 15, 1, 0, ''),
(102, 0, 'AdminDashgoals', 'dashgoals', 17, 1, 0, ''),
(103, 0, 'AdminThemeConfigurator', 'themeconfigurator', 19, 1, 0, ''),
(104, 0, 'AdminGamification', 'gamification', 14, 1, 0, ''),
(105, 0, 'AdminCronJobs', 'cronjobs', 20, 1, 0, ''),
(106, 0, 'deleteorderstab', 'deleteordersfree', 16, 1, 0, ''),
(107, 0, 'LyoReservationMenu', 'lyoreservation', 21, 1, 0, ''),
(108, 0, 'LyoReservationSetting', 'lyoreservation', 4, 1, 0, ''),
(109, 0, 'LyoReservationCalendars', 'lyoreservation', 7, 1, 0, ''),
(110, 0, 'LyoReservationProducts', 'lyoreservation', 9, 1, 0, ''),
(111, 0, 'LyoReservationPlanning', 'lyoreservation', 11, 1, 0, ''),
(112, 0, 'LyoReservationCombinations', 'lyoreservation', 12, 0, 0, ''),
(113, 0, 'LyoReservationBookings', 'lyoreservation', 13, 0, 0, ''),
(114, 0, 'AdminSelfUpgrade', 'autoupgrade', 18, 1, 0, ''),
(115, 0, 'AdminDashboard', NULL, 1, 1, 0, 'trending_up'),
(116, 0, 'SELL', NULL, 5, 1, 0, ''),
(117, 116, 'AdminParentOrders', NULL, 1, 1, 0, 'shopping_basket'),
(118, 117, 'AdminOrders', NULL, 1, 1, 0, ''),
(119, 117, 'AdminInvoices', NULL, 2, 1, 0, ''),
(120, 117, 'AdminSlip', NULL, 3, 1, 0, ''),
(121, 117, 'AdminDeliverySlip', NULL, 4, 1, 0, ''),
(122, 117, 'AdminCarts', NULL, 5, 1, 0, ''),
(123, 116, 'AdminCatalog', NULL, 2, 1, 0, 'store'),
(124, 123, 'AdminProducts', NULL, 1, 1, 0, ''),
(125, 123, 'AdminCategories', NULL, 2, 1, 0, ''),
(126, 123, 'AdminTracking', NULL, 3, 1, 0, ''),
(127, 123, 'AdminParentAttributesGroups', NULL, 4, 1, 0, ''),
(128, 127, 'AdminAttributesGroups', NULL, 1, 1, 0, ''),
(129, 127, 'AdminFeatures', NULL, 2, 1, 0, ''),
(130, 123, 'AdminParentManufacturers', NULL, 5, 1, 0, ''),
(131, 130, 'AdminManufacturers', NULL, 1, 1, 0, ''),
(132, 130, 'AdminSuppliers', NULL, 2, 1, 0, ''),
(133, 123, 'AdminAttachments', NULL, 6, 1, 0, ''),
(134, 123, 'AdminParentCartRules', NULL, 7, 1, 0, ''),
(135, 134, 'AdminCartRules', NULL, 1, 1, 0, ''),
(136, 134, 'AdminSpecificPriceRule', NULL, 2, 1, 0, ''),
(137, 123, 'AdminStockManagement', NULL, 8, 1, 0, ''),
(138, 116, 'AdminParentCustomer', NULL, 3, 1, 0, 'account_circle'),
(139, 138, 'AdminCustomers', NULL, 1, 1, 0, ''),
(140, 138, 'AdminAddresses', NULL, 2, 1, 0, ''),
(141, 138, 'AdminOutstanding', NULL, 3, 0, 0, ''),
(142, 116, 'AdminParentCustomerThreads', NULL, 4, 1, 0, 'chat'),
(143, 142, 'AdminCustomerThreads', NULL, 1, 1, 0, ''),
(144, 142, 'AdminOrderMessage', NULL, 2, 1, 0, ''),
(145, 142, 'AdminReturn', NULL, 3, 1, 0, ''),
(146, 116, 'AdminStats', NULL, 5, 1, 0, 'assessment'),
(147, 116, 'AdminStock', NULL, 6, 1, 0, 'store'),
(148, 147, 'AdminWarehouses', NULL, 1, 1, 0, ''),
(149, 147, 'AdminParentStockManagement', NULL, 2, 1, 0, ''),
(150, 149, 'AdminStockManagement', NULL, 1, 1, 0, ''),
(151, 150, 'AdminStockMvt', NULL, 1, 1, 0, ''),
(152, 150, 'AdminStockInstantState', NULL, 2, 1, 0, ''),
(153, 150, 'AdminStockCover', NULL, 3, 1, 0, ''),
(154, 147, 'AdminSupplyOrders', NULL, 3, 1, 0, ''),
(155, 147, 'AdminStockConfiguration', NULL, 4, 1, 0, ''),
(156, 0, 'IMPROVE', NULL, 6, 1, 0, ''),
(157, 156, 'AdminParentModulesSf', NULL, 1, 1, 0, 'extension'),
(158, 157, 'AdminModulesSf', NULL, 1, 1, 0, ''),
(159, 158, 'AdminModulesManage', NULL, 1, 1, 0, ''),
(160, 158, 'AdminModulesNotifications', NULL, 2, 1, 0, ''),
(161, 158, 'AdminModulesUpdates', NULL, 3, 1, 0, ''),
(162, 157, 'AdminParentModulesCatalog', NULL, 2, 1, 0, ''),
(163, 162, 'AdminModulesCatalog', NULL, 1, 1, 0, ''),
(164, 162, 'AdminAddonsCatalog', NULL, 2, 1, 0, ''),
(165, 157, 'AdminModules', NULL, 3, 0, 0, ''),
(166, 156, 'AdminParentThemes', NULL, 2, 1, 0, 'desktop_mac'),
(167, 166, 'AdminThemes', NULL, 1, 1, 0, ''),
(168, 166, 'AdminThemesCatalog', NULL, 2, 1, 0, ''),
(169, 166, 'AdminParentMailTheme', NULL, 3, 1, 0, ''),
(170, 169, 'AdminMailTheme', NULL, 1, 1, 0, ''),
(171, 166, 'AdminCmsContent', NULL, 4, 1, 0, ''),
(172, 166, 'AdminModulesPositions', NULL, 5, 1, 0, ''),
(173, 166, 'AdminImages', NULL, 6, 1, 0, ''),
(174, 156, 'AdminParentShipping', NULL, 3, 1, 0, 'local_shipping'),
(175, 174, 'AdminCarriers', NULL, 1, 1, 0, ''),
(176, 174, 'AdminShipping', NULL, 2, 1, 0, ''),
(177, 156, 'AdminParentPayment', NULL, 4, 1, 0, 'payment'),
(178, 177, 'AdminPayment', NULL, 1, 1, 0, ''),
(179, 177, 'AdminPaymentPreferences', NULL, 2, 1, 0, ''),
(180, 156, 'AdminInternational', NULL, 5, 1, 0, 'language'),
(181, 180, 'AdminParentLocalization', NULL, 1, 1, 0, ''),
(182, 181, 'AdminLocalization', NULL, 1, 1, 0, ''),
(183, 181, 'AdminLanguages', NULL, 2, 1, 0, ''),
(184, 181, 'AdminCurrencies', NULL, 3, 1, 0, ''),
(185, 181, 'AdminGeolocation', NULL, 4, 1, 0, ''),
(186, 180, 'AdminParentCountries', NULL, 2, 1, 0, ''),
(187, 186, 'AdminZones', NULL, 1, 1, 0, ''),
(188, 186, 'AdminCountries', NULL, 2, 1, 0, ''),
(189, 186, 'AdminStates', NULL, 3, 1, 0, ''),
(190, 180, 'AdminParentTaxes', NULL, 3, 1, 0, ''),
(191, 190, 'AdminTaxes', NULL, 1, 1, 0, ''),
(192, 190, 'AdminTaxRulesGroup', NULL, 2, 1, 0, ''),
(193, 180, 'AdminTranslations', NULL, 4, 1, 0, ''),
(194, 0, 'CONFIGURE', NULL, 8, 1, 0, ''),
(195, 194, 'ShopParameters', NULL, 1, 1, 0, 'settings'),
(196, 195, 'AdminParentPreferences', NULL, 1, 1, 0, ''),
(197, 196, 'AdminPreferences', NULL, 1, 1, 0, ''),
(198, 196, 'AdminMaintenance', NULL, 2, 1, 0, ''),
(199, 195, 'AdminParentOrderPreferences', NULL, 2, 1, 0, ''),
(200, 199, 'AdminOrderPreferences', NULL, 1, 1, 0, ''),
(201, 199, 'AdminStatuses', NULL, 2, 1, 0, ''),
(202, 195, 'AdminPPreferences', NULL, 3, 1, 0, ''),
(203, 195, 'AdminParentCustomerPreferences', NULL, 4, 1, 0, ''),
(204, 203, 'AdminCustomerPreferences', NULL, 1, 1, 0, ''),
(205, 203, 'AdminGroups', NULL, 2, 1, 0, ''),
(206, 203, 'AdminGenders', NULL, 3, 1, 0, ''),
(207, 195, 'AdminParentStores', NULL, 5, 1, 0, ''),
(208, 207, 'AdminContacts', NULL, 1, 1, 0, ''),
(209, 207, 'AdminStores', NULL, 2, 1, 0, ''),
(210, 195, 'AdminParentMeta', NULL, 6, 1, 0, ''),
(211, 210, 'AdminMeta', NULL, 1, 1, 0, ''),
(212, 210, 'AdminSearchEngines', NULL, 2, 1, 0, ''),
(213, 210, 'AdminReferrers', NULL, 3, 1, 0, ''),
(214, 195, 'AdminParentSearchConf', NULL, 7, 1, 0, ''),
(215, 214, 'AdminSearchConf', NULL, 1, 1, 0, ''),
(216, 214, 'AdminTags', NULL, 2, 1, 0, ''),
(217, 194, 'AdminAdvancedParameters', NULL, 2, 1, 0, 'settings_applications'),
(218, 217, 'AdminInformation', NULL, 1, 1, 0, ''),
(219, 217, 'AdminPerformance', NULL, 2, 1, 0, ''),
(220, 217, 'AdminAdminPreferences', NULL, 3, 1, 0, ''),
(221, 217, 'AdminEmails', NULL, 4, 1, 0, ''),
(222, 217, 'AdminImport', NULL, 5, 1, 0, ''),
(223, 217, 'AdminParentEmployees', NULL, 6, 1, 0, ''),
(224, 223, 'AdminEmployees', NULL, 1, 1, 0, ''),
(225, 223, 'AdminProfiles', NULL, 2, 1, 0, ''),
(226, 223, 'AdminAccess', NULL, 3, 1, 0, ''),
(227, 217, 'AdminParentRequestSql', NULL, 7, 1, 0, ''),
(228, 227, 'AdminRequestSql', NULL, 1, 1, 0, ''),
(229, 227, 'AdminBackup', NULL, 2, 1, 0, ''),
(230, 217, 'AdminLogs', NULL, 8, 1, 0, ''),
(231, 217, 'AdminWebservice', NULL, 9, 1, 0, ''),
(232, 217, 'AdminShopGroup', NULL, 10, 0, 0, ''),
(233, 217, 'AdminShopUrl', NULL, 11, 0, 0, ''),
(234, 0, 'AdminQuickAccesses', NULL, 2, 1, 0, ''),
(235, 0, 'DEFAULT', NULL, 10, 1, 0, ''),
(236, 0, 'AdminPatterns', NULL, 3, 1, 0, ''),
(237, 9, 'AdminStockManagement', NULL, 1, 1, 0, ''),
(239, 166, 'AdminLinkWidget', 'ps_linklist', 7, 1, 0, ''),
(240, 0, 'AdminBlockListing', 'blockreassurance', 22, 0, 0, '');

-- --------------------------------------------------------

--
-- Table structure for table `pspa_tab_advice`
--

CREATE TABLE `pspa_tab_advice` (
  `id_tab` int(11) NOT NULL,
  `id_advice` int(11) NOT NULL
) ENGINE=InnoDB DEFAULT CHARSET=utf8;

--
-- Dumping data for table `pspa_tab_advice`
--

INSERT INTO `pspa_tab_advice` (`id_tab`, `id_advice`) VALUES
(1, 1),
(1, 2),
(1, 3),
(1, 4),
(1, 5),
(1, 6),
(1, 7),
(1, 8),
(1, 9),
(1, 10),
(1, 11),
(1, 12),
(1, 13),
(1, 14),
(1, 15),
(1, 16),
(1, 17),
(1, 18),
(1, 19),
(1, 20),
(1, 21),
(1, 35),
(1, 36),
(1, 37),
(1, 38),
(1, 39),
(1, 40),
(1, 41),
(1, 42),
(1, 43),
(1, 44),
(1, 45),
(1, 46),
(1, 47),
(1, 48),
(1, 49),
(1, 50),
(1, 51),
(1, 52),
(1, 53),
(1, 54),
(1, 55),
(1, 56);

-- --------------------------------------------------------

--
-- Table structure for table `pspa_tab_lang`
--

CREATE TABLE `pspa_tab_lang` (
  `id_tab` int(11) NOT NULL,
  `id_lang` int(11) NOT NULL,
  `name` varchar(128) NOT NULL
) ENGINE=InnoDB DEFAULT CHARSET=utf8;

--
-- Dumping data for table `pspa_tab_lang`
--

INSERT INTO `pspa_tab_lang` (`id_tab`, `id_lang`, `name`) VALUES
(101, 2, 'Bloco de Categorias'),
(102, 2, 'Painel de objetivos'),
(103, 2, 'Configurador de tema'),
(104, 2, 'Experiência do Comerciante'),
(105, 2, 'Tarefas Cron'),
(106, 2, 'Delete Orders Free'),
(107, 2, 'LyoReservation'),
(108, 2, 'Settings'),
(109, 2, 'List of calendars'),
(110, 2, 'Bookable products'),
(111, 2, 'Schedule'),
(112, 2, 'Settings of combinations'),
(113, 2, 'Reservations'),
(114, 2, '1-Click Upgrade'),
(115, 2, 'Dashboard'),
(116, 2, 'Sell'),
(117, 2, 'Orders'),
(118, 2, 'Orders'),
(119, 2, 'Invoices'),
(120, 2, 'Credit Slips'),
(121, 2, 'Delivery Slips'),
(122, 2, 'Shopping Carts'),
(123, 2, 'Catalog'),
(124, 2, 'Products'),
(125, 2, 'Categories'),
(126, 2, 'Monitoring'),
(127, 2, 'Attributes & Features'),
(128, 2, 'Attributes'),
(129, 2, 'Features'),
(130, 2, 'Brands & Suppliers'),
(131, 2, 'Brands'),
(132, 2, 'Suppliers'),
(133, 2, 'Files'),
(134, 2, 'Discounts'),
(135, 2, 'Cart Rules'),
(136, 2, 'Catalog Price Rules'),
(137, 2, 'Stocks'),
(138, 2, 'Customers'),
(139, 2, 'Customers'),
(140, 2, 'Addresses'),
(141, 2, 'Outstanding'),
(142, 2, 'Customer Service'),
(143, 2, 'Customer Service'),
(144, 2, 'Order Messages'),
(145, 2, 'Merchandise Returns'),
(146, 2, 'Stats'),
(148, 2, 'Warehouses'),
(149, 2, 'Stock Management'),
(150, 2, 'Stock Management'),
(151, 2, 'Stock Movement'),
(152, 2, 'Instant Stock Status'),
(153, 2, 'Stock Coverage'),
(154, 2, 'Supply orders'),
(155, 2, 'Configuration'),
(156, 2, 'Improve'),
(157, 2, 'Modules'),
(158, 2, 'Module Manager'),
(159, 2, 'Modules'),
(160, 2, 'Alerts'),
(161, 2, 'Updates'),
(162, 2, 'Module Catalog'),
(163, 2, 'Module Catalog'),
(164, 2, 'Module Selections'),
(166, 2, 'Design'),
(167, 2, 'Theme & Logo'),
(168, 2, 'Theme Catalog'),
(169, 2, 'Email Theme'),
(170, 2, 'Email Theme'),
(171, 2, 'Pages'),
(172, 2, 'Positions'),
(173, 2, 'Image Settings'),
(174, 2, 'Shipping'),
(175, 2, 'Carriers'),
(176, 2, 'Preferences'),
(177, 2, 'Payment'),
(178, 2, 'Payment Methods'),
(179, 2, 'Preferences'),
(180, 2, 'International'),
(181, 2, 'Localization'),
(182, 2, 'Localization'),
(183, 2, 'Languages'),
(184, 2, 'Currencies'),
(185, 2, 'Geolocation'),
(186, 2, 'Locations'),
(187, 2, 'Zones'),
(188, 2, 'Countries'),
(189, 2, 'States'),
(190, 2, 'Taxes'),
(191, 2, 'Taxes'),
(192, 2, 'Tax Rules'),
(193, 2, 'Translations'),
(194, 2, 'Configure'),
(195, 2, 'Shop Parameters'),
(196, 2, 'General'),
(197, 2, 'General'),
(198, 2, 'Maintenance'),
(199, 2, 'Order Settings'),
(200, 2, 'Order Settings'),
(201, 2, 'Statuses'),
(202, 2, 'Product Settings'),
(203, 2, 'Customer Settings'),
(204, 2, 'Customers'),
(205, 2, 'Groups'),
(206, 2, 'Titles'),
(207, 2, 'Contact'),
(208, 2, 'Contacts'),
(209, 2, 'Stores'),
(210, 2, 'Traffic & SEO'),
(211, 2, 'SEO & URLs'),
(212, 2, 'Search Engines'),
(213, 2, 'Referrers'),
(214, 2, 'Search'),
(215, 2, 'Search'),
(216, 2, 'Tags'),
(217, 2, 'Advanced Parameters'),
(218, 2, 'Information'),
(219, 2, 'Performance'),
(220, 2, 'Administration'),
(221, 2, 'E-mail'),
(222, 2, 'Import'),
(223, 2, 'Team'),
(224, 2, 'Employees'),
(225, 2, 'Profiles'),
(226, 2, 'Permissions'),
(227, 2, 'Database'),
(228, 2, 'SQL Manager'),
(229, 2, 'DB Backup'),
(230, 2, 'Logs'),
(231, 2, 'Webservice'),
(232, 2, 'Multistore'),
(233, 2, 'Multistore'),
(234, 2, 'Quick Access'),
(235, 2, 'More'),
(237, 2, 'Stock'),
(238, 2, 'Email Themes'),
(239, 2, 'Link Widget'),
(240, 2, 'AdminBlockListing');

-- --------------------------------------------------------

--
-- Table structure for table `pspa_tab_module_preference`
--

CREATE TABLE `pspa_tab_module_preference` (
  `id_tab_module_preference` int(11) NOT NULL,
  `id_employee` int(11) NOT NULL,
  `id_tab` int(11) NOT NULL,
  `module` varchar(255) NOT NULL
) ENGINE=InnoDB DEFAULT CHARSET=utf8;

-- --------------------------------------------------------

--
-- Table structure for table `pspa_tag`
--

CREATE TABLE `pspa_tag` (
  `id_tag` int(10) UNSIGNED NOT NULL,
  `id_lang` int(10) UNSIGNED NOT NULL,
  `name` varchar(32) NOT NULL
) ENGINE=InnoDB DEFAULT CHARSET=utf8;

--
-- Dumping data for table `pspa_tag`
--

INSERT INTO `pspa_tag` (`id_tag`, `id_lang`, `name`) VALUES
(88, 2, 'Enoturismo'),
(89, 2, 'Adega'),
(90, 2, 'Degustação'),
(91, 2, 'Provas de Vinhos'),
(253, 3, 'Tasting'),
(692, 2, 'Eventos'),
(693, 2, 'Dia dos namorados'),
(694, 2, '14 de Fevereiro'),
(750, 3, 'Tapas'),
(751, 3, '4 Wine Tasting'),
(752, 3, 'Tradicional Snacks'),
(808, 3, 'D.Alice Tinto'),
(830, 2, 'Amphora');

-- --------------------------------------------------------

--
-- Table structure for table `pspa_tag_count`
--

CREATE TABLE `pspa_tag_count` (
  `id_group` int(10) UNSIGNED NOT NULL DEFAULT '0',
  `id_tag` int(10) UNSIGNED NOT NULL DEFAULT '0',
  `id_lang` int(10) UNSIGNED NOT NULL DEFAULT '0',
  `id_shop` int(11) UNSIGNED NOT NULL DEFAULT '0',
  `counter` int(10) UNSIGNED NOT NULL DEFAULT '0'
) ENGINE=InnoDB DEFAULT CHARSET=utf8;

--
-- Dumping data for table `pspa_tag_count`
--

INSERT INTO `pspa_tag_count` (`id_group`, `id_tag`, `id_lang`, `id_shop`, `counter`) VALUES
(0, 88, 2, 1, 1),
(0, 89, 2, 1, 1),
(0, 90, 2, 1, 1),
(0, 91, 2, 1, 1),
(0, 830, 2, 1, 1),
(0, 750, 3, 1, 1),
(0, 751, 3, 1, 1),
(0, 752, 3, 1, 1),
(1, 88, 2, 1, 1),
(1, 89, 2, 1, 1),
(1, 90, 2, 1, 1),
(1, 91, 2, 1, 1),
(1, 830, 2, 1, 1),
(1, 750, 3, 1, 1),
(1, 751, 3, 1, 1),
(1, 752, 3, 1, 1),
(2, 88, 2, 1, 1),
(2, 89, 2, 1, 1),
(2, 90, 2, 1, 1),
(2, 91, 2, 1, 1),
(2, 830, 2, 1, 1),
(2, 750, 3, 1, 1),
(2, 751, 3, 1, 1),
(2, 752, 3, 1, 1),
(3, 88, 2, 1, 1),
(3, 89, 2, 1, 1),
(3, 90, 2, 1, 1),
(3, 91, 2, 1, 1),
(3, 830, 2, 1, 1),
(3, 750, 3, 1, 1),
(3, 751, 3, 1, 1),
(3, 752, 3, 1, 1),
(4, 88, 2, 1, 1),
(4, 89, 2, 1, 1),
(4, 90, 2, 1, 1),
(4, 91, 2, 1, 1),
(4, 830, 2, 1, 1),
(4, 750, 3, 1, 1),
(4, 751, 3, 1, 1),
(4, 752, 3, 1, 1),
(5, 88, 2, 1, 1),
(5, 89, 2, 1, 1),
(5, 90, 2, 1, 1),
(5, 91, 2, 1, 1),
(5, 830, 2, 1, 1),
(5, 750, 3, 1, 1),
(5, 751, 3, 1, 1),
(5, 752, 3, 1, 1);

-- --------------------------------------------------------

--
-- Table structure for table `pspa_tax`
--

CREATE TABLE `pspa_tax` (
  `id_tax` int(10) UNSIGNED NOT NULL,
  `rate` decimal(10,3) NOT NULL,
  `active` tinyint(1) UNSIGNED NOT NULL DEFAULT '1',
  `deleted` tinyint(1) UNSIGNED NOT NULL DEFAULT '0'
) ENGINE=InnoDB DEFAULT CHARSET=utf8;

--
-- Dumping data for table `pspa_tax`
--

INSERT INTO `pspa_tax` (`id_tax`, `rate`, `active`, `deleted`) VALUES
(1, 4.000, 1, 0),
(2, 0.000, 1, 0),
(3, 6.600, 1, 0),
(4, 6.000, 1, 0),
(5, 8.250, 1, 0),
(6, 2.900, 1, 0),
(7, 0.000, 1, 0),
(8, 0.000, 1, 0),
(9, 6.000, 1, 0),
(10, 4.000, 1, 0),
(11, 4.000, 1, 0),
(12, 6.000, 1, 0),
(13, 6.250, 1, 0),
(14, 7.000, 1, 0),
(15, 6.000, 1, 0),
(16, 5.300, 1, 0),
(17, 6.000, 1, 0),
(18, 4.000, 1, 0),
(19, 5.000, 1, 0),
(20, 6.000, 1, 0),
(21, 6.250, 1, 0),
(22, 6.000, 1, 0),
(23, 6.875, 1, 0),
(24, 7.000, 1, 0),
(25, 4.225, 1, 0),
(26, 0.000, 1, 0),
(27, 5.500, 1, 0),
(28, 6.850, 1, 0),
(29, 0.000, 1, 0),
(30, 7.000, 1, 0),
(31, 5.125, 1, 0),
(32, 4.000, 1, 0),
(33, 5.500, 1, 0),
(34, 5.000, 1, 0),
(35, 5.500, 1, 0),
(36, 4.500, 1, 0),
(37, 0.000, 1, 0),
(38, 6.000, 1, 0),
(39, 7.000, 1, 0),
(40, 6.000, 1, 0),
(41, 4.000, 1, 0),
(42, 7.000, 1, 0),
(43, 6.250, 1, 0),
(44, 4.750, 1, 0),
(45, 6.000, 1, 0),
(46, 4.000, 1, 0),
(47, 6.500, 1, 0),
(48, 6.000, 1, 0),
(49, 5.000, 1, 0),
(50, 4.000, 1, 0),
(51, 5.500, 1, 0),
(52, 6.000, 1, 0),
(53, 23.000, 1, 0),
(54, 13.000, 1, 0),
(55, 6.000, 1, 0),
(56, 20.000, 1, 0),
(57, 21.000, 1, 0),
(58, 20.000, 1, 0),
(59, 19.000, 1, 0),
(60, 21.000, 1, 0),
(61, 19.000, 1, 0),
(62, 25.000, 1, 0),
(63, 20.000, 1, 0),
(64, 21.000, 1, 0),
(65, 24.000, 1, 0),
(66, 20.000, 1, 0),
(67, 20.000, 1, 0),
(68, 23.000, 1, 0),
(69, 25.000, 1, 0),
(70, 27.000, 1, 0),
(71, 23.000, 1, 0),
(72, 22.000, 1, 0),
(73, 21.000, 1, 0),
(74, 17.000, 1, 0),
(75, 21.000, 1, 0),
(76, 18.000, 1, 0),
(77, 21.000, 1, 0),
(78, 23.000, 1, 0),
(79, 20.000, 1, 0),
(80, 25.000, 1, 0),
(81, 22.000, 1, 0),
(82, 20.000, 1, 0);

-- --------------------------------------------------------

--
-- Table structure for table `pspa_tax_lang`
--

CREATE TABLE `pspa_tax_lang` (
  `id_tax` int(10) UNSIGNED NOT NULL,
  `id_lang` int(10) UNSIGNED NOT NULL,
  `name` varchar(32) NOT NULL
) ENGINE=InnoDB DEFAULT CHARSET=utf8;

--
-- Dumping data for table `pspa_tax_lang`
--

INSERT INTO `pspa_tax_lang` (`id_tax`, `id_lang`, `name`) VALUES
(1, 2, 'Sales-taxes US-AL 4%'),
(2, 2, 'Sales-taxes US-AK 0%'),
(3, 2, 'Sales-taxes US-AZ 6.6%'),
(4, 2, 'Sales-taxes US-AR 6%'),
(5, 2, 'Sales-taxes US-CA 8.25%'),
(6, 2, 'Sales-taxes US-CO 2.9%'),
(7, 2, 'Sales-taxes US-CT 0%'),
(8, 2, 'Sales-taxes US-DE 0%'),
(9, 2, 'Sales-taxes US-FL 6%'),
(10, 2, 'Sales-taxes US-GA 4%'),
(11, 2, 'Sales-taxes US-HI 4%'),
(12, 2, 'Sales-taxes US-ID 6%'),
(13, 2, 'Sales-taxes US-IL 6.25%'),
(14, 2, 'Sales-taxes US-IN 7%'),
(15, 2, 'Sales-taxes US-IA 6%'),
(16, 2, 'Sales-taxes US-KS 5.3%'),
(17, 2, 'Sales-taxes US-KY 6%'),
(18, 2, 'Sales-taxes US-LA 4%'),
(19, 2, 'Sales-taxes US-ME 5%'),
(20, 2, 'Sales-taxes US-MD 6%'),
(21, 2, 'Sales-taxes US-MA 6.25%'),
(22, 2, 'Sales-taxes US-MI 6%'),
(23, 2, 'Sales-taxes US-MN 6.875%'),
(24, 2, 'Sales-taxes US-MS 7%'),
(25, 2, 'Sales-taxes US-MO 4.225%'),
(26, 2, 'Sales-taxes US-MT 0.0%'),
(27, 2, 'Sales-taxes US-NE 5.5%'),
(28, 2, 'Sales-taxes US-NV 6.85%'),
(29, 2, 'Sales-taxes US-NH 0%'),
(30, 2, 'Sales-taxes US-NJ 7%'),
(31, 2, 'Sales-taxes US-NM 5.125%'),
(32, 2, 'Sales-taxes US-NY 4%'),
(33, 2, 'Sales-taxes US-NC 5.5%'),
(34, 2, 'Sales-taxes US-ND 5%'),
(35, 2, 'Sales-taxes US-OH 5.5%'),
(36, 2, 'Sales-taxes US-OK 4.5%'),
(37, 2, 'Sales-taxes US-OR 0%'),
(38, 2, 'Sales-taxes US-PA 6%'),
(39, 2, 'Sales-taxes US-RI 7%'),
(40, 2, 'Sales-taxes US-SC 6%'),
(41, 2, 'Sales-taxes US-SD 4%'),
(42, 2, 'Sales-taxes US-TN 7%'),
(43, 2, 'Sales-taxes US-TX 6.25%'),
(44, 2, 'Sales-taxes US-UT 4.75%'),
(45, 2, 'Sales-taxes US-VT 6%'),
(46, 2, 'Sales-taxes US-VA 4%'),
(47, 2, 'Sales-taxes US-WA 6.5%'),
(48, 2, 'Sales-taxes US-WV 6%'),
(49, 2, 'Sales-taxes US-WI 5%'),
(50, 2, 'Sales-taxes US-WY 4%'),
(51, 2, 'Sales-taxes US-PR 5.5%'),
(52, 2, 'Sales-taxes US-DC 6%'),
(53, 2, 'IVA PT 23%'),
(54, 2, 'IVA PT 13%'),
(55, 2, 'IVA PT 6%'),
(56, 2, 'USt. AT 20%'),
(57, 2, 'TVA BE 21%'),
(58, 2, 'ДДС BG 20%'),
(59, 2, 'ΦΠΑ CY 19%'),
(60, 2, 'DPH CZ 21%'),
(61, 2, 'MwSt. DE 19%'),
(62, 2, 'moms DK 25%'),
(63, 2, 'km EE 20%'),
(64, 2, 'IVA ES 21%'),
(65, 2, 'ALV FI 24%'),
(66, 2, 'TVA FR 20%'),
(67, 2, 'VAT UK 20%'),
(68, 2, 'ΦΠΑ GR 23%'),
(69, 2, 'Croatia PDV 25%'),
(70, 2, 'ÁFA HU 27%'),
(71, 2, 'VAT IE 23%'),
(72, 2, 'IVA IT 22%'),
(73, 2, 'PVM LT 21%'),
(74, 2, 'TVA LU 17%'),
(75, 2, 'PVN LV 21%'),
(76, 2, 'VAT MT 18%'),
(77, 2, 'BTW NL 21%'),
(78, 2, 'PTU PL 23%'),
(79, 2, 'TVA RO 20%'),
(80, 2, 'Moms SE 25%'),
(81, 2, 'DDV SI 22%'),
(82, 2, 'DPH SK 20%');

-- --------------------------------------------------------

--
-- Table structure for table `pspa_tax_rule`
--

CREATE TABLE `pspa_tax_rule` (
  `id_tax_rule` int(11) NOT NULL,
  `id_tax_rules_group` int(11) NOT NULL,
  `id_country` int(11) NOT NULL,
  `id_state` int(11) NOT NULL,
  `zipcode_from` varchar(12) NOT NULL,
  `zipcode_to` varchar(12) NOT NULL,
  `id_tax` int(11) NOT NULL,
  `behavior` int(11) NOT NULL,
  `description` varchar(100) NOT NULL
) ENGINE=InnoDB DEFAULT CHARSET=utf8;

--
-- Dumping data for table `pspa_tax_rule`
--

INSERT INTO `pspa_tax_rule` (`id_tax_rule`, `id_tax_rules_group`, `id_country`, `id_state`, `zipcode_from`, `zipcode_to`, `id_tax`, `behavior`, `description`) VALUES
(1, 1, 21, 1, '0', '0', 1, 1, ''),
(2, 2, 21, 2, '0', '0', 2, 1, ''),
(3, 3, 21, 3, '0', '0', 3, 1, ''),
(4, 4, 21, 4, '0', '0', 4, 1, ''),
(5, 5, 21, 5, '0', '0', 5, 1, ''),
(6, 6, 21, 6, '0', '0', 6, 1, ''),
(7, 7, 21, 7, '0', '0', 7, 1, ''),
(8, 8, 21, 8, '0', '0', 8, 1, ''),
(9, 9, 21, 9, '0', '0', 9, 1, ''),
(10, 10, 21, 10, '0', '0', 10, 1, ''),
(11, 11, 21, 11, '0', '0', 11, 1, ''),
(12, 12, 21, 12, '0', '0', 12, 1, ''),
(13, 13, 21, 13, '0', '0', 13, 1, ''),
(14, 14, 21, 14, '0', '0', 14, 1, ''),
(15, 15, 21, 15, '0', '0', 15, 1, ''),
(16, 16, 21, 16, '0', '0', 16, 1, ''),
(17, 17, 21, 17, '0', '0', 17, 1, ''),
(18, 18, 21, 18, '0', '0', 18, 1, ''),
(19, 19, 21, 19, '0', '0', 19, 1, ''),
(20, 20, 21, 20, '0', '0', 20, 1, ''),
(21, 21, 21, 21, '0', '0', 21, 1, ''),
(22, 22, 21, 22, '0', '0', 22, 1, ''),
(23, 23, 21, 23, '0', '0', 23, 1, ''),
(24, 24, 21, 24, '0', '0', 24, 1, ''),
(25, 25, 21, 25, '0', '0', 25, 1, ''),
(26, 26, 21, 26, '0', '0', 26, 1, ''),
(27, 27, 21, 27, '0', '0', 27, 1, ''),
(28, 28, 21, 28, '0', '0', 28, 1, ''),
(29, 29, 21, 29, '0', '0', 29, 1, ''),
(30, 30, 21, 30, '0', '0', 30, 1, ''),
(31, 31, 21, 31, '0', '0', 31, 1, ''),
(32, 32, 21, 32, '0', '0', 32, 1, ''),
(33, 33, 21, 33, '0', '0', 33, 1, ''),
(34, 34, 21, 34, '0', '0', 34, 1, ''),
(35, 35, 21, 35, '0', '0', 35, 1, ''),
(36, 36, 21, 36, '0', '0', 36, 1, ''),
(37, 37, 21, 37, '0', '0', 37, 1, ''),
(38, 38, 21, 38, '0', '0', 38, 1, ''),
(39, 39, 21, 39, '0', '0', 39, 1, ''),
(40, 40, 21, 40, '0', '0', 40, 1, ''),
(41, 41, 21, 41, '0', '0', 41, 1, ''),
(42, 42, 21, 42, '0', '0', 42, 1, ''),
(43, 43, 21, 43, '0', '0', 43, 1, ''),
(44, 44, 21, 44, '0', '0', 44, 1, ''),
(45, 45, 21, 45, '0', '0', 45, 1, ''),
(46, 46, 21, 46, '0', '0', 46, 1, ''),
(47, 47, 21, 47, '0', '0', 47, 1, ''),
(48, 48, 21, 48, '0', '0', 48, 1, ''),
(49, 49, 21, 49, '0', '0', 49, 1, ''),
(50, 50, 21, 50, '0', '0', 50, 1, ''),
(51, 51, 21, 51, '0', '0', 51, 1, ''),
(52, 52, 21, 53, '0', '0', 52, 1, ''),
(53, 53, 3, 0, '0', '0', 53, 0, ''),
(54, 53, 236, 0, '0', '0', 53, 0, ''),
(55, 53, 16, 0, '0', '0', 53, 0, ''),
(56, 53, 20, 0, '0', '0', 53, 0, ''),
(57, 53, 1, 0, '0', '0', 53, 0, ''),
(58, 53, 86, 0, '0', '0', 53, 0, ''),
(59, 53, 9, 0, '0', '0', 53, 0, ''),
(60, 53, 6, 0, '0', '0', 53, 0, ''),
(61, 53, 8, 0, '0', '0', 53, 0, ''),
(62, 53, 26, 0, '0', '0', 53, 0, ''),
(63, 53, 10, 0, '0', '0', 53, 0, ''),
(64, 53, 76, 0, '0', '0', 53, 0, ''),
(65, 53, 125, 0, '0', '0', 53, 0, ''),
(66, 53, 131, 0, '0', '0', 53, 0, ''),
(67, 53, 12, 0, '0', '0', 53, 0, ''),
(68, 53, 143, 0, '0', '0', 53, 0, ''),
(69, 53, 139, 0, '0', '0', 53, 0, ''),
(70, 53, 13, 0, '0', '0', 53, 0, ''),
(71, 53, 2, 0, '0', '0', 53, 0, ''),
(72, 53, 14, 0, '0', '0', 53, 0, ''),
(73, 53, 15, 0, '0', '0', 53, 0, ''),
(74, 53, 36, 0, '0', '0', 53, 0, ''),
(75, 53, 193, 0, '0', '0', 53, 0, ''),
(76, 53, 37, 0, '0', '0', 53, 0, ''),
(77, 53, 7, 0, '0', '0', 53, 0, ''),
(78, 53, 18, 0, '0', '0', 53, 0, ''),
(79, 54, 3, 0, '0', '0', 54, 0, ''),
(80, 54, 236, 0, '0', '0', 54, 0, ''),
(81, 54, 16, 0, '0', '0', 54, 0, ''),
(82, 54, 20, 0, '0', '0', 54, 0, ''),
(83, 54, 1, 0, '0', '0', 54, 0, ''),
(84, 54, 86, 0, '0', '0', 54, 0, ''),
(85, 54, 9, 0, '0', '0', 54, 0, ''),
(86, 54, 6, 0, '0', '0', 54, 0, ''),
(87, 54, 8, 0, '0', '0', 54, 0, ''),
(88, 54, 26, 0, '0', '0', 54, 0, ''),
(89, 54, 10, 0, '0', '0', 54, 0, ''),
(90, 54, 76, 0, '0', '0', 54, 0, ''),
(91, 54, 125, 0, '0', '0', 54, 0, ''),
(92, 54, 131, 0, '0', '0', 54, 0, ''),
(93, 54, 12, 0, '0', '0', 54, 0, ''),
(94, 54, 143, 0, '0', '0', 54, 0, ''),
(95, 54, 139, 0, '0', '0', 54, 0, ''),
(96, 54, 13, 0, '0', '0', 54, 0, ''),
(97, 54, 2, 0, '0', '0', 54, 0, ''),
(98, 54, 14, 0, '0', '0', 54, 0, ''),
(99, 54, 15, 0, '0', '0', 54, 0, ''),
(100, 54, 36, 0, '0', '0', 54, 0, ''),
(101, 54, 193, 0, '0', '0', 54, 0, ''),
(102, 54, 37, 0, '0', '0', 54, 0, ''),
(103, 54, 7, 0, '0', '0', 54, 0, ''),
(104, 54, 18, 0, '0', '0', 54, 0, ''),
(105, 55, 3, 0, '0', '0', 55, 0, ''),
(106, 55, 236, 0, '0', '0', 55, 0, ''),
(107, 55, 16, 0, '0', '0', 55, 0, ''),
(108, 55, 20, 0, '0', '0', 55, 0, ''),
(109, 55, 1, 0, '0', '0', 55, 0, ''),
(110, 55, 86, 0, '0', '0', 55, 0, ''),
(111, 55, 9, 0, '0', '0', 55, 0, ''),
(112, 55, 6, 0, '0', '0', 55, 0, ''),
(113, 55, 8, 0, '0', '0', 55, 0, ''),
(114, 55, 26, 0, '0', '0', 55, 0, ''),
(115, 55, 10, 0, '0', '0', 55, 0, ''),
(116, 55, 76, 0, '0', '0', 55, 0, ''),
(117, 55, 125, 0, '0', '0', 55, 0, ''),
(118, 55, 131, 0, '0', '0', 55, 0, ''),
(119, 55, 12, 0, '0', '0', 55, 0, ''),
(120, 55, 143, 0, '0', '0', 55, 0, ''),
(121, 55, 139, 0, '0', '0', 55, 0, ''),
(122, 55, 13, 0, '0', '0', 55, 0, ''),
(123, 55, 2, 0, '0', '0', 55, 0, ''),
(124, 55, 14, 0, '0', '0', 55, 0, ''),
(125, 55, 15, 0, '0', '0', 55, 0, ''),
(126, 55, 36, 0, '0', '0', 55, 0, ''),
(127, 55, 193, 0, '0', '0', 55, 0, ''),
(128, 55, 37, 0, '0', '0', 55, 0, ''),
(129, 55, 7, 0, '0', '0', 55, 0, ''),
(130, 55, 18, 0, '0', '0', 55, 0, ''),
(131, 56, 3, 0, '0', '0', 55, 0, ''),
(132, 56, 236, 0, '0', '0', 55, 0, ''),
(133, 56, 16, 0, '0', '0', 55, 0, ''),
(134, 56, 20, 0, '0', '0', 55, 0, ''),
(135, 56, 1, 0, '0', '0', 55, 0, ''),
(136, 56, 86, 0, '0', '0', 55, 0, ''),
(137, 56, 9, 0, '0', '0', 55, 0, ''),
(138, 56, 6, 0, '0', '0', 55, 0, ''),
(139, 56, 8, 0, '0', '0', 55, 0, ''),
(140, 56, 26, 0, '0', '0', 55, 0, ''),
(141, 56, 10, 0, '0', '0', 55, 0, ''),
(142, 56, 76, 0, '0', '0', 55, 0, ''),
(143, 56, 125, 0, '0', '0', 55, 0, ''),
(144, 56, 131, 0, '0', '0', 55, 0, ''),
(145, 56, 12, 0, '0', '0', 55, 0, ''),
(146, 56, 143, 0, '0', '0', 55, 0, ''),
(147, 56, 139, 0, '0', '0', 55, 0, ''),
(148, 56, 13, 0, '0', '0', 55, 0, ''),
(149, 56, 2, 0, '0', '0', 55, 0, ''),
(150, 56, 14, 0, '0', '0', 55, 0, ''),
(151, 56, 15, 0, '0', '0', 55, 0, ''),
(152, 56, 36, 0, '0', '0', 55, 0, ''),
(153, 56, 193, 0, '0', '0', 55, 0, ''),
(154, 56, 37, 0, '0', '0', 55, 0, ''),
(155, 56, 7, 0, '0', '0', 55, 0, ''),
(156, 56, 18, 0, '0', '0', 55, 0, ''),
(157, 57, 3, 0, '0', '0', 55, 0, ''),
(158, 57, 236, 0, '0', '0', 55, 0, ''),
(159, 57, 16, 0, '0', '0', 55, 0, ''),
(160, 57, 20, 0, '0', '0', 55, 0, ''),
(161, 57, 1, 0, '0', '0', 55, 0, ''),
(162, 57, 86, 0, '0', '0', 55, 0, ''),
(163, 57, 9, 0, '0', '0', 55, 0, ''),
(164, 57, 6, 0, '0', '0', 55, 0, ''),
(165, 57, 8, 0, '0', '0', 55, 0, ''),
(166, 57, 26, 0, '0', '0', 55, 0, ''),
(167, 57, 10, 0, '0', '0', 55, 0, ''),
(168, 57, 76, 0, '0', '0', 55, 0, ''),
(169, 57, 125, 0, '0', '0', 55, 0, ''),
(170, 57, 131, 0, '0', '0', 55, 0, ''),
(171, 57, 12, 0, '0', '0', 55, 0, ''),
(172, 57, 143, 0, '0', '0', 55, 0, ''),
(173, 57, 139, 0, '0', '0', 55, 0, ''),
(174, 57, 13, 0, '0', '0', 55, 0, ''),
(175, 57, 2, 0, '0', '0', 55, 0, ''),
(176, 57, 14, 0, '0', '0', 55, 0, ''),
(177, 57, 15, 0, '0', '0', 55, 0, ''),
(178, 57, 36, 0, '0', '0', 55, 0, ''),
(179, 57, 193, 0, '0', '0', 55, 0, ''),
(180, 57, 37, 0, '0', '0', 55, 0, ''),
(181, 57, 7, 0, '0', '0', 55, 0, ''),
(182, 57, 18, 0, '0', '0', 55, 0, ''),
(183, 58, 15, 0, '0', '0', 53, 0, ''),
(184, 58, 2, 0, '0', '0', 56, 0, ''),
(185, 58, 3, 0, '0', '0', 57, 0, ''),
(186, 58, 236, 0, '0', '0', 58, 0, ''),
(187, 58, 76, 0, '0', '0', 59, 0, ''),
(188, 58, 16, 0, '0', '0', 60, 0, ''),
(189, 58, 1, 0, '0', '0', 61, 0, ''),
(190, 58, 20, 0, '0', '0', 62, 0, ''),
(191, 58, 86, 0, '0', '0', 63, 0, ''),
(192, 58, 6, 0, '0', '0', 64, 0, ''),
(193, 58, 7, 0, '0', '0', 65, 0, ''),
(194, 58, 8, 0, '0', '0', 66, 0, ''),
(195, 58, 17, 0, '0', '0', 67, 0, ''),
(196, 58, 9, 0, '0', '0', 68, 0, ''),
(197, 58, 74, 0, '0', '0', 69, 0, ''),
(198, 58, 143, 0, '0', '0', 70, 0, ''),
(199, 58, 26, 0, '0', '0', 71, 0, ''),
(200, 58, 10, 0, '0', '0', 72, 0, ''),
(201, 58, 131, 0, '0', '0', 73, 0, ''),
(202, 58, 12, 0, '0', '0', 74, 0, ''),
(203, 58, 125, 0, '0', '0', 75, 0, ''),
(204, 58, 139, 0, '0', '0', 76, 0, ''),
(205, 58, 13, 0, '0', '0', 77, 0, ''),
(206, 58, 14, 0, '0', '0', 78, 0, ''),
(207, 58, 36, 0, '0', '0', 79, 0, ''),
(208, 58, 18, 0, '0', '0', 80, 0, ''),
(209, 58, 193, 0, '0', '0', 81, 0, ''),
(210, 58, 37, 0, '0', '0', 82, 0, '');

-- --------------------------------------------------------

--
-- Table structure for table `pspa_tax_rules_group`
--

CREATE TABLE `pspa_tax_rules_group` (
  `id_tax_rules_group` int(11) NOT NULL,
  `name` varchar(50) NOT NULL,
  `active` int(11) NOT NULL,
  `deleted` tinyint(1) UNSIGNED NOT NULL,
  `date_add` datetime NOT NULL,
  `date_upd` datetime NOT NULL
) ENGINE=InnoDB DEFAULT CHARSET=utf8;

--
-- Dumping data for table `pspa_tax_rules_group`
--

INSERT INTO `pspa_tax_rules_group` (`id_tax_rules_group`, `name`, `active`, `deleted`, `date_add`, `date_upd`) VALUES
(1, 'US-AL Rate (4%)', 1, 0, '2019-12-05 14:17:28', '2019-12-05 14:17:28'),
(2, 'US-AK Rate (0%)', 1, 0, '2019-12-05 14:17:28', '2019-12-05 14:17:28'),
(3, 'US-AZ Rate (6.6%)', 1, 0, '2019-12-05 14:17:28', '2019-12-05 14:17:28'),
(4, 'US-AR Rate (6%)', 1, 0, '2019-12-05 14:17:28', '2019-12-05 14:17:28'),
(5, 'US-CA Rate (8.25%)', 1, 0, '2019-12-05 14:17:28', '2019-12-05 14:17:28'),
(6, 'US-CO Rate (2.9%)', 1, 0, '2019-12-05 14:17:28', '2019-12-05 14:17:28'),
(7, 'US-CT Rate (0%)', 1, 0, '2019-12-05 14:17:28', '2019-12-05 14:17:28'),
(8, 'US-DE Rate (0%)', 1, 0, '2019-12-05 14:17:28', '2019-12-05 14:17:28'),
(9, 'US-FL Rate (6%)', 1, 0, '2019-12-05 14:17:28', '2019-12-05 14:17:28'),
(10, 'US-GA Rate (4%)', 1, 0, '2019-12-05 14:17:28', '2019-12-05 14:17:28'),
(11, 'US-HI Rate (4%)', 1, 0, '2019-12-05 14:17:28', '2019-12-05 14:17:28'),
(12, 'US-ID Rate (6%)', 1, 0, '2019-12-05 14:17:28', '2019-12-05 14:17:28'),
(13, 'US-IL Rate (6.25%)', 1, 0, '2019-12-05 14:17:28', '2019-12-05 14:17:28'),
(14, 'US-IN Rate (7%)', 1, 0, '2019-12-05 14:17:28', '2019-12-05 14:17:28'),
(15, 'US-IA Rate (6%)', 1, 0, '2019-12-05 14:17:28', '2019-12-05 14:17:28'),
(16, 'US-KS Rate (5.3%)', 1, 0, '2019-12-05 14:17:28', '2019-12-05 14:17:28'),
(17, 'US-KY Rate (6%)', 1, 0, '2019-12-05 14:17:28', '2019-12-05 14:17:28'),
(18, 'US-LA Rate (4%)', 1, 0, '2019-12-05 14:17:28', '2019-12-05 14:17:28'),
(19, 'US-ME Rate (5%)', 1, 0, '2019-12-05 14:17:28', '2019-12-05 14:17:28'),
(20, 'US-MD Rate (6%)', 1, 0, '2019-12-05 14:17:28', '2019-12-05 14:17:28'),
(21, 'US-MA Rate (6.25%)', 1, 0, '2019-12-05 14:17:28', '2019-12-05 14:17:28'),
(22, 'US-MI Rate (6%)', 1, 0, '2019-12-05 14:17:28', '2019-12-05 14:17:28'),
(23, 'US-MN Rate (6.875%)', 1, 0, '2019-12-05 14:17:28', '2019-12-05 14:17:28'),
(24, 'US-MS Rate (7%)', 1, 0, '2019-12-05 14:17:28', '2019-12-05 14:17:28'),
(25, 'US-MO Rate (4.225%)', 1, 0, '2019-12-05 14:17:28', '2019-12-05 14:17:28'),
(26, 'US-MT Rate (0%)', 1, 0, '2019-12-05 14:17:28', '2019-12-05 14:17:28'),
(27, 'US-NE Rate (5.5%)', 1, 0, '2019-12-05 14:17:28', '2019-12-05 14:17:28'),
(28, 'US-NV Rate (6.85%)', 1, 0, '2019-12-05 14:17:28', '2019-12-05 14:17:28'),
(29, 'US-NH Rate (0%)', 1, 0, '2019-12-05 14:17:28', '2019-12-05 14:17:28'),
(30, 'US-NJ Rate (7%)', 1, 0, '2019-12-05 14:17:28', '2019-12-05 14:17:28'),
(31, 'US-NM Rate (5.125%)', 1, 0, '2019-12-05 14:17:28', '2019-12-05 14:17:28'),
(32, 'US-NY Rate (4%)', 1, 0, '2019-12-05 14:17:28', '2019-12-05 14:17:28'),
(33, 'US-NC Rate (5.5%)', 1, 0, '2019-12-05 14:17:28', '2019-12-05 14:17:28'),
(34, 'US-ND Rate (5%)', 1, 0, '2019-12-05 14:17:28', '2019-12-05 14:17:28'),
(35, 'US-OH Rate (5.5%)', 1, 0, '2019-12-05 14:17:28', '2019-12-05 14:17:28'),
(36, 'US-OK Rate (4.5%)', 1, 0, '2019-12-05 14:17:28', '2019-12-05 14:17:28'),
(37, 'US-OR Rate (0%)', 1, 0, '2019-12-05 14:17:28', '2019-12-05 14:17:28'),
(38, 'US-PA Rate (6%)', 1, 0, '2019-12-05 14:17:28', '2019-12-05 14:17:28'),
(39, 'US-RI Rate (7%)', 1, 0, '2019-12-05 14:17:28', '2019-12-05 14:17:28'),
(40, 'US-SC Rate (6%)', 1, 0, '2019-12-05 14:17:28', '2019-12-05 14:17:28'),
(41, 'US-SD Rate (4%)', 1, 0, '2019-12-05 14:17:28', '2019-12-05 14:17:28'),
(42, 'US-TN Rate (7%)', 1, 0, '2019-12-05 14:17:28', '2019-12-05 14:17:28'),
(43, 'US-TX Rate (6.25%)', 1, 0, '2019-12-05 14:17:28', '2019-12-05 14:17:28'),
(44, 'US-UT Rate (4.75%)', 1, 0, '2019-12-05 14:17:28', '2019-12-05 14:17:28'),
(45, 'US-VT Rate (6%)', 1, 0, '2019-12-05 14:17:28', '2019-12-05 14:17:28'),
(46, 'US-VA Rate (4%)', 1, 0, '2019-12-05 14:17:28', '2019-12-05 14:17:28'),
(47, 'US-WA Rate (6.5%)', 1, 0, '2019-12-05 14:17:28', '2019-12-05 14:17:28'),
(48, 'US-WV Rate (6%)', 1, 0, '2019-12-05 14:17:28', '2019-12-05 14:17:28'),
(49, 'US-WI Rate (5%)', 1, 0, '2019-12-05 14:17:28', '2019-12-05 14:17:28'),
(50, 'US-WY Rate (4%)', 1, 0, '2019-12-05 14:17:28', '2019-12-05 14:17:28'),
(51, 'US-PR Rate (5.5%)', 1, 0, '2019-12-05 14:17:28', '2019-12-05 14:17:28'),
(52, 'US-DC Rate (6%)', 1, 0, '2019-12-05 14:17:28', '2019-12-05 14:17:28'),
(53, 'PT Standard Rate (23%)', 1, 0, '2019-12-05 08:54:57', '2019-12-05 08:54:57'),
(54, 'PT Reduced Rate (13%)', 1, 0, '2019-12-05 08:54:57', '2019-12-05 08:54:57'),
(55, 'PT Super Reduced Rate (6%)', 1, 0, '2019-12-05 08:54:57', '2019-12-05 08:54:57'),
(56, 'PT Foodstuff Rate (6%)', 1, 0, '2019-12-05 08:54:57', '2019-12-05 08:54:57'),
(57, 'PT Books Rate (6%)', 1, 0, '2019-12-05 08:54:57', '2019-12-05 08:54:57'),
(58, 'EU VAT For Virtual Products', 1, 0, '2019-12-05 08:54:57', '2019-12-05 08:54:57');

-- --------------------------------------------------------

--
-- Table structure for table `pspa_tax_rules_group_shop`
--

CREATE TABLE `pspa_tax_rules_group_shop` (
  `id_tax_rules_group` int(11) UNSIGNED NOT NULL,
  `id_shop` int(11) UNSIGNED NOT NULL
) ENGINE=InnoDB DEFAULT CHARSET=utf8;

--
-- Dumping data for table `pspa_tax_rules_group_shop`
--

INSERT INTO `pspa_tax_rules_group_shop` (`id_tax_rules_group`, `id_shop`) VALUES
(1, 1),
(2, 1),
(3, 1),
(4, 1),
(5, 1),
(6, 1),
(7, 1),
(8, 1),
(9, 1),
(10, 1),
(11, 1),
(12, 1),
(13, 1),
(14, 1),
(15, 1),
(16, 1),
(17, 1),
(18, 1),
(19, 1),
(20, 1),
(21, 1),
(22, 1),
(23, 1),
(24, 1),
(25, 1),
(26, 1),
(27, 1),
(28, 1),
(29, 1),
(30, 1),
(31, 1),
(32, 1),
(33, 1),
(34, 1),
(35, 1),
(36, 1),
(37, 1),
(38, 1),
(39, 1),
(40, 1),
(41, 1),
(42, 1),
(43, 1),
(44, 1),
(45, 1),
(46, 1),
(47, 1),
(48, 1),
(49, 1),
(50, 1),
(51, 1),
(52, 1),
(53, 1),
(54, 1),
(55, 1),
(56, 1),
(57, 1),
(58, 1);

-- --------------------------------------------------------

--
-- Table structure for table `pspa_themeconfigurator`
--

CREATE TABLE `pspa_themeconfigurator` (
  `id_item` int(10) UNSIGNED NOT NULL,
  `id_shop` int(10) UNSIGNED NOT NULL,
  `id_lang` int(10) UNSIGNED NOT NULL,
  `item_order` int(10) UNSIGNED NOT NULL,
  `title` varchar(100) DEFAULT NULL,
  `title_use` tinyint(1) UNSIGNED NOT NULL DEFAULT '0',
  `hook` varchar(100) DEFAULT NULL,
  `url` text,
  `target` tinyint(1) UNSIGNED NOT NULL DEFAULT '0',
  `image` varchar(100) DEFAULT NULL,
  `image_w` varchar(10) DEFAULT NULL,
  `image_h` varchar(10) DEFAULT NULL,
  `html` text,
  `active` tinyint(1) UNSIGNED NOT NULL DEFAULT '1'
) ENGINE=InnoDB DEFAULT CHARSET=utf8;

--
-- Dumping data for table `pspa_themeconfigurator`
--

INSERT INTO `pspa_themeconfigurator` (`id_item`, `id_shop`, `id_lang`, `item_order`, `title`, `title_use`, `hook`, `url`, `target`, `image`, `image_w`, `image_h`, `html`, `active`) VALUES
(1, 1, 1, 1, '', 0, 'home', 'http://www.prestashop.com/', 0, 'banner-img1.jpg', '383', '267', '', 1),
(2, 1, 1, 2, '', 0, 'home', 'http://www.prestashop.com/', 0, 'banner-img2.jpg', '383', '267', '', 1),
(3, 1, 1, 3, '', 0, 'home', 'http://www.prestashop.com/', 0, 'banner-img3.jpg', '383', '267', '', 1),
(4, 1, 1, 4, '', 0, 'home', 'http://www.prestashop.com/', 0, 'banner-img4.jpg', '383', '142', '', 1),
(5, 1, 1, 5, '', 0, 'home', 'http://www.prestashop.com/', 0, 'banner-img5.jpg', '777', '142', '', 1),
(6, 1, 1, 6, '', 0, 'top', 'http://www.prestashop.com/', 0, 'banner-img6.jpg', '381', '219', '', 1),
(7, 1, 1, 7, '', 0, 'top', 'http://www.prestashop.com/', 0, 'banner-img7.jpg', '381', '219', '', 1),
(38, 1, 3, 1, 'Wines', 0, 'home', 'http://vinhodetalha.com/loja/index.php?id_category=12&controller=category&id_lang=2&live_configurator_token=a75b5656c262199991960b43edfe3b40&id_shop=1&id_employee=1&theme=&theme_font=', 0, '', '', '', '', 1),
(76, 1, 3, 1, 'Regular Guest', 0, 'top', 'http://vinhodetalha.com/loja/index.php?id_category=16&controller=category&id_lang=3&live_configurator_token=a75b5656c262199991960b43edfe3b40&id_shop=1&id_employee=1&theme=&theme_font=', 0, '245d123839b64d89160fb826af5bae11e8a84a4c_consumidor-habitual-3.png', '0', '0', '', 1),
(79, 1, 2, 1, 'Consumidor Habitual', 0, 'top', 'http://vinhodetalha.com/loja/index.php?id_category=16&controller=category&id_lang=2&live_configurator_token=a75b5656c262199991960b43edfe3b40&id_shop=1&id_employee=1&theme=&theme_font=', 0, '150efc4404d1ce184d9d361e3cd57070e7e46e4f_consumidor-habitual-1.png', '0', '0', '', 1),
(81, 1, 2, 2, '7 Maravilhas ', 0, 'top', 'https://www.rtp.pt/play/p7463/e482459/7-maravilhas-da-cultura-popular', 0, '41a8bf4da262229c195ddda43dc933dd5335e9d6_campanha-de-lancamento-da.jpg', '800', '500', '', 1),
(82, 1, 3, 2, '', 0, 'top', 'https://www.rtp.pt/play/p7463/e482459/7-maravilhas-da-cultura-popular', 0, '08edf7d362bd82984de90eb56129475ff37c8105_campanha-de-lancamento-da-1.jpg', '0', '0', '', 1);

-- --------------------------------------------------------

--
-- Table structure for table `pspa_timezone`
--

CREATE TABLE `pspa_timezone` (
  `id_timezone` int(10) UNSIGNED NOT NULL,
  `name` varchar(32) NOT NULL
) ENGINE=InnoDB DEFAULT CHARSET=utf8;

--
-- Dumping data for table `pspa_timezone`
--

INSERT INTO `pspa_timezone` (`id_timezone`, `name`) VALUES
(1, 'Africa/Abidjan'),
(2, 'Africa/Accra'),
(3, 'Africa/Addis_Ababa'),
(4, 'Africa/Algiers'),
(5, 'Africa/Asmara'),
(6, 'Africa/Asmera'),
(7, 'Africa/Bamako'),
(8, 'Africa/Bangui'),
(9, 'Africa/Banjul'),
(10, 'Africa/Bissau'),
(11, 'Africa/Blantyre'),
(12, 'Africa/Brazzaville'),
(13, 'Africa/Bujumbura'),
(14, 'Africa/Cairo'),
(15, 'Africa/Casablanca'),
(16, 'Africa/Ceuta'),
(17, 'Africa/Conakry'),
(18, 'Africa/Dakar'),
(19, 'Africa/Dar_es_Salaam'),
(20, 'Africa/Djibouti'),
(21, 'Africa/Douala'),
(22, 'Africa/El_Aaiun'),
(23, 'Africa/Freetown'),
(24, 'Africa/Gaborone'),
(25, 'Africa/Harare'),
(26, 'Africa/Johannesburg'),
(27, 'Africa/Kampala'),
(28, 'Africa/Khartoum'),
(29, 'Africa/Kigali'),
(30, 'Africa/Kinshasa'),
(31, 'Africa/Lagos'),
(32, 'Africa/Libreville'),
(33, 'Africa/Lome'),
(34, 'Africa/Luanda'),
(35, 'Africa/Lubumbashi'),
(36, 'Africa/Lusaka'),
(37, 'Africa/Malabo'),
(38, 'Africa/Maputo'),
(39, 'Africa/Maseru'),
(40, 'Africa/Mbabane'),
(41, 'Africa/Mogadishu'),
(42, 'Africa/Monrovia'),
(43, 'Africa/Nairobi'),
(44, 'Africa/Ndjamena'),
(45, 'Africa/Niamey'),
(46, 'Africa/Nouakchott'),
(47, 'Africa/Ouagadougou'),
(48, 'Africa/Porto-Novo'),
(49, 'Africa/Sao_Tome'),
(50, 'Africa/Timbuktu'),
(51, 'Africa/Tripoli'),
(52, 'Africa/Tunis'),
(53, 'Africa/Windhoek'),
(54, 'America/Adak'),
(55, 'America/Anchorage '),
(56, 'America/Anguilla'),
(57, 'America/Antigua'),
(58, 'America/Araguaina'),
(59, 'America/Argentina/Buenos_Aires'),
(60, 'America/Argentina/Catamarca'),
(61, 'America/Argentina/ComodRivadavia'),
(62, 'America/Argentina/Cordoba'),
(63, 'America/Argentina/Jujuy'),
(64, 'America/Argentina/La_Rioja'),
(65, 'America/Argentina/Mendoza'),
(66, 'America/Argentina/Rio_Gallegos'),
(67, 'America/Argentina/Salta'),
(68, 'America/Argentina/San_Juan'),
(69, 'America/Argentina/San_Luis'),
(70, 'America/Argentina/Tucuman'),
(71, 'America/Argentina/Ushuaia'),
(72, 'America/Aruba'),
(73, 'America/Asuncion'),
(74, 'America/Atikokan'),
(75, 'America/Atka'),
(76, 'America/Bahia'),
(77, 'America/Barbados'),
(78, 'America/Belem'),
(79, 'America/Belize'),
(80, 'America/Blanc-Sablon'),
(81, 'America/Boa_Vista'),
(82, 'America/Bogota'),
(83, 'America/Boise'),
(84, 'America/Buenos_Aires'),
(85, 'America/Cambridge_Bay'),
(86, 'America/Campo_Grande'),
(87, 'America/Cancun'),
(88, 'America/Caracas'),
(89, 'America/Catamarca'),
(90, 'America/Cayenne'),
(91, 'America/Cayman'),
(92, 'America/Chicago'),
(93, 'America/Chihuahua'),
(94, 'America/Coral_Harbour'),
(95, 'America/Cordoba'),
(96, 'America/Costa_Rica'),
(97, 'America/Cuiaba'),
(98, 'America/Curacao'),
(99, 'America/Danmarkshavn'),
(100, 'America/Dawson'),
(101, 'America/Dawson_Creek'),
(102, 'America/Denver'),
(103, 'America/Detroit'),
(104, 'America/Dominica'),
(105, 'America/Edmonton'),
(106, 'America/Eirunepe'),
(107, 'America/El_Salvador'),
(108, 'America/Ensenada'),
(109, 'America/Fort_Wayne'),
(110, 'America/Fortaleza'),
(111, 'America/Glace_Bay'),
(112, 'America/Godthab'),
(113, 'America/Goose_Bay'),
(114, 'America/Grand_Turk'),
(115, 'America/Grenada'),
(116, 'America/Guadeloupe'),
(117, 'America/Guatemala'),
(118, 'America/Guayaquil'),
(119, 'America/Guyana'),
(120, 'America/Halifax'),
(121, 'America/Havana'),
(122, 'America/Hermosillo'),
(123, 'America/Indiana/Indianapolis'),
(124, 'America/Indiana/Knox'),
(125, 'America/Indiana/Marengo'),
(126, 'America/Indiana/Petersburg'),
(127, 'America/Indiana/Tell_City'),
(128, 'America/Indiana/Vevay'),
(129, 'America/Indiana/Vincennes'),
(130, 'America/Indiana/Winamac'),
(131, 'America/Indianapolis'),
(132, 'America/Inuvik'),
(133, 'America/Iqaluit'),
(134, 'America/Jamaica'),
(135, 'America/Jujuy'),
(136, 'America/Juneau'),
(137, 'America/Kentucky/Louisville'),
(138, 'America/Kentucky/Monticello'),
(139, 'America/Knox_IN'),
(140, 'America/La_Paz'),
(141, 'America/Lima'),
(142, 'America/Los_Angeles'),
(143, 'America/Louisville'),
(144, 'America/Maceio'),
(145, 'America/Managua'),
(146, 'America/Manaus'),
(147, 'America/Marigot'),
(148, 'America/Martinique'),
(149, 'America/Mazatlan'),
(150, 'America/Mendoza'),
(151, 'America/Menominee'),
(152, 'America/Merida'),
(153, 'America/Mexico_City'),
(154, 'America/Miquelon'),
(155, 'America/Moncton'),
(156, 'America/Monterrey'),
(157, 'America/Montevideo'),
(158, 'America/Montreal'),
(159, 'America/Montserrat'),
(160, 'America/Nassau'),
(161, 'America/New_York'),
(162, 'America/Nipigon'),
(163, 'America/Nome'),
(164, 'America/Noronha'),
(165, 'America/North_Dakota/Center'),
(166, 'America/North_Dakota/New_Salem'),
(167, 'America/Panama'),
(168, 'America/Pangnirtung'),
(169, 'America/Paramaribo'),
(170, 'America/Phoenix'),
(171, 'America/Port-au-Prince'),
(172, 'America/Port_of_Spain'),
(173, 'America/Porto_Acre'),
(174, 'America/Porto_Velho'),
(175, 'America/Puerto_Rico'),
(176, 'America/Rainy_River'),
(177, 'America/Rankin_Inlet'),
(178, 'America/Recife'),
(179, 'America/Regina'),
(180, 'America/Resolute'),
(181, 'America/Rio_Branco'),
(182, 'America/Rosario'),
(183, 'America/Santarem'),
(184, 'America/Santiago'),
(185, 'America/Santo_Domingo'),
(186, 'America/Sao_Paulo'),
(187, 'America/Scoresbysund'),
(188, 'America/Shiprock'),
(189, 'America/St_Barthelemy'),
(190, 'America/St_Johns'),
(191, 'America/St_Kitts'),
(192, 'America/St_Lucia'),
(193, 'America/St_Thomas'),
(194, 'America/St_Vincent'),
(195, 'America/Swift_Current'),
(196, 'America/Tegucigalpa'),
(197, 'America/Thule'),
(198, 'America/Thunder_Bay'),
(199, 'America/Tijuana'),
(200, 'America/Toronto'),
(201, 'America/Tortola'),
(202, 'America/Vancouver'),
(203, 'America/Virgin'),
(204, 'America/Whitehorse'),
(205, 'America/Winnipeg'),
(206, 'America/Yakutat'),
(207, 'America/Yellowknife'),
(208, 'Antarctica/Casey'),
(209, 'Antarctica/Davis'),
(210, 'Antarctica/DumontDUrville'),
(211, 'Antarctica/Mawson'),
(212, 'Antarctica/McMurdo'),
(213, 'Antarctica/Palmer'),
(214, 'Antarctica/Rothera'),
(215, 'Antarctica/South_Pole'),
(216, 'Antarctica/Syowa'),
(217, 'Antarctica/Vostok'),
(218, 'Arctic/Longyearbyen'),
(219, 'Asia/Aden'),
(220, 'Asia/Almaty'),
(221, 'Asia/Amman'),
(222, 'Asia/Anadyr'),
(223, 'Asia/Aqtau'),
(224, 'Asia/Aqtobe'),
(225, 'Asia/Ashgabat'),
(226, 'Asia/Ashkhabad'),
(227, 'Asia/Baghdad'),
(228, 'Asia/Bahrain'),
(229, 'Asia/Baku'),
(230, 'Asia/Bangkok'),
(231, 'Asia/Beirut'),
(232, 'Asia/Bishkek'),
(233, 'Asia/Brunei'),
(234, 'Asia/Calcutta'),
(235, 'Asia/Choibalsan'),
(236, 'Asia/Chongqing'),
(237, 'Asia/Chungking'),
(238, 'Asia/Colombo'),
(239, 'Asia/Dacca'),
(240, 'Asia/Damascus'),
(241, 'Asia/Dhaka'),
(242, 'Asia/Dili'),
(243, 'Asia/Dubai'),
(244, 'Asia/Dushanbe'),
(245, 'Asia/Gaza'),
(246, 'Asia/Harbin'),
(247, 'Asia/Ho_Chi_Minh'),
(248, 'Asia/Hong_Kong'),
(249, 'Asia/Hovd'),
(250, 'Asia/Irkutsk'),
(251, 'Asia/Istanbul'),
(252, 'Asia/Jakarta'),
(253, 'Asia/Jayapura'),
(254, 'Asia/Jerusalem'),
(255, 'Asia/Kabul'),
(256, 'Asia/Kamchatka'),
(257, 'Asia/Karachi'),
(258, 'Asia/Kashgar'),
(259, 'Asia/Kathmandu'),
(260, 'Asia/Katmandu'),
(261, 'Asia/Kolkata'),
(262, 'Asia/Krasnoyarsk'),
(263, 'Asia/Kuala_Lumpur'),
(264, 'Asia/Kuching'),
(265, 'Asia/Kuwait'),
(266, 'Asia/Macao'),
(267, 'Asia/Macau'),
(268, 'Asia/Magadan'),
(269, 'Asia/Makassar'),
(270, 'Asia/Manila'),
(271, 'Asia/Muscat'),
(272, 'Asia/Nicosia'),
(273, 'Asia/Novosibirsk'),
(274, 'Asia/Omsk'),
(275, 'Asia/Oral'),
(276, 'Asia/Phnom_Penh'),
(277, 'Asia/Pontianak'),
(278, 'Asia/Pyongyang'),
(279, 'Asia/Qatar'),
(280, 'Asia/Qyzylorda'),
(281, 'Asia/Rangoon'),
(282, 'Asia/Riyadh'),
(283, 'Asia/Saigon'),
(284, 'Asia/Sakhalin'),
(285, 'Asia/Samarkand'),
(286, 'Asia/Seoul'),
(287, 'Asia/Shanghai'),
(288, 'Asia/Singapore'),
(289, 'Asia/Taipei'),
(290, 'Asia/Tashkent'),
(291, 'Asia/Tbilisi'),
(292, 'Asia/Tehran'),
(293, 'Asia/Tel_Aviv'),
(294, 'Asia/Thimbu'),
(295, 'Asia/Thimphu'),
(296, 'Asia/Tokyo'),
(297, 'Asia/Ujung_Pandang'),
(298, 'Asia/Ulaanbaatar'),
(299, 'Asia/Ulan_Bator'),
(300, 'Asia/Urumqi'),
(301, 'Asia/Vientiane'),
(302, 'Asia/Vladivostok'),
(303, 'Asia/Yakutsk'),
(304, 'Asia/Yekaterinburg'),
(305, 'Asia/Yerevan'),
(306, 'Atlantic/Azores'),
(307, 'Atlantic/Bermuda'),
(308, 'Atlantic/Canary'),
(309, 'Atlantic/Cape_Verde'),
(310, 'Atlantic/Faeroe'),
(311, 'Atlantic/Faroe'),
(312, 'Atlantic/Jan_Mayen'),
(313, 'Atlantic/Madeira'),
(314, 'Atlantic/Reykjavik'),
(315, 'Atlantic/South_Georgia'),
(316, 'Atlantic/St_Helena'),
(317, 'Atlantic/Stanley'),
(318, 'Australia/ACT'),
(319, 'Australia/Adelaide'),
(320, 'Australia/Brisbane'),
(321, 'Australia/Broken_Hill'),
(322, 'Australia/Canberra'),
(323, 'Australia/Currie'),
(324, 'Australia/Darwin'),
(325, 'Australia/Eucla'),
(326, 'Australia/Hobart'),
(327, 'Australia/LHI'),
(328, 'Australia/Lindeman'),
(329, 'Australia/Lord_Howe'),
(330, 'Australia/Melbourne'),
(331, 'Australia/North'),
(332, 'Australia/NSW'),
(333, 'Australia/Perth'),
(334, 'Australia/Queensland'),
(335, 'Australia/South'),
(336, 'Australia/Sydney'),
(337, 'Australia/Tasmania'),
(338, 'Australia/Victoria'),
(339, 'Australia/West'),
(340, 'Australia/Yancowinna'),
(341, 'Europe/Amsterdam'),
(342, 'Europe/Andorra'),
(343, 'Europe/Athens'),
(344, 'Europe/Belfast'),
(345, 'Europe/Belgrade'),
(346, 'Europe/Berlin'),
(347, 'Europe/Bratislava'),
(348, 'Europe/Brussels'),
(349, 'Europe/Bucharest'),
(350, 'Europe/Budapest'),
(351, 'Europe/Chisinau'),
(352, 'Europe/Copenhagen'),
(353, 'Europe/Dublin'),
(354, 'Europe/Gibraltar'),
(355, 'Europe/Guernsey'),
(356, 'Europe/Helsinki'),
(357, 'Europe/Isle_of_Man'),
(358, 'Europe/Istanbul'),
(359, 'Europe/Jersey'),
(360, 'Europe/Kaliningrad'),
(361, 'Europe/Kiev'),
(362, 'Europe/Lisbon'),
(363, 'Europe/Ljubljana'),
(364, 'Europe/London'),
(365, 'Europe/Luxembourg'),
(366, 'Europe/Madrid'),
(367, 'Europe/Malta'),
(368, 'Europe/Mariehamn'),
(369, 'Europe/Minsk'),
(370, 'Europe/Monaco'),
(371, 'Europe/Moscow'),
(372, 'Europe/Nicosia'),
(373, 'Europe/Oslo'),
(374, 'Europe/Paris'),
(375, 'Europe/Podgorica'),
(376, 'Europe/Prague'),
(377, 'Europe/Riga'),
(378, 'Europe/Rome'),
(379, 'Europe/Samara'),
(380, 'Europe/San_Marino'),
(381, 'Europe/Sarajevo'),
(382, 'Europe/Simferopol'),
(383, 'Europe/Skopje'),
(384, 'Europe/Sofia'),
(385, 'Europe/Stockholm'),
(386, 'Europe/Tallinn'),
(387, 'Europe/Tirane'),
(388, 'Europe/Tiraspol'),
(389, 'Europe/Uzhgorod'),
(390, 'Europe/Vaduz'),
(391, 'Europe/Vatican'),
(392, 'Europe/Vienna'),
(393, 'Europe/Vilnius'),
(394, 'Europe/Volgograd'),
(395, 'Europe/Warsaw'),
(396, 'Europe/Zagreb'),
(397, 'Europe/Zaporozhye'),
(398, 'Europe/Zurich'),
(399, 'Indian/Antananarivo'),
(400, 'Indian/Chagos'),
(401, 'Indian/Christmas'),
(402, 'Indian/Cocos'),
(403, 'Indian/Comoro'),
(404, 'Indian/Kerguelen'),
(405, 'Indian/Mahe'),
(406, 'Indian/Maldives'),
(407, 'Indian/Mauritius'),
(408, 'Indian/Mayotte'),
(409, 'Indian/Reunion'),
(410, 'Pacific/Apia'),
(411, 'Pacific/Auckland'),
(412, 'Pacific/Chatham'),
(413, 'Pacific/Easter'),
(414, 'Pacific/Efate'),
(415, 'Pacific/Enderbury'),
(416, 'Pacific/Fakaofo'),
(417, 'Pacific/Fiji'),
(418, 'Pacific/Funafuti'),
(419, 'Pacific/Galapagos'),
(420, 'Pacific/Gambier'),
(421, 'Pacific/Guadalcanal'),
(422, 'Pacific/Guam'),
(423, 'Pacific/Honolulu'),
(424, 'Pacific/Johnston'),
(425, 'Pacific/Kiritimati'),
(426, 'Pacific/Kosrae'),
(427, 'Pacific/Kwajalein'),
(428, 'Pacific/Majuro'),
(429, 'Pacific/Marquesas'),
(430, 'Pacific/Midway'),
(431, 'Pacific/Nauru'),
(432, 'Pacific/Niue'),
(433, 'Pacific/Norfolk'),
(434, 'Pacific/Noumea'),
(435, 'Pacific/Pago_Pago'),
(436, 'Pacific/Palau'),
(437, 'Pacific/Pitcairn'),
(438, 'Pacific/Ponape'),
(439, 'Pacific/Port_Moresby'),
(440, 'Pacific/Rarotonga'),
(441, 'Pacific/Saipan'),
(442, 'Pacific/Samoa'),
(443, 'Pacific/Tahiti'),
(444, 'Pacific/Tarawa'),
(445, 'Pacific/Tongatapu'),
(446, 'Pacific/Truk'),
(447, 'Pacific/Wake'),
(448, 'Pacific/Wallis'),
(449, 'Pacific/Yap'),
(450, 'Brazil/Acre'),
(451, 'Brazil/DeNoronha'),
(452, 'Brazil/East'),
(453, 'Brazil/West'),
(454, 'Canada/Atlantic'),
(455, 'Canada/Central'),
(456, 'Canada/East-Saskatchewan'),
(457, 'Canada/Eastern'),
(458, 'Canada/Mountain'),
(459, 'Canada/Newfoundland'),
(460, 'Canada/Pacific'),
(461, 'Canada/Saskatchewan'),
(462, 'Canada/Yukon'),
(463, 'CET'),
(464, 'Chile/Continental'),
(465, 'Chile/EasterIsland'),
(466, 'CST6CDT'),
(467, 'Cuba'),
(468, 'EET'),
(469, 'Egypt'),
(470, 'Eire'),
(471, 'EST'),
(472, 'EST5EDT'),
(473, 'Etc/GMT'),
(474, 'Etc/GMT+0'),
(475, 'Etc/GMT+1'),
(476, 'Etc/GMT+10'),
(477, 'Etc/GMT+11'),
(478, 'Etc/GMT+12'),
(479, 'Etc/GMT+2'),
(480, 'Etc/GMT+3'),
(481, 'Etc/GMT+4'),
(482, 'Etc/GMT+5'),
(483, 'Etc/GMT+6'),
(484, 'Etc/GMT+7'),
(485, 'Etc/GMT+8'),
(486, 'Etc/GMT+9'),
(487, 'Etc/GMT-0'),
(488, 'Etc/GMT-1'),
(489, 'Etc/GMT-10'),
(490, 'Etc/GMT-11'),
(491, 'Etc/GMT-12'),
(492, 'Etc/GMT-13'),
(493, 'Etc/GMT-14'),
(494, 'Etc/GMT-2'),
(495, 'Etc/GMT-3'),
(496, 'Etc/GMT-4'),
(497, 'Etc/GMT-5'),
(498, 'Etc/GMT-6'),
(499, 'Etc/GMT-7'),
(500, 'Etc/GMT-8'),
(501, 'Etc/GMT-9'),
(502, 'Etc/GMT0'),
(503, 'Etc/Greenwich'),
(504, 'Etc/UCT'),
(505, 'Etc/Universal'),
(506, 'Etc/UTC'),
(507, 'Etc/Zulu'),
(508, 'Factory'),
(509, 'GB'),
(510, 'GB-Eire'),
(511, 'GMT'),
(512, 'GMT+0'),
(513, 'GMT-0'),
(514, 'GMT0'),
(515, 'Greenwich'),
(516, 'Hongkong'),
(517, 'HST'),
(518, 'Iceland'),
(519, 'Iran'),
(520, 'Israel'),
(521, 'Jamaica'),
(522, 'Japan'),
(523, 'Kwajalein'),
(524, 'Libya'),
(525, 'MET'),
(526, 'Mexico/BajaNorte'),
(527, 'Mexico/BajaSur'),
(528, 'Mexico/General'),
(529, 'MST'),
(530, 'MST7MDT'),
(531, 'Navajo'),
(532, 'NZ'),
(533, 'NZ-CHAT'),
(534, 'Poland'),
(535, 'Portugal'),
(536, 'PRC'),
(537, 'PST8PDT'),
(538, 'ROC'),
(539, 'ROK'),
(540, 'Singapore'),
(541, 'Turkey'),
(542, 'UCT'),
(543, 'Universal'),
(544, 'US/Alaska'),
(545, 'US/Aleutian'),
(546, 'US/Arizona'),
(547, 'US/Central'),
(548, 'US/East-Indiana'),
(549, 'US/Eastern'),
(550, 'US/Hawaii'),
(551, 'US/Indiana-Starke'),
(552, 'US/Michigan'),
(553, 'US/Mountain'),
(554, 'US/Pacific'),
(555, 'US/Pacific-New'),
(556, 'US/Samoa'),
(557, 'UTC'),
(558, 'W-SU'),
(559, 'WET'),
(560, 'Zulu');

-- --------------------------------------------------------

--
-- Table structure for table `pspa_translation`
--

CREATE TABLE `pspa_translation` (
  `id_translation` int(11) NOT NULL,
  `id_lang` int(11) NOT NULL,
  `key` text COLLATE utf8_unicode_ci NOT NULL,
  `translation` text COLLATE utf8_unicode_ci NOT NULL,
  `domain` varchar(80) COLLATE utf8_unicode_ci NOT NULL,
  `theme` varchar(32) COLLATE utf8_unicode_ci DEFAULT NULL
) ENGINE=InnoDB DEFAULT CHARSET=utf8 COLLATE=utf8_unicode_ci;

-- --------------------------------------------------------

--
-- Table structure for table `pspa_warehouse`
--

CREATE TABLE `pspa_warehouse` (
  `id_warehouse` int(11) UNSIGNED NOT NULL,
  `id_currency` int(11) UNSIGNED NOT NULL,
  `id_address` int(11) UNSIGNED NOT NULL,
  `id_employee` int(11) UNSIGNED NOT NULL,
  `reference` varchar(64) DEFAULT NULL,
  `name` varchar(45) NOT NULL,
  `management_type` enum('WA','FIFO','LIFO') NOT NULL DEFAULT 'WA',
  `deleted` tinyint(1) UNSIGNED NOT NULL DEFAULT '0'
) ENGINE=InnoDB DEFAULT CHARSET=utf8;

-- --------------------------------------------------------

--
-- Table structure for table `pspa_warehouse_carrier`
--

CREATE TABLE `pspa_warehouse_carrier` (
  `id_carrier` int(11) UNSIGNED NOT NULL,
  `id_warehouse` int(11) UNSIGNED NOT NULL
) ENGINE=InnoDB DEFAULT CHARSET=utf8;

-- --------------------------------------------------------

--
-- Table structure for table `pspa_warehouse_product_location`
--

CREATE TABLE `pspa_warehouse_product_location` (
  `id_warehouse_product_location` int(11) UNSIGNED NOT NULL,
  `id_product` int(11) UNSIGNED NOT NULL,
  `id_product_attribute` int(11) UNSIGNED NOT NULL,
  `id_warehouse` int(11) UNSIGNED NOT NULL,
  `location` varchar(64) DEFAULT NULL
) ENGINE=InnoDB DEFAULT CHARSET=utf8;

-- --------------------------------------------------------

--
-- Table structure for table `pspa_warehouse_shop`
--

CREATE TABLE `pspa_warehouse_shop` (
  `id_shop` int(11) UNSIGNED NOT NULL,
  `id_warehouse` int(11) UNSIGNED NOT NULL
) ENGINE=InnoDB DEFAULT CHARSET=utf8;

-- --------------------------------------------------------

--
-- Table structure for table `pspa_webservice_account`
--

CREATE TABLE `pspa_webservice_account` (
  `id_webservice_account` int(11) NOT NULL,
  `key` varchar(32) NOT NULL,
  `description` text,
  `class_name` varchar(50) NOT NULL DEFAULT 'WebserviceRequest',
  `is_module` tinyint(2) NOT NULL DEFAULT '0',
  `module_name` varchar(50) DEFAULT NULL,
  `active` tinyint(2) NOT NULL
) ENGINE=InnoDB DEFAULT CHARSET=utf8;

-- --------------------------------------------------------

--
-- Table structure for table `pspa_webservice_account_shop`
--

CREATE TABLE `pspa_webservice_account_shop` (
  `id_webservice_account` int(11) UNSIGNED NOT NULL,
  `id_shop` int(11) UNSIGNED NOT NULL
) ENGINE=InnoDB DEFAULT CHARSET=utf8;

-- --------------------------------------------------------

--
-- Table structure for table `pspa_webservice_permission`
--

CREATE TABLE `pspa_webservice_permission` (
  `id_webservice_permission` int(11) NOT NULL,
  `resource` varchar(50) NOT NULL,
  `method` enum('GET','POST','PUT','DELETE','HEAD') NOT NULL,
  `id_webservice_account` int(11) NOT NULL
) ENGINE=InnoDB DEFAULT CHARSET=utf8;

-- --------------------------------------------------------

--
-- Table structure for table `pspa_web_browser`
--

CREATE TABLE `pspa_web_browser` (
  `id_web_browser` int(10) UNSIGNED NOT NULL,
  `name` varchar(64) DEFAULT NULL
) ENGINE=InnoDB DEFAULT CHARSET=utf8;

--
-- Dumping data for table `pspa_web_browser`
--

INSERT INTO `pspa_web_browser` (`id_web_browser`, `name`) VALUES
(1, 'Safari'),
(2, 'Safari iPad'),
(3, 'Firefox'),
(4, 'Opera'),
(5, 'IE 6'),
(6, 'IE 7'),
(7, 'IE 8'),
(8, 'IE 9'),
(9, 'IE 10'),
(10, 'IE 11'),
(11, 'Chrome');

-- --------------------------------------------------------

--
-- Table structure for table `pspa_zone`
--

CREATE TABLE `pspa_zone` (
  `id_zone` int(10) UNSIGNED NOT NULL,
  `name` varchar(64) NOT NULL,
  `active` tinyint(1) UNSIGNED NOT NULL DEFAULT '0'
) ENGINE=InnoDB DEFAULT CHARSET=utf8;

--
-- Dumping data for table `pspa_zone`
--

INSERT INTO `pspa_zone` (`id_zone`, `name`, `active`) VALUES
(1, 'União Europeia Zona 2', 1),
(2, 'North America', 0),
(3, 'Asia', 0),
(4, 'Africa', 0),
(5, 'Oceania', 0),
(6, 'South America', 0),
(7, 'Europe (non-EU)', 0),
(8, 'Central America/Antilla', 0),
(9, 'Continente', 1),
(10, 'Ilhas', 1),
(11, 'Espanha', 1),
(12, 'União Europeia Zona 3', 1),
(13, 'União Europeia Zona 5', 1);

-- --------------------------------------------------------

--
-- Table structure for table `pspa_zone_shop`
--

CREATE TABLE `pspa_zone_shop` (
  `id_zone` int(11) UNSIGNED NOT NULL,
  `id_shop` int(11) UNSIGNED NOT NULL
) ENGINE=InnoDB DEFAULT CHARSET=utf8;

--
-- Dumping data for table `pspa_zone_shop`
--

INSERT INTO `pspa_zone_shop` (`id_zone`, `id_shop`) VALUES
(1, 1),
(2, 1),
(3, 1),
(4, 1),
(5, 1),
(6, 1),
(7, 1),
(8, 1),
(9, 1),
(10, 1),
(11, 1),
(12, 1),
(13, 1);

-- --------------------------------------------------------

--
-- Table structure for table `ps_accessory`
--

CREATE TABLE `ps_accessory` (
  `id_product_1` int(10) UNSIGNED NOT NULL,
  `id_product_2` int(10) UNSIGNED NOT NULL
) ENGINE=InnoDB DEFAULT CHARSET=utf8;

-- --------------------------------------------------------

--
-- Table structure for table `ps_address`
--

CREATE TABLE `ps_address` (
  `id_address` int(10) UNSIGNED NOT NULL,
  `id_country` int(10) UNSIGNED NOT NULL,
  `id_state` int(10) UNSIGNED DEFAULT NULL,
  `id_customer` int(10) UNSIGNED NOT NULL DEFAULT '0',
  `id_manufacturer` int(10) UNSIGNED NOT NULL DEFAULT '0',
  `id_supplier` int(10) UNSIGNED NOT NULL DEFAULT '0',
  `id_warehouse` int(10) UNSIGNED NOT NULL DEFAULT '0',
  `alias` varchar(32) NOT NULL,
  `company` varchar(255) DEFAULT NULL,
  `lastname` varchar(255) NOT NULL,
  `firstname` varchar(255) NOT NULL,
  `address1` varchar(128) NOT NULL,
  `address2` varchar(128) DEFAULT NULL,
  `postcode` varchar(12) DEFAULT NULL,
  `city` varchar(64) NOT NULL,
  `other` text,
  `phone` varchar(32) DEFAULT NULL,
  `phone_mobile` varchar(32) DEFAULT NULL,
  `vat_number` varchar(32) DEFAULT NULL,
  `dni` varchar(16) DEFAULT NULL,
  `date_add` datetime NOT NULL,
  `date_upd` datetime NOT NULL,
  `active` tinyint(1) UNSIGNED NOT NULL DEFAULT '1',
  `deleted` tinyint(1) UNSIGNED NOT NULL DEFAULT '0'
) ENGINE=InnoDB DEFAULT CHARSET=utf8;

--
-- Dumping data for table `ps_address`
--

INSERT INTO `ps_address` (`id_address`, `id_country`, `id_state`, `id_customer`, `id_manufacturer`, `id_supplier`, `id_warehouse`, `alias`, `company`, `lastname`, `firstname`, `address1`, `address2`, `postcode`, `city`, `other`, `phone`, `phone_mobile`, `vat_number`, `dni`, `date_add`, `date_upd`, `active`, `deleted`) VALUES
(13, 15, 357, 4, 0, 0, 0, 'O meu endereço', '', 'Lúcio', 'Telma', 'Rua da Fonte Nova 45A, Safara', '', '7875-056', 'Safara', '', '', '926180466', '', '', '2020-01-14 22:43:19', '2020-01-14 22:43:19', 1, 0),
(14, 15, 357, 6, 0, 0, 0, 'Ardalentejo', '', 'Alentejo', 'Ar', 'Rua de Santiago 31', '', '7200-175', 'Monsaraz', '', ' 939 584 191', '939 584 191', '', '', '2020-02-19 09:21:35', '2020-02-19 09:21:35', 1, 0),
(16, 15, 357, 8, 0, 0, 0, 'Luis Lopes', 'Sesmarias Turismo Rural', 'Turismo Rural', 'Sesmarias ', 'Estrada Nacional 387 ', '', '7900-097', ' Alfundão', '', '284 400 366', '284 400 366', '', '', '2020-02-19 09:35:30', '2020-02-19 09:35:30', 1, 0),
(17, 15, 357, 9, 0, 0, 0, 'Rui Gonçalves', 'Hotel Francis ', 'Francis', 'Hotel ', 'Praça Fernando Lopes Graça, Lote 31', '', '7800-430', 'Beja', '', '284 315 500', '284 315 500', '', '', '2020-02-19 09:52:17', '2020-02-19 09:52:17', 1, 0),
(18, 15, 357, 10, 0, 0, 0, 'Júlio Adrego', 'Herdade Rio Torto', 'Torto', 'Herdade Rio', 'estrada nacional 384, Km 6 herdade do rio torto', '', '7200-175', 'Beja', '', '266619124', '916932087', '', '', '2020-02-19 10:02:23', '2020-02-19 10:02:23', 1, 0),
(19, 6, 333, 13, 0, 0, 0, 'Carrer de Mallorca 33', '', 'Domingo', 'Alejandro', 'Carrer de Mallorca 33', '', '08013', 'Barcelona', '12', '34932080414', '34932080414', '', '', '2020-02-25 01:11:23', '2020-02-25 01:11:23', 1, 0),
(20, 6, 333, 14, 0, 0, 0, 'Carrer de Mallorca 33', '', 'Domingo', 'Alejandro', 'Carrer de Mallorca 33', '', '08013', 'Barcelona', '12', '34932080414', '34932080414', '', '', '2020-02-25 01:11:24', '2020-02-25 01:11:24', 1, 0),
(21, 15, 357, 15, 0, 0, 0, 'Aldeia do Granel', '', 'do Granel', 'Aldeia ', 'Beira', '', '0000-000', 'Guarda', '', '', '910258834', '', '', '2020-02-26 13:42:43', '2020-02-26 13:42:43', 1, 0),
(22, 15, 357, 16, 0, 0, 0, 'Casa', '', 'Granadas', 'Diogo', 'Rua Afonso de Albuquerque nº 156 5º Esq', 'Quinta do Barracoso', '8100-234', 'Loulé', '', '', '969702950', '', '', '2020-02-27 15:45:30', '2020-02-27 15:45:30', 1, 0),
(23, 2, 339, 17, 0, 0, 0, 'Neubauer ', 'Neubauer Mode', 'Neubauer ', 'Michaela ', 'Währinger Straße 77, ', '', '1180', 'Wien ', '', '', '+436767449809', '', '', '2020-02-29 14:58:01', '2020-02-29 14:59:31', 1, 0),
(24, 15, 357, 18, 0, 0, 0, 'O meu endereço', '', 'Azevedo ', 'Jose', 'Rua Professor Reinaldo dos Santos, 26, 6 Esq. ', '', '1500-506', 'Lisboa ', '', '217788648', '939393932', '', '', '2020-02-29 18:10:18', '2020-02-29 18:10:18', 1, 0),
(25, 15, 357, 19, 0, 0, 0, 'Casa', '', 'Lopes', 'Sérgio', 'Rua Fernão de Magalhães', '289, 1º Dto.', '2870-872', 'Montijo', '', '', '967476548', '', '', '2020-03-18 23:55:03', '2020-03-18 23:55:03', 1, 0),
(26, 15, 357, 19, 0, 0, 0, 'Maria', '', 'Melo', 'Maria', 'Rua Luís de Freitas Branco', '1, 1º B', '1600-488', 'Lisboa', '', '', '916221441', '', '', '2020-03-18 23:57:27', '2020-10-17 22:18:21', 1, 1),
(27, 6, 333, 21, 0, 0, 0, 'Carrer de Mallorca 33', '', 'Domingo', 'Alejandro', 'Carrer de Mallorca 33', '', '08013', 'Barcelona', '12', '34932080414', '34932080414', '', '', '2020-04-01 13:32:22', '2020-04-01 13:32:22', 1, 0),
(28, 6, 333, 22, 0, 0, 0, 'Carrer de Mallorca 33', '', 'Domingo', 'Alejandro', 'Carrer de Mallorca 33', '', '08013', 'Barcelona', '12', '34932080414', '34932080414', '', '', '2020-04-01 13:36:32', '2020-04-01 13:36:32', 1, 0),
(29, 15, 357, 23, 0, 0, 0, 'O meu endereço', '', 'moura', 'luis', 'rua rosas, 1 - 1º b', '', '2710-385', 'sintra', '', '219241906', '219241906', '', '', '2020-04-02 18:19:12', '2020-04-13 17:47:42', 1, 1),
(30, 15, 357, 24, 0, 0, 0, 'casa', '', 'valerio', 'joao', 'rua antónio tomás botto, 34, 1º esq', '', '2785-008', 'São Domingos de Rana', '', '', '919380660', '', '', '2020-04-03 22:20:45', '2020-04-03 22:20:45', 1, 0),
(31, 15, 357, 25, 0, 0, 0, 'Casa', '', 'Pereira', 'Nuno', 'Rua Coronel Luna de Oliveira, 17 - 5', '', '1900-166', 'Lisboa', '', '966953610', '966953610', '', '', '2020-04-05 13:28:37', '2020-04-05 13:29:23', 1, 0),
(32, 15, 357, 25, 0, 0, 0, 'Metro', 'Sede Metro Lisboa', 'Pereira', 'Nuno', 'Rua Andrade Corvo 38 ', '', '1050-009', 'Lisboa', '', '966953610', '966953610', '209533684', '', '2020-04-05 13:31:21', '2020-04-05 13:31:21', 1, 0),
(33, 15, 357, 26, 0, 0, 0, 'O meu endereço', '', 'Moura', 'Rui', 'Rua Teresa Gomes', 'Lt4 3º esq', '2970-278', 'sesimbra', '', '', '969296293', '', '', '2020-04-10 16:05:58', '2020-04-10 16:05:58', 1, 0),
(34, 15, 357, 27, 0, 0, 0, 'O meu ecasandereço', '', 'Alferes', 'Anabela', 'Monte das Areias', '', '7480-351', 'Figueira e Barros', '', '', '933012687', '', '', '2020-04-11 08:41:20', '2020-04-11 08:41:20', 1, 0),
(35, 15, 357, 28, 0, 0, 0, 'Morada Cliente Luis portugal', '', 'Jose', 'Maria', 'Rua das Rosas, nº 1, b Lourel, Sintra', '', '2710-385', 'Sintra', '', '284329052', '', '', '', '2020-04-13 13:04:51', '2020-04-13 13:04:51', 1, 0),
(36, 15, 357, 23, 0, 0, 0, 'casa', '', 'moura', 'luis', 'rua rosas, 1 - 1º b', '', '2710-385', 'sintra', '', '219241906', '937406089', '', '', '2020-04-13 17:47:42', '2020-04-13 17:47:42', 1, 0),
(37, 15, 357, 29, 0, 0, 0, 'O meu endereço', '', 'Santos', 'José ', 'Rua 1º dezembro nº 4', '', '7490-251', 'Mora', '', '', '937204120', '', '', '2020-04-14 16:32:46', '2020-04-14 16:32:46', 1, 0),
(38, 15, 357, 30, 0, 0, 0, 'Casa', 'Letras Encantadas', 'Mateus', 'Pedro', 'Rua da esperança, Lote 222, Foros da Catrapona', '', '2840-060', 'Aldeia Paio Pires', '', '916517132', '916517132', '', '', '2020-04-24 11:06:31', '2020-04-24 11:06:31', 1, 0),
(39, 6, 333, 31, 0, 0, 0, 'Carrer de Mallorca 33', '', 'Domingo', 'Alejandro', 'Carrer de Mallorca 33', '', '08013', 'Barcelona', '12', '34932080414', '34932080414', '', '', '2020-05-01 14:31:34', '2020-05-01 14:31:34', 1, 0),
(40, 6, 333, 32, 0, 0, 0, 'Carrer de Mallorca 33', '', 'Domingo', 'Alejandro', 'Carrer de Mallorca 33', '', '08013', 'Barcelona', '12', '34932080414', '34932080414', '', '', '2020-05-01 14:31:52', '2020-05-01 14:31:52', 1, 0),
(41, 15, 357, 33, 0, 0, 0, 'Paulo Figueira', '', 'Figueira', 'Paulo', '0000', '', '0000-000', 'Évora', '', '', '962855478', '', '', '2020-06-29 11:33:39', '2020-06-29 11:33:39', 1, 0),
(42, 15, 357, 34, 0, 0, 0, 'Casa', '', 'Saramago', 'Nuno', 'Tv Paulo Martins N29 RC', '', '1300-447', 'Lisboa', '', '', '939234001', '', '', '2020-07-02 23:54:25', '2020-07-02 23:54:25', 1, 0),
(43, 15, 357, 35, 0, 0, 0, 'Andrew Gowers', '', 'Gowers', 'Andrew', 'Rua Almeida e Sousa 5', 'Apt 5B', '1250-064', 'Lisboa', '', '', '930612473', '', '', '2020-07-09 15:14:25', '2020-07-09 15:14:25', 1, 0),
(44, 15, 357, 20, 0, 0, 0, 'O meu endereço', '', 'CunsumidorHabitual', 'Alexandre Frade', 'Rua rosas, 1 - 1º B, Lourel', '', '2710-385', 'Sintra', '', '', '966038877', '', '', '2020-07-10 11:50:24', '2020-07-10 11:50:24', 1, 0),
(45, 15, 357, 36, 0, 0, 0, 'Empresa', '', 'Palma', 'Helder', 'Praça da Cooperação, 4', '', '7800-006', 'Beja', '', '919794607', '919794607', '', '', '2020-07-14 13:14:46', '2020-07-14 13:14:46', 1, 0),
(46, 15, 357, 37, 0, 0, 0, 'O meu endereço', 'MARTINS BRANCO E SILVA, LDA', 'martins', 'rui', 'Rua Eng. Arantes de Oliveira, 46 rc ALCANENA', '', '2380-071', 'ALCANENA PORTUGAL', '', '932700890', '932700890', '', '', '2020-08-30 15:49:55', '2020-08-30 15:49:55', 1, 0),
(47, 15, 357, 38, 0, 0, 0, 'End', '', 'Grzywacz', 'Yann ', 'Rua de São Bento, 237 ', '1D', '1250-219', 'Lisboa', '', '912334636', '912334636', '', '', '2020-10-08 16:04:30', '2020-10-08 16:04:30', 1, 0),
(48, 15, 357, 39, 0, 0, 0, 'O meu endereço', '', 'Trindade', 'Manuel', 'Av. Comandante Ramiro Correia n.62  2°Esq', '', '7800-261', 'Beja', '', '', '962847851', '', '', '2020-10-11 20:40:50', '2021-03-03 11:30:28', 1, 1),
(49, 15, 0, 19, 0, 0, 0, 'Maria', '', 'Cunha', 'Maria', 'Rua Luís de Freitas Branco', '1, 1º B', '1600-488', 'Lisboa', '', '967476548', '967476548', '', '', '2020-10-17 22:18:21', '2021-03-14 13:11:20', 1, 0),
(50, 15, 357, 40, 0, 0, 0, 'Hotel Nova Sintra', 'Bernardo e Gomes Lda', 'Bernardo', 'Rui', 'Largo Afonso Albuquerque 25', '', '2710-519', 'Sintra', '', '219230220', '916171757', '500564892', '', '2020-11-02 12:59:58', '2020-11-03 17:19:45', 1, 0),
(51, 15, 325, 41, 0, 0, 0, 'casa', '', 'Almeida', 'Carlos', 'Rua Serra do Barroso 12, ', 'Redondos', '2865-557', 'Fernão Ferro', '933267140', '212121606', '', '', '', '2020-12-29 10:56:46', '2020-12-29 10:56:46', 1, 0),
(52, 15, 325, 42, 0, 0, 0, 'o meu endereço', '', 'Luis', 'Mário', 'Rua Amato Lusitano', 'No 48, 1o fte', '6000-150', 'Castelo Branco', '', '925291852', '', '', '', '2020-12-29 11:00:04', '2020-12-29 11:00:04', 1, 0),
(53, 15, 325, 44, 0, 0, 0, 'o meu endereço', '', 'Alves', 'Carlos Manuel dourado', 'Rua dos lamigueiros n22', '', '3770-104', 'camarnal', '', '963807477', '', '', '', '2020-12-29 11:06:03', '2020-12-29 11:06:03', 1, 0),
(54, 15, 325, 45, 0, 0, 0, 'o meu endereço', '', 'Basílio', 'Óscar', 'Rua Afonso de Albuquerque n 102 3E ', '', '8100-532', 'Loulé', '967305202', '289415203', '', '', '', '2020-12-29 11:08:12', '2020-12-29 11:08:12', 1, 0),
(55, 15, 325, 46, 0, 0, 0, 'o meu endereço', '', 'Isabelinho', 'Domingos', 'R. Ant. Joaquim da Guerra 5', '', '7150-120', 'Borba', '', '268082059', '', '', '', '2020-12-29 11:09:58', '2020-12-29 11:09:58', 1, 0),
(56, 15, 325, 47, 0, 0, 0, 'Entrega', 'Pedro Silva Baptista (Portugal Nosso)', 'Portugal Nosso', 'Pedro Silva Baptista', 'Praceta Francisco Borges Nº 99,  5.8', '', '4200-310', 'Porto', 'A/C Pedro Silva Baptista', '926140973', '', '', '', '2021-02-01 14:58:22', '2021-02-01 14:58:22', 1, 0),
(57, 15, 325, 48, 0, 0, 0, 'Endereço Facturação', 'João Manuel Martins, LDA', 'Martins', 'João', 'Monte Costa 640V', '', '8375-214', 'São Marcos da Serra', '919590177', '282361196', '', '506789250', '', '2021-02-01 15:01:37', '2021-02-01 15:01:37', 1, 0),
(58, 15, 325, 48, 0, 0, 0, 'Endereço Entrega', 'João Manuel Martins, LDA', 'Martins', 'João', 'Quinta Nova 556P, Amorosa', '', '8375-010', 'São Bartolomeu de Messines', '919590177', '282361196', '', '506789250', '', '2021-02-01 15:02:48', '2021-02-01 15:02:48', 1, 0),
(59, 15, 0, 49, 0, 0, 0, 'entrega e faturacao', ' Maria Belizanda M P F Quintos', 'M P F Quintos', 'Maria Belizanda', 'Rua da Liberdade  54', 'São Domingos', '7540-415', 'São Domingos', '', '961358710', '961358710', '', '', '2021-02-18 18:54:22', '2021-10-03 17:11:48', 1, 0),
(60, 245, 327, 50, 0, 0, 0, 'O meu endereço', '', 'Trindade', 'ManuelG', 'Rua do Algarve 3', '', '7800-453', 'sao miguel', '', '9628478851', '', '153566000', '', '2021-03-02 10:30:49', '2021-03-11 09:22:07', 1, 0),
(72, 15, 0, 39, 0, 0, 0, 'O meu endereço', '', 'Trindade', 'Manuel', 'Av. Ramiro Correia 62 2º Esq', '', '7800-261', 'Beja', '', '962847851', '', '', '', '2021-03-03 12:28:59', '2021-03-03 12:28:59', 1, 0),
(73, 15, 325, 54, 0, 0, 0, 'entrega', '', 'Viana', 'André', 'Rua 25 de Abril, 355 2.ºesq', '', '4420-356', 'Gondomar', '', '939011362', '', '', '', '2021-03-08 11:51:34', '2021-03-08 11:51:34', 1, 0),
(74, 15, 325, 55, 0, 0, 0, 'entrega', '', 'Graça', 'Edmundo', 'Avenida Marechal Craveiro Lopes 99, 8 D ', '', '2775-698', 'Carcavelos', '', '969195815', '', '', '', '2021-03-08 12:03:27', '2021-03-08 12:03:27', 1, 0),
(75, 15, 325, 56, 0, 0, 0, 'meu endereco', '', 'Cardoso', 'João', 'Rua Marechal Antonio Spínola n 1 2A', '', '2685-162', 'Sacavém', '', '962098088', '', '', '', '2021-03-08 12:06:19', '2021-03-08 12:06:19', 1, 0),
(76, 15, 325, 56, 0, 0, 0, 'emprego', '', 'Cardoso', 'João', 'Rua da indústria n4,', '', '2614-517', 'Alfragide', '', '962098088', '', '', '', '2021-03-08 12:07:29', '2021-03-08 12:07:29', 1, 0),
(77, 15, 325, 57, 0, 0, 0, 'Amadeu Morais', '', 'Morais', 'Amadeu', 'Rua 20, 412', '', '4500-815', 'Espinho', '227342214', '917631724', '', '', '', '2021-03-08 12:10:30', '2021-03-08 12:10:30', 1, 0),
(78, 15, 325, 57, 0, 0, 0, 'MNA Advogados', 'Amadeu Morais & Filhos, Lda', 'Morais', 'Amadeu', 'Av Boavista, 2121 - 4, Sala 407', '', '4100-130', 'Porto', '917631724', '227342214', '', '509829015', '', '2021-03-08 12:11:33', '2021-03-08 12:11:33', 1, 0),
(79, 15, 325, 58, 0, 0, 0, 'O meu endereço', '', 'Alves', 'Calves', 'Rua Manuel Marques , 1 - 6 esq  ', '', '1750-169', 'Lisboa', '', '964041099', '', '', '', '2021-03-08 12:13:14', '2021-03-08 12:13:14', 1, 0),
(80, 245, 0, 39, 0, 0, 0, 'O meu endereço', '', 'Palma', 'Helder', 'madeira', '', '9400-000', 'Funchal', '', '284321597', '', '218598203', '', '2021-03-10 13:05:27', '2021-03-10 13:05:27', 1, 0),
(81, 15, 0, 52, 0, 0, 0, 'O meu endereço', 'Bejinfor, Lda', 'Palma', 'Helder Teste', 'Praça da Cooperação, 4', 'Parque Industrial', '7800-006', 'Única', '', '284321597', '', '', '', '2021-03-14 11:32:40', '2021-03-14 11:32:40', 1, 0),
(82, 15, 0, 62, 0, 0, 0, 'Claudino Manuel Rodrigues Nascim', '', 'Nascimento', 'Claudino Manuel', 'Rua vista verde 1', 'Gambelas', '8005-336', 'Faro', '', '962798812', '', '143504762', '', '2021-03-18 12:41:23', '2021-03-18 12:41:23', 1, 0),
(83, 1, 325, 59, 0, 0, 0, 'O meu endereço', '', 'Trindade', 'Manuel', 'Av Ramiro 62', '', '10117', 'Berlin', '', '962847851', '', '', '', '2021-03-19 10:25:23', '2022-09-28 16:46:46', 1, 0),
(84, 15, 0, 65, 0, 0, 0, 'O meu endereço', '', 'Gonçalves', 'Rui', 'Rua dos Lusíadas 19 rc Esq.', '', '1300-366', 'Lisboa', '', '+351966627983', '', '', '', '2021-05-31 10:23:20', '2021-05-31 10:23:20', 1, 0),
(85, 15, 0, 67, 0, 0, 0, 'O meu endereço', '', 'DE VINHOS', 'ACV', 'R DOM FREI AMADOR ARRAIS N9 LJ 4', '', '7800-491', 'BEJA', '', '962847851', '', '', '', '2021-06-02 13:03:49', '2021-06-02 13:03:49', 1, 0),
(86, 1, 0, 68, 0, 0, 0, 'My Address', '', 'Filippi', 'Roberto', 'Boizenburger Str. 17', '', '12619', 'Berlin', '', '01727853923', '', '', '', '2021-06-12 19:04:52', '2021-06-12 19:04:52', 1, 0),
(87, 15, 0, 69, 0, 0, 0, 'My Address', '', 'Aubeeluck', 'Charles', 'Rua de Pedro Piteira, 28', '', '7240-012', 'Granja, Mourão', '', '+351920413488', '', '', '', '2021-06-18 10:08:32', '2021-06-18 10:08:32', 1, 0),
(88, 15, 0, 76, 0, 0, 0, 'My Address', '', 'Isidro', 'Maria Celeste', 'Rua das Flores, N8-4C, Paivas', 'Rua das Flores, N8-4C, Paivas', '2845-367', 'Amora', '', '913895867', '', '', '', '2021-08-23 12:12:21', '2021-08-23 13:26:04', 1, 0),
(89, 15, 0, 78, 0, 0, 0, 'O meu endereço', '', 'Manuel', 'Araujo', 'Rua dos outeiros 217', '', '4500-640', 'Espinho', '', '912221201', '', '', '', '2021-09-07 19:33:42', '2021-09-07 19:33:42', 1, 0),
(90, 15, 0, 84, 0, 0, 0, 'O meu endereço', '', 'Jacinto ', 'Gabriel', 'Quinta das Azinheiras nr 4A', 'Mata da Rainha', '6230-810', 'Fundão', '', '936873883', '', '', '', '2021-10-14 16:24:49', '2021-10-14 16:24:49', 1, 0),
(91, 15, 0, 83, 0, 0, 0, 'O meu endereço', '', 'Nunes', 'Pedro', 'Rua da Lapa 89-3', '', '1200-701', 'Lisboa', '', '916457280', '', '202112519', '', '2021-10-15 16:23:40', '2021-10-15 16:23:40', 1, 0),
(92, 8, 0, 85, 0, 0, 0, 'O meu endereço', '', 'DE ARAUJO', 'KLEYBER', 'Avenida Governador Antônio da Silva Mariz', '601', '58046', 'João Pessoa', '', '83993055353', '', '', '', '2021-10-22 13:38:18', '2021-10-22 13:38:18', 1, 0),
(93, 17, 0, 87, 0, 0, 0, 'O meu endereço', '', 'Martins', 'Andre', '2 Devilla Close', '', 'L14 9QX', 'LIVERPOOL', '', '07747700290', '', '', '', '2022-01-09 18:07:30', '2022-01-09 18:07:30', 1, 0),
(94, 58, 0, 88, 0, 0, 0, 'O meu endereço', '', 'gomessss', 'Marilia', 'rua afonso ferreira gomes', '110', '32676-436', 'belo horizonte', '', '31985039315', '', '', '', '2022-01-23 03:19:21', '2022-01-23 03:19:21', 1, 0),
(95, 15, 325, 60, 0, 0, 0, 'O meu endereço', '', 'portugal', 'luis', 'rua rosas, 1 - 1 b, lourel', 'lourel', '2710-385', 'sintra', '', '937406089', '', '', '', '2022-02-13 16:55:55', '2024-01-02 22:36:43', 1, 0),
(96, 15, 0, 91, 0, 0, 0, 'O meu endereço', 'SEM ESTRELA, LDA', 'Ramos', 'André', 'Rua da Piscina, nº70', 'Parque Industrial de Sobreposta', '4715-553', 'Braga', '', '911568362', '', '515761320', '', '2022-03-16 15:52:26', '2022-03-16 15:52:26', 1, 0),
(97, 15, 0, 91, 0, 0, 0, 'O meu endereço', 'SEM ESTRELA, LDA', 'ESTRELA', 'SEM', 'Rua da Piscina, nº70', 'Parque Industrial de Sobreposta', '4715-553', 'Braga', '', '911568362', '', '515761320', '', '2022-03-16 16:02:03', '2022-03-16 16:02:03', 1, 0),
(98, 15, 0, 92, 0, 0, 0, 'My Address', '', 'Cruz', 'Carlos', 'Calçada da Ajuda, 35 Bloco 6 1o Dto', '', '1300-006', 'Lisboa', '', '+351933522553', '', '210691220', '', '2022-04-27 22:46:51', '2022-04-27 22:46:51', 1, 0),
(99, 58, 0, 93, 0, 0, 0, 'O meu endereço', 'Francisco Costa', 'Costa', 'Francisco Carlos Da', 'RUA ANTONIO FARALDO FILHO', '618', '18604-023', 'BOTUCATU', '', '14981167640', '', '', '', '2022-05-14 02:14:48', '2022-05-14 02:14:48', 1, 0),
(100, 15, 0, 94, 0, 0, 0, 'O meu endereço', '', 'Maia', 'Liliana', 'preenchimento Obrigatório', 'preenchimento Obrigatório', '0000-000', 'preenchimento Obrigatório', '', '967678786', '', '', '', '2022-06-02 17:09:04', '2022-06-02 18:32:51', 1, 0),
(102, 15, 0, 96, 0, 0, 0, 'O meu endereço', '', 'Gonçalves', 'Nélia', 'preenchimento Obrigatório', '', '0000-000', 'preenchimento Obrigatório', '', '919615412', '', '', '', '2022-06-02 18:35:56', '2022-06-02 18:35:56', 1, 0),
(103, 15, 0, 97, 0, 0, 0, 'O meu endereço', '', 'Cambez', 'Rui', 'preenchimento Obrigatório', '', '0000-000', 'preenchimento Obrigatório', '', '927374627', '', '', '', '2022-06-02 18:37:58', '2022-06-02 18:37:58', 1, 0),
(104, 15, 0, 98, 0, 0, 0, 'O meu endereço', '(particular)', 'Pereira', 'Joana Vilar', 'R. Camélias, B. Castelhana', 'nº 14', '2695-538', 'Loures', '', '967550874', '', '231492669', '', '2022-06-02 18:40:03', '2022-06-14 11:15:13', 1, 0),
(105, 15, 0, 99, 0, 0, 0, 'O meu endereço', '', 'Bastos', 'Raquel', 'preenchimento Obrigatório', '', '0000-000', 'preenchimento Obrigatório', '', '999999009', '', '', '', '2022-06-02 18:43:57', '2022-06-02 18:43:57', 1, 0),
(106, 15, 0, 100, 0, 0, 0, 'O meu endereço', '', 'Botelho', 'Tiago', 'Lisboa', '', '1200-001', 'Lisboa', '', '910267085', '', '', '', '2022-06-14 18:21:48', '2022-06-14 18:21:48', 1, 0),
(107, 15, 0, 101, 0, 0, 0, 'O meu endereço', '', 'F', 'Margarida', 'Lisboa', '', '1200-001', 'Lisboa', '', '918699560', '', '', '', '2022-06-14 18:23:53', '2022-06-14 18:23:53', 1, 0),
(108, 15, 0, 103, 0, 0, 0, 'O meu endereço', '', 'Figueira', 'Luis', 'Bairro das Flores 32', 'Rua dos Lírios', '7500-130', 'Santo André', '', '919357356', '', '', '', '2022-06-21 13:56:59', '2022-06-21 13:56:59', 1, 0),
(109, 17, 0, 103, 0, 0, 0, 'O meu endereço', '', 'Figueira', 'Luis', 'Flat 286 Ability Place', '37 Millharbour', 'E14 9DL', 'London', '', '919357356', '', '205483763', '', '2022-06-21 13:58:58', '2022-06-21 13:58:58', 1, 0),
(110, 15, 325, 106, 0, 0, 0, 'Morada Portugal', '', 'Rosa Bela', 'Luis Figueira', 'Bairro das Flores 32', 'Rua dos Lírios', '7500-130', 'Santo André', '', '919357356', '', '', '', '2022-09-27 17:31:56', '2022-09-27 17:31:56', 1, 0),
(111, 15, 0, 107, 0, 0, 0, 'O meu endereço', '', 'Pimenta', 'Ricardo', 'Rua Ramalho Costa, lote 734, Famões', '', '1685-656', 'Odivelas', '', '965580683', '', '', '', '2022-11-20 19:44:20', '2022-11-20 19:44:20', 1, 0),
(112, 15, 0, 108, 0, 0, 0, 'My Address', '', 'Lippke', 'Ira', 'Rua Joao Das Regras 6', 'Estoril', '2765-233', 'Estoril', '', '1 562-310-1280', '', '', '', '2022-12-16 15:57:34', '2022-12-16 15:57:34', 1, 0),
(113, 1, 0, 111, 0, 0, 0, 'My Address', '', 'Weise', 'Oli', 'Gotestr 1', '', '86543', 'Stadtbe', '', '015147825356', '', '', '', '2023-08-16 10:55:46', '2023-08-16 10:55:46', 1, 0),
(114, 15, 0, 113, 0, 0, 0, 'My Address', '', 'Testndo', 'Teste', 'Rua do Carmo, 71', '', '2277-033', 'Rio de Janeiro', '', '445526422', '', '', '', '2023-09-11 22:36:10', '2023-09-11 22:36:10', 1, 0),
(115, 15, 0, 114, 0, 0, 0, 'O meu endereço', '', 'Batalha Reis', 'Francisca', 'Av Forças Armadas 99 5 dto', '', '1600-077', 'Lisboa', '', '+351917919398', '', '', '', '2023-10-04 13:06:50', '2023-10-04 13:06:50', 1, 0),
(116, 15, 0, 122, 0, 0, 0, 'O meu endereço', '', 'Monteiro', 'Vitor', 'R Avenal', '19 - 1.DT', '2500-274', 'Caldas da Rainha', '', '966898355', '', '', '', '2023-11-07 19:29:05', '2023-11-07 19:29:05', 1, 0),
(117, 15, 0, 123, 0, 0, 0, 'Natália Augusto', 'Montijo', 'Augusto', 'Natália', 'Rua Egas Moniz, 129', '1o dto', '2870-148', 'Montijo', '', '911941247', '', '197136311', '', '2023-12-23 18:26:59', '2023-12-23 18:26:59', 1, 0),
(121, 15, 0, 148, 0, 0, 0, 'O meu endereço', '', 'xavier', 'Rute margarida', 'Rua de Lisboa', '', '1300-475', 'Lisboa', '', '+3519245562', '', '', '', '2024-01-09 10:11:46', '2024-01-09 10:11:46', 1, 0),
(122, 15, 0, 148, 0, 0, 0, 'O meu endereço', '', 'xavier', 'Rute margarida', 'Rua de Lisboa', '', '1300-475', 'Lisboa', '', '+3519245562', '', '', '', '2024-01-09 10:12:42', '2024-01-09 10:12:42', 1, 0),
(123, 15, 0, 176, 0, 0, 0, 'O meu endereço', 'Wine2Help', 'Quina', 'Rodrigo', 'Rua do Pinhal n 14', 'Pedras Lages', '2565-712', 'Runa', '', '910095170', '', 'PT212567020', '', '2024-07-30 09:36:21', '2024-07-30 09:36:21', 1, 0),
(124, 15, 0, 177, 0, 0, 0, 'O meu endereço', '', 'test', 'test', 'test', 'test', '7005-140', 'test', '', '911579030', '', '', '', '2024-09-04 14:36:21', '2024-09-04 14:36:21', 1, 0),
(127, 15, 0, 178, 0, 0, 0, 'O meu endereço', 'MEF', 'Rocha', 'Luís ', 'Travessa das Ribas n.6. Monfirre', 'Santo Estevão das Galés', '2665-409', 'Mafra', '', '962527453', '', '', '', '2024-10-25 20:01:04', '2024-10-25 20:01:04', 1, 0),
(128, 15, 0, 178, 0, 0, 0, 'O meu endereço', '', 'Freitas', 'Carla', 'Rua Frederico Mendes, n.º 22', 'Aroeira', '2820-068', 'Charneca da Caparica', '', '966048841', '', '', '', '2024-10-25 20:01:22', '2024-10-25 20:01:22', 1, 0);

-- --------------------------------------------------------

--
-- Table structure for table `ps_address_format`
--

CREATE TABLE `ps_address_format` (
  `id_country` int(10) UNSIGNED NOT NULL,
  `format` varchar(255) NOT NULL DEFAULT ''
) ENGINE=InnoDB DEFAULT CHARSET=utf8;

--
-- Dumping data for table `ps_address_format`
--

INSERT INTO `ps_address_format` (`id_country`, `format`) VALUES
(1, 'firstname lastname\r\ncompany\r\nvat_number\r\naddress1\r\naddress2\r\npostcode city\r\nCountry:name\r\nphone'),
(2, 'firstname lastname\r\ncompany\r\nvat_number\r\naddress1\r\naddress2\r\npostcode city\r\nCountry:name\r\nphone'),
(3, 'firstname lastname\r\ncompany\r\nvat_number\r\naddress1\r\naddress2\r\npostcode city\r\nCountry:name\r\nphone'),
(4, 'firstname lastname\ncompany\naddress1\naddress2\ncity State:name postcode\nCountry:name\nphone'),
(5, 'firstname lastname\ncompany\nvat_number\naddress1\naddress2\npostcode city\nCountry:name\nphone'),
(6, 'firstname lastname\r\ncompany\r\nvat_number\r\naddress1\r\naddress2\r\npostcode city\r\nCountry:name\r\nphone\r\ndni'),
(7, 'firstname lastname\r\ncompany\r\nvat_number\r\naddress1\r\naddress2\r\npostcode city\r\nCountry:name\r\nphone'),
(8, 'firstname lastname\r\ncompany\r\nvat_number\r\naddress1\r\naddress2\r\npostcode city\r\nCountry:name\r\nphone'),
(9, 'firstname lastname\r\ncompany\r\nvat_number\r\naddress1\r\naddress2\r\npostcode city\r\nCountry:name\r\nphone'),
(10, 'firstname lastname\r\ncompany\r\nvat_number\r\naddress1\r\naddress2\r\npostcode city\r\nState:name\r\nCountry:name\r\nphone'),
(11, 'firstname lastname\ncompany\nvat_number\naddress1\naddress2\npostcode city\nState:name\nCountry:name\nphone'),
(12, 'firstname lastname\r\ncompany\r\nvat_number\r\naddress1\r\naddress2\r\npostcode city\r\nCountry:name\r\nphone'),
(13, 'firstname lastname\r\ncompany\r\nvat_number\r\naddress1\r\naddress2\r\npostcode city\r\nCountry:name\r\nphone'),
(14, 'firstname lastname\r\ncompany\r\nvat_number\r\naddress1\r\naddress2\r\npostcode city\r\nCountry:name\r\nphone'),
(15, 'firstname lastname\r\ncompany\r\nvat_number\r\naddress1\r\naddress2\r\npostcode city\r\nCountry:name\r\nphone'),
(16, 'firstname lastname\r\ncompany\r\nvat_number\r\naddress1\r\naddress2\r\npostcode city\r\nCountry:name\r\nphone'),
(17, 'firstname lastname\r\ncompany\r\nvat_number\r\naddress1\r\naddress2\r\ncity\r\npostcode\r\nCountry:name\r\nphone'),
(18, 'firstname lastname\r\ncompany\r\nvat_number\r\naddress1\r\naddress2\r\npostcode city\r\nCountry:name\r\nphone'),
(19, 'firstname lastname\ncompany\nvat_number\naddress1\naddress2\npostcode city\nCountry:name\nphone'),
(20, 'firstname lastname\r\ncompany\r\nvat_number\r\naddress1\r\naddress2\r\npostcode city\r\nCountry:name\r\nphone'),
(21, 'firstname lastname\ncompany\naddress1 address2\ncity, State:name postcode\nCountry:name\nphone'),
(22, 'firstname lastname\ncompany\nvat_number\naddress1\naddress2\npostcode city\nCountry:name\nphone'),
(23, 'firstname lastname\ncompany\nvat_number\naddress1\naddress2\npostcode city\nCountry:name\nphone'),
(24, 'firstname lastname\ncompany\nvat_number\naddress1\naddress2\ncity State:iso_code postcode\nCountry:name\nphone'),
(25, 'firstname lastname\ncompany\nvat_number\naddress1\naddress2\npostcode city\nCountry:name\nphone'),
(26, 'firstname lastname\r\ncompany\r\nvat_number\r\naddress1\r\naddress2\r\npostcode city\r\nCountry:name\r\nphone'),
(27, 'firstname lastname\ncompany\nvat_number\naddress1\naddress2\npostcode city\nCountry:name\nphone'),
(28, 'firstname lastname\ncompany\nvat_number\naddress1\naddress2\npostcode city\nCountry:name\nphone'),
(29, 'firstname lastname\ncompany\nvat_number\naddress1\naddress2\npostcode city\nCountry:name\nphone'),
(30, 'firstname lastname\ncompany\nvat_number\naddress1\naddress2\npostcode city\nCountry:name\nphone'),
(31, 'firstname lastname\ncompany\nvat_number\naddress1\naddress2\npostcode city\nCountry:name\nphone'),
(32, 'firstname lastname\ncompany\nvat_number\naddress1\naddress2\npostcode city\nCountry:name\nphone'),
(33, 'firstname lastname\ncompany\nvat_number\naddress1\naddress2\npostcode city\nCountry:name\nphone'),
(34, 'firstname lastname\ncompany\nvat_number\naddress1\naddress2\npostcode city\nCountry:name\nphone'),
(35, 'firstname lastname\ncompany\nvat_number\naddress1\naddress2\npostcode city\nCountry:name\nphone'),
(36, 'firstname lastname\r\ncompany\r\nvat_number\r\naddress1\r\naddress2\r\npostcode city\r\nCountry:name\r\nphone'),
(37, 'firstname lastname\r\ncompany\r\nvat_number\r\naddress1\r\naddress2\r\npostcode city\r\nCountry:name\r\nphone'),
(38, 'firstname lastname\ncompany\nvat_number\naddress1\naddress2\npostcode city\nCountry:name\nphone'),
(39, 'firstname lastname\ncompany\nvat_number\naddress1\naddress2\npostcode city\nCountry:name\nphone'),
(40, 'firstname lastname\ncompany\nvat_number\naddress1\naddress2\npostcode city\nCountry:name\nphone'),
(41, 'firstname lastname\ncompany\nvat_number\naddress1\naddress2\npostcode city\nCountry:name\nphone'),
(42, 'firstname lastname\ncompany\nvat_number\naddress1\naddress2\npostcode city\nCountry:name\nphone'),
(43, 'firstname lastname\ncompany\nvat_number\naddress1\naddress2\npostcode city\nCountry:name\nphone'),
(44, 'firstname lastname\ncompany\nvat_number\naddress1\naddress2\npostcode city\nState:name\nCountry:name\nphone'),
(45, 'firstname lastname\ncompany\nvat_number\naddress1\naddress2\npostcode city\nCountry:name\nphone'),
(46, 'firstname lastname\ncompany\nvat_number\naddress1\naddress2\npostcode city\nCountry:name\nphone'),
(47, 'firstname lastname\ncompany\nvat_number\naddress1\naddress2\npostcode city\nCountry:name\nphone'),
(48, 'firstname lastname\ncompany\nvat_number\naddress1\naddress2\npostcode city\nCountry:name\nphone'),
(49, 'firstname lastname\ncompany\nvat_number\naddress1\naddress2\npostcode city\nCountry:name\nphone'),
(50, 'firstname lastname\ncompany\nvat_number\naddress1\naddress2\npostcode city\nCountry:name\nphone'),
(51, 'firstname lastname\ncompany\nvat_number\naddress1\naddress2\npostcode city\nCountry:name\nphone'),
(52, 'firstname lastname\ncompany\nvat_number\naddress1\naddress2\npostcode city\nCountry:name\nphone'),
(53, 'firstname lastname\ncompany\nvat_number\naddress1\naddress2\npostcode city\nCountry:name\nphone'),
(54, 'firstname lastname\ncompany\nvat_number\naddress1\naddress2\npostcode city\nCountry:name\nphone'),
(55, 'firstname lastname\ncompany\nvat_number\naddress1\naddress2\npostcode city\nCountry:name\nphone'),
(56, 'firstname lastname\ncompany\nvat_number\naddress1\naddress2\npostcode city\nCountry:name\nphone'),
(57, 'firstname lastname\ncompany\nvat_number\naddress1\naddress2\npostcode city\nCountry:name\nphone'),
(58, 'firstname lastname\ncompany\nvat_number\naddress1\naddress2\npostcode city\nCountry:name\nphone'),
(59, 'firstname lastname\ncompany\nvat_number\naddress1\naddress2\npostcode city\nCountry:name\nphone'),
(60, 'firstname lastname\ncompany\nvat_number\naddress1\naddress2\npostcode city\nCountry:name\nphone'),
(61, 'firstname lastname\ncompany\nvat_number\naddress1\naddress2\npostcode city\nCountry:name\nphone'),
(62, 'firstname lastname\ncompany\nvat_number\naddress1\naddress2\npostcode city\nCountry:name\nphone'),
(63, 'firstname lastname\ncompany\nvat_number\naddress1\naddress2\npostcode city\nCountry:name\nphone'),
(64, 'firstname lastname\ncompany\nvat_number\naddress1\naddress2\npostcode city\nCountry:name\nphone'),
(65, 'firstname lastname\ncompany\nvat_number\naddress1\naddress2\npostcode city\nCountry:name\nphone'),
(66, 'firstname lastname\ncompany\nvat_number\naddress1\naddress2\npostcode city\nCountry:name\nphone'),
(67, 'firstname lastname\ncompany\nvat_number\naddress1\naddress2\npostcode city\nCountry:name\nphone'),
(68, 'firstname lastname\ncompany\nvat_number\naddress1\naddress2\npostcode city\nCountry:name\nphone'),
(69, 'firstname lastname\ncompany\nvat_number\naddress1\naddress2\npostcode city\nCountry:name\nphone'),
(70, 'firstname lastname\ncompany\nvat_number\naddress1\naddress2\npostcode city\nCountry:name\nphone'),
(71, 'firstname lastname\ncompany\nvat_number\naddress1\naddress2\npostcode city\nCountry:name\nphone'),
(72, 'firstname lastname\ncompany\nvat_number\naddress1\naddress2\npostcode city\nCountry:name\nphone'),
(73, 'firstname lastname\ncompany\nvat_number\naddress1\naddress2\npostcode city\nCountry:name\nphone'),
(74, 'firstname lastname\r\ncompany\r\nvat_number\r\naddress1\r\naddress2\r\npostcode city\r\nCountry:name\r\nphone'),
(75, 'firstname lastname\ncompany\nvat_number\naddress1\naddress2\npostcode city\nCountry:name\nphone'),
(76, 'firstname lastname\r\ncompany\r\nvat_number\r\naddress1\r\naddress2\r\npostcode city\r\nCountry:name\r\nphone'),
(77, 'firstname lastname\ncompany\nvat_number\naddress1\naddress2\npostcode city\nCountry:name\nphone'),
(78, 'firstname lastname\ncompany\nvat_number\naddress1\naddress2\npostcode city\nCountry:name\nphone'),
(79, 'firstname lastname\ncompany\nvat_number\naddress1\naddress2\npostcode city\nCountry:name\nphone'),
(80, 'firstname lastname\ncompany\nvat_number\naddress1\naddress2\npostcode city\nCountry:name\nphone'),
(81, 'firstname lastname\ncompany\nvat_number\naddress1\naddress2\npostcode city\nCountry:name\nphone'),
(82, 'firstname lastname\ncompany\nvat_number\naddress1\naddress2\npostcode city\nCountry:name\nphone'),
(83, 'firstname lastname\ncompany\nvat_number\naddress1\naddress2\npostcode city\nCountry:name\nphone'),
(84, 'firstname lastname\ncompany\nvat_number\naddress1\naddress2\npostcode city\nCountry:name\nphone'),
(85, 'firstname lastname\ncompany\nvat_number\naddress1\naddress2\npostcode city\nCountry:name\nphone'),
(86, 'firstname lastname\r\ncompany\r\nvat_number\r\naddress1\r\naddress2\r\npostcode city\r\nCountry:name\r\nphone'),
(87, 'firstname lastname\ncompany\nvat_number\naddress1\naddress2\npostcode city\nCountry:name\nphone'),
(88, 'firstname lastname\ncompany\nvat_number\naddress1\naddress2\npostcode city\nCountry:name\nphone'),
(89, 'firstname lastname\ncompany\nvat_number\naddress1\naddress2\npostcode city\nCountry:name\nphone'),
(90, 'firstname lastname\ncompany\nvat_number\naddress1\naddress2\npostcode city\nCountry:name\nphone'),
(91, 'firstname lastname\ncompany\nvat_number\naddress1\naddress2\npostcode city\nCountry:name\nphone'),
(92, 'firstname lastname\ncompany\nvat_number\naddress1\naddress2\npostcode city\nCountry:name\nphone'),
(93, 'firstname lastname\ncompany\nvat_number\naddress1\naddress2\npostcode city\nCountry:name\nphone'),
(94, 'firstname lastname\ncompany\nvat_number\naddress1\naddress2\npostcode city\nCountry:name\nphone'),
(95, 'firstname lastname\ncompany\nvat_number\naddress1\naddress2\npostcode city\nCountry:name\nphone'),
(96, 'firstname lastname\ncompany\nvat_number\naddress1\naddress2\npostcode city\nCountry:name\nphone'),
(97, 'firstname lastname\ncompany\nvat_number\naddress1\naddress2\npostcode city\nCountry:name\nphone'),
(98, 'firstname lastname\ncompany\nvat_number\naddress1\naddress2\npostcode city\nCountry:name\nphone'),
(99, 'firstname lastname\ncompany\nvat_number\naddress1\naddress2\npostcode city\nCountry:name\nphone'),
(100, 'firstname lastname\ncompany\nvat_number\naddress1\naddress2\npostcode city\nCountry:name\nphone'),
(101, 'firstname lastname\ncompany\nvat_number\naddress1\naddress2\npostcode city\nCountry:name\nphone'),
(102, 'firstname lastname\ncompany\nvat_number\naddress1\naddress2\npostcode city\nCountry:name\nphone'),
(103, 'firstname lastname\ncompany\nvat_number\naddress1\naddress2\npostcode city\nCountry:name\nphone'),
(104, 'firstname lastname\ncompany\nvat_number\naddress1\naddress2\npostcode city\nCountry:name\nphone'),
(105, 'firstname lastname\ncompany\nvat_number\naddress1\naddress2\npostcode city\nCountry:name\nphone'),
(106, 'firstname lastname\ncompany\nvat_number\naddress1\naddress2\npostcode city\nCountry:name\nphone'),
(107, 'firstname lastname\ncompany\nvat_number\naddress1\naddress2\npostcode city\nCountry:name\nphone'),
(108, 'firstname lastname\ncompany\nvat_number\naddress1\naddress2\npostcode city\nCountry:name\nphone'),
(109, 'firstname lastname\ncompany\nvat_number\naddress1\naddress2\npostcode city\nCountry:name\nphone'),
(110, 'firstname lastname\ncompany\nvat_number\naddress1\naddress2\ncity\npostcode\nState:name\nCountry:name\nphone'),
(111, 'firstname lastname\ncompany\nvat_number\naddress1\naddress2\npostcode city\nState:name\nCountry:name\nphone'),
(112, 'firstname lastname\ncompany\nvat_number\naddress1\naddress2\npostcode city\nCountry:name\nphone'),
(113, 'firstname lastname\ncompany\nvat_number\naddress1\naddress2\npostcode city\nCountry:name\nphone'),
(114, 'firstname lastname\ncompany\nvat_number\naddress1\naddress2\npostcode city\nCountry:name\nphone'),
(115, 'firstname lastname\ncompany\nvat_number\naddress1\naddress2\npostcode city\nCountry:name\nphone'),
(116, 'firstname lastname\ncompany\nvat_number\naddress1\naddress2\npostcode city\nCountry:name\nphone'),
(117, 'firstname lastname\ncompany\nvat_number\naddress1\naddress2\npostcode city\nCountry:name\nphone'),
(118, 'firstname lastname\ncompany\nvat_number\naddress1\naddress2\npostcode city\nCountry:name\nphone'),
(119, 'firstname lastname\ncompany\nvat_number\naddress1\naddress2\npostcode city\nCountry:name\nphone'),
(120, 'firstname lastname\ncompany\nvat_number\naddress1\naddress2\npostcode city\nCountry:name\nphone'),
(121, 'firstname lastname\ncompany\nvat_number\naddress1\naddress2\npostcode city\nCountry:name\nphone'),
(122, 'firstname lastname\ncompany\nvat_number\naddress1\naddress2\npostcode city\nCountry:name\nphone'),
(123, 'firstname lastname\ncompany\nvat_number\naddress1\naddress2\npostcode city\nCountry:name\nphone'),
(124, 'firstname lastname\ncompany\nvat_number\naddress1\naddress2\npostcode city\nCountry:name\nphone'),
(125, 'firstname lastname\r\ncompany\r\nvat_number\r\naddress1\r\naddress2\r\npostcode city\r\nCountry:name\r\nphone'),
(126, 'firstname lastname\ncompany\nvat_number\naddress1\naddress2\npostcode city\nCountry:name\nphone'),
(127, 'firstname lastname\ncompany\nvat_number\naddress1\naddress2\npostcode city\nCountry:name\nphone'),
(128, 'firstname lastname\ncompany\nvat_number\naddress1\naddress2\npostcode city\nCountry:name\nphone'),
(129, 'firstname lastname\ncompany\nvat_number\naddress1\naddress2\npostcode city\nCountry:name\nphone'),
(130, 'firstname lastname\ncompany\nvat_number\naddress1\naddress2\npostcode city\nCountry:name\nphone'),
(131, 'firstname lastname\r\ncompany\r\nvat_number\r\naddress1\r\naddress2\r\npostcode city\r\nCountry:name\r\nphone'),
(132, 'firstname lastname\ncompany\nvat_number\naddress1\naddress2\npostcode city\nCountry:name\nphone'),
(133, 'firstname lastname\ncompany\nvat_number\naddress1\naddress2\npostcode city\nCountry:name\nphone'),
(134, 'firstname lastname\ncompany\nvat_number\naddress1\naddress2\npostcode city\nCountry:name\nphone'),
(135, 'firstname lastname\ncompany\nvat_number\naddress1\naddress2\npostcode city\nCountry:name\nphone'),
(136, 'firstname lastname\ncompany\nvat_number\naddress1\naddress2\npostcode city\nCountry:name\nphone'),
(137, 'firstname lastname\ncompany\nvat_number\naddress1\naddress2\npostcode city\nCountry:name\nphone'),
(138, 'firstname lastname\ncompany\nvat_number\naddress1\naddress2\npostcode city\nCountry:name\nphone'),
(139, 'firstname lastname\r\ncompany\r\nvat_number\r\naddress1\r\naddress2\r\npostcode city\r\nCountry:name\r\nphone'),
(140, 'firstname lastname\ncompany\nvat_number\naddress1\naddress2\npostcode city\nCountry:name\nphone'),
(141, 'firstname lastname\ncompany\nvat_number\naddress1\naddress2\npostcode city\nCountry:name\nphone'),
(142, 'firstname lastname\ncompany\nvat_number\naddress1\naddress2\npostcode city\nCountry:name\nphone'),
(143, 'firstname lastname\r\ncompany\r\nvat_number\r\naddress1\r\naddress2\r\npostcode city\r\nCountry:name\r\nphone'),
(144, 'firstname lastname\ncompany\nvat_number\naddress1\naddress2\npostcode city\nCountry:name\nphone'),
(145, 'firstname lastname\ncompany\nvat_number\naddress1\naddress2\npostcode city\nState:name\nCountry:name\nphone'),
(146, 'firstname lastname\ncompany\nvat_number\naddress1\naddress2\npostcode city\nCountry:name\nphone'),
(147, 'firstname lastname\ncompany\nvat_number\naddress1\naddress2\npostcode city\nCountry:name\nphone'),
(148, 'firstname lastname\ncompany\nvat_number\naddress1\naddress2\npostcode city\nCountry:name\nphone'),
(149, 'firstname lastname\ncompany\nvat_number\naddress1\naddress2\npostcode city\nCountry:name\nphone'),
(150, 'firstname lastname\ncompany\nvat_number\naddress1\naddress2\npostcode city\nCountry:name\nphone'),
(151, 'firstname lastname\ncompany\nvat_number\naddress1\naddress2\npostcode city\nCountry:name\nphone'),
(152, 'firstname lastname\ncompany\nvat_number\naddress1\naddress2\npostcode city\nCountry:name\nphone'),
(153, 'firstname lastname\ncompany\nvat_number\naddress1\naddress2\npostcode city\nCountry:name\nphone'),
(154, 'firstname lastname\ncompany\nvat_number\naddress1\naddress2\npostcode city\nCountry:name\nphone'),
(155, 'firstname lastname\ncompany\nvat_number\naddress1\naddress2\npostcode city\nCountry:name\nphone'),
(156, 'firstname lastname\ncompany\nvat_number\naddress1\naddress2\npostcode city\nCountry:name\nphone'),
(157, 'firstname lastname\ncompany\nvat_number\naddress1\naddress2\npostcode city\nCountry:name\nphone'),
(158, 'firstname lastname\ncompany\nvat_number\naddress1\naddress2\npostcode city\nCountry:name\nphone'),
(159, 'firstname lastname\ncompany\nvat_number\naddress1\naddress2\npostcode city\nCountry:name\nphone'),
(160, 'firstname lastname\ncompany\nvat_number\naddress1\naddress2\npostcode city\nCountry:name\nphone'),
(161, 'firstname lastname\ncompany\nvat_number\naddress1\naddress2\npostcode city\nCountry:name\nphone'),
(162, 'firstname lastname\ncompany\nvat_number\naddress1\naddress2\npostcode city\nCountry:name\nphone'),
(163, 'firstname lastname\ncompany\nvat_number\naddress1\naddress2\npostcode city\nCountry:name\nphone'),
(164, 'firstname lastname\ncompany\nvat_number\naddress1\naddress2\npostcode city\nCountry:name\nphone'),
(165, 'firstname lastname\ncompany\nvat_number\naddress1\naddress2\npostcode city\nCountry:name\nphone'),
(166, 'firstname lastname\ncompany\nvat_number\naddress1\naddress2\npostcode city\nCountry:name\nphone'),
(167, 'firstname lastname\ncompany\nvat_number\naddress1\naddress2\npostcode city\nCountry:name\nphone'),
(168, 'firstname lastname\ncompany\nvat_number\naddress1\naddress2\npostcode city\nCountry:name\nphone'),
(169, 'firstname lastname\ncompany\nvat_number\naddress1\naddress2\npostcode city\nCountry:name\nphone'),
(170, 'firstname lastname\ncompany\nvat_number\naddress1\naddress2\npostcode city\nCountry:name\nphone'),
(171, 'firstname lastname\ncompany\nvat_number\naddress1\naddress2\npostcode city\nCountry:name\nphone'),
(172, 'firstname lastname\ncompany\nvat_number\naddress1\naddress2\npostcode city\nCountry:name\nphone'),
(173, 'firstname lastname\ncompany\nvat_number\naddress1\naddress2\npostcode city\nCountry:name\nphone'),
(174, 'firstname lastname\ncompany\nvat_number\naddress1\naddress2\npostcode city\nCountry:name\nphone'),
(175, 'firstname lastname\ncompany\nvat_number\naddress1\naddress2\npostcode city\nCountry:name\nphone'),
(176, 'firstname lastname\ncompany\nvat_number\naddress1\naddress2\npostcode city\nCountry:name\nphone'),
(177, 'firstname lastname\ncompany\nvat_number\naddress1\naddress2\npostcode city\nCountry:name\nphone'),
(178, 'firstname lastname\ncompany\nvat_number\naddress1\naddress2\npostcode city\nCountry:name\nphone'),
(179, 'firstname lastname\ncompany\nvat_number\naddress1\naddress2\npostcode city\nCountry:name\nphone'),
(180, 'firstname lastname\ncompany\nvat_number\naddress1\naddress2\npostcode city\nCountry:name\nphone'),
(181, 'firstname lastname\ncompany\nvat_number\naddress1\naddress2\npostcode city\nCountry:name\nphone'),
(182, 'firstname lastname\ncompany\nvat_number\naddress1\naddress2\npostcode city\nCountry:name\nphone'),
(183, 'firstname lastname\ncompany\nvat_number\naddress1\naddress2\npostcode city\nCountry:name\nphone'),
(184, 'firstname lastname\ncompany\nvat_number\naddress1\naddress2\npostcode city\nCountry:name\nphone'),
(185, 'firstname lastname\ncompany\nvat_number\naddress1\naddress2\npostcode city\nCountry:name\nphone'),
(186, 'firstname lastname\ncompany\nvat_number\naddress1\naddress2\npostcode city\nCountry:name\nphone'),
(187, 'firstname lastname\ncompany\nvat_number\naddress1\naddress2\npostcode city\nCountry:name\nphone'),
(188, 'firstname lastname\ncompany\nvat_number\naddress1\naddress2\npostcode city\nCountry:name\nphone'),
(189, 'firstname lastname\ncompany\nvat_number\naddress1\naddress2\npostcode city\nCountry:name\nphone'),
(190, 'firstname lastname\ncompany\nvat_number\naddress1\naddress2\npostcode city\nCountry:name\nphone'),
(191, 'firstname lastname\ncompany\nvat_number\naddress1\naddress2\npostcode city\nCountry:name\nphone'),
(192, 'firstname lastname\ncompany\nvat_number\naddress1\naddress2\npostcode city\nCountry:name\nphone'),
(193, 'firstname lastname\r\ncompany\r\nvat_number\r\naddress1\r\naddress2\r\npostcode city\r\nCountry:name\r\nphone'),
(194, 'firstname lastname\ncompany\nvat_number\naddress1\naddress2\npostcode city\nCountry:name\nphone'),
(195, 'firstname lastname\ncompany\nvat_number\naddress1\naddress2\npostcode city\nCountry:name\nphone'),
(196, 'firstname lastname\ncompany\nvat_number\naddress1\naddress2\npostcode city\nCountry:name\nphone'),
(197, 'firstname lastname\ncompany\nvat_number\naddress1\naddress2\npostcode city\nCountry:name\nphone'),
(198, 'firstname lastname\ncompany\nvat_number\naddress1\naddress2\npostcode city\nCountry:name\nphone'),
(199, 'firstname lastname\ncompany\nvat_number\naddress1\naddress2\npostcode city\nCountry:name\nphone'),
(200, 'firstname lastname\ncompany\nvat_number\naddress1\naddress2\npostcode city\nCountry:name\nphone'),
(201, 'firstname lastname\ncompany\nvat_number\naddress1\naddress2\npostcode city\nCountry:name\nphone'),
(202, 'firstname lastname\ncompany\nvat_number\naddress1\naddress2\npostcode city\nCountry:name\nphone'),
(203, 'firstname lastname\ncompany\nvat_number\naddress1\naddress2\npostcode city\nCountry:name\nphone'),
(204, 'firstname lastname\ncompany\nvat_number\naddress1\naddress2\npostcode city\nCountry:name\nphone'),
(205, 'firstname lastname\ncompany\nvat_number\naddress1\naddress2\npostcode city\nCountry:name\nphone'),
(206, 'firstname lastname\ncompany\nvat_number\naddress1\naddress2\npostcode city\nCountry:name\nphone'),
(207, 'firstname lastname\ncompany\nvat_number\naddress1\naddress2\npostcode city\nCountry:name\nphone'),
(208, 'firstname lastname\ncompany\nvat_number\naddress1\naddress2\npostcode city\nCountry:name\nphone'),
(209, 'firstname lastname\ncompany\nvat_number\naddress1\naddress2\npostcode city\nCountry:name\nphone'),
(210, 'firstname lastname\ncompany\nvat_number\naddress1\naddress2\npostcode city\nCountry:name\nphone'),
(211, 'firstname lastname\ncompany\nvat_number\naddress1\naddress2\npostcode city\nCountry:name\nphone'),
(212, 'firstname lastname\ncompany\nvat_number\naddress1\naddress2\npostcode city\nCountry:name\nphone'),
(213, 'firstname lastname\ncompany\nvat_number\naddress1\naddress2\npostcode city\nCountry:name\nphone'),
(214, 'firstname lastname\ncompany\nvat_number\naddress1\naddress2\npostcode city\nCountry:name\nphone'),
(215, 'firstname lastname\ncompany\nvat_number\naddress1\naddress2\npostcode city\nCountry:name\nphone'),
(216, 'firstname lastname\ncompany\nvat_number\naddress1\naddress2\npostcode city\nCountry:name\nphone'),
(217, 'firstname lastname\ncompany\nvat_number\naddress1\naddress2\npostcode city\nCountry:name\nphone'),
(218, 'firstname lastname\ncompany\nvat_number\naddress1\naddress2\npostcode city\nCountry:name\nphone'),
(219, 'firstname lastname\ncompany\nvat_number\naddress1\naddress2\npostcode city\nCountry:name\nphone'),
(220, 'firstname lastname\ncompany\nvat_number\naddress1\naddress2\npostcode city\nCountry:name\nphone'),
(221, 'firstname lastname\ncompany\nvat_number\naddress1\naddress2\npostcode city\nCountry:name\nphone'),
(222, 'firstname lastname\ncompany\nvat_number\naddress1\naddress2\npostcode city\nCountry:name\nphone'),
(223, 'firstname lastname\ncompany\nvat_number\naddress1\naddress2\npostcode city\nCountry:name\nphone'),
(224, 'firstname lastname\ncompany\nvat_number\naddress1\naddress2\npostcode city\nCountry:name\nphone'),
(225, 'firstname lastname\ncompany\nvat_number\naddress1\naddress2\npostcode city\nCountry:name\nphone'),
(226, 'firstname lastname\ncompany\nvat_number\naddress1\naddress2\npostcode city\nCountry:name\nphone'),
(227, 'firstname lastname\ncompany\nvat_number\naddress1\naddress2\npostcode city\nCountry:name\nphone'),
(228, 'firstname lastname\ncompany\nvat_number\naddress1\naddress2\npostcode city\nCountry:name\nphone'),
(229, 'firstname lastname\ncompany\nvat_number\naddress1\naddress2\npostcode city\nCountry:name\nphone'),
(230, 'firstname lastname\ncompany\nvat_number\naddress1\naddress2\npostcode city\nCountry:name\nphone'),
(231, 'firstname lastname\ncompany\nvat_number\naddress1\naddress2\npostcode city\nCountry:name\nphone'),
(232, 'firstname lastname\ncompany\nvat_number\naddress1\naddress2\npostcode city\nCountry:name\nphone'),
(233, 'firstname lastname\ncompany\nvat_number\naddress1\naddress2\npostcode city\nCountry:name\nphone'),
(234, 'firstname lastname\ncompany\nvat_number\naddress1\naddress2\npostcode city\nCountry:name\nphone'),
(235, 'firstname lastname\ncompany\nvat_number\naddress1\naddress2\npostcode city\nCountry:name\nphone'),
(236, 'firstname lastname\r\ncompany\r\nvat_number\r\naddress1\r\naddress2\r\npostcode city\r\nCountry:name\r\nphone'),
(237, 'firstname lastname\ncompany\nvat_number\naddress1\naddress2\npostcode city\nCountry:name\nphone'),
(238, 'firstname lastname\ncompany\nvat_number\naddress1\naddress2\npostcode city\nCountry:name\nphone'),
(239, 'firstname lastname\ncompany\nvat_number\naddress1\naddress2\npostcode city\nCountry:name\nphone'),
(240, 'firstname lastname\ncompany\nvat_number\naddress1\naddress2\npostcode city\nCountry:name\nphone'),
(241, 'firstname lastname\ncompany\nvat_number\naddress1\naddress2\npostcode city\nCountry:name\nphone'),
(242, 'firstname lastname\ncompany\nvat_number\naddress1\naddress2\npostcode city\nCountry:name\nphone'),
(243, 'firstname lastname\ncompany\nvat_number\naddress1\naddress2\npostcode city\nCountry:name\nphone'),
(244, 'firstname lastname\ncompany\nvat_number\naddress1\naddress2\npostcode city\nCountry:name\nphone'),
(245, 'firstname lastname\r\ncompany\r\nvat_number\r\naddress1\r\naddress2\r\npostcode city\r\nCountry:name\r\nphone');

-- --------------------------------------------------------

--
-- Table structure for table `ps_admin_filter`
--

CREATE TABLE `ps_admin_filter` (
  `id` int(11) NOT NULL,
  `employee` int(11) NOT NULL,
  `shop` int(11) NOT NULL,
  `controller` varchar(60) COLLATE utf8_unicode_ci NOT NULL,
  `action` varchar(100) COLLATE utf8_unicode_ci NOT NULL,
  `filter` longtext COLLATE utf8_unicode_ci NOT NULL,
  `filter_id` varchar(255) COLLATE utf8_unicode_ci NOT NULL
) ENGINE=InnoDB DEFAULT CHARSET=utf8 COLLATE=utf8_unicode_ci;

--
-- Dumping data for table `ps_admin_filter`
--

INSERT INTO `ps_admin_filter` (`id`, `employee`, `shop`, `controller`, `action`, `filter`, `filter_id`) VALUES
(1, 1, 1, 'ProductController', 'catalogAction', '{\"filter_category\":\"\",\"filter_column_id_product\":\"\",\"filter_column_name\":\"\",\"filter_column_reference\":\"\",\"filter_column_name_category\":\"\",\"filter_column_price\":\"\",\"filter_column_sav_quantity\":\"\",\"filter_column_active\":\"\",\"last_offset\":\"0\",\"last_limit\":\"50\",\"last_orderBy\":\"name_category\",\"last_sortOrder\":\"desc\"}', ''),
(2, 1, 1, '', '', '{\"orderBy\":\"position\",\"sortOrder\":\"asc\",\"limit\":50,\"filters\":{\"id_category_parent\":26}}', 'category'),
(3, 1, 1, '', '', '{\"limit\":\"100\",\"orderBy\":\"date_add\",\"sortOrder\":\"desc\",\"filters\":[]}', 'customer'),
(4, 1, 1, 'contacts', 'index', '{\"limit\":10,\"orderBy\":\"id_contact\",\"sortOrder\":\"asc\",\"filters\":[]}', ''),
(5, 1, 1, 'tax', 'index', '{\"limit\":50,\"orderBy\":\"id_tax\",\"sortOrder\":\"asc\",\"filters\":[]}', ''),
(6, 1, 1, '', '', '{\"orderBy\":\"position\",\"sortOrder\":\"asc\",\"limit\":50,\"filters\":{\"id_cms_category_parent\":1}}', 'cms_page_category'),
(7, 1, 1, '', '', '{\"orderBy\":\"active\",\"sortOrder\":\"asc\",\"limit\":50,\"filters\":{\"id_cms_category_parent\":1}}', 'cms_page'),
(8, 1, 1, 'email', 'index', '{\"limit\":\"50\",\"orderBy\":\"template\",\"sortOrder\":\"desc\",\"filters\":{\"template\":\"newsletter\"}}', ''),
(9, 1, 1, 'employee', 'index', '{\"limit\":50,\"orderBy\":\"id_employee\",\"sortOrder\":\"asc\",\"filters\":[]}', ''),
(10, 1, 1, 'meta', 'index', '{\"limit\":\"50\",\"orderBy\":\"id_meta\",\"sortOrder\":\"asc\",\"filters\":[]}', ''),
(11, 1, 1, 'webservice', 'index', '{\"limit\":50,\"orderBy\":\"id_webservice_account\",\"sortOrder\":\"asc\",\"filters\":[]}', ''),
(12, 1, 1, '', '', '{\"limit\":10,\"orderBy\":\"name\",\"sortOrder\":\"asc\",\"filters\":[]}', 'manufacturer'),
(13, 1, 1, '', '', '{\"limit\":10,\"orderBy\":\"id_address\",\"sortOrder\":\"desc\",\"filters\":[]}', 'manufacturer_address'),
(14, 1, 1, '', '', '{\"limit\":50,\"orderBy\":\"id_lang\",\"sortOrder\":\"ASC\",\"filters\":[]}', 'language'),
(15, 1, 1, 'sqlmanager', 'index', '{\"limit\":10,\"orderBy\":\"id_request_sql\",\"sortOrder\":\"desc\",\"filters\":[]}', ''),
(16, 1, 1, 'backup', 'index', '{\"limit\":20,\"orderBy\":null,\"sortOrder\":null,\"filters\":[]}', ''),
(17, 1, 1, 'logs', 'index', '{\"limit\":\"10\",\"orderBy\":\"id_log\",\"sortOrder\":\"desc\",\"filters\":[]}', ''),
(18, 1, 1, 'profile', 'index', '{\"limit\":10,\"orderBy\":\"id_profile\",\"sortOrder\":\"asc\",\"filters\":[]}', ''),
(19, 1, 1, '', '', '{\"limit\":50,\"orderBy\":\"id_currency\",\"sortOrder\":\"asc\",\"filters\":[]}', 'currency'),
(20, 2, 1, '', '', '{\"limit\":\"100\",\"orderBy\":\"connect\",\"sortOrder\":\"asc\",\"filters\":[]}', 'customer'),
(21, 2, 1, 'ProductController', 'catalogAction', '{\"filter_category\":\"\",\"filter_column_id_product\":\"\",\"filter_column_name\":\"\",\"filter_column_reference\":\"\",\"filter_column_name_category\":\"\",\"filter_column_price\":\"\",\"filter_column_sav_quantity\":\"\",\"filter_column_active\":\"\",\"last_offset\":\"0\",\"last_limit\":\"50\",\"last_orderBy\":\"id_product\",\"last_sortOrder\":\"desc\"}', ''),
(22, 2, 1, '', '', '{\"orderBy\":\"position\",\"sortOrder\":\"asc\",\"limit\":50,\"filters\":{\"id_category_parent\":\"2\"}}', 'category'),
(23, 2, 1, '', '', '{\"limit\":10,\"orderBy\":\"name\",\"sortOrder\":\"asc\",\"filters\":[]}', 'manufacturer'),
(24, 2, 1, '', '', '{\"limit\":10,\"orderBy\":\"id_address\",\"sortOrder\":\"desc\",\"filters\":[]}', 'manufacturer_address');

-- --------------------------------------------------------

--
-- Table structure for table `ps_advancedpopup`
--

CREATE TABLE `ps_advancedpopup` (
  `id_advancedpopup` int(10) UNSIGNED NOT NULL,
  `id_shop` int(10) UNSIGNED NOT NULL DEFAULT '0',
  `name` varchar(150) NOT NULL,
  `date_init` datetime DEFAULT NULL,
  `date_end` datetime DEFAULT NULL,
  `schedule` text,
  `secs_to_display` text,
  `secs_to_display_cart` text,
  `secs_to_close` text,
  `dont_display_again` tinyint(1) NOT NULL,
  `image_link_target` varchar(32) NOT NULL,
  `priority` int(11) DEFAULT '0',
  `locked` tinyint(1) NOT NULL,
  `show_customer_newsletter` tinyint(1) DEFAULT '0',
  `show_customer_not_newsletter` tinyint(1) DEFAULT '0',
  `show_on_view_page_nbr` int(11) DEFAULT '0',
  `show_every_nbr_hours` text,
  `nb_products` text,
  `nb_products_comparator` tinyint(1) DEFAULT '0',
  `back_opacity_value` decimal(10,2) DEFAULT '0.00',
  `controller_exceptions` text,
  `groups` text,
  `customers` text,
  `products` text,
  `countries` text,
  `zones` text,
  `categories` text,
  `categories_selected` text,
  `manufacturers` text,
  `suppliers` text,
  `cms` text,
  `languages` text,
  `attributes` text,
  `features` text,
  `active` tinyint(1) DEFAULT '0',
  `display_on_load` tinyint(1) NOT NULL,
  `display_after_cart` tinyint(1) NOT NULL,
  `display_on_exit` tinyint(1) NOT NULL,
  `display_on_click` tinyint(1) NOT NULL,
  `display_on_click_selector` varchar(150) DEFAULT NULL,
  `close_on_background` tinyint(1) NOT NULL,
  `blur_background` tinyint(1) NOT NULL,
  `color_background` varchar(32) DEFAULT NULL,
  `open_effect` varchar(32) NOT NULL,
  `position` int(11) NOT NULL,
  `cart_amount` tinyint(1) NOT NULL,
  `cart_amount_from` decimal(20,2) DEFAULT NULL,
  `cart_amount_to` decimal(20,2) DEFAULT NULL,
  `display_mobile` tinyint(1) NOT NULL,
  `display_tablet` tinyint(1) NOT NULL,
  `display_desktop` tinyint(1) NOT NULL,
  `display_ip_string` text,
  `date_add` datetime NOT NULL,
  `date_upd` datetime DEFAULT NULL
) ENGINE=InnoDB DEFAULT CHARSET=utf8;

--
-- Dumping data for table `ps_advancedpopup`
--

INSERT INTO `ps_advancedpopup` (`id_advancedpopup`, `id_shop`, `name`, `date_init`, `date_end`, `schedule`, `secs_to_display`, `secs_to_display_cart`, `secs_to_close`, `dont_display_again`, `image_link_target`, `priority`, `locked`, `show_customer_newsletter`, `show_customer_not_newsletter`, `show_on_view_page_nbr`, `show_every_nbr_hours`, `nb_products`, `nb_products_comparator`, `back_opacity_value`, `controller_exceptions`, `groups`, `customers`, `products`, `countries`, `zones`, `categories`, `categories_selected`, `manufacturers`, `suppliers`, `cms`, `languages`, `attributes`, `features`, `active`, `display_on_load`, `display_after_cart`, `display_on_exit`, `display_on_click`, `display_on_click_selector`, `close_on_background`, `blur_background`, `color_background`, `open_effect`, `position`, `cart_amount`, `cart_amount_from`, `cart_amount_to`, `display_mobile`, `display_tablet`, `display_desktop`, `display_ip_string`, `date_add`, `date_upd`) VALUES
(1, 1, 'Verificação Idade', '2021-03-01 17:30:17', '2100-01-01 01:00:00', '[{\"isActive\":true,\"timeFrom\":\"00:00\",\"timeTill\":\"23:59\"},{\"isActive\":true,\"timeFrom\":\"00:00\",\"timeTill\":\"23:59\"},{\"isActive\":true,\"timeFrom\":\"00:00\",\"timeTill\":\"23:59\"},{\"isActive\":true,\"timeFrom\":\"00:00\",\"timeTill\":\"23:59\"},{\"isActive\":true,\"timeFrom\":\"00:00\",\"timeTill\":\"23:59\"},{\"isActive\":true,\"timeFrom\":\"00:00\",\"timeTill\":\"23:59\"},{\"isActive\":true,\"timeFrom\":\"00:00\",\"timeTill\":\"23:59\"}]', '1', '', '', 0, '_self', 1, 0, 0, 0, 0, '90', '', 1, 0.50, '', '', '', '', '', '', '', '', '', '', '', '', '', '', 1, 1, 0, 0, 0, '', 0, 1, '', 'zoom', 5, 0, 0.00, 0.00, 1, 1, 1, '', '2021-03-01 18:37:31', '2023-10-05 20:10:04');

-- --------------------------------------------------------

--
-- Table structure for table `ps_advancedpopup_lang`
--

CREATE TABLE `ps_advancedpopup_lang` (
  `id_advancedpopup` int(10) UNSIGNED NOT NULL,
  `id_lang` int(10) UNSIGNED NOT NULL,
  `css_class` varchar(150) DEFAULT NULL,
  `css` text,
  `content` text,
  `image_background` varchar(150) DEFAULT NULL,
  `image` varchar(150) DEFAULT NULL,
  `image_link` varchar(250) DEFAULT NULL,
  `popup_height` text,
  `popup_width` text,
  `popup_padding` int(11) DEFAULT NULL,
  `responsive_min` int(11) DEFAULT NULL,
  `responsive_max` int(11) DEFAULT NULL,
  `display_url_string` varchar(150) DEFAULT NULL,
  `display_referrer_string` varchar(150) DEFAULT NULL
) ENGINE=InnoDB DEFAULT CHARSET=utf8;

--
-- Dumping data for table `ps_advancedpopup_lang`
--

INSERT INTO `ps_advancedpopup_lang` (`id_advancedpopup`, `id_lang`, `css_class`, `css`, `content`, `image_background`, `image`, `image_link`, `popup_height`, `popup_width`, `popup_padding`, `responsive_min`, `responsive_max`, `display_url_string`, `display_referrer_string`) VALUES
(1, 1, '', '#mc_embed_signup .mc-field-group label {\r\n  text-align: left;\r\n}', '<table class=\"MsoTableGrid\" border=\"1\" cellspacing=\"0\" cellpadding=\"0\" style=\"border-collapse: collapse; border: none; mso-border-alt: solid windowtext .5pt; mso-yfti-tbllook: 1184; mso-padding-alt: 0cm 5.4pt 0cm 5.4pt;\">\r\n<tbody>\r\n<tr style=\"mso-yfti-irow: 0; mso-yfti-firstrow: yes; mso-yfti-lastrow: yes; height: 218.6pt;\">\r\n<td width=\"566\" valign=\"top\" style=\"width: 424.7pt; border: solid windowtext 1.0pt; mso-border-alt: solid windowtext .5pt; background: black; mso-background-themecolor: text1; padding: 0cm 5.4pt 0cm 5.4pt; height: 218.6pt;\">\r\n<p class=\"MsoNormal\" align=\"center\" style=\"margin-bottom: 0cm; text-align: center; line-height: normal; background: black; mso-background-themecolor: text1;\"><b><span lang=\"PT\" style=\"font-size: 10.5pt; font-family: \'Helvetica\',sans-serif; mso-fareast-font-family: \'Times New Roman\'; color: #e7e6e6; mso-themecolor: background2; letter-spacing: .75pt; mso-ansi-language: PT;\"><o:p> </o:p></span></b></p>\r\n<p class=\"MsoNormal\" align=\"center\" style=\"margin-bottom: 0cm; text-align: center; line-height: normal; background: black; mso-background-themecolor: text1;\"><b><span lang=\"PT\" style=\"font-size: 10.5pt; font-family: \'Helvetica\',sans-serif; mso-fareast-font-family: \'Times New Roman\'; color: #e7e6e6; mso-themecolor: background2; letter-spacing: .75pt; mso-ansi-language: PT;\"><o:p><img src=\"https://vinhodetalha.com/Store/img/cms/acv-vinho-de-talha-logo-1696238961.jpg\" alt=\"\" width=\"207\" height=\"116\" /> </o:p></span></b></p>\r\n<p class=\"MsoNormal\" align=\"center\" style=\"margin-bottom: 0cm; text-align: center; line-height: normal; background: black; mso-background-themecolor: text1;\"><b><span lang=\"PT\" style=\"font-size: 10.5pt; font-family: \'Helvetica\',sans-serif; mso-fareast-font-family: \'Times New Roman\'; color: #e7e6e6; mso-themecolor: background2; letter-spacing: .75pt; mso-ansi-language: PT;\">Esta página destina-se a pessoas com idade legal para consumir bebidas alcoólicas, de acordo com a lei em vigôr.</span></b><span lang=\"PT\" style=\"font-size: 10.5pt; font-family: \'Helvetica\',sans-serif; mso-fareast-font-family: \'Times New Roman\'; color: #e7e6e6; mso-themecolor: background2; letter-spacing: .75pt; mso-ansi-language: PT;\"><o:p></o:p></span></p>\r\n<p class=\"MsoNormal\" align=\"center\" style=\"margin-bottom: 0cm; text-align: center; line-height: normal; background: black; mso-background-themecolor: text1;\"><span lang=\"PT\" style=\"font-size: 10.5pt; font-family: \'Helvetica\',sans-serif; mso-fareast-font-family: \'Times New Roman\'; color: #e7e6e6; mso-themecolor: background2; letter-spacing: .75pt; mso-ansi-language: PT;\"><o:p> </o:p></span> </p>\r\n<p class=\"MsoNormal\" align=\"center\" style=\"margin-bottom: 0cm; text-align: center; line-height: normal; background: black; mso-background-themecolor: text1;\"><b><span lang=\"PT\" style=\"font-size: 16.0pt; font-family: \'Helvetica\',sans-serif; mso-fareast-font-family: \'Times New Roman\'; color: #e7e6e6; mso-themecolor: background2; letter-spacing: .75pt; mso-ansi-language: PT;\">Ao continuar, declara ser maior de 18 anos </span></b><span lang=\"PT\" style=\"font-size: 10.5pt; font-family: \'Helvetica\',sans-serif; mso-fareast-font-family: \'Times New Roman\'; color: #e7e6e6; mso-themecolor: background2; letter-spacing: .75pt; mso-ansi-language: PT;\"><o:p></o:p></span></p>\r\n<p class=\"MsoNormal\" style=\"margin-bottom: 0cm; line-height: normal;\"><span lang=\"PT\" style=\"mso-ansi-language: PT;\"><o:p> </o:p></span></p>\r\n<p class=\"MsoNormal\" style=\"margin-bottom: 0cm; line-height: normal;\"><span lang=\"PT\" style=\"mso-ansi-language: PT;\"><o:p> </o:p></span></p>\r\n</td>\r\n</tr>\r\n</tbody>\r\n</table>', '', '', '', '300', '500', 0, 0, 0, '', ''),
(1, 2, '', '', '', '', '', '', '', '', 0, 0, 0, '', '');

-- --------------------------------------------------------

--
-- Table structure for table `ps_advice`
--

CREATE TABLE `ps_advice` (
  `id_advice` int(11) NOT NULL,
  `id_ps_advice` int(11) NOT NULL,
  `id_tab` int(11) NOT NULL,
  `ids_tab` text,
  `validated` tinyint(1) UNSIGNED NOT NULL DEFAULT '0',
  `hide` tinyint(1) NOT NULL DEFAULT '0',
  `location` enum('after','before') NOT NULL,
  `selector` varchar(255) DEFAULT NULL,
  `start_day` int(11) NOT NULL DEFAULT '0',
  `stop_day` int(11) NOT NULL DEFAULT '0',
  `weight` int(11) DEFAULT '1'
) ENGINE=InnoDB DEFAULT CHARSET=utf8;

-- --------------------------------------------------------

--
-- Table structure for table `ps_advice_lang`
--

CREATE TABLE `ps_advice_lang` (
  `id_advice` int(11) NOT NULL,
  `id_lang` int(11) NOT NULL,
  `html` text
) ENGINE=InnoDB DEFAULT CHARSET=utf8;

-- --------------------------------------------------------

--
-- Table structure for table `ps_alias`
--

CREATE TABLE `ps_alias` (
  `id_alias` int(10) UNSIGNED NOT NULL,
  `alias` varchar(255) NOT NULL,
  `search` varchar(255) NOT NULL,
  `active` tinyint(1) NOT NULL DEFAULT '1'
) ENGINE=InnoDB DEFAULT CHARSET=utf8;

--
-- Dumping data for table `ps_alias`
--

INSERT INTO `ps_alias` (`id_alias`, `alias`, `search`, `active`) VALUES
(1, 'bloose', 'blouse', 1),
(2, 'blues', 'blouse', 1);

-- --------------------------------------------------------

--
-- Table structure for table `ps_attachment`
--

CREATE TABLE `ps_attachment` (
  `id_attachment` int(10) UNSIGNED NOT NULL,
  `file` varchar(40) NOT NULL,
  `file_name` varchar(128) NOT NULL,
  `file_size` bigint(10) UNSIGNED NOT NULL DEFAULT '0',
  `mime` varchar(128) NOT NULL
) ENGINE=InnoDB DEFAULT CHARSET=utf8;

-- --------------------------------------------------------

--
-- Table structure for table `ps_attachment_lang`
--

CREATE TABLE `ps_attachment_lang` (
  `id_attachment` int(10) UNSIGNED NOT NULL,
  `id_lang` int(10) UNSIGNED NOT NULL,
  `name` varchar(32) DEFAULT NULL,
  `description` text
) ENGINE=InnoDB DEFAULT CHARSET=utf8;

-- --------------------------------------------------------

--
-- Table structure for table `ps_attribute`
--

CREATE TABLE `ps_attribute` (
  `id_attribute` int(11) NOT NULL,
  `id_attribute_group` int(11) NOT NULL,
  `color` varchar(32) COLLATE utf8_unicode_ci NOT NULL,
  `position` int(11) NOT NULL
) ENGINE=InnoDB DEFAULT CHARSET=utf8 COLLATE=utf8_unicode_ci;

--
-- Dumping data for table `ps_attribute`
--

INSERT INTO `ps_attribute` (`id_attribute`, `id_attribute_group`, `color`, `position`) VALUES
(1, 1, '', 0),
(2, 1, '', 1),
(3, 1, '', 2),
(4, 1, '', 3),
(5, 2, '#AAB2BD', 0),
(6, 2, '#CFC4A6', 1),
(7, 2, '#f5f5dc', 2),
(8, 2, '#ffffff', 3),
(9, 2, '#faebd7', 4),
(10, 2, '#E84C3D', 5),
(11, 2, '#434A54', 6),
(12, 2, '#C19A6B', 7),
(13, 2, '#F39C11', 8),
(14, 2, '#5D9CEC', 9),
(15, 2, '#A0D468', 10),
(16, 2, '#F1C40F', 11),
(17, 2, '#964B00', 12),
(18, 2, '#FCCACD', 13),
(19, 3, '', 0),
(20, 3, '', 1),
(21, 3, '', 2),
(22, 4, '', 0),
(23, 4, '', 1),
(24, 4, '', 2),
(25, 4, '', 3);

-- --------------------------------------------------------

--
-- Table structure for table `ps_attribute_group`
--

CREATE TABLE `ps_attribute_group` (
  `id_attribute_group` int(11) NOT NULL,
  `is_color_group` tinyint(1) NOT NULL,
  `group_type` varchar(255) COLLATE utf8_unicode_ci NOT NULL,
  `position` int(11) NOT NULL
) ENGINE=InnoDB DEFAULT CHARSET=utf8 COLLATE=utf8_unicode_ci;

--
-- Dumping data for table `ps_attribute_group`
--

INSERT INTO `ps_attribute_group` (`id_attribute_group`, `is_color_group`, `group_type`, `position`) VALUES
(1, 0, 'select', 0),
(2, 1, 'color', 1),
(3, 0, 'select', 2),
(4, 0, 'select', 3);

-- --------------------------------------------------------

--
-- Table structure for table `ps_attribute_group_lang`
--

CREATE TABLE `ps_attribute_group_lang` (
  `id_attribute_group` int(11) NOT NULL,
  `id_lang` int(11) NOT NULL,
  `name` varchar(128) COLLATE utf8_unicode_ci NOT NULL,
  `public_name` varchar(64) COLLATE utf8_unicode_ci NOT NULL
) ENGINE=InnoDB DEFAULT CHARSET=utf8 COLLATE=utf8_unicode_ci;

--
-- Dumping data for table `ps_attribute_group_lang`
--

INSERT INTO `ps_attribute_group_lang` (`id_attribute_group`, `id_lang`, `name`, `public_name`) VALUES
(1, 1, 'Tamanho', 'Tamanho'),
(1, 2, 'Size', 'Size'),
(2, 1, 'Cor', 'Cor'),
(2, 2, 'Color', 'Color'),
(3, 1, 'Dimension', 'Dimension'),
(3, 2, 'Dimension', 'Dimension'),
(4, 1, 'Paper Type', 'Paper Type'),
(4, 2, 'Paper Type', 'Paper Type');

-- --------------------------------------------------------

--
-- Table structure for table `ps_attribute_group_shop`
--

CREATE TABLE `ps_attribute_group_shop` (
  `id_attribute_group` int(11) NOT NULL,
  `id_shop` int(11) NOT NULL
) ENGINE=InnoDB DEFAULT CHARSET=utf8 COLLATE=utf8_unicode_ci;

--
-- Dumping data for table `ps_attribute_group_shop`
--

INSERT INTO `ps_attribute_group_shop` (`id_attribute_group`, `id_shop`) VALUES
(1, 1),
(2, 1),
(3, 1),
(4, 1);

-- --------------------------------------------------------

--
-- Table structure for table `ps_attribute_impact`
--

CREATE TABLE `ps_attribute_impact` (
  `id_attribute_impact` int(10) UNSIGNED NOT NULL,
  `id_product` int(11) UNSIGNED NOT NULL,
  `id_attribute` int(11) UNSIGNED NOT NULL,
  `weight` decimal(20,6) NOT NULL,
  `price` decimal(17,2) NOT NULL
) ENGINE=InnoDB DEFAULT CHARSET=utf8;

-- --------------------------------------------------------

--
-- Table structure for table `ps_attribute_lang`
--

CREATE TABLE `ps_attribute_lang` (
  `id_attribute` int(11) NOT NULL,
  `id_lang` int(11) NOT NULL,
  `name` varchar(128) COLLATE utf8_unicode_ci NOT NULL
) ENGINE=InnoDB DEFAULT CHARSET=utf8 COLLATE=utf8_unicode_ci;

--
-- Dumping data for table `ps_attribute_lang`
--

INSERT INTO `ps_attribute_lang` (`id_attribute`, `id_lang`, `name`) VALUES
(1, 1, 'S'),
(1, 2, 'S'),
(2, 1, 'M'),
(2, 2, 'M'),
(3, 1, 'L'),
(3, 2, 'L'),
(4, 1, 'XL'),
(4, 2, 'XL'),
(5, 1, 'Cinzento'),
(5, 2, 'Grey'),
(6, 1, ' Cinzento-acastanhado'),
(6, 2, 'Taupe'),
(7, 1, 'Bege'),
(7, 2, 'Beige'),
(8, 1, 'Branco'),
(8, 2, 'White'),
(9, 1, 'Branco sujo'),
(9, 2, 'Off White'),
(10, 1, 'Vermelho'),
(10, 2, 'Red'),
(11, 1, 'Preto'),
(11, 2, 'Black'),
(12, 1, 'Camelo'),
(12, 2, 'Camel'),
(13, 1, 'Laranja'),
(13, 2, 'Orange'),
(14, 1, 'Azul'),
(14, 2, 'Blue'),
(15, 1, 'Verde'),
(15, 2, 'Green'),
(16, 1, 'Amarelo'),
(16, 2, 'Yellow'),
(17, 1, 'Castanho'),
(17, 2, 'Brown'),
(18, 1, 'Rosa'),
(18, 2, 'Pink'),
(19, 1, '40x60cm'),
(19, 2, '40x60cm'),
(20, 1, '60x90cm'),
(20, 2, '60x90cm'),
(21, 1, '80x120cm'),
(21, 2, '80x120cm'),
(22, 1, 'Ruled'),
(22, 2, 'Ruled'),
(23, 1, 'Plain'),
(23, 2, 'Plain'),
(24, 1, 'Squarred'),
(24, 2, 'Squarred'),
(25, 1, 'Doted'),
(25, 2, 'Doted');

-- --------------------------------------------------------

--
-- Table structure for table `ps_attribute_shop`
--

CREATE TABLE `ps_attribute_shop` (
  `id_attribute` int(11) NOT NULL,
  `id_shop` int(11) NOT NULL
) ENGINE=InnoDB DEFAULT CHARSET=utf8 COLLATE=utf8_unicode_ci;

--
-- Dumping data for table `ps_attribute_shop`
--

INSERT INTO `ps_attribute_shop` (`id_attribute`, `id_shop`) VALUES
(1, 1),
(2, 1),
(3, 1),
(4, 1),
(5, 1),
(6, 1),
(7, 1),
(8, 1),
(9, 1),
(10, 1),
(11, 1),
(12, 1),
(13, 1),
(14, 1),
(15, 1),
(16, 1),
(17, 1),
(18, 1),
(19, 1),
(20, 1),
(21, 1),
(22, 1),
(23, 1),
(24, 1),
(25, 1);

-- --------------------------------------------------------

--
-- Table structure for table `ps_badge`
--

CREATE TABLE `ps_badge` (
  `id_badge` int(11) NOT NULL,
  `id_ps_badge` int(11) NOT NULL,
  `type` varchar(32) NOT NULL,
  `id_group` int(11) NOT NULL,
  `group_position` int(11) NOT NULL,
  `scoring` int(11) NOT NULL,
  `awb` int(11) DEFAULT '0',
  `validated` tinyint(1) UNSIGNED NOT NULL DEFAULT '0'
) ENGINE=InnoDB DEFAULT CHARSET=utf8;

--
-- Dumping data for table `ps_badge`
--

INSERT INTO `ps_badge` (`id_badge`, `id_ps_badge`, `type`, `id_group`, `group_position`, `scoring`, `awb`, `validated`) VALUES
(1, 159, 'feature', 41, 1, 5, 1, 0),
(2, 160, 'feature', 41, 2, 10, 1, 0),
(3, 161, 'feature', 41, 3, 15, 1, 0),
(4, 162, 'feature', 41, 4, 20, 1, 0),
(5, 163, 'feature', 41, 1, 5, 1, 0),
(6, 164, 'feature', 41, 2, 10, 1, 0),
(7, 165, 'feature', 41, 3, 15, 1, 0),
(8, 166, 'feature', 41, 4, 20, 1, 0),
(9, 195, 'feature', 41, 1, 5, 1, 0),
(10, 196, 'feature', 41, 2, 10, 1, 0),
(11, 229, 'feature', 41, 1, 5, 1, 0),
(12, 230, 'feature', 41, 2, 10, 1, 0),
(13, 231, 'feature', 41, 3, 15, 1, 0),
(14, 232, 'feature', 41, 4, 20, 1, 0),
(15, 233, 'feature', 41, 1, 5, 1, 0),
(16, 234, 'feature', 41, 2, 10, 1, 0),
(17, 235, 'feature', 41, 3, 15, 1, 0),
(18, 236, 'feature', 41, 4, 20, 1, 0),
(19, 241, 'feature', 41, 1, 5, 1, 0),
(20, 242, 'feature', 41, 2, 10, 1, 0),
(21, 243, 'feature', 41, 3, 15, 1, 0),
(22, 244, 'feature', 41, 4, 20, 1, 0),
(23, 249, 'feature', 41, 1, 5, 1, 0),
(24, 250, 'feature', 41, 2, 10, 1, 0),
(25, 251, 'feature', 41, 3, 15, 1, 0),
(26, 252, 'feature', 41, 4, 20, 1, 0),
(27, 253, 'feature', 41, 1, 5, 1, 0),
(28, 254, 'feature', 41, 2, 10, 1, 0),
(29, 255, 'feature', 41, 3, 15, 1, 0),
(30, 256, 'feature', 41, 4, 20, 1, 0),
(31, 261, 'feature', 41, 1, 5, 1, 0),
(32, 262, 'feature', 41, 2, 10, 1, 0),
(33, 269, 'feature', 41, 1, 5, 1, 0),
(34, 270, 'feature', 41, 2, 10, 1, 0),
(35, 271, 'feature', 41, 3, 15, 1, 0),
(36, 272, 'feature', 41, 4, 20, 1, 0),
(37, 273, 'feature', 41, 1, 5, 1, 0),
(38, 274, 'feature', 41, 2, 10, 1, 0),
(39, 275, 'feature', 41, 3, 15, 1, 0),
(40, 276, 'feature', 41, 4, 20, 1, 0),
(41, 277, 'feature', 41, 1, 5, 1, 0),
(42, 278, 'feature', 41, 2, 10, 1, 0),
(43, 279, 'feature', 41, 3, 15, 1, 0),
(44, 280, 'feature', 41, 4, 20, 1, 0),
(45, 281, 'feature', 41, 1, 5, 1, 0),
(46, 282, 'feature', 41, 2, 10, 1, 0),
(47, 283, 'feature', 41, 3, 15, 1, 0),
(48, 284, 'feature', 41, 4, 20, 1, 0),
(49, 285, 'feature', 41, 1, 5, 1, 0),
(50, 286, 'feature', 41, 2, 10, 1, 0),
(51, 287, 'feature', 41, 3, 15, 1, 0),
(52, 288, 'feature', 41, 4, 20, 1, 0),
(53, 289, 'feature', 41, 1, 5, 1, 0),
(54, 290, 'feature', 41, 2, 10, 1, 0),
(55, 291, 'feature', 41, 3, 15, 1, 0),
(56, 292, 'feature', 41, 4, 20, 1, 0),
(57, 293, 'feature', 41, 1, 5, 1, 0),
(58, 294, 'feature', 41, 2, 10, 1, 0),
(59, 295, 'feature', 41, 3, 15, 1, 0),
(60, 296, 'feature', 41, 4, 20, 1, 0),
(61, 297, 'feature', 41, 1, 5, 1, 0),
(62, 298, 'feature', 41, 2, 10, 1, 0),
(63, 299, 'feature', 41, 3, 15, 1, 0),
(64, 300, 'feature', 41, 4, 20, 1, 0),
(65, 301, 'feature', 41, 1, 5, 1, 0),
(66, 302, 'feature', 41, 2, 10, 1, 0),
(67, 303, 'feature', 41, 3, 15, 1, 0),
(68, 304, 'feature', 41, 4, 20, 1, 0),
(69, 305, 'feature', 41, 1, 5, 1, 0),
(70, 306, 'feature', 41, 2, 10, 1, 0),
(71, 307, 'feature', 41, 3, 15, 1, 0),
(72, 308, 'feature', 41, 4, 20, 1, 0),
(73, 309, 'feature', 41, 1, 5, 1, 0),
(74, 310, 'feature', 41, 2, 10, 1, 0),
(75, 311, 'feature', 41, 3, 15, 1, 0),
(76, 312, 'feature', 41, 4, 20, 1, 0),
(77, 313, 'feature', 41, 1, 5, 1, 0),
(78, 314, 'feature', 41, 2, 10, 1, 0),
(79, 315, 'feature', 41, 3, 15, 1, 0),
(80, 316, 'feature', 41, 4, 20, 1, 0),
(81, 317, 'feature', 41, 1, 5, 1, 0),
(82, 318, 'feature', 41, 2, 10, 1, 0),
(83, 319, 'feature', 41, 3, 15, 1, 0),
(84, 320, 'feature', 41, 4, 20, 1, 0),
(85, 321, 'feature', 41, 1, 5, 1, 0),
(86, 322, 'feature', 41, 2, 10, 1, 0),
(87, 323, 'feature', 41, 3, 15, 1, 0),
(88, 324, 'feature', 41, 4, 20, 1, 0),
(89, 325, 'feature', 41, 1, 5, 1, 0),
(90, 326, 'feature', 41, 2, 10, 1, 0),
(91, 327, 'feature', 41, 3, 15, 1, 0),
(92, 328, 'feature', 41, 4, 20, 1, 0),
(93, 329, 'feature', 41, 1, 5, 1, 0),
(94, 330, 'feature', 41, 2, 10, 1, 0),
(95, 331, 'feature', 41, 3, 15, 1, 0),
(96, 332, 'feature', 41, 4, 20, 1, 0),
(97, 333, 'feature', 41, 1, 5, 1, 0),
(98, 334, 'feature', 41, 2, 10, 1, 0),
(99, 335, 'feature', 41, 3, 15, 1, 0),
(100, 336, 'feature', 41, 4, 20, 1, 0),
(101, 337, 'feature', 41, 1, 5, 1, 0),
(102, 338, 'feature', 41, 2, 10, 1, 0),
(103, 339, 'feature', 41, 3, 15, 1, 0),
(104, 340, 'feature', 41, 4, 20, 1, 0),
(105, 341, 'feature', 41, 1, 5, 1, 0),
(106, 342, 'feature', 41, 2, 10, 1, 0),
(107, 343, 'feature', 41, 3, 15, 1, 0),
(108, 344, 'feature', 41, 4, 20, 1, 0),
(109, 345, 'feature', 41, 1, 5, 1, 0),
(110, 346, 'feature', 41, 2, 10, 1, 0),
(111, 347, 'feature', 41, 3, 15, 1, 0),
(112, 348, 'feature', 41, 4, 20, 1, 0),
(113, 349, 'feature', 41, 1, 5, 1, 0),
(114, 350, 'feature', 41, 2, 10, 1, 0),
(115, 351, 'feature', 41, 3, 15, 1, 0),
(116, 352, 'feature', 41, 4, 20, 1, 0),
(117, 353, 'feature', 41, 1, 5, 1, 0),
(118, 354, 'feature', 41, 2, 10, 1, 0),
(119, 355, 'feature', 41, 3, 15, 1, 0),
(120, 356, 'feature', 41, 4, 20, 1, 0),
(121, 357, 'feature', 41, 1, 5, 1, 0),
(122, 358, 'feature', 41, 2, 10, 1, 0),
(123, 359, 'feature', 41, 3, 15, 1, 0),
(124, 360, 'feature', 41, 4, 20, 1, 0),
(125, 1, 'feature', 1, 1, 10, 0, 1),
(126, 2, 'feature', 2, 1, 10, 0, 0),
(127, 3, 'feature', 2, 2, 15, 0, 0),
(128, 4, 'feature', 3, 1, 15, 0, 1),
(129, 5, 'feature', 3, 2, 15, 0, 0),
(130, 6, 'feature', 4, 1, 15, 0, 1),
(131, 7, 'feature', 4, 2, 15, 0, 1),
(132, 8, 'feature', 5, 1, 5, 0, 1),
(133, 9, 'feature', 5, 2, 10, 0, 1),
(134, 10, 'feature', 6, 1, 15, 0, 1),
(135, 11, 'feature', 6, 2, 10, 0, 0),
(136, 12, 'feature', 6, 3, 10, 0, 0),
(137, 13, 'feature', 5, 3, 10, 0, 0),
(138, 14, 'feature', 5, 4, 15, 0, 0),
(139, 15, 'feature', 5, 5, 20, 0, 0),
(140, 16, 'feature', 5, 6, 20, 0, 0),
(141, 17, 'achievement', 7, 1, 5, 0, 1),
(142, 18, 'achievement', 7, 2, 10, 0, 1),
(143, 19, 'feature', 8, 1, 15, 0, 1),
(144, 20, 'feature', 8, 2, 15, 0, 0),
(145, 21, 'feature', 9, 1, 15, 0, 0),
(146, 22, 'feature', 10, 1, 10, 0, 0),
(147, 23, 'feature', 10, 2, 10, 0, 0),
(148, 24, 'feature', 10, 3, 10, 0, 0),
(149, 25, 'feature', 10, 4, 10, 0, 0),
(150, 26, 'feature', 10, 5, 10, 0, 0),
(151, 27, 'feature', 4, 3, 10, 0, 1),
(152, 28, 'feature', 3, 3, 10, 0, 0),
(153, 29, 'achievement', 11, 1, 5, 0, 1),
(154, 30, 'achievement', 11, 2, 10, 0, 0),
(155, 31, 'achievement', 11, 3, 15, 0, 0),
(156, 32, 'achievement', 11, 4, 20, 0, 0),
(157, 33, 'achievement', 11, 5, 25, 0, 0),
(158, 34, 'achievement', 11, 6, 30, 0, 0),
(159, 35, 'achievement', 7, 3, 15, 0, 1),
(160, 36, 'achievement', 7, 4, 20, 0, 0),
(161, 37, 'achievement', 7, 5, 25, 0, 0),
(162, 38, 'achievement', 7, 6, 30, 0, 0),
(163, 39, 'achievement', 12, 1, 5, 0, 1),
(164, 40, 'achievement', 12, 2, 10, 0, 1),
(165, 41, 'achievement', 12, 3, 15, 0, 1),
(166, 42, 'achievement', 12, 4, 20, 0, 0),
(167, 43, 'achievement', 12, 5, 25, 0, 0),
(168, 44, 'achievement', 12, 6, 30, 0, 0),
(169, 45, 'achievement', 13, 1, 5, 0, 1),
(170, 46, 'achievement', 13, 2, 10, 0, 1),
(171, 47, 'achievement', 13, 3, 15, 0, 1),
(172, 48, 'achievement', 13, 4, 20, 0, 0),
(173, 49, 'achievement', 13, 5, 25, 0, 0),
(174, 50, 'achievement', 13, 6, 30, 0, 0),
(175, 51, 'achievement', 14, 1, 5, 0, 1),
(176, 52, 'achievement', 14, 2, 10, 0, 1),
(177, 53, 'achievement', 14, 3, 15, 0, 0),
(178, 54, 'achievement', 14, 4, 20, 0, 0),
(179, 55, 'achievement', 14, 5, 25, 0, 0),
(180, 56, 'achievement', 14, 6, 30, 0, 0),
(181, 57, 'achievement', 15, 1, 5, 0, 1),
(182, 58, 'achievement', 15, 2, 10, 0, 1),
(183, 59, 'achievement', 15, 3, 15, 0, 1),
(184, 60, 'achievement', 15, 4, 20, 0, 0),
(185, 61, 'achievement', 15, 5, 25, 0, 0),
(186, 62, 'achievement', 15, 6, 30, 0, 0),
(187, 63, 'achievement', 16, 1, 5, 0, 1),
(188, 64, 'achievement', 16, 2, 10, 0, 1),
(189, 65, 'achievement', 16, 3, 15, 0, 1),
(190, 66, 'achievement', 16, 4, 20, 0, 0),
(191, 67, 'achievement', 16, 5, 25, 0, 0),
(192, 68, 'achievement', 16, 6, 30, 0, 0),
(193, 74, 'international', 22, 1, 10, 0, 0),
(194, 75, 'international', 23, 1, 10, 0, 0),
(195, 83, 'international', 31, 1, 10, 0, 0),
(196, 84, 'international', 25, 1, 10, 0, 0),
(197, 85, 'international', 32, 1, 10, 0, 1),
(198, 86, 'international', 33, 1, 10, 0, 0),
(199, 87, 'international', 34, 1, 10, 0, 0),
(200, 88, 'feature', 35, 1, 5, 0, 1),
(201, 89, 'feature', 35, 2, 10, 0, 0),
(202, 90, 'feature', 35, 3, 10, 0, 0),
(203, 91, 'feature', 35, 4, 10, 0, 0),
(204, 92, 'feature', 35, 5, 10, 0, 0),
(205, 93, 'feature', 35, 6, 10, 0, 0),
(206, 94, 'feature', 36, 1, 5, 0, 1),
(207, 95, 'feature', 36, 2, 5, 0, 1),
(208, 96, 'feature', 36, 3, 10, 0, 1),
(209, 97, 'feature', 36, 4, 10, 0, 0),
(210, 98, 'feature', 36, 5, 20, 0, 0),
(211, 99, 'feature', 36, 6, 20, 0, 0),
(212, 100, 'feature', 8, 3, 15, 0, 1),
(213, 101, 'achievement', 37, 1, 5, 0, 0),
(214, 102, 'achievement', 37, 2, 5, 0, 0),
(215, 103, 'achievement', 37, 3, 10, 0, 0),
(216, 104, 'achievement', 37, 4, 10, 0, 0),
(217, 105, 'achievement', 37, 5, 15, 0, 0),
(218, 106, 'achievement', 37, 6, 15, 0, 0),
(219, 107, 'achievement', 38, 1, 10, 0, 0),
(220, 108, 'achievement', 38, 2, 10, 0, 0),
(221, 109, 'achievement', 38, 3, 15, 0, 0),
(222, 110, 'achievement', 38, 4, 20, 0, 0),
(223, 111, 'achievement', 38, 5, 25, 0, 0),
(224, 112, 'achievement', 38, 6, 30, 0, 0),
(225, 113, 'achievement', 39, 1, 10, 0, 0),
(226, 114, 'achievement', 39, 2, 20, 0, 0),
(227, 115, 'achievement', 39, 3, 30, 0, 0),
(228, 116, 'achievement', 39, 4, 40, 0, 0),
(229, 117, 'achievement', 39, 5, 50, 0, 0),
(230, 118, 'achievement', 39, 6, 50, 0, 0),
(231, 119, 'feature', 40, 1, 10, 0, 0),
(232, 120, 'feature', 40, 2, 15, 0, 0),
(233, 121, 'feature', 40, 3, 20, 0, 0),
(234, 122, 'feature', 40, 4, 25, 0, 0);

-- --------------------------------------------------------

--
-- Table structure for table `ps_badge_lang`
--

CREATE TABLE `ps_badge_lang` (
  `id_badge` int(11) NOT NULL,
  `id_lang` int(11) NOT NULL,
  `name` varchar(64) DEFAULT NULL,
  `description` varchar(255) DEFAULT NULL,
  `group_name` varchar(255) DEFAULT NULL
) ENGINE=InnoDB DEFAULT CHARSET=utf8;

--
-- Dumping data for table `ps_badge_lang`
--

INSERT INTO `ps_badge_lang` (`id_badge`, `id_lang`, `name`, `description`, `group_name`) VALUES
(1, 1, 'Shopgate installed', 'You have installed the Shopgate module', 'Partners'),
(1, 2, 'Shopgate installed', 'You have installed the Shopgate module', 'Partners'),
(2, 1, 'Shopgate configured', 'You have configured the Shopgate module', 'Partners'),
(2, 2, 'Shopgate configured', 'You have configured the Shopgate module', 'Partners'),
(3, 1, 'Shopgate active', 'Your Shopgate module is active', 'Partners'),
(3, 2, 'Shopgate active', 'Your Shopgate module is active', 'Partners'),
(4, 1, 'Shopgate very active', 'Your Shopgate module is very active', 'Partners'),
(4, 2, 'Shopgate very active', 'Your Shopgate module is very active', 'Partners'),
(5, 1, 'Skrill installed', 'You have installed the Skrill module', 'Partners'),
(5, 2, 'Skrill installed', 'You have installed the Skrill module', 'Partners'),
(6, 1, 'Skrill configured', 'You have configured the Skrill module', 'Partners'),
(6, 2, 'Skrill configured', 'You have configured the Skrill module', 'Partners'),
(7, 1, 'Skrill active', 'Your Skrill module is active', 'Partners'),
(7, 2, 'Skrill active', 'Your Skrill module is active', 'Partners'),
(8, 1, 'Skrill very active', 'Your Skrill module is very active', 'Partners'),
(8, 2, 'Skrill very active', 'Your Skrill module is very active', 'Partners'),
(9, 1, 'Shopping Feed installed', 'You have installed the Shopping Feed module', 'Partners'),
(9, 2, 'Shopping Feed installed', 'You have installed the Shopping Feed module', 'Partners'),
(10, 1, 'Shopping Feed configured', 'You have configured the Shopping Feed module', 'Partners'),
(10, 2, 'Shopping Feed configured', 'You have configured the Shopping Feed module', 'Partners'),
(11, 1, 'Alliance Payment installed', 'You have installed the Alliance Payment module', 'Partners'),
(11, 2, 'Alliance Payment installed', 'You have installed the Alliance Payment module', 'Partners'),
(12, 1, 'Alliance Payment configured', 'You have configured the Alliance Payment module', 'Partners'),
(12, 2, 'Alliance Payment configured', 'You have configured the Alliance Payment module', 'Partners'),
(13, 1, 'Alliance Payment active', 'Your Alliance Payment module is active', 'Partners'),
(13, 2, 'Alliance Payment active', 'Your Alliance Payment module is active', 'Partners'),
(14, 1, 'Alliance Payment very active', 'Your Alliance Payment module is very active', 'Partners'),
(14, 2, 'Alliance Payment very active', 'Your Alliance Payment module is very active', 'Partners'),
(15, 1, 'Authorize Aim installed', 'You have installed the Authorize Aim module', 'Partners'),
(15, 2, 'Authorize Aim installed', 'You have installed the Authorize Aim module', 'Partners'),
(16, 1, 'Authorize Aim configured', 'You have configured the Authorize Aim module', 'Partners'),
(16, 2, 'Authorize Aim configured', 'You have configured the Authorize Aim module', 'Partners'),
(17, 1, 'Authorize Aim active', 'Your Authorize Aim module is active', 'Partners'),
(17, 2, 'Authorize Aim active', 'Your Authorize Aim module is active', 'Partners'),
(18, 1, 'Authorize Aim very active', 'Your Authorize Aim module is very active', 'Partners'),
(18, 2, 'Authorize Aim very active', 'Your Authorize Aim module is very active', 'Partners'),
(19, 1, 'Blue Pay installed', 'You have installed the Blue Pay module', 'Partners'),
(19, 2, 'Blue Pay installed', 'You have installed the Blue Pay module', 'Partners'),
(20, 1, 'Blue Pay configured', 'You have configured the Blue Pay module', 'Partners'),
(20, 2, 'Blue Pay configured', 'You have configured the Blue Pay module', 'Partners'),
(21, 1, 'Blue Pay active', 'Your Blue Pay module is active', 'Partners'),
(21, 2, 'Blue Pay active', 'Your Blue Pay module is active', 'Partners'),
(22, 1, 'Blue Pay very active', 'Your Blue Pay module is very active', 'Partners'),
(22, 2, 'Blue Pay very active', 'Your Blue Pay module is very active', 'Partners'),
(23, 1, 'Ebay installed', 'You have installed the Ebay module', 'Partners'),
(23, 2, 'Ebay installed', 'You have installed the Ebay module', 'Partners'),
(24, 1, 'Ebay configured', 'You have configured the Ebay module', 'Partners'),
(24, 2, 'Ebay configured', 'You have configured the Ebay module', 'Partners'),
(25, 1, 'Ebay active', 'Your Ebay module is active', 'Partners'),
(25, 2, 'Ebay active', 'Your Ebay module is active', 'Partners'),
(26, 1, 'Ebay very active', 'Your Ebay module is very active', 'Partners'),
(26, 2, 'Ebay very active', 'Your Ebay module is very active', 'Partners'),
(27, 1, 'PayPlug installed', 'You have installed the PayPlug module', 'Partners'),
(27, 2, 'PayPlug installed', 'You have installed the PayPlug module', 'Partners'),
(28, 1, 'PayPlug configured', 'You have configured the PayPlug module', 'Partners'),
(28, 2, 'PayPlug configured', 'You have configured the PayPlug module', 'Partners'),
(29, 1, 'PayPlug active', 'Your PayPlug module is active', 'Partners'),
(29, 2, 'PayPlug active', 'Your PayPlug module is active', 'Partners'),
(30, 1, 'PayPlug very active', 'Your PayPlug module is very active', 'Partners'),
(30, 2, 'PayPlug very active', 'Your PayPlug module is very active', 'Partners'),
(31, 1, 'Affinity Items installed', 'You have installed the Affinity Items module', 'Partners'),
(31, 2, 'Affinity Items installed', 'You have installed the Affinity Items module', 'Partners'),
(32, 1, 'Affinity Items configured', 'You have configured the Affinity Items module', 'Partners'),
(32, 2, 'Affinity Items configured', 'You have configured the Affinity Items module', 'Partners'),
(33, 1, 'DPD Poland installed', 'You have installed the DPD Poland module', 'Partners'),
(33, 2, 'DPD Poland installed', 'You have installed the DPD Poland module', 'Partners'),
(34, 1, 'DPD Poland configured', 'You have configured the DPD Poland module', 'Partners'),
(34, 2, 'DPD Poland configured', 'You have configured the DPD Poland module', 'Partners'),
(35, 1, 'DPD Poland active', 'Your DPD Poland module is active', 'Partners'),
(35, 2, 'DPD Poland active', 'Your DPD Poland module is active', 'Partners'),
(36, 1, 'DPD Poland very active', 'Your DPD Poland module is very active', 'Partners'),
(36, 2, 'DPD Poland very active', 'Your DPD Poland module is very active', 'Partners'),
(37, 1, 'Envoimoinscher installed', 'You have installed the Envoimoinscher module', 'Partners'),
(37, 2, 'Envoimoinscher installed', 'You have installed the Envoimoinscher module', 'Partners'),
(38, 1, 'Envoimoinscher configured', 'You have configured the Envoimoinscher module', 'Partners'),
(38, 2, 'Envoimoinscher configured', 'You have configured the Envoimoinscher module', 'Partners'),
(39, 1, 'Envoimoinscher active', 'Your Envoimoinscher module is active', 'Partners'),
(39, 2, 'Envoimoinscher active', 'Your Envoimoinscher module is active', 'Partners'),
(40, 1, 'Envoimoinscher very active', 'Your Envoimoinscher module is very active', 'Partners'),
(40, 2, 'Envoimoinscher very active', 'Your Envoimoinscher module is very active', 'Partners'),
(41, 1, 'Klik&Pay installed', 'You have installed the Klik&Pay module', 'Partners'),
(41, 2, 'Klik&Pay installed', 'You have installed the Klik&Pay module', 'Partners'),
(42, 1, 'Klik&Pay configured', 'You have configured the Klik&Pay module', 'Partners'),
(42, 2, 'Klik&Pay configured', 'You have configured the Klik&Pay module', 'Partners'),
(43, 1, 'Klik&Pay active', 'Your Klik&Pay module is active', 'Partners'),
(43, 2, 'Klik&Pay active', 'Your Klik&Pay module is active', 'Partners'),
(44, 1, 'Klik&Pay very active', 'Your Klik&Pay module is very active', 'Partners'),
(44, 2, 'Klik&Pay very active', 'Your Klik&Pay module is very active', 'Partners'),
(45, 1, 'Clickline installed', 'You have installed the Clickline module', 'Partners'),
(45, 2, 'Clickline installed', 'You have installed the Clickline module', 'Partners'),
(46, 1, 'Clickline configured', 'You have configured the Clickline module', 'Partners'),
(46, 2, 'Clickline configured', 'You have configured the Clickline module', 'Partners'),
(47, 1, 'Clickline active', 'Your Clickline module is active', 'Partners'),
(47, 2, 'Clickline active', 'Your Clickline module is active', 'Partners'),
(48, 1, 'Clickline very active', 'Your Clickline module is very active', 'Partners'),
(48, 2, 'Clickline very active', 'Your Clickline module is very active', 'Partners'),
(49, 1, 'CDiscount installed', 'You have installed the CDiscount module', 'Partners'),
(49, 2, 'CDiscount installed', 'You have installed the CDiscount module', 'Partners'),
(50, 1, 'CDiscount configured', 'You have configured the CDiscount module', 'Partners'),
(50, 2, 'CDiscount configured', 'You have configured the CDiscount module', 'Partners'),
(51, 1, 'CDiscount active', 'Your CDiscount module is active', 'Partners'),
(51, 2, 'CDiscount active', 'Your CDiscount module is active', 'Partners'),
(52, 1, 'CDiscount very active', 'Your CDiscount module is very active', 'Partners'),
(52, 2, 'CDiscount very active', 'Your CDiscount module is very active', 'Partners'),
(53, 1, 'illicoPresta installed', 'You have installed the illicoPresta module', 'Partners'),
(53, 2, 'illicoPresta installed', 'You have installed the illicoPresta module', 'Partners'),
(54, 1, 'illicoPresta configured', 'You have configured the illicoPresta module', 'Partners'),
(54, 2, 'illicoPresta configured', 'You have configured the illicoPresta module', 'Partners'),
(55, 1, 'illicoPresta active', 'Your illicoPresta module is active', 'Partners'),
(55, 2, 'illicoPresta active', 'Your illicoPresta module is active', 'Partners'),
(56, 1, 'illicoPresta very active', 'Your illicoPresta module is very active', 'Partners'),
(56, 2, 'illicoPresta very active', 'Your illicoPresta module is very active', 'Partners'),
(57, 1, 'NetReviews installed', 'You have installed the NetReviews module', 'Partners'),
(57, 2, 'NetReviews installed', 'You have installed the NetReviews module', 'Partners'),
(58, 1, 'NetReviews configured', 'You have configured the NetReviews module', 'Partners'),
(58, 2, 'NetReviews configured', 'You have configured the NetReviews module', 'Partners'),
(59, 1, 'NetReviews active', 'Your NetReviews module is active', 'Partners'),
(59, 2, 'NetReviews active', 'Your NetReviews module is active', 'Partners'),
(60, 1, 'NetReviews very active', 'Your NetReviews module is very active', 'Partners'),
(60, 2, 'NetReviews very active', 'Your NetReviews module is very active', 'Partners'),
(61, 1, 'Bluesnap installed', 'You have installed the Bluesnap module', 'Partners'),
(61, 2, 'Bluesnap installed', 'You have installed the Bluesnap module', 'Partners'),
(62, 1, 'Bluesnap configured', 'You have configured the Bluesnap module', 'Partners'),
(62, 2, 'Bluesnap configured', 'You have configured the Bluesnap module', 'Partners'),
(63, 1, 'Bluesnap active', 'Your Bluesnap module is active', 'Partners'),
(63, 2, 'Bluesnap active', 'Your Bluesnap module is active', 'Partners'),
(64, 1, 'Bluesnap very active', 'Your Bluesnap module is very active', 'Partners'),
(64, 2, 'Bluesnap very active', 'Your Bluesnap module is very active', 'Partners'),
(65, 1, 'Desjardins installed', 'You have installed the Desjardins module', 'Partners'),
(65, 2, 'Desjardins installed', 'You have installed the Desjardins module', 'Partners'),
(66, 1, 'Desjardins configured', 'You have configured the Desjardins module', 'Partners'),
(66, 2, 'Desjardins configured', 'You have configured the Desjardins module', 'Partners'),
(67, 1, 'Desjardins active', 'Your Desjardins module is active', 'Partners'),
(67, 2, 'Desjardins active', 'Your Desjardins module is active', 'Partners'),
(68, 1, 'Desjardins very active', 'Your Desjardins module is very active', 'Partners'),
(68, 2, 'Desjardins very active', 'Your Desjardins module is very active', 'Partners'),
(69, 1, 'First Data installed', 'You have installed the First Data module', 'Partners'),
(69, 2, 'First Data installed', 'You have installed the First Data module', 'Partners'),
(70, 1, 'First Data configured', 'You have configured the First Data module', 'Partners'),
(70, 2, 'First Data configured', 'You have configured the First Data module', 'Partners'),
(71, 1, 'First Data active', 'Your First Data module is active', 'Partners'),
(71, 2, 'First Data active', 'Your First Data module is active', 'Partners'),
(72, 1, 'First Data very active', 'Your First Data module is very active', 'Partners'),
(72, 2, 'First Data very active', 'Your First Data module is very active', 'Partners'),
(73, 1, 'Give.it installed', 'You have installed the Give.it module', 'Partners'),
(73, 2, 'Give.it installed', 'You have installed the Give.it module', 'Partners'),
(74, 1, 'Give.it configured', 'You have configured the Give.it module', 'Partners'),
(74, 2, 'Give.it configured', 'You have configured the Give.it module', 'Partners'),
(75, 1, 'Give.it active', 'Your Give.it module is active', 'Partners'),
(75, 2, 'Give.it active', 'Your Give.it module is active', 'Partners'),
(76, 1, 'Give.it very active', 'Your Give.it module is very active', 'Partners'),
(76, 2, 'Give.it very active', 'Your Give.it module is very active', 'Partners'),
(77, 1, 'Google Analytics installed', 'You have installed the Google Analytics module', 'Partners'),
(77, 2, 'Google Analytics installed', 'You have installed the Google Analytics module', 'Partners'),
(78, 1, 'Google Analytics configured', 'You have configured the Google Analytics module', 'Partners'),
(78, 2, 'Google Analytics configured', 'You have configured the Google Analytics module', 'Partners'),
(79, 1, 'Google Analytics active', 'Your Google Analytics module is active', 'Partners'),
(79, 2, 'Google Analytics active', 'Your Google Analytics module is active', 'Partners'),
(80, 1, 'Google Analytics very active', 'Your Google Analytics module is very active', 'Partners'),
(80, 2, 'Google Analytics very active', 'Your Google Analytics module is very active', 'Partners'),
(81, 1, 'PagSeguro installed', 'You have installed the PagSeguro module', 'Partners'),
(81, 2, 'PagSeguro installed', 'You have installed the PagSeguro module', 'Partners'),
(82, 1, 'PagSeguro configured', 'You have configured the PagSeguro module', 'Partners'),
(82, 2, 'PagSeguro configured', 'You have configured the PagSeguro module', 'Partners'),
(83, 1, 'PagSeguro active', 'Your PagSeguro module is active', 'Partners'),
(83, 2, 'PagSeguro active', 'Your PagSeguro module is active', 'Partners'),
(84, 1, 'PagSeguro very active', 'Your PagSeguro module is very active', 'Partners'),
(84, 2, 'PagSeguro very active', 'Your PagSeguro module is very active', 'Partners'),
(85, 1, 'Paypal MX installed', 'You have installed the Paypal MX module', 'Partners'),
(85, 2, 'Paypal MX installed', 'You have installed the Paypal MX module', 'Partners'),
(86, 1, 'Paypal MX configured', 'You have configured the Paypal MX module', 'Partners'),
(86, 2, 'Paypal MX configured', 'You have configured the Paypal MX module', 'Partners'),
(87, 1, 'Paypal MX active', 'Your Paypal MX module is active', 'Partners'),
(87, 2, 'Paypal MX active', 'Your Paypal MX module is active', 'Partners'),
(88, 1, 'Paypal MX very active', 'Your Paypal MX module is very active', 'Partners'),
(88, 2, 'Paypal MX very active', 'Your Paypal MX module is very active', 'Partners'),
(89, 1, 'Paypal USA installed', 'You have installed the Paypal USA module', 'Partners'),
(89, 2, 'Paypal USA installed', 'You have installed the Paypal USA module', 'Partners'),
(90, 1, 'Paypal USA configured', 'You have configured the Paypal USA module', 'Partners'),
(90, 2, 'Paypal USA configured', 'You have configured the Paypal USA module', 'Partners'),
(91, 1, 'Paypal USA active', 'Your Paypal USA module is active', 'Partners'),
(91, 2, 'Paypal USA active', 'Your Paypal USA module is active', 'Partners'),
(92, 1, 'Paypal USA very active', 'Your Paypal USA module is very active', 'Partners'),
(92, 2, 'Paypal USA very active', 'Your Paypal USA module is very active', 'Partners'),
(93, 1, 'PayULatam installed', 'You have installed the PayULatam module', 'Partners'),
(93, 2, 'PayULatam installed', 'You have installed the PayULatam module', 'Partners'),
(94, 1, 'PayULatam configured', 'You have configured the PayULatam module', 'Partners'),
(94, 2, 'PayULatam configured', 'You have configured the PayULatam module', 'Partners'),
(95, 1, 'PayULatam active', 'Your PayULatam module is active', 'Partners'),
(95, 2, 'PayULatam active', 'Your PayULatam module is active', 'Partners'),
(96, 1, 'PayULatam very active', 'Your PayULatam module is very active', 'Partners'),
(96, 2, 'PayULatam very active', 'Your PayULatam module is very active', 'Partners'),
(97, 1, 'PrestaStats installed', 'You have installed the PrestaStats module', 'Partners'),
(97, 2, 'PrestaStats installed', 'You have installed the PrestaStats module', 'Partners'),
(98, 1, 'PrestaStats configured', 'You have configured the PrestaStats module', 'Partners'),
(98, 2, 'PrestaStats configured', 'You have configured the PrestaStats module', 'Partners'),
(99, 1, 'PrestaStats active', 'Your PrestaStats module is active', 'Partners'),
(99, 2, 'PrestaStats active', 'Your PrestaStats module is active', 'Partners'),
(100, 1, 'PrestaStats very active', 'Your PrestaStats module is very active', 'Partners'),
(100, 2, 'PrestaStats very active', 'Your PrestaStats module is very active', 'Partners'),
(101, 1, 'Riskified installed', 'You have installed the Riskified module', 'Partners'),
(101, 2, 'Riskified installed', 'You have installed the Riskified module', 'Partners'),
(102, 1, 'Riskified configured', 'You have configured the Riskified module', 'Partners'),
(102, 2, 'Riskified configured', 'You have configured the Riskified module', 'Partners'),
(103, 1, 'Riskified active', 'Your Riskified module is active', 'Partners'),
(103, 2, 'Riskified active', 'Your Riskified module is active', 'Partners'),
(104, 1, 'Riskified very active', 'Your Riskified module is very active', 'Partners'),
(104, 2, 'Riskified very active', 'Your Riskified module is very active', 'Partners'),
(105, 1, 'Simplify installed', 'You have installed the Simplify module', 'Partners'),
(105, 2, 'Simplify installed', 'You have installed the Simplify module', 'Partners'),
(106, 1, 'Simplify configured', 'You have configured the Simplify module', 'Partners'),
(106, 2, 'Simplify configured', 'You have configured the Simplify module', 'Partners'),
(107, 1, 'Simplify active', 'Your Simplify module is active', 'Partners'),
(107, 2, 'Simplify active', 'Your Simplify module is active', 'Partners'),
(108, 1, 'Simplify very active', 'Your Simplify module is very active', 'Partners'),
(108, 2, 'Simplify very active', 'Your Simplify module is very active', 'Partners'),
(109, 1, 'VTPayment installed', 'You have installed the VTPayment module', 'Partners'),
(109, 2, 'VTPayment installed', 'You have installed the VTPayment module', 'Partners'),
(110, 1, 'VTPayment configured', 'You have configured the VTPayment module', 'Partners'),
(110, 2, 'VTPayment configured', 'You have configured the VTPayment module', 'Partners'),
(111, 1, 'VTPayment active', 'Your VTPayment module is active', 'Partners'),
(111, 2, 'VTPayment active', 'Your VTPayment module is active', 'Partners'),
(112, 1, 'VTPayment very active', 'Your VTPayment module is very active', 'Partners'),
(112, 2, 'VTPayment very active', 'Your VTPayment module is very active', 'Partners'),
(113, 1, 'Yotpo installed', 'You have installed the Yotpo module', 'Partners'),
(113, 2, 'Yotpo installed', 'You have installed the Yotpo module', 'Partners'),
(114, 1, 'Yotpo configured', 'You have configured the Yotpo module', 'Partners'),
(114, 2, 'Yotpo configured', 'You have configured the Yotpo module', 'Partners'),
(115, 1, 'Yotpo active', 'Your Yotpo module is active', 'Partners'),
(115, 2, 'Yotpo active', 'Your Yotpo module is active', 'Partners'),
(116, 1, 'Yotpo very active', 'Your Yotpo module is very active', 'Partners'),
(116, 2, 'Yotpo very active', 'Your Yotpo module is very active', 'Partners'),
(117, 1, 'Youstice installed', 'You have installed the Youstice module', 'Partners'),
(117, 2, 'Youstice installed', 'You have installed the Youstice module', 'Partners'),
(118, 1, 'Youstice configured', 'You have configured the Youstice module', 'Partners'),
(118, 2, 'Youstice configured', 'You have configured the Youstice module', 'Partners'),
(119, 1, 'Youstice active', 'Your Youstice module is active', 'Partners'),
(119, 2, 'Youstice active', 'Your Youstice module is active', 'Partners'),
(120, 1, 'Youstice very active', 'Your Youstice module is very active', 'Partners'),
(120, 2, 'Youstice very active', 'Your Youstice module is very active', 'Partners'),
(121, 1, 'Loyalty Lion installed', 'You have installed the Loyalty Lion module', 'Partners'),
(121, 2, 'Loyalty Lion installed', 'You have installed the Loyalty Lion module', 'Partners'),
(122, 1, 'Loyalty Lion configured', 'You have configured the Loyalty Lion module', 'Partners'),
(122, 2, 'Loyalty Lion configured', 'You have configured the Loyalty Lion module', 'Partners'),
(123, 1, 'Loyalty Lion active', 'Your Loyalty Lion module is active', 'Partners'),
(123, 2, 'Loyalty Lion active', 'Your Loyalty Lion module is active', 'Partners'),
(124, 1, 'Loyalty Lion very active', 'Your Loyalty Lion module is very active', 'Partners'),
(124, 2, 'Loyalty Lion very active', 'Your Loyalty Lion module is very active', 'Partners'),
(125, 1, 'SEO', 'You enabled the URL rewriting through the tab \"Preferences > SEO and URLs\".', 'SEO'),
(125, 2, 'SEO', 'You enabled the URL rewriting through the tab \"Preferences > SEO and URLs\".', 'SEO'),
(126, 1, 'Site Performance', 'You enabled CCC (Combine, Compress and Cache), Rijndael and Smarty through the tab \r\nAdvanced Parameters > Performance.', 'Site Performance'),
(126, 2, 'Site Performance', 'You enabled CCC (Combine, Compress and Cache), Rijndael and Smarty through the tab \r\nAdvanced Parameters > Performance.', 'Site Performance'),
(127, 1, 'Site Performance', 'You enabled media servers through the tab \"Advanced parameters > Performance\".', 'Site Performance'),
(127, 2, 'Site Performance', 'You enabled media servers through the tab \"Advanced parameters > Performance\".', 'Site Performance'),
(128, 1, 'Payment', 'You configured a payment solution on your shop.', 'Payment'),
(128, 2, 'Payment', 'You configured a payment solution on your shop.', 'Payment'),
(129, 1, 'Payment', 'You offer two different payment methods to your customers.', 'Payment'),
(129, 2, 'Payment', 'You offer two different payment methods to your customers.', 'Payment'),
(130, 1, 'Shipping', 'You configured a carrier on your shop.', 'Shipping'),
(130, 2, 'Shipping', 'You configured a carrier on your shop.', 'Shipping'),
(131, 1, 'Shipping', 'You offer two shipping solutions (carriers) to your customers.', 'Shipping'),
(131, 2, 'Shipping', 'You offer two shipping solutions (carriers) to your customers.', 'Shipping'),
(132, 1, 'Catalog Size', 'You added your first product to your catalog!', 'Catalog Size'),
(132, 2, 'Catalog Size', 'You added your first product to your catalog!', 'Catalog Size'),
(133, 1, 'Catalog Size', 'You have 10 products within your catalog.', 'Catalog Size'),
(133, 2, 'Catalog Size', 'You have 10 products within your catalog.', 'Catalog Size'),
(134, 1, 'Contact information', 'You configured your phone number so your customers can reach you!', 'Contact information'),
(134, 2, 'Contact information', 'You configured your phone number so your customers can reach you!', 'Contact information'),
(135, 1, 'Contact information', 'You added a third email address to your contact form.', 'Contact information'),
(135, 2, 'Contact information', 'You added a third email address to your contact form.', 'Contact information'),
(136, 1, 'Contact information', 'You suggest a total of 5 departments to be reached by your customers via your contact form.', 'Contact information'),
(136, 2, 'Contact information', 'You suggest a total of 5 departments to be reached by your customers via your contact form.', 'Contact information'),
(137, 1, 'Catalog Size', 'You have 100 products within your catalog.', 'Catalog Size'),
(137, 2, 'Catalog Size', 'You have 100 products within your catalog.', 'Catalog Size'),
(138, 1, 'Catalog Size', 'You have 1,000 products within your catalog.', 'Catalog Size'),
(138, 2, 'Catalog Size', 'You have 1,000 products within your catalog.', 'Catalog Size'),
(139, 1, 'Catalog Size', 'You have 10,000 products within your catalog.', 'Catalog Size'),
(139, 2, 'Catalog Size', 'You have 10,000 products within your catalog.', 'Catalog Size'),
(140, 1, 'Catalog Size', 'You have 100,000 products within your catalog.', 'Catalog Size'),
(140, 2, 'Catalog Size', 'You have 100,000 products within your catalog.', 'Catalog Size'),
(141, 1, 'Days of Experience', 'You just installed PrestaShop!', 'Days of Experience'),
(141, 2, 'Days of Experience', 'You just installed PrestaShop!', 'Days of Experience'),
(142, 1, 'Days of Experience', 'You installed PrestaShop a week ago!', 'Days of Experience'),
(142, 2, 'Days of Experience', 'You installed PrestaShop a week ago!', 'Days of Experience'),
(143, 1, 'Customization', 'You uploaded your own logo.', 'Customization'),
(143, 2, 'Customization', 'You uploaded your own logo.', 'Customization'),
(144, 1, 'Customization', 'You installed a new template.', 'Customization'),
(144, 2, 'Customization', 'You installed a new template.', 'Customization'),
(145, 1, 'Addons', 'You connected your back-office to the Addons platform using your PrestaShop Addons account.', 'Addons'),
(145, 2, 'Addons', 'You connected your back-office to the Addons platform using your PrestaShop Addons account.', 'Addons'),
(146, 1, 'Multistores', 'You enabled the Multistores feature.', 'Multistores'),
(146, 2, 'Multistores', 'You enabled the Multistores feature.', 'Multistores'),
(147, 1, 'Multistores', 'You manage two shops with the Multistores feature.', 'Multistores'),
(147, 2, 'Multistores', 'You manage two shops with the Multistores feature.', 'Multistores'),
(148, 1, 'Multistores', 'You manage two different groups of shops using the Multistores feature.', 'Multistores'),
(148, 2, 'Multistores', 'You manage two different groups of shops using the Multistores feature.', 'Multistores'),
(149, 1, 'Multistores', 'You manage five shops with the Multistores feature.', 'Multistores'),
(149, 2, 'Multistores', 'You manage five shops with the Multistores feature.', 'Multistores'),
(150, 1, 'Multistores', 'You manage five different groups of shops using the Multistores feature.', 'Multistores'),
(150, 2, 'Multistores', 'You manage five different groups of shops using the Multistores feature.', 'Multistores'),
(151, 1, 'Shipping', 'You offer three different shipping solutions (carriers) to your customers.', 'Shipping'),
(151, 2, 'Shipping', 'You offer three different shipping solutions (carriers) to your customers.', 'Shipping'),
(152, 1, 'Payment', 'You offer three different payment methods to your customers.', 'Payment'),
(152, 2, 'Payment', 'You offer three different payment methods to your customers.', 'Payment'),
(153, 1, 'Revenue', 'You get this badge when you reach 200 USD in sales.', 'Revenue'),
(153, 2, 'Revenue', 'You get this badge when you reach 200 USD in sales.', 'Revenue'),
(154, 1, 'Revenue', 'You get this badge when you reach 1000 USD in sales.', 'Revenue'),
(154, 2, 'Revenue', 'You get this badge when you reach 1000 USD in sales.', 'Revenue'),
(155, 1, 'Revenue', 'You get this badge when you reach 1000 USD in sales.', 'Revenue'),
(155, 2, 'Revenue', 'You get this badge when you reach 1000 USD in sales.', 'Revenue'),
(156, 1, 'Revenue', 'You get this badge when you reach 200 USD in sales.', 'Revenue'),
(156, 2, 'Revenue', 'You get this badge when you reach 200 USD in sales.', 'Revenue'),
(157, 1, 'Revenue', 'You get this badge when you reach 1000 USD in sales.', 'Revenue'),
(157, 2, 'Revenue', 'You get this badge when you reach 1000 USD in sales.', 'Revenue'),
(158, 1, 'Revenue', 'You get this badge when you reach 1000 USD in sales.', 'Revenue'),
(158, 2, 'Revenue', 'You get this badge when you reach 1000 USD in sales.', 'Revenue'),
(159, 1, 'Days of Experience', 'You installed PrestaShop a month ago!', 'Days of Experience'),
(159, 2, 'Days of Experience', 'You installed PrestaShop a month ago!', 'Days of Experience'),
(160, 1, 'Days of Experience', 'You installed PrestaShop six months ago!', 'Days of Experience'),
(160, 2, 'Days of Experience', 'You installed PrestaShop six months ago!', 'Days of Experience'),
(161, 1, 'Days of Experience', 'You installed PrestaShop a year ago!', 'Days of Experience'),
(161, 2, 'Days of Experience', 'You installed PrestaShop a year ago!', 'Days of Experience'),
(162, 1, 'Days of Experience', 'You installed PrestaShop two years ago!', 'Days of Experience'),
(162, 2, 'Days of Experience', 'You installed PrestaShop two years ago!', 'Days of Experience'),
(163, 1, 'Visitors', 'You reached 10 visitors!', 'Visitors'),
(163, 2, 'Visitors', 'You reached 10 visitors!', 'Visitors'),
(164, 1, 'Visitors', 'You reached 100 visitors!', 'Visitors'),
(164, 2, 'Visitors', 'You reached 100 visitors!', 'Visitors'),
(165, 1, 'Visitors', 'You reached 1,000 visitors!', 'Visitors'),
(165, 2, 'Visitors', 'You reached 1,000 visitors!', 'Visitors'),
(166, 1, 'Visitors', 'You reached 10,000 visitors!', 'Visitors'),
(166, 2, 'Visitors', 'You reached 10,000 visitors!', 'Visitors'),
(167, 1, 'Visitors', 'You reached 100,000 visitors!', 'Visitors'),
(167, 2, 'Visitors', 'You reached 100,000 visitors!', 'Visitors'),
(168, 1, 'Visitors', 'You reached 1,000,000 visitors!', 'Visitors'),
(168, 2, 'Visitors', 'You reached 1,000,000 visitors!', 'Visitors'),
(169, 1, 'Customer Carts', 'Two carts have been created by visitors', 'Customer Carts'),
(169, 2, 'Customer Carts', 'Two carts have been created by visitors', 'Customer Carts'),
(170, 1, 'Customer Carts', 'Ten carts have been created by visitors.', 'Customer Carts'),
(170, 2, 'Customer Carts', 'Ten carts have been created by visitors.', 'Customer Carts'),
(171, 1, 'Customer Carts', 'A hundred carts have been created by visitors on your shop.', 'Customer Carts'),
(171, 2, 'Customer Carts', 'A hundred carts have been created by visitors on your shop.', 'Customer Carts'),
(172, 1, 'Customer Carts', 'A thousand carts have been created by visitors on your shop.', 'Customer Carts'),
(172, 2, 'Customer Carts', 'A thousand carts have been created by visitors on your shop.', 'Customer Carts'),
(173, 1, 'Customer Carts', '10,000 carts have been created by visitors.', 'Customer Carts'),
(173, 2, 'Customer Carts', '10,000 carts have been created by visitors.', 'Customer Carts'),
(174, 1, 'Customer Carts', '100,000 carts have been created by visitors.', 'Customer Carts'),
(174, 2, 'Customer Carts', '100,000 carts have been created by visitors.', 'Customer Carts'),
(175, 1, 'Orders', 'You received your first order.', 'Orders'),
(175, 2, 'Orders', 'You received your first order.', 'Orders'),
(176, 1, 'Orders', '10 orders have been placed through your online shop.', 'Orders'),
(176, 2, 'Orders', '10 orders have been placed through your online shop.', 'Orders'),
(177, 1, 'Orders', 'You received 100 orders through your online shop!', 'Orders'),
(177, 2, 'Orders', 'You received 100 orders through your online shop!', 'Orders'),
(178, 1, 'Orders', 'You received 1,000 orders through your online shop, congrats!', 'Orders'),
(178, 2, 'Orders', 'You received 1,000 orders through your online shop, congrats!', 'Orders'),
(179, 1, 'Orders', 'You received 10,000 orders through your online shop, cheers!', 'Orders'),
(179, 2, 'Orders', 'You received 10,000 orders through your online shop, cheers!', 'Orders'),
(180, 1, 'Orders', 'You received 100,000 orders through your online shop!', 'Orders'),
(180, 2, 'Orders', 'You received 100,000 orders through your online shop!', 'Orders'),
(181, 1, 'Customer Service Threads', 'You received  your first customer\'s message.', 'Customer Service Threads'),
(181, 2, 'Customer Service Threads', 'You received  your first customer\'s message.', 'Customer Service Threads'),
(182, 1, 'Customer Service Threads', 'You received 10 messages from your customers.', 'Customer Service Threads'),
(182, 2, 'Customer Service Threads', 'You received 10 messages from your customers.', 'Customer Service Threads'),
(183, 1, 'Customer Service Threads', 'You received 100 messages from your customers.', 'Customer Service Threads'),
(183, 2, 'Customer Service Threads', 'You received 100 messages from your customers.', 'Customer Service Threads'),
(184, 1, 'Customer Service Threads', 'You received 1,000 messages from your customers.', 'Customer Service Threads'),
(184, 2, 'Customer Service Threads', 'You received 1,000 messages from your customers.', 'Customer Service Threads'),
(185, 1, 'Customer Service Threads', 'You received 10,000 messages from your customers.', 'Customer Service Threads'),
(185, 2, 'Customer Service Threads', 'You received 10,000 messages from your customers.', 'Customer Service Threads'),
(186, 1, 'Customer Service Threads', 'You received 100,000 messages from your customers.', 'Customer Service Threads'),
(186, 2, 'Customer Service Threads', 'You received 100,000 messages from your customers.', 'Customer Service Threads'),
(187, 1, 'Customers', 'You got the first customer registered on your shop!', 'Customers'),
(187, 2, 'Customers', 'You got the first customer registered on your shop!', 'Customers'),
(188, 1, 'Customers', 'You have over 10 customers registered on your shop.', 'Customers'),
(188, 2, 'Customers', 'You have over 10 customers registered on your shop.', 'Customers'),
(189, 1, 'Customers', 'You have over 100 customers registered on your shop.', 'Customers'),
(189, 2, 'Customers', 'You have over 100 customers registered on your shop.', 'Customers'),
(190, 1, 'Customers', 'You have over 1,000 customers registered on your shop.', 'Customers'),
(190, 2, 'Customers', 'You have over 1,000 customers registered on your shop.', 'Customers'),
(191, 1, 'Customers', 'You have over 10,000 customers registered on your shop.', 'Customers'),
(191, 2, 'Customers', 'You have over 10,000 customers registered on your shop.', 'Customers'),
(192, 1, 'Customers', 'You have over 100,000 customers registered on your shop.', 'Customers'),
(192, 2, 'Customers', 'You have over 100,000 customers registered on your shop.', 'Customers'),
(193, 1, 'North America', 'You got your first sale in North America', 'North America'),
(193, 2, 'North America', 'You got your first sale in North America', 'North America'),
(194, 1, 'Oceania', 'You got your first sale in Oceania', 'Oceania'),
(194, 2, 'Oceania', 'You got your first sale in Oceania', 'Oceania'),
(195, 1, 'Asia', 'You got your first sale in Asia', 'Asia'),
(195, 2, 'Asia', 'You got your first sale in Asia', 'Asia'),
(196, 1, 'South America', 'You got your first sale in South America', 'South America'),
(196, 2, 'South America', 'You got your first sale in South America', 'South America'),
(197, 1, 'Europe', 'You got your first sale in  Europe!', 'Europe'),
(197, 2, 'Europe', 'You got your first sale in  Europe!', 'Europe'),
(198, 1, 'Africa', 'You got your first sale in Africa', 'Africa'),
(198, 2, 'Africa', 'You got your first sale in Africa', 'Africa'),
(199, 1, 'Maghreb', 'You got your first sale in Maghreb', 'Maghreb'),
(199, 2, 'Maghreb', 'You got your first sale in Maghreb', 'Maghreb'),
(200, 1, 'Your Team\'s Employees', 'First employee account added to your shop', 'Your Team\'s Employees'),
(200, 2, 'Your Team\'s Employees', 'First employee account added to your shop', 'Your Team\'s Employees'),
(201, 1, 'Your Team\'s Employees', '3 employee accounts added to your shop', 'Your Team\'s Employees'),
(201, 2, 'Your Team\'s Employees', '3 employee accounts added to your shop', 'Your Team\'s Employees'),
(202, 1, 'Your Team\'s Employees', '5 employee accounts added to your shop', 'Your Team\'s Employees'),
(202, 2, 'Your Team\'s Employees', '5 employee accounts added to your shop', 'Your Team\'s Employees'),
(203, 1, 'Your Team\'s Employees', '10 employee accounts added to your shop', 'Your Team\'s Employees'),
(203, 2, 'Your Team\'s Employees', '10 employee accounts added to your shop', 'Your Team\'s Employees'),
(204, 1, 'Your Team\'s Employees', '20 employee accounts added to your shop', 'Your Team\'s Employees'),
(204, 2, 'Your Team\'s Employees', '20 employee accounts added to your shop', 'Your Team\'s Employees'),
(205, 1, 'Your Team\'s Employees', '40 employee accounts added to your shop', 'Your Team\'s Employees'),
(205, 2, 'Your Team\'s Employees', '40 employee accounts added to your shop', 'Your Team\'s Employees'),
(206, 1, 'Product Pictures', 'First photo added to your catalog', 'Product Pictures'),
(206, 2, 'Product Pictures', 'First photo added to your catalog', 'Product Pictures'),
(207, 1, 'Product Pictures', '50 photos added to your catalog', 'Product Pictures'),
(207, 2, 'Product Pictures', '50 photos added to your catalog', 'Product Pictures'),
(208, 1, 'Product Pictures', '100 photos added to your catalog', 'Product Pictures'),
(208, 2, 'Product Pictures', '100 photos added to your catalog', 'Product Pictures'),
(209, 1, 'Product Pictures', '1,000 photos added to your catalog', 'Product Pictures'),
(209, 2, 'Product Pictures', '1,000 photos added to your catalog', 'Product Pictures'),
(210, 1, 'Product Pictures', '10,000 photos added to your catalog', 'Product Pictures'),
(210, 2, 'Product Pictures', '10,000 photos added to your catalog', 'Product Pictures'),
(211, 1, 'Product Pictures', '50,000 photos added to your catalog', 'Product Pictures'),
(211, 2, 'Product Pictures', '50,000 photos added to your catalog', 'Product Pictures'),
(212, 1, 'Customization', 'First CMS page added to your catalog', 'Customization'),
(212, 2, 'Customization', 'First CMS page added to your catalog', 'Customization'),
(213, 1, 'Cart Rules', 'First cart rules configured on your shop', 'Cart Rules'),
(213, 2, 'Cart Rules', 'First cart rules configured on your shop', 'Cart Rules'),
(214, 1, 'Cart Rules', 'You have 10 cart rules configured on your shop', 'Cart Rules'),
(214, 2, 'Cart Rules', 'You have 10 cart rules configured on your shop', 'Cart Rules'),
(215, 1, 'Cart Rules', 'You have 100 cart rules configured on your shop', 'Cart Rules'),
(215, 2, 'Cart Rules', 'You have 100 cart rules configured on your shop', 'Cart Rules'),
(216, 1, 'Cart Rules', 'You have 500 cart rules configured on your shop', 'Cart Rules'),
(216, 2, 'Cart Rules', 'You have 500 cart rules configured on your shop', 'Cart Rules'),
(217, 1, 'Cart Rules', 'You have 1,000 cart rules configured on your shop', 'Cart Rules'),
(217, 2, 'Cart Rules', 'You have 1,000 cart rules configured on your shop', 'Cart Rules'),
(218, 1, 'Cart Rules', 'You have 5,000 cart rules configured on your shop', 'Cart Rules'),
(218, 2, 'Cart Rules', 'You have 5,000 cart rules configured on your shop', 'Cart Rules'),
(219, 1, 'International Orders', 'First international order placed on your shop.', 'International Orders'),
(219, 2, 'International Orders', 'First international order placed on your shop.', 'International Orders'),
(220, 1, 'International Orders', '10 international orders placed on your shop.', 'International Orders'),
(220, 2, 'International Orders', '10 international orders placed on your shop.', 'International Orders'),
(221, 1, 'International Orders', '100 international orders placed on your shop!', 'International Orders'),
(221, 2, 'International Orders', '100 international orders placed on your shop!', 'International Orders'),
(222, 1, 'International Orders', '1,000 international orders placed on your shop!', 'International Orders'),
(222, 2, 'International Orders', '1,000 international orders placed on your shop!', 'International Orders'),
(223, 1, 'International Orders', '5,000 international orders placed on your shop!', 'International Orders'),
(223, 2, 'International Orders', '5,000 international orders placed on your shop!', 'International Orders'),
(224, 1, 'International Orders', '10,000 international orders placed on your shop!', 'International Orders'),
(224, 2, 'International Orders', '10,000 international orders placed on your shop!', 'International Orders'),
(225, 1, 'Store', 'First store configured on your shop!', 'Store'),
(225, 2, 'Store', 'First store configured on your shop!', 'Store'),
(226, 1, 'Store', 'You have 2 stores configured on your shop', 'Store'),
(226, 2, 'Store', 'You have 2 stores configured on your shop', 'Store'),
(227, 1, 'Store', 'You have 5 stores configured on your shop', 'Store'),
(227, 2, 'Store', 'You have 5 stores configured on your shop', 'Store'),
(228, 1, 'Store', 'You have 10 stores configured on your shop', 'Store'),
(228, 2, 'Store', 'You have 10 stores configured on your shop', 'Store'),
(229, 1, 'Store', 'You have 20 stores configured on your shop', 'Store'),
(229, 2, 'Store', 'You have 20 stores configured on your shop', 'Store'),
(230, 1, 'Store', 'You have 50 stores configured on your shop', 'Store'),
(230, 2, 'Store', 'You have 50 stores configured on your shop', 'Store'),
(231, 1, 'Webservice x1', 'First webservice account added to your shop', 'WebService'),
(231, 2, 'Webservice x1', 'First webservice account added to your shop', 'WebService'),
(232, 1, 'Webservice x2', '2 webservice accounts added to your shop', 'WebService'),
(232, 2, 'Webservice x2', '2 webservice accounts added to your shop', 'WebService'),
(233, 1, 'Webservice x3', '3 webservice accounts added to your shop', 'WebService'),
(233, 2, 'Webservice x3', '3 webservice accounts added to your shop', 'WebService'),
(234, 1, 'Webservice x4', '4 webservice accounts added to your shop', 'WebService'),
(234, 2, 'Webservice x4', '4 webservice accounts added to your shop', 'WebService');

-- --------------------------------------------------------

--
-- Table structure for table `ps_carrier`
--

CREATE TABLE `ps_carrier` (
  `id_carrier` int(10) UNSIGNED NOT NULL,
  `id_reference` int(10) UNSIGNED NOT NULL,
  `id_tax_rules_group` int(10) UNSIGNED DEFAULT '0',
  `name` varchar(64) NOT NULL,
  `url` varchar(255) DEFAULT NULL,
  `active` tinyint(1) UNSIGNED NOT NULL DEFAULT '0',
  `deleted` tinyint(1) UNSIGNED NOT NULL DEFAULT '0',
  `shipping_handling` tinyint(1) UNSIGNED NOT NULL DEFAULT '1',
  `range_behavior` tinyint(1) UNSIGNED NOT NULL DEFAULT '0',
  `is_module` tinyint(1) UNSIGNED NOT NULL DEFAULT '0',
  `is_free` tinyint(1) UNSIGNED NOT NULL DEFAULT '0',
  `shipping_external` tinyint(1) UNSIGNED NOT NULL DEFAULT '0',
  `need_range` tinyint(1) UNSIGNED NOT NULL DEFAULT '0',
  `external_module_name` varchar(64) DEFAULT NULL,
  `shipping_method` int(2) NOT NULL DEFAULT '0',
  `position` int(10) UNSIGNED NOT NULL DEFAULT '0',
  `max_width` int(10) DEFAULT '0',
  `max_height` int(10) DEFAULT '0',
  `max_depth` int(10) DEFAULT '0',
  `max_weight` decimal(20,6) DEFAULT '0.000000',
  `grade` int(10) DEFAULT '0'
) ENGINE=InnoDB DEFAULT CHARSET=utf8;

--
-- Dumping data for table `ps_carrier`
--

INSERT INTO `ps_carrier` (`id_carrier`, `id_reference`, `id_tax_rules_group`, `name`, `url`, `active`, `deleted`, `shipping_handling`, `range_behavior`, `is_module`, `is_free`, `shipping_external`, `need_range`, `external_module_name`, `shipping_method`, `position`, `max_width`, `max_height`, `max_depth`, `max_weight`, `grade`) VALUES
(1, 1, 0, 'ACV - Produção e Comércio de Vinho de Talha, Lda.', '', 1, 1, 0, 0, 0, 1, 0, 0, '', 1, 0, 0, 0, 0, 0.000000, 0),
(2, 2, 0, 'My carrier', '', 1, 1, 1, 0, 0, 0, 0, 0, '', 1, 1, 0, 0, 0, 0.000000, 0),
(3, 1, 0, 'ACV - Produção e Comércio de Vinho de Talha, Lda.', '', 1, 1, 0, 0, 0, 1, 0, 0, '', 1, 0, 0, 0, 0, 0.000000, 0),
(4, 2, 0, 'CTT - Expresso, continente, ilhas e União Europeia ', 'https://www.ctt.pt/feapl_2/app/open/objectSearch/objectSearch.jspx?lang=def', 1, 1, 0, 0, 0, 0, 0, 0, '', 1, 1, 0, 0, 0, 0.000000, 0),
(5, 2, 0, 'CTT - Expresso, continente, ilhas e União Europeia ', 'https://www.ctt.pt/feapl_2/app/open/objectSearch/objectSearch.jspx?lang=def', 1, 1, 0, 0, 0, 0, 0, 0, '', 1, 1, 0, 0, 0, 0.000000, 0),
(6, 2, 0, 'CTT - Expresso, continente, ilhas e União Europeia ', 'https://www.ctt.pt/feapl_2/app/open/objectSearch/objectSearch.jspx?lang=def', 1, 0, 0, 0, 0, 0, 0, 0, '', 1, 1, 0, 0, 0, 0.000000, 0),
(7, 7, 0, 'CTTs Expresso, UE Bulgária, Chipre, Croácia e Roménia', '', 1, 0, 0, 0, 0, 0, 0, 0, '', 1, 2, 0, 0, 0, 0.000000, 0),
(8, 1, 0, 'ACV - Produção e Comércio de Vinho de Talha, Lda.', '', 1, 0, 0, 0, 0, 1, 0, 0, '', 1, 0, 0, 0, 0, 0.000000, 0),
(9, 9, 0, 'Enoturismo na Adega', '', 1, 1, 1, 0, 0, 1, 0, 0, '', 1, 3, 0, 0, 0, 0.000000, 0),
(10, 9, 0, 'Enoturismo na Adega', '', 1, 1, 1, 0, 0, 1, 0, 0, '', 1, 3, 0, 0, 0, 0.000000, 0),
(11, 9, 0, 'Enoturismo na Adega', '', 1, 1, 1, 0, 0, 1, 0, 0, '', 1, 3, 0, 0, 0, 0.000000, 0),
(12, 9, 0, 'Wine tourism in the winery', '', 1, 1, 1, 0, 0, 1, 0, 0, '', 1, 3, 0, 0, 0, 0.000000, 0),
(13, 9, 0, 'Enoturismo na Adega', '', 1, 1, 1, 0, 0, 1, 0, 0, '', 1, 3, 0, 0, 0, 0.000000, 0),
(14, 9, 0, 'Wine tourism in the winery', '', 1, 1, 1, 0, 0, 1, 0, 0, '', 1, 3, 0, 0, 0, 0.000000, 0),
(15, 9, 0, 'Enoturismo na Adega', '', 1, 0, 1, 0, 0, 1, 0, 0, '', 1, 3, 0, 0, 0, 0.000000, 0);

-- --------------------------------------------------------

--
-- Table structure for table `ps_carrier_group`
--

CREATE TABLE `ps_carrier_group` (
  `id_carrier` int(10) UNSIGNED NOT NULL,
  `id_group` int(10) UNSIGNED NOT NULL
) ENGINE=InnoDB DEFAULT CHARSET=utf8;

--
-- Dumping data for table `ps_carrier_group`
--

INSERT INTO `ps_carrier_group` (`id_carrier`, `id_group`) VALUES
(1, 1),
(1, 2),
(1, 3),
(2, 1),
(2, 2),
(2, 3),
(3, 1),
(3, 2),
(3, 3),
(4, 1),
(4, 2),
(4, 3),
(5, 1),
(5, 2),
(5, 3),
(6, 1),
(6, 2),
(6, 3),
(6, 4),
(6, 5),
(7, 1),
(7, 2),
(7, 3),
(7, 4),
(7, 5),
(8, 1),
(8, 2),
(8, 3),
(8, 4),
(8, 5),
(9, 1),
(9, 2),
(9, 3),
(9, 4),
(9, 5),
(10, 1),
(10, 2),
(10, 3),
(10, 4),
(10, 5),
(11, 1),
(11, 2),
(11, 3),
(11, 4),
(11, 5),
(12, 1),
(12, 2),
(12, 3),
(12, 4),
(12, 5),
(13, 1),
(13, 2),
(13, 3),
(13, 4),
(13, 5),
(14, 1),
(14, 2),
(14, 3),
(14, 4),
(14, 5),
(15, 1),
(15, 2),
(15, 3),
(15, 4),
(15, 5);

-- --------------------------------------------------------

--
-- Table structure for table `ps_carrier_lang`
--

CREATE TABLE `ps_carrier_lang` (
  `id_carrier` int(10) UNSIGNED NOT NULL,
  `id_shop` int(11) UNSIGNED NOT NULL DEFAULT '1',
  `id_lang` int(10) UNSIGNED NOT NULL,
  `delay` varchar(512) DEFAULT NULL
) ENGINE=InnoDB DEFAULT CHARSET=utf8;

--
-- Dumping data for table `ps_carrier_lang`
--

INSERT INTO `ps_carrier_lang` (`id_carrier`, `id_shop`, `id_lang`, `delay`) VALUES
(1, 1, 1, 'Levantar na loja'),
(2, 1, 1, 'Entrega no dia seguinte!'),
(3, 1, 1, 'Levantar na loja'),
(4, 1, 1, 'Até 4 dias '),
(5, 1, 1, 'Até 4 dias '),
(6, 1, 1, 'Até 4 dias '),
(7, 1, 1, 'Até 4 dias '),
(8, 1, 1, 'Levantar na loja'),
(9, 1, 1, 'Produto para usufruir na Adega'),
(10, 1, 1, 'Produto para usufruir na Adega'),
(11, 1, 1, 'Produto para usufruir na Adega'),
(12, 1, 1, 'Produto para usufruir na Adega'),
(13, 1, 1, 'Produto para usufruir na Adega'),
(14, 1, 1, 'Produto para usufruir na Adega'),
(15, 1, 1, 'Produto para usufruir na Adega'),
(1, 1, 2, 'Pick up in-store'),
(2, 1, 2, 'Delivery next day!'),
(3, 1, 2, 'Pick up in-store'),
(4, 1, 2, 'Até 4 dias '),
(5, 1, 2, 'Até 4 dias '),
(6, 1, 2, 'Até 4 dias '),
(7, 1, 2, 'Até 4 dias '),
(8, 1, 2, 'Pick up in-store'),
(9, 1, 2, 'Produto para usufruir na Adega'),
(10, 1, 2, 'Produto para usufruir na Adega'),
(11, 1, 2, 'Produto para usufruir na Adega'),
(12, 1, 2, 'Product to use in the store'),
(13, 1, 2, 'Product to use in the store'),
(14, 1, 2, 'Product to use in the store'),
(15, 1, 2, 'Product to use in the store');

-- --------------------------------------------------------

--
-- Table structure for table `ps_carrier_shop`
--

CREATE TABLE `ps_carrier_shop` (
  `id_carrier` int(11) UNSIGNED NOT NULL,
  `id_shop` int(11) UNSIGNED NOT NULL
) ENGINE=InnoDB DEFAULT CHARSET=utf8;

--
-- Dumping data for table `ps_carrier_shop`
--

INSERT INTO `ps_carrier_shop` (`id_carrier`, `id_shop`) VALUES
(1, 1),
(2, 1),
(3, 1),
(4, 1),
(5, 1),
(6, 1),
(7, 1),
(8, 1),
(9, 1),
(10, 1),
(11, 1),
(12, 1),
(13, 1),
(14, 1),
(15, 1);

-- --------------------------------------------------------

--
-- Table structure for table `ps_carrier_tax_rules_group_shop`
--

CREATE TABLE `ps_carrier_tax_rules_group_shop` (
  `id_carrier` int(11) UNSIGNED NOT NULL,
  `id_tax_rules_group` int(11) UNSIGNED NOT NULL,
  `id_shop` int(11) UNSIGNED NOT NULL
) ENGINE=InnoDB DEFAULT CHARSET=utf8;

--
-- Dumping data for table `ps_carrier_tax_rules_group_shop`
--

INSERT INTO `ps_carrier_tax_rules_group_shop` (`id_carrier`, `id_tax_rules_group`, `id_shop`) VALUES
(1, 1, 1),
(2, 1, 1),
(3, 1, 1),
(4, 1, 1),
(5, 1, 1),
(6, 1, 1),
(7, 0, 1),
(8, 1, 1),
(9, 0, 1),
(10, 0, 1),
(11, 0, 1),
(12, 0, 1),
(13, 0, 1),
(14, 0, 1),
(15, 0, 1);

-- --------------------------------------------------------

--
-- Table structure for table `ps_carrier_zone`
--

CREATE TABLE `ps_carrier_zone` (
  `id_carrier` int(10) UNSIGNED NOT NULL,
  `id_zone` int(10) UNSIGNED NOT NULL
) ENGINE=InnoDB DEFAULT CHARSET=utf8;

--
-- Dumping data for table `ps_carrier_zone`
--

INSERT INTO `ps_carrier_zone` (`id_carrier`, `id_zone`) VALUES
(1, 1),
(2, 1),
(2, 2),
(3, 1),
(4, 1),
(4, 2),
(5, 9),
(5, 10),
(5, 11),
(5, 12),
(5, 13),
(6, 9),
(6, 10),
(6, 11),
(6, 12),
(6, 13),
(7, 15),
(8, 1),
(9, 1),
(9, 2),
(9, 3),
(9, 4),
(9, 5),
(9, 6),
(9, 7),
(9, 8),
(9, 9),
(9, 10),
(9, 11),
(9, 12),
(9, 13),
(9, 15),
(10, 1),
(10, 2),
(10, 3),
(10, 4),
(10, 5),
(10, 6),
(10, 7),
(10, 8),
(10, 9),
(10, 10),
(10, 11),
(10, 12),
(10, 13),
(10, 15),
(11, 1),
(11, 2),
(11, 3),
(11, 4),
(11, 5),
(11, 6),
(11, 7),
(11, 8),
(11, 9),
(11, 10),
(11, 11),
(11, 12),
(11, 13),
(11, 15),
(12, 1),
(12, 2),
(12, 3),
(12, 4),
(12, 5),
(12, 6),
(12, 7),
(12, 8),
(12, 9),
(12, 10),
(12, 11),
(12, 12),
(12, 13),
(12, 15),
(13, 1),
(13, 2),
(13, 3),
(13, 4),
(13, 5),
(13, 6),
(13, 7),
(13, 8),
(13, 9),
(13, 10),
(13, 11),
(13, 12),
(13, 13),
(13, 15),
(14, 1),
(14, 2),
(14, 3),
(14, 4),
(14, 5),
(14, 6),
(14, 7),
(14, 8),
(14, 9),
(14, 10),
(14, 11),
(14, 12),
(14, 13),
(14, 15),
(15, 1),
(15, 2),
(15, 3),
(15, 4),
(15, 5),
(15, 6),
(15, 7),
(15, 8),
(15, 9),
(15, 10),
(15, 11),
(15, 12),
(15, 13),
(15, 15);

-- --------------------------------------------------------

--
-- Table structure for table `ps_cart`
--

CREATE TABLE `ps_cart` (
  `id_cart` int(10) UNSIGNED NOT NULL,
  `id_shop_group` int(11) UNSIGNED NOT NULL DEFAULT '1',
  `id_shop` int(11) UNSIGNED NOT NULL DEFAULT '1',
  `id_carrier` int(10) UNSIGNED NOT NULL,
  `delivery_option` text NOT NULL,
  `id_lang` int(10) UNSIGNED NOT NULL,
  `id_address_delivery` int(10) UNSIGNED NOT NULL,
  `id_address_invoice` int(10) UNSIGNED NOT NULL,
  `id_currency` int(10) UNSIGNED NOT NULL,
  `id_customer` int(10) UNSIGNED NOT NULL,
  `id_guest` int(10) UNSIGNED NOT NULL,
  `secure_key` varchar(32) NOT NULL DEFAULT '-1',
  `recyclable` tinyint(1) UNSIGNED NOT NULL DEFAULT '1',
  `gift` tinyint(1) UNSIGNED NOT NULL DEFAULT '0',
  `gift_message` text,
  `mobile_theme` tinyint(1) NOT NULL DEFAULT '0',
  `allow_seperated_package` tinyint(1) UNSIGNED NOT NULL DEFAULT '0',
  `date_add` datetime NOT NULL,
  `date_upd` datetime NOT NULL,
  `checkout_session_data` mediumtext
) ENGINE=InnoDB DEFAULT CHARSET=utf8;

--
-- Dumping data for table `ps_cart`
--

INSERT INTO `ps_cart` (`id_cart`, `id_shop_group`, `id_shop`, `id_carrier`, `delivery_option`, `id_lang`, `id_address_delivery`, `id_address_invoice`, `id_currency`, `id_customer`, `id_guest`, `secure_key`, `recyclable`, `gift`, `gift_message`, `mobile_theme`, `allow_seperated_package`, `date_add`, `date_upd`, `checkout_session_data`) VALUES
(6, 1, 1, 0, '', 1, 45, 45, 1, 36, 3, '3bf68f6e3b06db267b74b25eba7cea0d', 0, 0, '', 0, 0, '2020-11-15 16:21:11', '2020-11-17 15:33:19', '{\"checkout-personal-information-step\":{\"step_is_reachable\":true,\"step_is_complete\":false},\"checkout-addresses-step\":{\"step_is_reachable\":false,\"step_is_complete\":false,\"use_same_address\":true},\"checkout-delivery-step\":{\"step_is_reachable\":false,\"step_is_complete\":false},\"checkout-payment-step\":{\"step_is_reachable\":false,\"step_is_complete\":false},\"checksum\":null}'),
(7, 1, 1, 6, '{\"48\":\"6,\"}', 1, 48, 48, 1, 39, 19, '26f116db057ddca0e53f5fae43712b98', 0, 0, '', 0, 0, '2020-11-17 11:41:38', '2020-11-18 18:17:42', '{\"checkout-personal-information-step\":{\"step_is_reachable\":true,\"step_is_complete\":true},\"checkout-addresses-step\":{\"step_is_reachable\":true,\"step_is_complete\":true,\"use_same_address\":true},\"checkout-delivery-step\":{\"step_is_reachable\":true,\"step_is_complete\":true},\"checkout-payment-step\":{\"step_is_reachable\":true,\"step_is_complete\":false},\"checksum\":\"a39a2525ec51bd590c14ffa06320c447331893d7\"}'),
(8, 1, 1, 6, '{\"48\":\"6,\"}', 1, 48, 48, 1, 39, 36, '26f116db057ddca0e53f5fae43712b98', 0, 0, '', 0, 0, '2020-11-20 15:26:36', '2020-11-20 15:28:50', '{\"checkout-personal-information-step\":{\"step_is_reachable\":true,\"step_is_complete\":true},\"checkout-addresses-step\":{\"step_is_reachable\":true,\"step_is_complete\":true,\"use_same_address\":true},\"checkout-delivery-step\":{\"step_is_reachable\":true,\"step_is_complete\":true},\"checkout-payment-step\":{\"step_is_reachable\":true,\"step_is_complete\":false},\"checksum\":\"6b25b42a4e4f080838065aec09357e680bcfdd08\"}'),
(9, 1, 1, 6, '{\"48\":\"6,\"}', 1, 48, 48, 1, 39, 38, '26f116db057ddca0e53f5fae43712b98', 0, 0, '', 0, 0, '2020-11-20 15:49:25', '2021-02-17 09:13:41', '{\"checkout-personal-information-step\":{\"step_is_reachable\":true,\"step_is_complete\":true},\"checkout-addresses-step\":{\"step_is_reachable\":true,\"step_is_complete\":true,\"use_same_address\":true},\"checkout-delivery-step\":{\"step_is_reachable\":true,\"step_is_complete\":true},\"checkout-payment-step\":{\"step_is_reachable\":true,\"step_is_complete\":false},\"checksum\":\"f18a20bd51ad2d87dd70f84097eab37b39dc66e0\"}'),
(10, 1, 1, 6, '{\"48\":\"6,\"}', 1, 48, 48, 1, 39, 71, '26f116db057ddca0e53f5fae43712b98', 0, 0, '', 0, 0, '2020-12-19 18:50:31', '2021-01-01 16:54:52', '{\"checkout-personal-information-step\":{\"step_is_reachable\":true,\"step_is_complete\":true},\"checkout-addresses-step\":{\"step_is_reachable\":true,\"step_is_complete\":true,\"use_same_address\":true},\"checkout-delivery-step\":{\"step_is_reachable\":true,\"step_is_complete\":true},\"checkout-payment-step\":{\"step_is_reachable\":true,\"step_is_complete\":false},\"checksum\":\"ef7238d4f7b5468128fbc39be61479ce389709a9\"}'),
(12, 1, 1, 0, '', 1, 0, 0, 1, 0, 122, '', 0, 0, '', 0, 0, '2020-12-29 18:00:57', '2021-01-01 16:52:23', NULL),
(13, 1, 1, 6, '{\"48\":\"6,\"}', 1, 48, 48, 1, 39, 19, '26f116db057ddca0e53f5fae43712b98', 0, 0, '', 0, 0, '2021-01-01 17:00:12', '2021-01-01 17:00:21', '{\"checkout-personal-information-step\":{\"step_is_reachable\":true,\"step_is_complete\":true},\"checkout-addresses-step\":{\"step_is_reachable\":true,\"step_is_complete\":true,\"use_same_address\":true},\"checkout-delivery-step\":{\"step_is_reachable\":true,\"step_is_complete\":true},\"checkout-payment-step\":{\"step_is_reachable\":true,\"step_is_complete\":false},\"checksum\":\"3cdee288ee17105642f8771f8e7eff5605ebb601\"}'),
(14, 1, 1, 6, '{\"48\":\"6,\"}', 1, 48, 48, 1, 39, 19, '26f116db057ddca0e53f5fae43712b98', 0, 0, '', 0, 0, '2021-02-17 09:16:24', '2021-02-17 09:16:32', '{\"checkout-personal-information-step\":{\"step_is_reachable\":true,\"step_is_complete\":true},\"checkout-addresses-step\":{\"step_is_reachable\":true,\"step_is_complete\":true,\"use_same_address\":true},\"checkout-delivery-step\":{\"step_is_reachable\":true,\"step_is_complete\":true},\"checkout-payment-step\":{\"step_is_reachable\":true,\"step_is_complete\":false},\"checksum\":\"a5fea12e9fe9ff2c9647aa698c35d9021cb8f343\"}'),
(15, 1, 1, 6, '{\"48\":\"6,\"}', 1, 48, 48, 1, 39, 19, '26f116db057ddca0e53f5fae43712b98', 0, 0, '', 0, 0, '2021-02-17 09:20:16', '2021-02-17 09:20:56', '{\"checkout-personal-information-step\":{\"step_is_reachable\":true,\"step_is_complete\":true},\"checkout-addresses-step\":{\"step_is_reachable\":true,\"step_is_complete\":true,\"use_same_address\":true},\"checkout-delivery-step\":{\"step_is_reachable\":true,\"step_is_complete\":true},\"checkout-payment-step\":{\"step_is_reachable\":true,\"step_is_complete\":false},\"checksum\":\"cda9a240a0f51ed1cc45effdcf14562b556c1d9a\"}'),
(17, 1, 1, 6, '{\"48\":\"6,\"}', 1, 48, 48, 1, 39, 196, '26f116db057ddca0e53f5fae43712b98', 0, 0, '', 0, 0, '2021-03-02 10:41:18', '2021-03-02 10:42:40', '{\"checkout-personal-information-step\":{\"step_is_reachable\":true,\"step_is_complete\":true},\"checkout-addresses-step\":{\"step_is_reachable\":true,\"step_is_complete\":true,\"use_same_address\":true},\"checkout-delivery-step\":{\"step_is_reachable\":true,\"step_is_complete\":true},\"checkout-payment-step\":{\"step_is_reachable\":true,\"step_is_complete\":false},\"checksum\":\"b33c59661e00245ca1fd5e0ea9cb385e435a2511\"}'),
(18, 1, 1, 6, '{\"48\":\"6,\"}', 1, 48, 48, 1, 39, 19, '26f116db057ddca0e53f5fae43712b98', 0, 0, '', 0, 0, '2021-03-02 10:49:33', '2021-03-02 10:49:51', '{\"checkout-personal-information-step\":{\"step_is_reachable\":true,\"step_is_complete\":true},\"checkout-addresses-step\":{\"step_is_reachable\":true,\"step_is_complete\":true,\"use_same_address\":true},\"checkout-delivery-step\":{\"step_is_reachable\":true,\"step_is_complete\":true},\"checkout-payment-step\":{\"step_is_reachable\":true,\"step_is_complete\":false},\"checksum\":\"da9b650650aae8d88d6b5c14a84cafc320b18e2f\"}'),
(19, 1, 1, 6, '{\"81\":\"6,\"}', 1, 81, 81, 1, 52, 197, '2f5baf544c1aaad0d9349847c79824c4', 0, 0, '', 0, 0, '2021-03-03 11:22:05', '2021-03-14 11:32:45', '{\"checkout-personal-information-step\":{\"step_is_reachable\":true,\"step_is_complete\":true},\"checkout-addresses-step\":{\"step_is_reachable\":true,\"step_is_complete\":true,\"use_same_address\":true},\"checkout-delivery-step\":{\"step_is_reachable\":true,\"step_is_complete\":true},\"checkout-payment-step\":{\"step_is_reachable\":true,\"step_is_complete\":false},\"checksum\":\"ca74430c0bdc0afeca5a3a027aee59769d80ed3b\"}'),
(20, 1, 1, 0, '', 1, 0, 0, 1, 53, 198, 'ccf9f9d04ec56f8e9199da9f0f7942b6', 0, 0, '', 0, 0, '2021-03-03 11:26:22', '2021-03-03 11:26:23', NULL),
(21, 1, 1, 6, '{\"72\":\"6,\"}', 1, 72, 72, 1, 39, 199, '26f116db057ddca0e53f5fae43712b98', 0, 0, '', 0, 0, '2021-03-03 11:29:24', '2021-03-03 13:15:39', '{\"checkout-personal-information-step\":{\"step_is_reachable\":true,\"step_is_complete\":true},\"checkout-addresses-step\":{\"step_is_reachable\":true,\"step_is_complete\":true,\"use_same_address\":true},\"checkout-delivery-step\":{\"step_is_reachable\":true,\"step_is_complete\":true},\"checkout-payment-step\":{\"step_is_reachable\":true,\"step_is_complete\":false},\"checksum\":\"f02f6b0111c8bd60c68c5846b798c0e9ce699a6b\"}'),
(22, 1, 1, 6, '{\"72\":\"6,\"}', 1, 72, 72, 1, 39, 19, '26f116db057ddca0e53f5fae43712b98', 0, 0, '', 0, 0, '2021-03-03 13:32:32', '2021-03-03 13:32:42', '{\"checkout-personal-information-step\":{\"step_is_reachable\":true,\"step_is_complete\":true},\"checkout-addresses-step\":{\"step_is_reachable\":true,\"step_is_complete\":true,\"use_same_address\":true},\"checkout-delivery-step\":{\"step_is_reachable\":true,\"step_is_complete\":true},\"checkout-payment-step\":{\"step_is_reachable\":true,\"step_is_complete\":false},\"checksum\":\"ecb1661535b869adaf18f3ea0bdffdda1cae5c1a\"}'),
(23, 1, 1, 6, '{\"72\":\"6,\"}', 1, 72, 72, 1, 39, 204, '26f116db057ddca0e53f5fae43712b98', 0, 0, '', 0, 0, '2021-03-03 14:12:40', '2021-03-03 14:14:11', '{\"checkout-personal-information-step\":{\"step_is_reachable\":true,\"step_is_complete\":true},\"checkout-addresses-step\":{\"step_is_reachable\":true,\"step_is_complete\":true,\"use_same_address\":true},\"checkout-delivery-step\":{\"step_is_reachable\":true,\"step_is_complete\":true},\"checkout-payment-step\":{\"step_is_reachable\":true,\"step_is_complete\":false},\"checksum\":\"ace7ab7ed6040426dc2cb7ce3272cb6e2eb9b15a\"}'),
(24, 1, 1, 0, '', 1, 72, 72, 1, 39, 205, '26f116db057ddca0e53f5fae43712b98', 0, 0, '', 0, 0, '2021-03-03 15:10:43', '2021-03-10 13:04:04', NULL),
(25, 1, 1, 0, '', 1, 83, 83, 1, 59, 242, '8de3e753b57a2426360e6cef1ababc73', 0, 0, '', 0, 0, '2021-03-14 11:40:52', '2021-03-24 10:40:31', '{\"checkout-personal-information-step\":{\"step_is_reachable\":true,\"step_is_complete\":true},\"checkout-addresses-step\":{\"step_is_reachable\":true,\"step_is_complete\":true,\"use_same_address\":true},\"checkout-delivery-step\":{\"step_is_reachable\":true,\"step_is_complete\":true},\"checkout-payment-step\":{\"step_is_reachable\":true,\"step_is_complete\":false},\"checksum\":\"47e9cb5459d519217c73a80a7aefc81cdb3d1f49\"}'),
(26, 1, 1, 6, '{\"81\":\"6,\"}', 1, 81, 81, 1, 52, 182, '2f5baf544c1aaad0d9349847c79824c4', 0, 0, '', 0, 0, '2021-03-14 11:45:21', '2021-03-14 11:45:35', '{\"checkout-personal-information-step\":{\"step_is_reachable\":true,\"step_is_complete\":true},\"checkout-addresses-step\":{\"step_is_reachable\":true,\"step_is_complete\":true,\"use_same_address\":true},\"checkout-delivery-step\":{\"step_is_reachable\":true,\"step_is_complete\":true},\"checkout-payment-step\":{\"step_is_reachable\":true,\"step_is_complete\":false},\"checksum\":\"5e7376d5c203113797b2847c4336a45205264c45\"}'),
(27, 1, 1, 6, '{\"81\":\"6,\"}', 1, 81, 81, 1, 52, 182, '2f5baf544c1aaad0d9349847c79824c4', 0, 0, '', 0, 0, '2021-03-14 12:05:34', '2021-03-14 12:39:25', '{\"checkout-personal-information-step\":{\"step_is_reachable\":true,\"step_is_complete\":true},\"checkout-addresses-step\":{\"step_is_reachable\":true,\"step_is_complete\":true,\"use_same_address\":true},\"checkout-delivery-step\":{\"step_is_reachable\":true,\"step_is_complete\":true},\"checkout-payment-step\":{\"step_is_reachable\":true,\"step_is_complete\":false},\"checksum\":\"559ae8f2757d9cebeae44554a5c1886e9a93b7b4\"}'),
(28, 1, 1, 0, '', 1, 0, 0, 1, 60, 243, 'f8f8e4c473fb3dcd8408854841e74b40', 0, 0, '', 0, 0, '2021-03-14 12:35:45', '2021-05-02 20:22:44', NULL),
(29, 1, 1, 6, '{\"81\":\"6,\"}', 1, 81, 81, 1, 52, 182, '2f5baf544c1aaad0d9349847c79824c4', 0, 0, '', 0, 0, '2021-03-14 12:45:06', '2021-03-14 12:45:19', '{\"checkout-personal-information-step\":{\"step_is_reachable\":true,\"step_is_complete\":true},\"checkout-addresses-step\":{\"step_is_reachable\":true,\"step_is_complete\":true,\"use_same_address\":true},\"checkout-delivery-step\":{\"step_is_reachable\":true,\"step_is_complete\":true},\"checkout-payment-step\":{\"step_is_reachable\":true,\"step_is_complete\":false},\"checksum\":\"e7be3c3ba4d32d6c0f9eb007c75ee838cb7106cb\"}'),
(30, 1, 1, 6, '{\"81\":\"6,\"}', 1, 81, 81, 1, 52, 182, '2f5baf544c1aaad0d9349847c79824c4', 0, 0, '', 0, 0, '2021-03-14 12:52:44', '2021-03-14 12:52:57', '{\"checkout-personal-information-step\":{\"step_is_reachable\":true,\"step_is_complete\":true},\"checkout-addresses-step\":{\"step_is_reachable\":true,\"step_is_complete\":true,\"use_same_address\":true},\"checkout-delivery-step\":{\"step_is_reachable\":true,\"step_is_complete\":true},\"checkout-payment-step\":{\"step_is_reachable\":true,\"step_is_complete\":false},\"checksum\":\"4d7b04bd90ba9f2f47f1a5a3a842bdcb5eee5721\"}'),
(31, 1, 1, 0, '', 1, 51, 51, 1, 41, 249, 'f350d82e462cfcb32ebc90db5232c210', 0, 0, '', 0, 0, '2021-03-14 12:58:25', '2021-03-14 13:00:50', NULL),
(32, 1, 1, 0, '', 1, 25, 25, 1, 19, 251, 'ea3ca522625fb0da90db7994aff864c5', 0, 0, '', 0, 0, '2021-03-14 13:08:07', '2021-11-17 18:01:46', NULL),
(33, 1, 1, 0, '', 1, 30, 30, 1, 24, 260, '4003220c6604624134e444f575c6e200', 0, 0, '', 0, 0, '2021-03-14 18:32:11', '2021-03-14 18:32:11', NULL),
(34, 1, 1, 0, '', 1, 33, 33, 1, 26, 262, '78f4fdd47490c32578705ac96429093b', 0, 0, '', 0, 0, '2021-03-14 19:26:36', '2021-03-14 19:26:36', NULL),
(35, 1, 1, 0, '', 1, 54, 54, 1, 45, 264, '8bddc2cc721638e87f1aa180c032160a', 0, 0, '', 0, 0, '2021-03-14 20:52:30', '2021-03-14 20:52:30', NULL),
(36, 1, 1, 0, '', 2, 24, 24, 1, 18, 273, '8957bdb3a84668ddea1b95fb2d258347', 0, 0, '', 0, 0, '2021-03-15 09:16:20', '2021-06-22 11:31:28', NULL),
(37, 1, 1, 0, '', 1, 22, 22, 1, 16, 274, 'ab023fd961ac9326d6e347fb054cc347', 0, 0, '', 0, 0, '2021-03-15 10:12:36', '2021-03-15 10:13:36', NULL),
(38, 1, 1, 0, '', 1, 23, 23, 1, 17, 290, 'e9048dc6b7928c2dbf29a1fef322b7c5', 0, 0, '', 0, 0, '2021-03-16 08:51:53', '2021-03-16 08:51:53', NULL),
(39, 1, 1, 0, '', 1, 0, 0, 1, 61, 285, '02ce563a684f5266ce2e092d3c651762', 0, 0, '', 0, 0, '2021-03-16 10:35:24', '2021-03-16 10:39:09', NULL),
(40, 1, 1, 6, '{\"82\":\"6,\"}', 1, 82, 82, 1, 62, 333, '4159d76d8a0e083e8403a4e400561421', 0, 0, '', 0, 0, '2021-03-18 10:49:34', '2021-03-18 16:30:07', '{\"checkout-personal-information-step\":{\"step_is_reachable\":true,\"step_is_complete\":true},\"checkout-addresses-step\":{\"step_is_reachable\":true,\"step_is_complete\":true,\"use_same_address\":true},\"checkout-delivery-step\":{\"step_is_reachable\":true,\"step_is_complete\":true},\"checkout-payment-step\":{\"step_is_reachable\":true,\"step_is_complete\":false},\"checksum\":\"121c761d5dc1fcd6f0e247eb6303357905086c4e\"}'),
(41, 1, 1, 6, '{\"82\":\"6,\"}', 1, 82, 82, 1, 62, 333, '4159d76d8a0e083e8403a4e400561421', 0, 0, '', 0, 0, '2021-03-18 16:49:09', '2021-03-18 16:49:24', '{\"checkout-personal-information-step\":{\"step_is_reachable\":true,\"step_is_complete\":true},\"checkout-addresses-step\":{\"step_is_reachable\":true,\"step_is_complete\":true,\"use_same_address\":true},\"checkout-delivery-step\":{\"step_is_reachable\":true,\"step_is_complete\":true},\"checkout-payment-step\":{\"step_is_reachable\":true,\"step_is_complete\":false},\"checksum\":\"ef69735fefb95583bc6b056cf16f07dcbe63afb5\"}'),
(42, 1, 1, 6, '{\"82\":\"6,\"}', 1, 82, 82, 1, 62, 333, '4159d76d8a0e083e8403a4e400561421', 0, 0, '', 0, 0, '2021-03-18 16:52:59', '2021-03-18 16:52:59', '{\"checkout-personal-information-step\":{\"step_is_reachable\":true,\"step_is_complete\":true},\"checkout-addresses-step\":{\"step_is_reachable\":true,\"step_is_complete\":false,\"use_same_address\":true},\"checkout-delivery-step\":{\"step_is_reachable\":false,\"step_is_complete\":false},\"checkout-payment-step\":{\"step_is_reachable\":false,\"step_is_complete\":false},\"checksum\":\"ef69735fefb95583bc6b056cf16f07dcbe63afb5\"}'),
(43, 1, 1, 0, '', 1, 0, 0, 1, 63, 595, 'bad656f0c661b0bdb6839d52fdf6a5af', 0, 0, '', 0, 0, '2021-03-23 12:31:49', '2021-03-23 12:37:51', NULL),
(44, 1, 1, 0, '', 1, 35, 35, 1, 28, 280, 'bceeec7f53dbd752c157da06f927df88', 0, 0, '', 0, 0, '2021-03-23 21:21:18', '2021-03-23 21:21:18', NULL),
(45, 1, 1, 0, '', 1, 0, 0, 1, 0, 758, '', 0, 0, '', 0, 0, '2021-03-24 10:41:03', '2021-03-24 10:41:03', '{\"checkout-personal-information-step\":{\"step_is_reachable\":true,\"step_is_complete\":false},\"checkout-addresses-step\":{\"step_is_reachable\":false,\"step_is_complete\":false,\"use_same_address\":true},\"checkout-delivery-step\":{\"step_is_reachable\":false,\"step_is_complete\":false},\"checkout-payment-step\":{\"step_is_reachable\":false,\"step_is_complete\":false},\"checksum\":null}'),
(46, 1, 1, 0, '', 1, 0, 0, 1, 0, 842, '', 0, 0, '', 0, 0, '2021-03-25 11:18:59', '2021-03-25 11:18:59', NULL),
(47, 1, 1, 0, '', 1, 0, 0, 1, 0, 885, '', 0, 0, '', 0, 0, '2021-03-25 23:29:10', '2021-03-25 23:29:10', NULL),
(48, 1, 1, 0, '', 1, 0, 0, 1, 0, 2132, '', 0, 0, '', 0, 0, '2021-03-29 18:08:41', '2021-03-29 18:08:41', NULL),
(49, 1, 1, 0, '', 1, 0, 0, 1, 0, 239, '', 0, 0, '', 0, 0, '2021-03-29 20:12:05', '2021-03-30 14:54:34', NULL),
(50, 1, 1, 0, '', 1, 0, 0, 1, 0, 616, '', 0, 0, '', 0, 0, '2021-04-02 15:07:35', '2021-04-02 15:08:03', '{\"checkout-personal-information-step\":{\"step_is_reachable\":true,\"step_is_complete\":false},\"checkout-addresses-step\":{\"step_is_reachable\":false,\"step_is_complete\":false,\"use_same_address\":true},\"checkout-delivery-step\":{\"step_is_reachable\":false,\"step_is_complete\":false},\"checkout-payment-step\":{\"step_is_reachable\":false,\"step_is_complete\":false},\"checksum\":null}'),
(51, 1, 1, 6, '{\"83\":\"6,\"}', 1, 83, 83, 1, 59, 3082, '8de3e753b57a2426360e6cef1ababc73', 0, 0, '', 0, 0, '2021-04-12 19:27:48', '2021-08-23 14:02:20', '{\"checkout-personal-information-step\":{\"step_is_reachable\":true,\"step_is_complete\":true},\"checkout-addresses-step\":{\"step_is_reachable\":true,\"step_is_complete\":true,\"use_same_address\":true},\"checkout-delivery-step\":{\"step_is_reachable\":true,\"step_is_complete\":true},\"checkout-payment-step\":{\"step_is_reachable\":true,\"step_is_complete\":false},\"checksum\":\"87b19931fe459b5a8abb0efa922e536e46be8ec8\"}'),
(52, 1, 1, 0, '', 1, 0, 0, 1, 0, 3537, '', 0, 0, '', 0, 0, '2021-04-20 19:58:34', '2021-04-20 19:58:34', NULL),
(53, 1, 1, 0, '', 1, 0, 0, 1, 0, 276, '', 0, 0, '', 0, 0, '2021-04-26 17:49:46', '2021-04-26 17:51:43', NULL),
(54, 1, 1, 0, '', 1, 0, 0, 1, 0, 5136, '', 0, 0, '', 0, 0, '2021-05-05 13:41:21', '2021-05-05 13:41:21', NULL),
(55, 1, 1, 0, '', 1, 0, 0, 1, 64, 5543, '5e091273f6e0937d7d173ffa3b148986', 0, 0, '', 0, 0, '2021-05-10 10:09:39', '2021-05-10 10:13:50', NULL),
(56, 1, 1, 0, '', 2, 0, 0, 1, 0, 6247, '', 0, 0, '', 0, 0, '2021-05-19 03:58:11', '2021-05-19 03:58:11', NULL),
(57, 1, 1, 6, '{\"84\":\"6,\"}', 1, 84, 84, 1, 65, 7193, 'fea2db44a350bcc2a8b35e89236f9d41', 0, 0, '', 0, 0, '2021-05-28 17:32:19', '2021-05-31 10:23:42', '{\"checkout-personal-information-step\":{\"step_is_reachable\":true,\"step_is_complete\":true},\"checkout-addresses-step\":{\"step_is_reachable\":true,\"step_is_complete\":true,\"use_same_address\":true},\"checkout-delivery-step\":{\"step_is_reachable\":true,\"step_is_complete\":true},\"checkout-payment-step\":{\"step_is_reachable\":true,\"step_is_complete\":false},\"checksum\":\"babc1d64964584841ebcda1ca03360289dfa2055\"}'),
(58, 1, 1, 6, '{\"83\":\"6,\"}', 1, 83, 83, 1, 59, 3637, '8de3e753b57a2426360e6cef1ababc73', 0, 0, '', 0, 0, '2021-06-02 12:46:43', '2021-06-30 15:09:01', '{\"checkout-personal-information-step\":{\"step_is_reachable\":true,\"step_is_complete\":true},\"checkout-addresses-step\":{\"step_is_reachable\":true,\"step_is_complete\":true,\"use_same_address\":true},\"checkout-delivery-step\":{\"step_is_reachable\":true,\"step_is_complete\":true},\"checkout-payment-step\":{\"step_is_reachable\":true,\"step_is_complete\":false},\"checksum\":\"1472bf7068ef3e5652da125812a607fd8ef38b89\"}'),
(60, 1, 1, 0, '', 1, 85, 85, 1, 67, 7789, '0935ce7d47026530dd21855e050a3260', 0, 0, '', 0, 0, '2021-06-02 13:01:38', '2022-06-02 14:20:47', '{\"checkout-personal-information-step\":{\"step_is_reachable\":true,\"step_is_complete\":true},\"checkout-addresses-step\":{\"step_is_reachable\":true,\"step_is_complete\":false,\"use_same_address\":true},\"checkout-delivery-step\":{\"step_is_reachable\":false,\"step_is_complete\":false},\"checkout-payment-step\":{\"step_is_reachable\":false,\"step_is_complete\":false},\"checksum\":\"2ea90b0117d75de938f8e6264f31f5070c550d62\"}'),
(61, 1, 1, 0, '', 2, 0, 0, 1, 0, 8133, '', 0, 0, '', 0, 0, '2021-06-05 11:47:39', '2021-06-05 11:47:39', '{\"checkout-personal-information-step\":{\"step_is_reachable\":true,\"step_is_complete\":false},\"checkout-addresses-step\":{\"step_is_reachable\":false,\"step_is_complete\":false,\"use_same_address\":true},\"checkout-delivery-step\":{\"step_is_reachable\":false,\"step_is_complete\":false},\"checkout-payment-step\":{\"step_is_reachable\":false,\"step_is_complete\":false},\"checksum\":null}'),
(62, 1, 1, 0, '', 1, 0, 0, 1, 0, 8417, '', 0, 0, '', 0, 0, '2021-06-08 18:50:41', '2021-06-08 18:51:06', NULL),
(63, 1, 1, 0, '', 2, 0, 0, 1, 0, 8722, '', 0, 0, '', 0, 0, '2021-06-11 22:59:26', '2021-06-11 23:00:44', '{\"checkout-personal-information-step\":{\"step_is_reachable\":true,\"step_is_complete\":false},\"checkout-addresses-step\":{\"step_is_reachable\":false,\"step_is_complete\":false,\"use_same_address\":true},\"checkout-delivery-step\":{\"step_is_reachable\":false,\"step_is_complete\":false},\"checkout-payment-step\":{\"step_is_reachable\":false,\"step_is_complete\":false},\"checksum\":null}'),
(64, 1, 1, 0, '', 2, 86, 86, 1, 68, 8793, '27ef89367804f0a0d28ff0bb38431ab0', 0, 0, '', 0, 0, '2021-06-12 19:01:03', '2021-06-12 19:06:15', '{\"checkout-personal-information-step\":{\"step_is_reachable\":true,\"step_is_complete\":true},\"checkout-addresses-step\":{\"step_is_reachable\":true,\"step_is_complete\":true,\"use_same_address\":true},\"checkout-delivery-step\":{\"step_is_reachable\":true,\"step_is_complete\":false},\"checkout-payment-step\":{\"step_is_reachable\":false,\"step_is_complete\":false},\"checksum\":\"1457e3870d2fe2ad43ea74e38b8f01dc355f1761\"}'),
(65, 1, 1, 0, '', 2, 87, 87, 1, 69, 9016, '601e5b005ab966515f1db62a60ccaa26', 0, 0, '', 0, 0, '2021-06-17 16:42:47', '2021-06-18 10:10:21', '{\"checkout-personal-information-step\":{\"step_is_reachable\":true,\"step_is_complete\":false},\"checkout-addresses-step\":{\"step_is_reachable\":false,\"step_is_complete\":false,\"use_same_address\":true},\"checkout-delivery-step\":{\"step_is_reachable\":false,\"step_is_complete\":false},\"checkout-payment-step\":{\"step_is_reachable\":false,\"step_is_complete\":false},\"checksum\":\"0a2cc8d43dc5ce7b3de9e8e835ec0dd32f2c20f3\"}'),
(66, 1, 1, 6, '{\"83\":\"6,\"}', 1, 83, 83, 1, 59, 242, '8de3e753b57a2426360e6cef1ababc73', 0, 0, '', 0, 0, '2021-07-01 11:59:27', '2021-08-23 13:22:45', '{\"checkout-personal-information-step\":{\"step_is_reachable\":true,\"step_is_complete\":true},\"checkout-addresses-step\":{\"step_is_reachable\":true,\"step_is_complete\":true,\"use_same_address\":true},\"checkout-delivery-step\":{\"step_is_reachable\":true,\"step_is_complete\":true},\"checkout-payment-step\":{\"step_is_reachable\":true,\"step_is_complete\":false},\"checksum\":\"47e9cb5459d519217c73a80a7aefc81cdb3d1f49\"}'),
(67, 1, 1, 0, '', 1, 0, 0, 1, 0, 11411, '', 0, 0, '', 0, 0, '2021-07-06 15:37:52', '2021-07-06 15:45:26', NULL),
(68, 1, 1, 0, '', 1, 0, 0, 1, 0, 11802, '', 0, 0, '', 0, 0, '2021-07-09 20:17:49', '2021-07-09 20:17:49', NULL),
(69, 1, 1, 0, '', 2, 0, 0, 1, 0, 12519, '', 0, 0, '', 0, 0, '2021-07-21 09:57:37', '2021-07-21 09:57:37', '{\"checkout-personal-information-step\":{\"step_is_reachable\":true,\"step_is_complete\":false},\"checkout-addresses-step\":{\"step_is_reachable\":false,\"step_is_complete\":false,\"use_same_address\":true},\"checkout-delivery-step\":{\"step_is_reachable\":false,\"step_is_complete\":false},\"checkout-payment-step\":{\"step_is_reachable\":false,\"step_is_complete\":false},\"checksum\":null}'),
(70, 1, 1, 0, '', 1, 0, 0, 1, 0, 10312, '', 0, 0, '', 0, 0, '2021-07-29 11:09:04', '2021-07-29 11:09:04', NULL),
(71, 1, 1, 0, '', 1, 0, 0, 1, 0, 14990, '', 0, 0, '', 0, 0, '2021-08-08 14:43:57', '2021-08-08 14:43:57', NULL),
(72, 1, 1, 0, '', 1, 44, 44, 1, 20, 15055, '835ca8d6b6db3f8018b0329815aa64ef', 0, 0, '', 0, 0, '2021-08-09 16:08:23', '2022-06-02 14:22:36', '{\"checkout-personal-information-step\":{\"step_is_reachable\":true,\"step_is_complete\":true},\"checkout-addresses-step\":{\"step_is_reachable\":true,\"step_is_complete\":false,\"use_same_address\":true},\"checkout-delivery-step\":{\"step_is_reachable\":false,\"step_is_complete\":false},\"checkout-payment-step\":{\"step_is_reachable\":false,\"step_is_complete\":false},\"checksum\":null}'),
(73, 1, 1, 0, '', 1, 0, 0, 1, 70, 15412, '6dace53fe95bd4c7ce057a65a92a69eb', 0, 0, '', 0, 0, '2021-08-14 13:46:20', '2021-08-14 13:48:31', NULL),
(74, 1, 1, 0, '', 1, 0, 0, 1, 71, 15414, 'dbec43176c03b29cd1f9cf13f8050112', 0, 0, '', 0, 0, '2021-08-14 14:02:26', '2021-08-14 14:02:31', NULL),
(75, 1, 1, 0, '', 1, 0, 0, 1, 0, 15418, '', 0, 0, '', 0, 0, '2021-08-14 14:43:48', '2021-08-14 14:43:48', NULL),
(76, 1, 1, 0, '', 1, 0, 0, 1, 0, 15450, '', 0, 0, '', 0, 0, '2021-08-15 01:32:13', '2021-08-15 01:32:13', NULL),
(77, 1, 1, 0, '', 1, 0, 0, 1, 0, 15967, '', 0, 0, '', 0, 0, '2021-08-21 23:47:11', '2021-08-21 23:47:11', '{\"checkout-personal-information-step\":{\"step_is_reachable\":true,\"step_is_complete\":false},\"checkout-addresses-step\":{\"step_is_reachable\":false,\"step_is_complete\":false,\"use_same_address\":true},\"checkout-delivery-step\":{\"step_is_reachable\":false,\"step_is_complete\":false},\"checkout-payment-step\":{\"step_is_reachable\":false,\"step_is_complete\":false},\"checksum\":null}'),
(78, 1, 1, 0, '', 2, 88, 88, 1, 76, 16065, '738926f3a7fe2b6b916b90815ee3e3dd', 0, 0, '', 0, 0, '2021-08-23 09:15:51', '2021-08-23 12:12:22', '{\"checkout-personal-information-step\":{\"step_is_reachable\":true,\"step_is_complete\":true},\"checkout-addresses-step\":{\"step_is_reachable\":true,\"step_is_complete\":false,\"use_same_address\":true},\"checkout-delivery-step\":{\"step_is_reachable\":false,\"step_is_complete\":false},\"checkout-payment-step\":{\"step_is_reachable\":false,\"step_is_complete\":false},\"checksum\":\"e8955dc8277fb61e59db13fb6f917e2516e11214\"}'),
(79, 1, 1, 0, '', 2, 88, 88, 1, 76, 16077, '738926f3a7fe2b6b916b90815ee3e3dd', 0, 0, '', 0, 0, '2021-08-23 12:24:24', '2021-08-23 12:25:34', '{\"checkout-personal-information-step\":{\"step_is_reachable\":true,\"step_is_complete\":true},\"checkout-addresses-step\":{\"step_is_reachable\":true,\"step_is_complete\":false,\"use_same_address\":true},\"checkout-delivery-step\":{\"step_is_reachable\":false,\"step_is_complete\":false},\"checkout-payment-step\":{\"step_is_reachable\":false,\"step_is_complete\":false},\"checksum\":\"944f63c07ffb0a57147b915e528dea6d9a7f7f00\"}'),
(80, 1, 1, 6, '{\"83\":\"6,\"}', 1, 83, 83, 1, 59, 242, '8de3e753b57a2426360e6cef1ababc73', 0, 0, '', 0, 0, '2021-08-23 14:12:01', '2021-08-24 10:10:19', '{\"checkout-personal-information-step\":{\"step_is_reachable\":true,\"step_is_complete\":true},\"checkout-addresses-step\":{\"step_is_reachable\":true,\"step_is_complete\":true,\"use_same_address\":true},\"checkout-delivery-step\":{\"step_is_reachable\":true,\"step_is_complete\":true},\"checkout-payment-step\":{\"step_is_reachable\":true,\"step_is_complete\":false},\"checksum\":\"875d99a2756bd9d29f35443b2f20b9bf260af7d2\"}'),
(81, 1, 1, 6, '{\"83\":\"6,\"}', 1, 83, 83, 1, 59, 242, '8de3e753b57a2426360e6cef1ababc73', 0, 0, '', 0, 0, '2021-08-24 10:15:12', '2021-08-24 10:15:41', '{\"checkout-personal-information-step\":{\"step_is_reachable\":true,\"step_is_complete\":true},\"checkout-addresses-step\":{\"step_is_reachable\":true,\"step_is_complete\":true,\"use_same_address\":true},\"checkout-delivery-step\":{\"step_is_reachable\":true,\"step_is_complete\":true},\"checkout-payment-step\":{\"step_is_reachable\":true,\"step_is_complete\":false},\"checksum\":\"40b68b3afe4b69b4ce6a27209766fb17c357955b\"}'),
(82, 1, 1, 11, '{\"83\":\"11,\"}', 1, 83, 83, 1, 59, 242, '8de3e753b57a2426360e6cef1ababc73', 0, 0, '', 0, 0, '2021-08-24 10:20:18', '2021-10-26 15:09:06', '{\"checkout-personal-information-step\":{\"step_is_reachable\":true,\"step_is_complete\":true},\"checkout-addresses-step\":{\"step_is_reachable\":true,\"step_is_complete\":true,\"use_same_address\":true},\"checkout-delivery-step\":{\"step_is_reachable\":true,\"step_is_complete\":false},\"checkout-payment-step\":{\"step_is_reachable\":false,\"step_is_complete\":false},\"checksum\":\"05efb15cf52e8c7ae339e4b24f4aaef6aa286483\"}'),
(83, 1, 1, 0, '', 1, 0, 0, 1, 0, 16201, '', 0, 0, '', 0, 0, '2021-08-24 16:18:14', '2021-08-24 16:28:04', '{\"checkout-personal-information-step\":{\"step_is_reachable\":true,\"step_is_complete\":false},\"checkout-addresses-step\":{\"step_is_reachable\":false,\"step_is_complete\":false,\"use_same_address\":true},\"checkout-delivery-step\":{\"step_is_reachable\":false,\"step_is_complete\":false},\"checkout-payment-step\":{\"step_is_reachable\":false,\"step_is_complete\":false},\"checksum\":null}'),
(84, 1, 1, 6, '{\"81\":\"6,\"}', 1, 81, 81, 1, 52, 16365, '2f5baf544c1aaad0d9349847c79824c4', 0, 0, '', 0, 0, '2021-08-25 10:54:00', '2021-08-25 10:55:46', '{\"checkout-personal-information-step\":{\"step_is_reachable\":true,\"step_is_complete\":true},\"checkout-addresses-step\":{\"step_is_reachable\":true,\"step_is_complete\":true,\"use_same_address\":true},\"checkout-delivery-step\":{\"step_is_reachable\":true,\"step_is_complete\":true},\"checkout-payment-step\":{\"step_is_reachable\":true,\"step_is_complete\":false},\"checksum\":\"7bb0590de3218d491bc796855cfda737c7c4ae20\"}'),
(85, 1, 1, 0, '', 1, 0, 0, 1, 77, 15415, '62df20a72d072708cead14122cfe2fa7', 0, 0, '', 0, 0, '2021-09-05 14:44:39', '2021-09-05 14:44:44', NULL),
(86, 1, 1, 0, '', 1, 89, 89, 1, 78, 17407, '3d04a7ad685e27fedf761899099ad9bd', 0, 0, '', 0, 0, '2021-09-06 19:31:35', '2021-09-07 19:33:42', '{\"checkout-personal-information-step\":{\"step_is_reachable\":true,\"step_is_complete\":true},\"checkout-addresses-step\":{\"step_is_reachable\":true,\"step_is_complete\":true,\"use_same_address\":true},\"checkout-delivery-step\":{\"step_is_reachable\":true,\"step_is_complete\":false},\"checkout-payment-step\":{\"step_is_reachable\":false,\"step_is_complete\":false},\"checksum\":\"90ffbab6bc5c2ef30b51461be369236920e903ff\"}'),
(87, 1, 1, 0, '', 1, 0, 0, 1, 0, 17842, '', 0, 0, '', 0, 0, '2021-09-12 18:55:25', '2021-09-12 18:55:57', NULL),
(88, 1, 1, 0, '', 1, 0, 0, 1, 0, 18109, '', 0, 0, '', 0, 0, '2021-09-15 18:17:07', '2021-09-15 18:17:07', NULL),
(89, 1, 1, 0, '', 1, 0, 0, 1, 0, 19397, '', 0, 0, '', 0, 0, '2021-09-28 14:00:28', '2021-09-28 14:00:28', NULL),
(90, 1, 1, 0, '', 1, 59, 59, 1, 49, 20151, '890c526baddc3f4e337de320215a66b3', 0, 0, '', 0, 0, '2021-10-03 17:09:18', '2021-10-03 17:09:18', NULL),
(91, 1, 1, 0, '', 1, 0, 0, 1, 0, 20233, '', 0, 0, '', 0, 0, '2021-10-04 19:34:42', '2021-10-04 19:37:13', '{\"checkout-personal-information-step\":{\"step_is_reachable\":true,\"step_is_complete\":false},\"checkout-addresses-step\":{\"step_is_reachable\":false,\"step_is_complete\":false,\"use_same_address\":true},\"checkout-delivery-step\":{\"step_is_reachable\":false,\"step_is_complete\":false},\"checkout-payment-step\":{\"step_is_reachable\":false,\"step_is_complete\":false},\"checksum\":null}'),
(92, 1, 1, 0, '', 1, 0, 0, 1, 0, 20353, '', 0, 0, '', 0, 0, '2021-10-05 20:31:38', '2021-10-05 20:31:39', NULL),
(93, 1, 1, 0, '', 1, 0, 0, 1, 0, 20520, '', 0, 0, '', 0, 0, '2021-10-07 23:14:13', '2021-10-07 23:14:13', NULL),
(94, 1, 1, 0, '', 1, 0, 0, 1, 0, 20099, '', 0, 0, '', 0, 0, '2021-10-08 11:18:05', '2021-10-08 11:18:06', NULL),
(95, 1, 1, 0, '', 1, 90, 90, 1, 84, 20947, '43c9354160cd8738d487bbbdb78d23c7', 0, 0, '', 0, 0, '2021-10-13 15:52:16', '2021-10-15 15:17:08', '{\"checkout-personal-information-step\":{\"step_is_reachable\":true,\"step_is_complete\":false},\"checkout-addresses-step\":{\"step_is_reachable\":false,\"step_is_complete\":false,\"use_same_address\":true},\"checkout-delivery-step\":{\"step_is_reachable\":false,\"step_is_complete\":false},\"checkout-payment-step\":{\"step_is_reachable\":false,\"step_is_complete\":false},\"checksum\":null}'),
(96, 1, 1, 0, '', 1, 0, 0, 1, 0, 21005, '', 0, 0, '', 0, 0, '2021-10-14 14:27:10', '2021-10-14 14:27:10', '{\"checkout-personal-information-step\":{\"step_is_reachable\":true,\"step_is_complete\":false},\"checkout-addresses-step\":{\"step_is_reachable\":false,\"step_is_complete\":false,\"use_same_address\":true},\"checkout-delivery-step\":{\"step_is_reachable\":false,\"step_is_complete\":false},\"checkout-payment-step\":{\"step_is_reachable\":false,\"step_is_complete\":false},\"checksum\":null}'),
(97, 1, 1, 6, '{\"90\":\"6,\"}', 1, 90, 90, 1, 84, 21011, '43c9354160cd8738d487bbbdb78d23c7', 0, 0, '', 0, 0, '2021-10-14 16:22:40', '2021-10-14 16:25:06', '{\"checkout-personal-information-step\":{\"step_is_reachable\":true,\"step_is_complete\":true},\"checkout-addresses-step\":{\"step_is_reachable\":true,\"step_is_complete\":true,\"use_same_address\":true},\"checkout-delivery-step\":{\"step_is_reachable\":true,\"step_is_complete\":true},\"checkout-payment-step\":{\"step_is_reachable\":true,\"step_is_complete\":false},\"checksum\":\"a9d7827f28cee00c3fe148995eb273a166ef5fc7\"}'),
(98, 1, 1, 0, '', 1, 90, 90, 1, 84, 21011, '43c9354160cd8738d487bbbdb78d23c7', 0, 0, '', 0, 0, '2021-10-14 16:29:34', '2021-10-14 16:29:56', NULL),
(99, 1, 1, 0, '', 1, 91, 91, 1, 83, 21092, '4c2718d381a7bf4e85b5c2d5f6c106c5', 0, 0, '', 0, 0, '2021-10-15 16:20:16', '2021-10-15 16:23:40', NULL),
(100, 1, 1, 0, '', 1, 0, 0, 1, 0, 21725, '', 0, 0, '', 0, 0, '2021-10-21 11:10:21', '2021-10-21 11:10:21', NULL),
(101, 1, 1, 0, '', 1, 0, 0, 1, 0, 21735, '', 0, 0, '', 0, 0, '2021-10-21 12:32:31', '2021-10-21 12:32:31', NULL),
(102, 1, 1, 11, '{\"92\":\"11,\"}', 1, 92, 92, 1, 85, 21845, '0454950d0e7a49465a5759e94ba05451', 0, 0, '', 0, 0, '2021-10-22 13:33:59', '2021-10-26 12:52:44', '{\"checkout-personal-information-step\":{\"step_is_reachable\":true,\"step_is_complete\":true},\"checkout-addresses-step\":{\"step_is_reachable\":true,\"step_is_complete\":true,\"use_same_address\":true},\"checkout-delivery-step\":{\"step_is_reachable\":true,\"step_is_complete\":true},\"checkout-payment-step\":{\"step_is_reachable\":true,\"step_is_complete\":false},\"checksum\":\"319b7cdb1626caa227d16ce14f6ddef2a5fa1765\"}'),
(103, 1, 1, 0, '', 1, 0, 0, 1, 0, 21881, '', 0, 0, '', 0, 0, '2021-10-22 13:56:44', '2021-10-26 12:14:21', NULL),
(104, 1, 1, 0, '', 1, 0, 0, 1, 0, 22457, '', 0, 0, '', 0, 0, '2021-10-27 23:09:07', '2021-10-27 23:09:07', NULL),
(105, 1, 1, 0, '', 1, 0, 0, 1, 0, 22740, '', 0, 0, '', 0, 0, '2021-10-31 00:45:25', '2021-10-31 00:45:26', NULL),
(106, 1, 1, 0, '', 1, 0, 0, 1, 0, 22787, '', 0, 0, '', 0, 0, '2021-10-31 11:46:52', '2021-10-31 11:48:11', NULL),
(107, 1, 1, 0, '', 1, 0, 0, 1, 0, 22997, '', 0, 0, '', 0, 0, '2021-11-02 20:17:31', '2021-11-02 20:17:31', NULL),
(108, 1, 1, 0, '', 1, 0, 0, 1, 0, 24362, '', 0, 0, '', 0, 0, '2021-11-19 16:29:21', '2021-11-19 16:29:21', '{\"checkout-personal-information-step\":{\"step_is_reachable\":true,\"step_is_complete\":false},\"checkout-addresses-step\":{\"step_is_reachable\":false,\"step_is_complete\":false,\"use_same_address\":true},\"checkout-delivery-step\":{\"step_is_reachable\":false,\"step_is_complete\":false},\"checkout-payment-step\":{\"step_is_reachable\":false,\"step_is_complete\":false},\"checksum\":null}'),
(109, 1, 1, 0, '', 1, 83, 83, 1, 59, 24367, '8de3e753b57a2426360e6cef1ababc73', 0, 0, '', 0, 0, '2021-11-19 19:04:58', '2021-11-19 19:22:56', '{\"checkout-personal-information-step\":{\"step_is_reachable\":true,\"step_is_complete\":false},\"checkout-addresses-step\":{\"step_is_reachable\":false,\"step_is_complete\":false,\"use_same_address\":true},\"checkout-delivery-step\":{\"step_is_reachable\":false,\"step_is_complete\":false},\"checkout-payment-step\":{\"step_is_reachable\":false,\"step_is_complete\":false},\"checksum\":null}'),
(110, 1, 1, 0, '', 1, 0, 0, 1, 0, 24426, '', 0, 0, '', 0, 0, '2021-11-20 12:59:21', '2021-11-20 12:59:21', '{\"checkout-personal-information-step\":{\"step_is_reachable\":true,\"step_is_complete\":false},\"checkout-addresses-step\":{\"step_is_reachable\":false,\"step_is_complete\":false,\"use_same_address\":true},\"checkout-delivery-step\":{\"step_is_reachable\":false,\"step_is_complete\":false},\"checkout-payment-step\":{\"step_is_reachable\":false,\"step_is_complete\":false},\"checksum\":null}'),
(111, 1, 1, 0, '', 1, 0, 0, 1, 86, 24491, '6322e58f8b0959682a0cc8a712b007be', 0, 0, '', 0, 0, '2021-11-21 12:59:03', '2021-11-21 13:16:06', '{\"checkout-personal-information-step\":{\"step_is_reachable\":true,\"step_is_complete\":true},\"checkout-addresses-step\":{\"step_is_reachable\":true,\"step_is_complete\":false,\"use_same_address\":true},\"checkout-delivery-step\":{\"step_is_reachable\":false,\"step_is_complete\":false},\"checkout-payment-step\":{\"step_is_reachable\":false,\"step_is_complete\":false},\"checksum\":null}'),
(112, 1, 1, 0, '', 1, 0, 0, 1, 0, 20694, '', 0, 0, '', 0, 0, '2021-11-22 18:33:36', '2022-01-06 20:00:37', NULL),
(113, 1, 1, 0, '', 1, 0, 0, 1, 0, 24084, '', 0, 0, '', 0, 0, '2021-11-25 19:28:28', '2021-11-25 19:29:24', NULL),
(114, 1, 1, 0, '', 1, 0, 0, 1, 0, 24986, '', 0, 0, '', 0, 0, '2021-11-27 12:08:48', '2021-11-27 12:08:48', NULL),
(115, 1, 1, 0, '', 1, 0, 0, 1, 0, 25463, '', 0, 0, '', 0, 0, '2021-12-01 00:21:31', '2021-12-01 00:21:31', NULL),
(116, 1, 1, 0, '', 1, 0, 0, 1, 0, 25592, '', 0, 0, '', 0, 0, '2021-12-02 09:26:25', '2021-12-02 09:26:25', NULL),
(117, 1, 1, 0, '', 1, 0, 0, 1, 0, 27222, '', 0, 0, '', 0, 0, '2021-12-17 08:30:48', '2021-12-17 08:31:11', NULL),
(118, 1, 1, 0, '', 1, 83, 83, 1, 59, 29047, '8de3e753b57a2426360e6cef1ababc73', 0, 0, '', 0, 0, '2021-12-27 18:15:25', '2022-09-28 17:11:04', '{\"checkout-personal-information-step\":{\"step_is_reachable\":true,\"step_is_complete\":true},\"checkout-addresses-step\":{\"step_is_reachable\":true,\"step_is_complete\":true,\"use_same_address\":true},\"checkout-delivery-step\":{\"step_is_reachable\":true,\"step_is_complete\":false},\"checkout-payment-step\":{\"step_is_reachable\":false,\"step_is_complete\":false},\"checksum\":\"f09216e0e46644191e5242fb5d44b69f150836b9\"}'),
(119, 1, 1, 0, '', 1, 93, 93, 1, 87, 30443, '75c60e65cffe8bf484b1dd9156dcfdd9', 0, 0, '', 0, 0, '2022-01-09 18:04:32', '2022-01-09 18:07:30', '{\"checkout-personal-information-step\":{\"step_is_reachable\":true,\"step_is_complete\":true},\"checkout-addresses-step\":{\"step_is_reachable\":true,\"step_is_complete\":true,\"use_same_address\":true},\"checkout-delivery-step\":{\"step_is_reachable\":true,\"step_is_complete\":false},\"checkout-payment-step\":{\"step_is_reachable\":false,\"step_is_complete\":false},\"checksum\":\"c6fdbf95eb179303bbf9291b6def2f0c94147c69\"}'),
(120, 1, 1, 0, '', 1, 0, 0, 1, 0, 30589, '', 0, 0, '', 0, 0, '2022-01-11 18:15:09', '2022-01-11 18:15:09', NULL),
(121, 1, 1, 0, '', 1, 0, 0, 1, 0, 31538, '', 0, 0, '', 0, 0, '2022-01-18 21:47:20', '2022-01-18 21:48:02', '{\"checkout-personal-information-step\":{\"step_is_reachable\":true,\"step_is_complete\":false},\"checkout-addresses-step\":{\"step_is_reachable\":false,\"step_is_complete\":false,\"use_same_address\":true},\"checkout-delivery-step\":{\"step_is_reachable\":false,\"step_is_complete\":false},\"checkout-payment-step\":{\"step_is_reachable\":false,\"step_is_complete\":false},\"checksum\":null}'),
(122, 1, 1, 15, '{\"94\":\"15,\"}', 1, 94, 94, 1, 88, 31961, '863927122f87bae9394997e50f3e8cfe', 0, 0, '', 0, 0, '2022-01-23 03:16:24', '2022-01-23 03:19:33', '{\"checkout-personal-information-step\":{\"step_is_reachable\":true,\"step_is_complete\":true},\"checkout-addresses-step\":{\"step_is_reachable\":true,\"step_is_complete\":true,\"use_same_address\":true},\"checkout-delivery-step\":{\"step_is_reachable\":true,\"step_is_complete\":true},\"checkout-payment-step\":{\"step_is_reachable\":true,\"step_is_complete\":false},\"checksum\":\"be4f0f3a839d7bca32e426e709d4a7a3b628d7e7\"}'),
(123, 1, 1, 0, '', 2, 0, 0, 1, 0, 31736, '', 0, 0, '', 0, 0, '2022-01-26 11:38:28', '2022-01-26 11:38:28', NULL),
(124, 1, 1, 0, '', 1, 0, 0, 1, 0, 33619, '', 0, 0, '', 0, 0, '2022-02-10 11:02:40', '2022-02-10 11:02:40', NULL),
(125, 1, 1, 0, '', 1, 0, 0, 1, 0, 33619, '', 0, 0, '', 0, 0, '2022-02-10 11:02:41', '2022-02-10 11:02:41', NULL),
(126, 1, 1, 0, '', 1, 0, 0, 1, 0, 33619, '', 0, 0, '', 0, 0, '2022-02-10 11:02:41', '2022-02-10 11:02:59', NULL),
(127, 1, 1, 0, '', 1, 0, 0, 1, 0, 34762, '', 0, 0, '', 0, 0, '2022-02-11 20:47:39', '2022-02-11 20:47:39', NULL),
(128, 1, 1, 0, '', 1, 95, 95, 1, 60, 34892, 'f8f8e4c473fb3dcd8408854841e74b40', 0, 0, '', 0, 0, '2022-02-13 16:53:52', '2024-02-14 14:17:03', '{\"checkout-personal-information-step\":{\"step_is_reachable\":true,\"step_is_complete\":true},\"checkout-addresses-step\":{\"step_is_reachable\":true,\"step_is_complete\":true,\"use_same_address\":true},\"checkout-delivery-step\":{\"step_is_reachable\":true,\"step_is_complete\":true},\"checkout-payment-step\":{\"step_is_reachable\":true,\"step_is_complete\":false},\"checksum\":\"84a3e0501384292f6d3e3ea89231850b00baeaa3\"}'),
(129, 1, 1, 0, '', 1, 0, 0, 1, 0, 35232, '', 0, 0, '', 0, 0, '2022-02-15 13:20:52', '2022-02-15 13:24:00', NULL),
(130, 1, 1, 0, '', 1, 0, 0, 1, 0, 35272, '', 0, 0, '', 0, 0, '2022-02-15 20:32:59', '2022-02-15 20:33:00', NULL),
(131, 1, 1, 0, '', 1, 0, 0, 1, 0, 35454, '', 0, 0, '', 0, 0, '2022-02-18 11:08:46', '2022-02-18 11:08:46', '{\"checkout-personal-information-step\":{\"step_is_reachable\":true,\"step_is_complete\":false},\"checkout-addresses-step\":{\"step_is_reachable\":false,\"step_is_complete\":false,\"use_same_address\":true},\"checkout-delivery-step\":{\"step_is_reachable\":false,\"step_is_complete\":false},\"checkout-payment-step\":{\"step_is_reachable\":false,\"step_is_complete\":false},\"checksum\":null}'),
(132, 1, 1, 0, '', 1, 0, 0, 1, 0, 37670, '', 0, 0, '', 0, 0, '2022-03-12 21:32:19', '2022-03-12 21:32:19', NULL),
(133, 1, 1, 6, '{\"96\":\"6,\"}', 1, 96, 96, 1, 91, 38079, '4220863547171ed0f08637e3f7c277e9', 0, 0, '', 0, 0, '2022-03-16 15:42:36', '2022-03-16 16:03:10', '{\"checkout-personal-information-step\":{\"step_is_reachable\":true,\"step_is_complete\":true},\"checkout-addresses-step\":{\"step_is_reachable\":true,\"step_is_complete\":true,\"use_same_address\":true},\"checkout-delivery-step\":{\"step_is_reachable\":true,\"step_is_complete\":true},\"checkout-payment-step\":{\"step_is_reachable\":true,\"step_is_complete\":false},\"checksum\":\"2973f7cb7240f1f824ca4c233b4baa6b9a8b58ab\"}'),
(134, 1, 1, 0, '', 1, 0, 0, 1, 0, 38618, '', 0, 0, '', 0, 0, '2022-03-23 00:24:19', '2022-03-23 00:24:31', NULL),
(135, 1, 1, 0, '', 1, 0, 0, 1, 0, 38851, '', 0, 0, '', 0, 0, '2022-03-25 11:55:31', '2022-03-25 11:55:31', '{\"checkout-personal-information-step\":{\"step_is_reachable\":true,\"step_is_complete\":false},\"checkout-addresses-step\":{\"step_is_reachable\":false,\"step_is_complete\":false,\"use_same_address\":true},\"checkout-delivery-step\":{\"step_is_reachable\":false,\"step_is_complete\":false},\"checkout-payment-step\":{\"step_is_reachable\":false,\"step_is_complete\":false},\"checksum\":null}'),
(136, 1, 1, 0, '', 1, 0, 0, 1, 79, 40316, '8941cbe64bffe91fd038c72b086750a9', 0, 0, '', 0, 0, '2022-04-08 20:38:24', '2022-04-08 20:40:15', NULL),
(137, 1, 1, 6, '{\"98\":\"6,\"}', 2, 98, 98, 1, 92, 41847, '15d6935f1b5dfc4c4fe446db363fbc94', 0, 0, '', 0, 0, '2022-04-27 22:44:57', '2022-04-27 22:47:03', '{\"checkout-personal-information-step\":{\"step_is_reachable\":true,\"step_is_complete\":true},\"checkout-addresses-step\":{\"step_is_reachable\":true,\"step_is_complete\":true,\"use_same_address\":true},\"checkout-delivery-step\":{\"step_is_reachable\":true,\"step_is_complete\":true},\"checkout-payment-step\":{\"step_is_reachable\":true,\"step_is_complete\":false},\"checksum\":\"3e0e2f64a5b95fc80cb057542529f2618cf57668\"}'),
(138, 1, 1, 0, '', 1, 0, 0, 1, 0, 42196, '', 0, 0, '', 0, 0, '2022-05-02 17:27:19', '2022-05-02 17:40:30', NULL),
(139, 1, 1, 0, '', 1, 99, 99, 1, 93, 43231, '449e1a4dbef41b36ab8b44ccdaf32292', 0, 0, '', 0, 0, '2022-05-14 02:05:13', '2022-05-14 02:14:48', '{\"checkout-personal-information-step\":{\"step_is_reachable\":true,\"step_is_complete\":true},\"checkout-addresses-step\":{\"step_is_reachable\":true,\"step_is_complete\":true,\"use_same_address\":true},\"checkout-delivery-step\":{\"step_is_reachable\":true,\"step_is_complete\":false},\"checkout-payment-step\":{\"step_is_reachable\":false,\"step_is_complete\":false},\"checksum\":\"cf56260c4a78f13920e28fc15ab2143fdedd093b\"}'),
(140, 1, 1, 0, '', 1, 99, 99, 1, 93, 43233, '449e1a4dbef41b36ab8b44ccdaf32292', 0, 0, '', 0, 0, '2022-05-14 02:27:50', '2022-05-14 02:35:37', '{\"checkout-personal-information-step\":{\"step_is_reachable\":true,\"step_is_complete\":false},\"checkout-addresses-step\":{\"step_is_reachable\":false,\"step_is_complete\":false,\"use_same_address\":true},\"checkout-delivery-step\":{\"step_is_reachable\":false,\"step_is_complete\":false},\"checkout-payment-step\":{\"step_is_reachable\":false,\"step_is_complete\":false},\"checksum\":null}'),
(141, 1, 1, 0, '', 2, 0, 0, 1, 0, 44223, '', 0, 0, '', 0, 0, '2022-05-29 20:16:53', '2022-05-29 20:16:54', '{\"checkout-personal-information-step\":{\"step_is_reachable\":true,\"step_is_complete\":false},\"checkout-addresses-step\":{\"step_is_reachable\":false,\"step_is_complete\":false,\"use_same_address\":true},\"checkout-delivery-step\":{\"step_is_reachable\":false,\"step_is_complete\":false},\"checkout-payment-step\":{\"step_is_reachable\":false,\"step_is_complete\":false},\"checksum\":null}'),
(143, 1, 1, 0, '', 1, 0, 0, 1, 0, 44266, '', 0, 0, '', 0, 0, '2022-05-30 15:38:21', '2022-05-30 15:38:21', '{\"checkout-personal-information-step\":{\"step_is_reachable\":true,\"step_is_complete\":false},\"checkout-addresses-step\":{\"step_is_reachable\":false,\"step_is_complete\":false,\"use_same_address\":true},\"checkout-delivery-step\":{\"step_is_reachable\":false,\"step_is_complete\":false},\"checkout-payment-step\":{\"step_is_reachable\":false,\"step_is_complete\":false},\"checksum\":null}'),
(144, 1, 1, 0, '', 1, 100, 100, 1, 94, 44256, 'de29683519180a257b2a4e7cb3590432', 0, 0, '', 0, 0, '2022-06-02 18:26:19', '2022-06-02 18:33:34', NULL),
(145, 1, 1, 0, '', 1, 102, 102, 1, 96, 44496, '4ab2ff1334c9f6e3c7e4695198ee56db', 0, 0, '', 0, 0, '2022-06-02 18:34:58', '2022-06-02 18:36:23', NULL),
(146, 1, 1, 0, '', 1, 103, 103, 1, 97, 44497, '7313575fbf66ac3252487d223c7ea060', 0, 0, '', 0, 0, '2022-06-02 18:37:13', '2022-06-02 18:37:58', NULL),
(147, 1, 1, 0, '', 1, 104, 104, 1, 98, 44498, 'd5601ddc00cc05f179b6189021e6686b', 0, 0, '', 0, 0, '2022-06-02 18:39:23', '2022-06-14 11:14:17', NULL),
(148, 1, 1, 0, '', 1, 105, 105, 1, 99, 44500, '7b5aac3b979e0836c75449195b2e9364', 0, 0, '', 0, 0, '2022-06-02 18:42:27', '2022-06-02 18:43:57', NULL),
(149, 1, 1, 0, '', 2, 0, 0, 1, 0, 45269, '', 0, 0, '', 0, 0, '2022-06-12 22:10:57', '2022-06-12 22:10:57', NULL),
(150, 1, 1, 0, '', 1, 106, 106, 1, 100, 44501, '36e4d29bb002550a37b412d2ae6cd93f', 0, 0, '', 0, 0, '2022-06-14 18:20:15', '2022-06-14 18:21:48', NULL),
(151, 1, 1, 0, '', 1, 107, 107, 1, 101, 45511, 'ed85b4837724c8b37a62c31b4d128ba1', 0, 0, '', 0, 0, '2022-06-14 18:23:02', '2022-06-14 18:23:53', NULL),
(152, 1, 1, 0, '', 1, 0, 0, 1, 102, 45909, '488dba96340636e4da12ffb7d845d23e', 0, 0, '', 0, 0, '2022-06-20 19:52:59', '2022-06-20 20:04:07', '{\"checkout-personal-information-step\":{\"step_is_reachable\":true,\"step_is_complete\":true},\"checkout-addresses-step\":{\"step_is_reachable\":true,\"step_is_complete\":false,\"use_same_address\":true},\"checkout-delivery-step\":{\"step_is_reachable\":false,\"step_is_complete\":false},\"checkout-payment-step\":{\"step_is_reachable\":false,\"step_is_complete\":false},\"checksum\":\"20bc83bf3d3973c421ee41496f19d1d2eaf9e444\"}'),
(153, 1, 1, 6, '{\"108\":\"6,\"}', 1, 108, 109, 1, 103, 45944, '07c27f738abd9dde128b550f2eb98194', 0, 0, '', 0, 0, '2022-06-21 13:24:34', '2022-06-21 13:59:41', '{\"checkout-personal-information-step\":{\"step_is_reachable\":true,\"step_is_complete\":true},\"checkout-addresses-step\":{\"step_is_reachable\":true,\"step_is_complete\":true,\"use_same_address\":false},\"checkout-delivery-step\":{\"step_is_reachable\":true,\"step_is_complete\":true},\"checkout-payment-step\":{\"step_is_reachable\":true,\"step_is_complete\":false},\"checksum\":\"f71cbf5f7852839c96af88dd6a552f8a2d3f701e\"}'),
(154, 1, 1, 0, '', 1, 0, 0, 1, 0, 47492, '', 0, 0, '', 0, 0, '2022-07-06 20:34:57', '2022-07-06 20:34:57', NULL),
(155, 1, 1, 0, '', 2, 0, 0, 1, 0, 48602, '', 0, 0, '', 0, 0, '2022-07-16 20:51:19', '2022-07-16 20:51:19', NULL),
(156, 1, 1, 0, '', 1, 0, 0, 1, 0, 51972, '', 0, 0, '', 0, 0, '2022-08-21 12:35:43', '2022-08-21 12:35:43', NULL),
(157, 1, 1, 6, '{\"95\":\"6,\"}', 1, 95, 95, 1, 60, 52043, 'f8f8e4c473fb3dcd8408854841e74b40', 0, 0, '', 0, 0, '2022-08-22 11:18:02', '2022-08-22 11:20:28', '{\"checkout-personal-information-step\":{\"step_is_reachable\":true,\"step_is_complete\":true},\"checkout-addresses-step\":{\"step_is_reachable\":true,\"step_is_complete\":true,\"use_same_address\":true},\"checkout-delivery-step\":{\"step_is_reachable\":true,\"step_is_complete\":true},\"checkout-payment-step\":{\"step_is_reachable\":true,\"step_is_complete\":false},\"checksum\":\"73960684c20754ec67f7f5fa6e8a0666d695a0ad\"}'),
(158, 1, 1, 0, '', 1, 0, 0, 1, 0, 52139, '', 0, 0, '', 0, 0, '2022-08-23 18:59:03', '2022-08-23 18:59:03', NULL),
(159, 1, 1, 0, '', 1, 0, 0, 1, 0, 52259, '', 0, 0, '', 0, 0, '2022-08-25 10:56:37', '2022-08-25 10:56:38', NULL),
(160, 1, 1, 0, '', 1, 0, 0, 1, 0, 53509, '', 0, 0, '', 0, 0, '2022-09-06 19:26:51', '2022-09-06 19:26:52', '{\"checkout-personal-information-step\":{\"step_is_reachable\":true,\"step_is_complete\":false},\"checkout-addresses-step\":{\"step_is_reachable\":false,\"step_is_complete\":false,\"use_same_address\":true},\"checkout-delivery-step\":{\"step_is_reachable\":false,\"step_is_complete\":false},\"checkout-payment-step\":{\"step_is_reachable\":false,\"step_is_complete\":false},\"checksum\":null}'),
(161, 1, 1, 0, '', 1, 0, 0, 1, 106, 50181, '54d1aef89fa42db10b4ab8f6f82c79dd', 0, 0, '', 0, 0, '2022-09-14 18:43:08', '2022-09-27 17:22:06', '{\"checkout-personal-information-step\":{\"step_is_reachable\":true,\"step_is_complete\":true},\"checkout-addresses-step\":{\"step_is_reachable\":true,\"step_is_complete\":false,\"use_same_address\":true},\"checkout-delivery-step\":{\"step_is_reachable\":false,\"step_is_complete\":false},\"checkout-payment-step\":{\"step_is_reachable\":false,\"step_is_complete\":false},\"checksum\":null}');
INSERT INTO `ps_cart` (`id_cart`, `id_shop_group`, `id_shop`, `id_carrier`, `delivery_option`, `id_lang`, `id_address_delivery`, `id_address_invoice`, `id_currency`, `id_customer`, `id_guest`, `secure_key`, `recyclable`, `gift`, `gift_message`, `mobile_theme`, `allow_seperated_package`, `date_add`, `date_upd`, `checkout_session_data`) VALUES
(162, 1, 1, 0, '', 2, 0, 0, 1, 104, 53984, '0cf35eba9732b3b30a5cef20ea4c61cb', 0, 0, '', 0, 0, '2022-09-18 13:48:30', '2022-09-18 13:50:25', '{\"checkout-personal-information-step\":{\"step_is_reachable\":true,\"step_is_complete\":true},\"checkout-addresses-step\":{\"step_is_reachable\":true,\"step_is_complete\":false,\"use_same_address\":true},\"checkout-delivery-step\":{\"step_is_reachable\":false,\"step_is_complete\":false},\"checkout-payment-step\":{\"step_is_reachable\":false,\"step_is_complete\":false},\"checksum\":null}'),
(163, 1, 1, 0, '', 1, 0, 0, 1, 0, 55094, '', 0, 0, '', 0, 0, '2022-09-26 15:32:59', '2022-09-26 15:33:57', NULL),
(164, 1, 1, 0, '', 1, 0, 0, 1, 105, 55222, '28a3c8fa64c2b4c552f7cee6d0c1610d', 0, 0, '', 0, 0, '2022-09-27 17:25:29', '2022-10-10 19:37:08', '{\"checkout-personal-information-step\":{\"step_is_reachable\":true,\"step_is_complete\":true},\"checkout-addresses-step\":{\"step_is_reachable\":true,\"step_is_complete\":false,\"use_same_address\":true},\"checkout-delivery-step\":{\"step_is_reachable\":false,\"step_is_complete\":false},\"checkout-payment-step\":{\"step_is_reachable\":false,\"step_is_complete\":false},\"checksum\":null}'),
(165, 1, 1, 0, '', 1, 0, 0, 1, 0, 57687, '', 0, 0, '', 0, 0, '2022-11-02 19:59:39', '2022-11-02 19:59:39', NULL),
(166, 1, 1, 0, '', 1, 0, 0, 1, 0, 60528, '', 0, 0, '', 0, 0, '2022-11-06 21:48:52', '2022-11-06 21:48:52', NULL),
(167, 1, 1, 0, '', 1, 0, 0, 1, 0, 61290, '', 0, 0, '', 0, 0, '2022-11-11 13:37:38', '2022-11-11 13:37:38', NULL),
(168, 1, 1, 0, '', 1, 111, 111, 1, 107, 60511, 'f70277a2bbb9117b0a1eda156035f7a4', 0, 0, '', 0, 0, '2022-11-20 19:38:29', '2022-11-20 19:44:21', NULL),
(169, 1, 1, 15, '{\"112\":\"15,\"}', 2, 112, 112, 1, 108, 65465, '52b0b4a16f4863a5dbcbde8b793c52c1', 0, 0, '', 0, 0, '2022-12-16 15:54:19', '2022-12-16 15:58:08', '{\"checkout-personal-information-step\":{\"step_is_reachable\":true,\"step_is_complete\":true},\"checkout-addresses-step\":{\"step_is_reachable\":true,\"step_is_complete\":true,\"use_same_address\":true},\"checkout-delivery-step\":{\"step_is_reachable\":true,\"step_is_complete\":true},\"checkout-payment-step\":{\"step_is_reachable\":true,\"step_is_complete\":false},\"checksum\":\"8c76d5c7f02713a77dc8b1effce8fa6b66a5b1cf\"}'),
(170, 1, 1, 0, '', 1, 0, 0, 1, 0, 67218, '', 0, 0, '', 0, 0, '2023-01-07 16:54:09', '2023-01-07 16:54:09', NULL),
(171, 1, 1, 0, '', 1, 0, 0, 1, 0, 71304, '', 0, 0, '', 0, 0, '2023-02-14 20:47:19', '2023-02-14 20:47:19', NULL),
(172, 1, 1, 0, '', 2, 0, 0, 1, 109, 72412, '36660fb23e0dcd6b7ed2f453cfd1f42b', 0, 0, '', 0, 0, '2023-02-28 20:16:43', '2023-02-28 20:18:33', '{\"checkout-personal-information-step\":{\"step_is_reachable\":true,\"step_is_complete\":true},\"checkout-addresses-step\":{\"step_is_reachable\":true,\"step_is_complete\":false,\"use_same_address\":true},\"checkout-delivery-step\":{\"step_is_reachable\":false,\"step_is_complete\":false},\"checkout-payment-step\":{\"step_is_reachable\":false,\"step_is_complete\":false},\"checksum\":\"0b52022c738491ec99080a5ba5b004497ccb4b32\"}'),
(173, 1, 1, 0, '', 1, 0, 0, 1, 0, 73922, '', 0, 0, '', 0, 0, '2023-03-16 20:21:34', '2023-03-16 20:22:11', NULL),
(174, 1, 1, 0, '', 1, 0, 0, 1, 0, 76345, '', 0, 0, '', 0, 0, '2023-04-09 14:40:43', '2023-04-09 14:40:43', NULL),
(175, 1, 1, 0, '', 2, 0, 0, 1, 0, 77428, '', 0, 0, '', 0, 0, '2023-04-19 22:27:06', '2023-04-19 22:27:06', NULL),
(176, 1, 1, 0, '', 1, 0, 0, 1, 0, 81847, '', 0, 0, '', 0, 0, '2023-05-17 16:51:53', '2023-05-17 16:52:24', NULL),
(177, 1, 1, 0, '', 1, 0, 0, 1, 110, 137734, '178ae5edf232952ee16ae37615c78e31', 0, 0, '', 0, 0, '2023-08-03 11:54:56', '2023-08-21 09:49:08', '{\"checkout-personal-information-step\":{\"step_is_reachable\":true,\"step_is_complete\":false},\"checkout-addresses-step\":{\"step_is_reachable\":false,\"step_is_complete\":false,\"use_same_address\":true},\"checkout-delivery-step\":{\"step_is_reachable\":false,\"step_is_complete\":false},\"checkout-payment-step\":{\"step_is_reachable\":false,\"step_is_complete\":false},\"checksum\":null}'),
(178, 1, 1, 0, '', 1, 0, 0, 1, 110, 134873, '178ae5edf232952ee16ae37615c78e31', 0, 0, '', 0, 0, '2023-08-03 12:04:04', '2023-08-10 12:46:58', NULL),
(179, 1, 1, 0, '', 2, 113, 113, 1, 111, 139435, 'c1311d10d0c7ccd755e9d70c7be7634e', 0, 0, '', 0, 0, '2023-08-16 10:52:30', '2023-08-16 10:55:46', '{\"checkout-personal-information-step\":{\"step_is_reachable\":true,\"step_is_complete\":true},\"checkout-addresses-step\":{\"step_is_reachable\":true,\"step_is_complete\":true,\"use_same_address\":true},\"checkout-delivery-step\":{\"step_is_reachable\":true,\"step_is_complete\":false},\"checkout-payment-step\":{\"step_is_reachable\":false,\"step_is_complete\":false},\"checksum\":\"1502f4f36ee2d894d0cb669223809d02cf6a97e7\"}'),
(180, 1, 1, 0, '', 1, 0, 0, 1, 0, 139488, '', 0, 0, '', 0, 0, '2023-08-17 02:14:14', '2023-08-17 02:15:12', NULL),
(181, 1, 1, 0, '', 1, 0, 0, 1, 0, 140858, '', 0, 0, '', 0, 0, '2023-08-21 21:50:04', '2023-08-21 21:50:05', NULL),
(182, 1, 1, 0, '', 1, 0, 0, 1, 0, 138723, '', 0, 0, '', 0, 0, '2023-08-27 16:10:29', '2023-08-27 16:10:29', NULL),
(183, 1, 1, 0, '', 1, 83, 83, 1, 59, 141828, '8de3e753b57a2426360e6cef1ababc73', 0, 0, '', 0, 0, '2023-08-29 18:01:26', '2023-08-29 18:54:47', NULL),
(184, 1, 1, 0, '', 1, 0, 0, 1, 0, 143127, '', 0, 0, '', 0, 0, '2023-09-07 21:45:25', '2023-09-07 21:45:26', NULL),
(185, 1, 1, 0, '', 2, 0, 0, 1, 112, 143153, '9a0a3dd2d0c0e12f46f2623c58b3d5b5', 0, 0, '', 0, 0, '2023-09-08 08:06:52', '2023-09-17 05:50:25', '{\"checkout-personal-information-step\":{\"step_is_reachable\":true,\"step_is_complete\":true},\"checkout-addresses-step\":{\"step_is_reachable\":true,\"step_is_complete\":false,\"use_same_address\":true},\"checkout-delivery-step\":{\"step_is_reachable\":false,\"step_is_complete\":false},\"checkout-payment-step\":{\"step_is_reachable\":false,\"step_is_complete\":false},\"checksum\":\"5c549f169854729a37b543d7cf5ea1516a08b869\"}'),
(186, 1, 1, 0, '', 1, 0, 0, 1, 0, 143175, '', 0, 0, '', 0, 0, '2023-09-08 15:01:06', '2023-09-08 15:01:06', NULL),
(187, 1, 1, 15, '{\"114\":\"15,\"}', 2, 114, 114, 1, 113, 143961, '69bc8e82440b074ef1908e70af998dc4', 0, 0, '', 0, 0, '2023-09-11 22:34:26', '2023-09-11 22:36:16', '{\"checkout-personal-information-step\":{\"step_is_reachable\":true,\"step_is_complete\":true},\"checkout-addresses-step\":{\"step_is_reachable\":true,\"step_is_complete\":true,\"use_same_address\":true},\"checkout-delivery-step\":{\"step_is_reachable\":true,\"step_is_complete\":true},\"checkout-payment-step\":{\"step_is_reachable\":true,\"step_is_complete\":false},\"checksum\":\"df7e3b38c95c0d730c433b8d5c694fea1bc50a06\"}'),
(188, 1, 1, 0, '', 1, 0, 0, 1, 0, 144982, '', 0, 0, '', 0, 0, '2023-09-20 10:10:32', '2023-09-20 10:10:33', '{\"checkout-personal-information-step\":{\"step_is_reachable\":true,\"step_is_complete\":false},\"checkout-addresses-step\":{\"step_is_reachable\":false,\"step_is_complete\":false,\"use_same_address\":true},\"checkout-delivery-step\":{\"step_is_reachable\":false,\"step_is_complete\":false},\"checkout-payment-step\":{\"step_is_reachable\":false,\"step_is_complete\":false},\"checksum\":null}'),
(189, 1, 1, 0, '', 1, 115, 115, 1, 114, 138689, '34110f9d7968389474f33f4d58f32a03', 0, 0, '', 0, 0, '2023-10-04 13:05:48', '2024-02-18 20:25:32', NULL),
(190, 1, 1, 0, '', 2, 0, 0, 1, 0, 164801, '', 0, 0, '', 0, 0, '2023-10-06 02:54:19', '2023-10-06 03:49:42', '{\"checkout-personal-information-step\":{\"step_is_reachable\":true,\"step_is_complete\":false},\"checkout-addresses-step\":{\"step_is_reachable\":false,\"step_is_complete\":false,\"use_same_address\":true},\"checkout-delivery-step\":{\"step_is_reachable\":false,\"step_is_complete\":false},\"checkout-payment-step\":{\"step_is_reachable\":false,\"step_is_complete\":false},\"checksum\":null}'),
(191, 1, 1, 0, '', 1, 0, 0, 1, 0, 164975, '', 0, 0, '', 0, 0, '2023-10-07 22:25:08', '2023-10-07 22:25:08', NULL),
(192, 1, 1, 0, '', 1, 0, 0, 1, 117, 167448, 'f98df319b9b8896212b2d9115cba1a7c', 0, 0, '', 0, 0, '2023-10-20 10:49:03', '2023-10-20 10:50:02', NULL),
(193, 1, 1, 0, '', 1, 0, 0, 1, 0, 168354, '', 0, 0, '', 0, 0, '2023-10-25 20:26:35', '2023-10-25 20:26:35', NULL),
(194, 1, 1, 6, '{\"116\":\"6,\"}', 1, 116, 116, 1, 122, 174242, '5bde4d8e226b61efc01cd185b20778e6', 0, 0, '', 0, 0, '2023-11-07 19:24:59', '2023-11-07 19:29:24', '{\"checkout-personal-information-step\":{\"step_is_reachable\":true,\"step_is_complete\":true},\"checkout-addresses-step\":{\"step_is_reachable\":true,\"step_is_complete\":true,\"use_same_address\":true},\"checkout-delivery-step\":{\"step_is_reachable\":true,\"step_is_complete\":true},\"checkout-payment-step\":{\"step_is_reachable\":true,\"step_is_complete\":false},\"checksum\":\"80de6d8109843493473922504cc7156f4d232185\"}'),
(195, 1, 1, 0, '', 1, 117, 117, 1, 123, 174320, '85c54b76cca3d73de50c9dc26a23dab7', 0, 0, '', 0, 0, '2023-11-08 15:55:07', '2023-12-23 18:39:50', '{\"checkout-personal-information-step\":{\"step_is_reachable\":true,\"step_is_complete\":true},\"checkout-addresses-step\":{\"step_is_reachable\":true,\"step_is_complete\":false,\"use_same_address\":true},\"checkout-delivery-step\":{\"step_is_reachable\":false,\"step_is_complete\":false},\"checkout-payment-step\":{\"step_is_reachable\":false,\"step_is_complete\":false},\"checksum\":\"ec1ba5216b9f932cb8b40986a3b0c333c242ee2a\"}'),
(196, 1, 1, 0, '', 1, 0, 0, 1, 129, 179479, '2f7ecabd2d450c92804b199eb4c3dc4b', 0, 0, '', 0, 0, '2023-11-16 15:40:10', '2023-11-17 12:21:02', NULL),
(197, 1, 1, 0, '', 1, 0, 0, 1, 130, 182927, '04b1afd818a5052a55a82f1c091b1a11', 0, 0, '', 0, 0, '2023-11-17 22:15:33', '2023-11-17 22:17:58', NULL),
(198, 1, 1, 0, '', 1, 0, 0, 1, 131, 193500, '7402d89d6319a85cb8afb70a370b87d1', 0, 0, '', 0, 0, '2023-11-27 09:30:52', '2023-11-27 09:31:05', NULL),
(199, 1, 1, 0, '', 1, 0, 0, 1, 0, 228101, '', 0, 0, '', 0, 0, '2023-12-30 23:45:42', '2023-12-30 23:45:42', NULL),
(200, 1, 1, 0, '', 1, 0, 0, 1, 0, 236206, '', 0, 0, '', 0, 0, '2024-01-06 21:47:34', '2024-01-06 21:47:34', NULL),
(201, 1, 1, 15, '{\"121\":\"15,\"}', 1, 121, 121, 1, 148, 236651, '273ff4b604507248cac6fbe02a334da3', 0, 0, '', 0, 0, '2024-01-09 10:03:40', '2024-01-09 10:13:29', '{\"checkout-personal-information-step\":{\"step_is_reachable\":true,\"step_is_complete\":true},\"checkout-addresses-step\":{\"step_is_reachable\":true,\"step_is_complete\":true,\"use_same_address\":true},\"checkout-delivery-step\":{\"step_is_reachable\":true,\"step_is_complete\":true},\"checkout-payment-step\":{\"step_is_reachable\":true,\"step_is_complete\":false},\"checksum\":\"da8d95e45678b6e554aad6b3bb9a17ea8f45d58f\"}'),
(202, 1, 1, 0, '', 1, 0, 0, 1, 0, 261516, '', 0, 0, '', 0, 0, '2024-02-04 20:40:00', '2024-02-10 22:05:42', NULL),
(203, 1, 1, 0, '', 1, 0, 0, 1, 0, 265626, '', 0, 0, '', 0, 0, '2024-02-09 18:25:19', '2024-02-09 18:25:38', NULL),
(204, 1, 1, 0, '', 1, 0, 0, 1, 0, 265810, '', 0, 0, '', 0, 0, '2024-02-13 20:55:06', '2024-02-28 21:04:20', '{\"checkout-personal-information-step\":{\"step_is_reachable\":true,\"step_is_complete\":false},\"checkout-addresses-step\":{\"step_is_reachable\":false,\"step_is_complete\":false,\"use_same_address\":true},\"checkout-delivery-step\":{\"step_is_reachable\":false,\"step_is_complete\":false},\"checkout-payment-step\":{\"step_is_reachable\":false,\"step_is_complete\":false},\"checksum\":null}'),
(205, 1, 1, 0, '', 1, 95, 95, 1, 60, 269535, 'f8f8e4c473fb3dcd8408854841e74b40', 0, 0, '', 0, 0, '2024-02-15 21:40:06', '2024-02-15 21:42:53', '{\"checkout-personal-information-step\":{\"step_is_reachable\":true,\"step_is_complete\":true},\"checkout-addresses-step\":{\"step_is_reachable\":true,\"step_is_complete\":false,\"use_same_address\":true},\"checkout-delivery-step\":{\"step_is_reachable\":false,\"step_is_complete\":false},\"checkout-payment-step\":{\"step_is_reachable\":false,\"step_is_complete\":false},\"checksum\":\"98fb445cf27f5c77ed6cc80008f19288e195ffb8\"}'),
(206, 1, 1, 0, '', 1, 0, 0, 1, 0, 269704, '', 0, 0, '', 0, 0, '2024-02-18 00:05:15', '2024-02-18 00:05:15', NULL),
(207, 1, 1, 0, '', 1, 95, 95, 1, 60, 269768, 'f8f8e4c473fb3dcd8408854841e74b40', 0, 0, '', 0, 0, '2024-02-18 12:06:44', '2024-02-18 12:14:59', '{\"checkout-personal-information-step\":{\"step_is_reachable\":true,\"step_is_complete\":true},\"checkout-addresses-step\":{\"step_is_reachable\":true,\"step_is_complete\":true,\"use_same_address\":true},\"checkout-delivery-step\":{\"step_is_reachable\":true,\"step_is_complete\":true},\"checkout-payment-step\":{\"step_is_reachable\":true,\"step_is_complete\":false},\"checksum\":\"4c459e3cb2dbf02cc30046a7c0fc9e2be78fe562\"}'),
(208, 1, 1, 6, '{\"95\":\"6,\"}', 1, 95, 95, 1, 60, 269769, 'f8f8e4c473fb3dcd8408854841e74b40', 0, 0, '', 0, 0, '2024-02-18 12:22:52', '2024-02-18 12:32:45', '{\"checkout-personal-information-step\":{\"step_is_reachable\":true,\"step_is_complete\":true},\"checkout-addresses-step\":{\"step_is_reachable\":true,\"step_is_complete\":true,\"use_same_address\":true},\"checkout-delivery-step\":{\"step_is_reachable\":true,\"step_is_complete\":true},\"checkout-payment-step\":{\"step_is_reachable\":true,\"step_is_complete\":false},\"checksum\":\"0f48d1bc9e93b37e42fb13a77fccd0b290c77071\"}'),
(209, 1, 1, 0, '', 1, 0, 0, 1, 154, 269801, '4b98a695207e357d65c146a16d54bcfb', 0, 0, '', 0, 0, '2024-02-18 20:27:48', '2024-02-18 20:36:32', NULL),
(210, 1, 1, 0, '', 1, 115, 115, 1, 114, 269804, '34110f9d7968389474f33f4d58f32a03', 0, 0, '', 0, 0, '2024-02-18 20:40:20', '2024-02-22 10:43:48', NULL),
(211, 1, 1, 0, '', 1, 95, 95, 1, 60, 270428, 'f8f8e4c473fb3dcd8408854841e74b40', 0, 0, '', 0, 0, '2024-02-19 16:07:46', '2024-09-16 19:41:07', '{\"checkout-personal-information-step\":{\"step_is_reachable\":true,\"step_is_complete\":true},\"checkout-addresses-step\":{\"step_is_reachable\":true,\"step_is_complete\":true,\"use_same_address\":true},\"checkout-delivery-step\":{\"step_is_reachable\":true,\"step_is_complete\":false},\"checkout-payment-step\":{\"step_is_reachable\":false,\"step_is_complete\":false},\"checksum\":\"5351c6fbe192c714a00a6cca82ca916270da077b\"}'),
(212, 1, 1, 6, '{\"95\":\"6,\"}', 1, 95, 95, 1, 60, 271099, 'f8f8e4c473fb3dcd8408854841e74b40', 0, 0, '', 0, 0, '2024-02-21 17:51:33', '2024-02-21 17:53:44', '{\"checkout-personal-information-step\":{\"step_is_reachable\":true,\"step_is_complete\":true},\"checkout-addresses-step\":{\"step_is_reachable\":true,\"step_is_complete\":true,\"use_same_address\":true},\"checkout-delivery-step\":{\"step_is_reachable\":true,\"step_is_complete\":true},\"checkout-payment-step\":{\"step_is_reachable\":true,\"step_is_complete\":false},\"checksum\":\"625f07a99782356b3c5860a1b4e01f070d041077\"}'),
(213, 1, 1, 0, '', 1, 0, 0, 1, 0, 273142, '', 0, 0, '', 0, 0, '2024-03-02 21:27:12', '2024-03-02 21:27:12', NULL),
(214, 1, 1, 0, '', 1, 0, 0, 1, 162, 275281, '919cd2326f23f703c06c53f0bd71478a', 0, 0, '', 0, 0, '2024-03-10 12:16:49', '2024-03-25 20:14:50', NULL),
(215, 1, 1, 0, '', 1, 0, 0, 1, 163, 279229, '9c008c0b1dc24e53384e71a23a797b7e', 0, 0, '', 0, 0, '2024-03-28 20:42:41', '2024-03-28 20:46:48', NULL),
(216, 1, 1, 0, '', 1, 0, 0, 1, 0, 283428, '', 0, 0, '', 0, 0, '2024-04-10 18:21:07', '2024-04-10 18:21:08', '{\"checkout-personal-information-step\":{\"step_is_reachable\":true,\"step_is_complete\":false},\"checkout-addresses-step\":{\"step_is_reachable\":false,\"step_is_complete\":false,\"use_same_address\":true},\"checkout-delivery-step\":{\"step_is_reachable\":false,\"step_is_complete\":false},\"checkout-payment-step\":{\"step_is_reachable\":false,\"step_is_complete\":false},\"checksum\":null}'),
(217, 1, 1, 0, '', 1, 0, 0, 1, 0, 283743, '', 0, 0, '', 0, 0, '2024-04-13 14:05:48', '2024-04-13 14:06:22', NULL),
(218, 1, 1, 0, '', 1, 0, 0, 1, 0, 283992, '', 0, 0, '', 0, 0, '2024-04-16 00:36:55', '2024-04-16 21:44:39', NULL),
(219, 1, 1, 0, '', 1, 0, 0, 1, 0, 283996, '', 0, 0, '', 0, 0, '2024-04-16 01:03:11', '2024-04-16 01:04:59', '{\"checkout-personal-information-step\":{\"step_is_reachable\":true,\"step_is_complete\":false},\"checkout-addresses-step\":{\"step_is_reachable\":false,\"step_is_complete\":false,\"use_same_address\":true},\"checkout-delivery-step\":{\"step_is_reachable\":false,\"step_is_complete\":false},\"checkout-payment-step\":{\"step_is_reachable\":false,\"step_is_complete\":false},\"checksum\":null}'),
(220, 1, 1, 0, '', 1, 0, 0, 1, 0, 289775, '', 0, 0, '', 0, 0, '2024-04-28 11:24:07', '2024-04-28 11:26:40', NULL),
(221, 1, 1, 0, '', 1, 0, 0, 1, 0, 289910, '', 0, 0, '', 0, 0, '2024-04-29 16:29:17', '2024-04-29 16:30:20', NULL),
(222, 1, 1, 0, '', 1, 0, 0, 1, 0, 294772, '', 0, 0, '', 0, 0, '2024-05-06 16:47:38', '2024-05-06 16:51:31', NULL),
(223, 1, 1, 0, '', 1, 115, 115, 1, 114, 289963, '34110f9d7968389474f33f4d58f32a03', 0, 0, '', 0, 0, '2024-05-10 16:50:22', '2024-05-13 12:03:37', '{\"checkout-personal-information-step\":{\"step_is_reachable\":true,\"step_is_complete\":false},\"checkout-addresses-step\":{\"step_is_reachable\":false,\"step_is_complete\":false,\"use_same_address\":true},\"checkout-delivery-step\":{\"step_is_reachable\":false,\"step_is_complete\":false},\"checkout-payment-step\":{\"step_is_reachable\":false,\"step_is_complete\":false},\"checksum\":null}'),
(224, 1, 1, 0, '', 1, 0, 0, 1, 0, 297542, '', 0, 0, '', 0, 0, '2024-05-12 21:42:21', '2024-05-12 21:42:21', NULL),
(225, 1, 1, 0, '', 1, 0, 0, 1, 0, 300279, '', 0, 0, '', 0, 0, '2024-05-22 17:23:17', '2024-05-22 17:23:17', '{\"checkout-personal-information-step\":{\"step_is_reachable\":true,\"step_is_complete\":false},\"checkout-addresses-step\":{\"step_is_reachable\":false,\"step_is_complete\":false,\"use_same_address\":true},\"checkout-delivery-step\":{\"step_is_reachable\":false,\"step_is_complete\":false},\"checkout-payment-step\":{\"step_is_reachable\":false,\"step_is_complete\":false},\"checksum\":null}'),
(226, 1, 1, 0, '', 2, 0, 0, 1, 0, 300339, '', 0, 0, '', 0, 0, '2024-05-23 10:34:23', '2024-05-23 10:34:23', NULL),
(227, 1, 1, 0, '', 2, 0, 0, 1, 0, 332166, '', 0, 0, '', 0, 0, '2024-06-28 22:15:16', '2024-06-28 22:15:16', '{\"checkout-personal-information-step\":{\"step_is_reachable\":true,\"step_is_complete\":false},\"checkout-addresses-step\":{\"step_is_reachable\":false,\"step_is_complete\":false,\"use_same_address\":true},\"checkout-delivery-step\":{\"step_is_reachable\":false,\"step_is_complete\":false},\"checkout-payment-step\":{\"step_is_reachable\":false,\"step_is_complete\":false},\"checksum\":null}'),
(228, 1, 1, 0, '', 1, 0, 0, 1, 0, 335860, '', 0, 0, '', 0, 0, '2024-07-08 15:07:36', '2024-07-08 15:07:37', NULL),
(229, 1, 1, 0, '', 1, 123, 123, 1, 176, 349129, '156d79e70ca14800a6d2354725541781', 0, 0, '', 0, 0, '2024-07-30 09:35:11', '2024-09-12 16:03:11', '{\"checkout-personal-information-step\":{\"step_is_reachable\":true,\"step_is_complete\":true},\"checkout-addresses-step\":{\"step_is_reachable\":true,\"step_is_complete\":true,\"use_same_address\":true},\"checkout-delivery-step\":{\"step_is_reachable\":true,\"step_is_complete\":true},\"checkout-payment-step\":{\"step_is_reachable\":true,\"step_is_complete\":false},\"checksum\":\"416a600573064133ab416901a46497cc8713b4c7\"}'),
(230, 1, 1, 0, '', 1, 0, 0, 1, 0, 355434, '', 0, 0, '', 0, 0, '2024-07-30 10:35:37', '2024-07-30 10:35:37', NULL),
(231, 1, 1, 0, '', 2, 0, 0, 1, 0, 359529, '', 0, 0, '', 0, 0, '2024-08-02 12:24:28', '2024-08-02 12:24:28', NULL),
(232, 1, 1, 0, '', 1, 0, 0, 1, 0, 369324, '', 0, 0, '', 0, 0, '2024-08-07 12:46:41', '2024-08-07 12:46:41', NULL),
(233, 1, 1, 0, '', 2, 0, 0, 1, 0, 381848, '', 0, 0, '', 0, 0, '2024-08-12 07:34:30', '2024-08-12 07:35:36', '{\"checkout-personal-information-step\":{\"step_is_reachable\":true,\"step_is_complete\":false},\"checkout-addresses-step\":{\"step_is_reachable\":false,\"step_is_complete\":false,\"use_same_address\":true},\"checkout-delivery-step\":{\"step_is_reachable\":false,\"step_is_complete\":false},\"checkout-payment-step\":{\"step_is_reachable\":false,\"step_is_complete\":false},\"checksum\":null}'),
(234, 1, 1, 0, '', 2, 0, 0, 1, 0, 384250, '', 0, 0, '', 0, 0, '2024-08-18 18:38:12', '2024-08-18 18:48:12', NULL),
(235, 1, 1, 0, '', 1, 0, 0, 1, 0, 391681, '', 0, 0, '', 0, 0, '2024-08-29 14:23:46', '2024-08-29 14:23:46', NULL),
(236, 1, 1, 0, '', 1, 0, 0, 1, 0, 393888, '', 0, 0, '', 0, 0, '2024-08-30 19:27:56', '2024-08-31 10:36:48', NULL),
(237, 1, 1, 15, '{\"124\":\"15,\"}', 1, 124, 124, 1, 177, 399545, 'b240e5df30381258585db8b1df26a3ad', 0, 0, '', 0, 0, '2024-09-04 14:35:32', '2024-09-04 14:36:23', '{\"checkout-personal-information-step\":{\"step_is_reachable\":true,\"step_is_complete\":true},\"checkout-addresses-step\":{\"step_is_reachable\":true,\"step_is_complete\":true,\"use_same_address\":true},\"checkout-delivery-step\":{\"step_is_reachable\":true,\"step_is_complete\":true},\"checkout-payment-step\":{\"step_is_reachable\":true,\"step_is_complete\":false},\"checksum\":\"6f2868e3245ccea11c424270640a5c63dc57044a\"}'),
(238, 1, 1, 0, '', 1, 0, 0, 1, 0, 401179, '', 0, 0, '', 0, 0, '2024-09-13 16:54:33', '2024-09-21 18:06:52', NULL),
(239, 1, 1, 0, '', 1, 0, 0, 1, 0, 414966, '', 0, 0, '', 0, 0, '2024-09-18 19:13:57', '2024-09-18 19:14:13', NULL),
(240, 1, 1, 0, '', 1, 0, 0, 1, 0, 417984, '', 0, 0, '', 0, 0, '2024-09-21 16:54:13', '2024-09-21 16:55:00', NULL),
(241, 1, 1, 0, '', 2, 0, 0, 1, 0, 418008, '', 0, 0, '', 0, 0, '2024-09-21 23:14:46', '2024-09-21 23:15:26', NULL),
(242, 1, 1, 0, '', 1, 0, 0, 1, 0, 459374, '', 0, 0, '', 0, 0, '2024-10-16 15:22:15', '2024-10-16 15:23:06', '{\"checkout-personal-information-step\":{\"step_is_reachable\":true,\"step_is_complete\":false},\"checkout-addresses-step\":{\"step_is_reachable\":false,\"step_is_complete\":false,\"use_same_address\":true},\"checkout-delivery-step\":{\"step_is_reachable\":false,\"step_is_complete\":false},\"checkout-payment-step\":{\"step_is_reachable\":false,\"step_is_complete\":false},\"checksum\":null}'),
(243, 1, 1, 0, '', 1, 0, 0, 1, 0, 472024, '', 0, 0, '', 0, 0, '2024-10-22 15:53:55', '2024-10-22 15:53:57', NULL),
(244, 1, 1, 0, '', 1, 0, 0, 1, 0, 472034, '', 0, 0, '', 0, 0, '2024-10-22 17:02:58', '2024-10-22 17:02:58', '{\"checkout-personal-information-step\":{\"step_is_reachable\":true,\"step_is_complete\":false},\"checkout-addresses-step\":{\"step_is_reachable\":false,\"step_is_complete\":false,\"use_same_address\":true},\"checkout-delivery-step\":{\"step_is_reachable\":false,\"step_is_complete\":false},\"checkout-payment-step\":{\"step_is_reachable\":false,\"step_is_complete\":false},\"checksum\":null}'),
(245, 1, 1, 0, '', 1, 0, 0, 1, 0, 472347, '', 0, 0, '', 0, 0, '2024-10-24 11:38:14', '2024-10-24 11:38:14', '{\"checkout-personal-information-step\":{\"step_is_reachable\":true,\"step_is_complete\":false},\"checkout-addresses-step\":{\"step_is_reachable\":false,\"step_is_complete\":false,\"use_same_address\":true},\"checkout-delivery-step\":{\"step_is_reachable\":false,\"step_is_complete\":false},\"checkout-payment-step\":{\"step_is_reachable\":false,\"step_is_complete\":false},\"checksum\":null}'),
(246, 1, 1, 6, '{\"127\":\"6,\"}', 1, 127, 128, 1, 178, 473786, 'f58144844201924d63d62f18bb7d7b8a', 0, 0, '', 0, 0, '2024-10-25 19:53:03', '2024-10-25 20:12:47', '{\"checkout-personal-information-step\":{\"step_is_reachable\":true,\"step_is_complete\":true},\"checkout-addresses-step\":{\"step_is_reachable\":true,\"step_is_complete\":true,\"use_same_address\":true},\"checkout-delivery-step\":{\"step_is_reachable\":true,\"step_is_complete\":true},\"checkout-payment-step\":{\"step_is_reachable\":true,\"step_is_complete\":false},\"checksum\":\"994edb64fbe56c7feb7dceee2dff527c9695213f\"}'),
(247, 1, 1, 0, '', 1, 0, 0, 1, 0, 480859, '', 0, 0, '', 0, 0, '2024-11-02 17:22:36', '2024-11-02 17:30:07', NULL),
(248, 1, 1, 0, '', 1, 0, 0, 1, 0, 481054, '', 0, 0, '', 0, 0, '2024-11-03 20:18:17', '2024-11-03 20:18:18', NULL),
(249, 1, 1, 0, '', 1, 0, 0, 1, 0, 459123, '', 0, 0, '', 0, 0, '2024-11-06 12:50:31', '2024-11-06 12:50:31', NULL),
(250, 1, 1, 0, '', 1, 0, 0, 1, 0, 497211, '', 0, 0, '', 0, 0, '2024-11-16 21:39:13', '2024-11-16 21:44:30', '{\"checkout-personal-information-step\":{\"step_is_reachable\":true,\"step_is_complete\":false},\"checkout-addresses-step\":{\"step_is_reachable\":false,\"step_is_complete\":false,\"use_same_address\":true},\"checkout-delivery-step\":{\"step_is_reachable\":false,\"step_is_complete\":false},\"checkout-payment-step\":{\"step_is_reachable\":false,\"step_is_complete\":false},\"checksum\":null}'),
(251, 1, 1, 0, '', 1, 0, 0, 1, 0, 497472, '', 0, 0, '', 0, 0, '2024-11-19 11:17:21', '2024-11-19 11:17:21', NULL),
(252, 1, 1, 0, '', 1, 0, 0, 1, 179, 497600, '3950a424b1d44cb75867616ed289ca8c', 0, 0, '', 0, 0, '2024-11-20 18:42:55', '2024-11-20 18:44:22', '{\"checkout-personal-information-step\":{\"step_is_reachable\":true,\"step_is_complete\":true},\"checkout-addresses-step\":{\"step_is_reachable\":true,\"step_is_complete\":false,\"use_same_address\":true},\"checkout-delivery-step\":{\"step_is_reachable\":false,\"step_is_complete\":false},\"checkout-payment-step\":{\"step_is_reachable\":false,\"step_is_complete\":false},\"checksum\":\"2d4ba58fcdce7889fdf8b76cc05b9aa6a640bdfe\"}'),
(253, 1, 1, 0, '', 1, 0, 0, 1, 0, 497607, '', 0, 0, '', 0, 0, '2024-11-21 11:15:05', '2024-11-21 11:15:05', NULL),
(254, 1, 1, 0, '', 1, 0, 0, 1, 0, 508533, '', 0, 0, '', 0, 0, '2024-11-22 11:43:16', '2024-11-22 11:43:16', NULL),
(255, 1, 1, 0, '', 2, 0, 0, 1, 0, 511227, '', 0, 0, '', 0, 0, '2026-03-04 18:22:42', '2026-03-04 18:23:04', '{\"checkout-personal-information-step\":{\"step_is_reachable\":true,\"step_is_complete\":false},\"checkout-addresses-step\":{\"step_is_reachable\":false,\"step_is_complete\":false,\"use_same_address\":true},\"checkout-delivery-step\":{\"step_is_reachable\":false,\"step_is_complete\":false},\"checkout-payment-step\":{\"step_is_reachable\":false,\"step_is_complete\":false},\"checksum\":null}');

-- --------------------------------------------------------

--
